May 19 16:43:35.724035 dv-cinder-842433-1-iscsi devstack@n-api.service[124123]: DEBUG oslo_concurrency.lockutils [None req-584bff6e-cc14-42fe-9c90-eab41287851d tempest-AttachVolumeShelveTestJSON-2024088847 tempest-AttachVolumeShelveTestJSON-2024088847-project] Lock "3b5ff4c6-24cc-4cd2-b226-22d75c194482" "released" by "nova.context.set_target_cell..get_or_set_cached_cell_and_set_connections" :: held 0.001s {{(pid=124123) inner /usr/local/lib/python3.8/dist-packages/oslo_concurrency/lockutils.py:400}}
May 19 16:43:35.879835 dv-cinder-842433-1-iscsi devstack@n-api.service[124122]: INFO nova.api.openstack.requestlog [None req-ed139772-6fa0-44c9-8138-7f1543a991bd tempest-VolumesTestJSON-846073200 tempest-VolumesTestJSON-846073200-project] 10.222.0.36 "GET /compute/v2.1/os-volumes" status: 200 len: 1035 microversion: 2.1 time: 0.262240
May 19 16:43:35.887278 dv-cinder-842433-1-iscsi devstack@n-api.service[124122]: [pid: 124122|app: 0|req: 39/86] 10.222.0.36 () {58 vars in 1133 bytes} [Thu May 19 16:43:35 2022] GET /compute/v2.1/os-volumes => generated 1035 bytes in 264 msecs (HTTP/1.1 200) 9 headers in 358 bytes (1 switches on core 0)
May 19 16:43:35.887467 dv-cinder-842433-1-iscsi devstack@n-api.service[124122]: DEBUG nova.api.openstack.wsgi [None req-4d2d4e19-ef28-4ff8-bf95-322648941e03 tempest-AttachVolumeNegativeTest-1493457525 tempest-AttachVolumeNegativeTest-1493457525-project] Calling method '>' {{(pid=124122) _process_stack /opt/stack/nova/nova/api/openstack/wsgi.py:513}}
May 19 16:43:35.888031 dv-cinder-842433-1-iscsi devstack@n-api.service[124122]: DEBUG nova.compute.api [None req-4d2d4e19-ef28-4ff8-bf95-322648941e03 tempest-AttachVolumeNegativeTest-1493457525 tempest-AttachVolumeNegativeTest-1493457525-project] [instance: b4ff377c-5ccd-40ca-9e51-6bde8aafab8c] Fetching instance by UUID {{(pid=124122) get /opt/stack/nova/nova/compute/api.py:2920}}
May 19 16:43:35.903229 dv-cinder-842433-1-iscsi devstack@n-api.service[124122]: DEBUG oslo_concurrency.lockutils [None req-4d2d4e19-ef28-4ff8-bf95-322648941e03 tempest-AttachVolumeNegativeTest-1493457525 tempest-AttachVolumeNegativeTest-1493457525-project] Lock "3b5ff4c6-24cc-4cd2-b226-22d75c194482" acquired by "nova.context.set_target_cell..get_or_set_cached_cell_and_set_connections" :: waited 0.002s {{(pid=124122) inner /usr/local/lib/python3.8/dist-packages/oslo_concurrency/lockutils.py:386}}
May 19 16:43:35.903846 dv-cinder-842433-1-iscsi devstack@n-api.service[124122]: DEBUG oslo_concurrency.lockutils [None req-4d2d4e19-ef28-4ff8-bf95-322648941e03 tempest-AttachVolumeNegativeTest-1493457525 tempest-AttachVolumeNegativeTest-1493457525-project] Lock "3b5ff4c6-24cc-4cd2-b226-22d75c194482" "released" by "nova.context.set_target_cell..get_or_set_cached_cell_and_set_connections" :: held 0.001s {{(pid=124122) inner /usr/local/lib/python3.8/dist-packages/oslo_concurrency/lockutils.py:400}}
May 19 16:43:35.909896 dv-cinder-842433-1-iscsi devstack@n-api.service[124122]: DEBUG oslo_concurrency.lockutils [None req-4d2d4e19-ef28-4ff8-bf95-322648941e03 tempest-AttachVolumeNegativeTest-1493457525 tempest-AttachVolumeNegativeTest-1493457525-project] Lock "3b5ff4c6-24cc-4cd2-b226-22d75c194482" acquired by "nova.context.set_target_cell..get_or_set_cached_cell_and_set_connections" :: waited 0.000s {{(pid=124122) inner /usr/local/lib/python3.8/dist-packages/oslo_concurrency/lockutils.py:386}}
May 19 16:43:35.910659 dv-cinder-842433-1-iscsi devstack@n-api.service[124122]: DEBUG oslo_concurrency.lockutils [None req-4d2d4e19-ef28-4ff8-bf95-322648941e03 tempest-AttachVolumeNegativeTest-1493457525 tempest-AttachVolumeNegativeTest-1493457525-project] Lock "3b5ff4c6-24cc-4cd2-b226-22d75c194482" "released" by "nova.context.set_target_cell..get_or_set_cached_cell_and_set_connections" :: held 0.006s {{(pid=124122) inner /usr/local/lib/python3.8/dist-packages/oslo_concurrency/lockutils.py:400}}
May 19 16:43:36.083812 dv-cinder-842433-1-iscsi devstack@n-api.service[124123]: DEBUG nova.policy [None req-584bff6e-cc14-42fe-9c90-eab41287851d tempest-AttachVolumeShelveTestJSON-2024088847 tempest-AttachVolumeShelveTestJSON-2024088847-project] Policy check for os_compute_api:os-extended-server-attributes failed with credentials {'is_admin': False, 'user_id': '86b78ffb46894509bf8e81a154073885', 'user_domain_id': 'default', 'system_scope': None, 'domain_id': None, 'project_id': 'bef5d1b475ef4228a77b87964b0b8ce1', 'project_domain_id': 'default', 'roles': ['reader', 'member'], 'is_admin_project': True, 'service_user_id': None, 'service_user_domain_id': None, 'service_project_id': None, 'service_project_domain_id': None, 'service_roles': []} {{(pid=124123) authorize /opt/stack/nova/nova/policy.py:199}}
May 19 16:43:36.098915 dv-cinder-842433-1-iscsi devstack@n-api.service[124123]: DEBUG nova.policy [None req-584bff6e-cc14-42fe-9c90-eab41287851d tempest-AttachVolumeShelveTestJSON-2024088847 tempest-AttachVolumeShelveTestJSON-2024088847-project] Policy check for os_compute_api:servers:show:host_status failed with credentials {'is_admin': False, 'user_id': '86b78ffb46894509bf8e81a154073885', 'user_domain_id': 'default', 'system_scope': None, 'domain_id': None, 'project_id': 'bef5d1b475ef4228a77b87964b0b8ce1', 'project_domain_id': 'default', 'roles': ['reader', 'member'], 'is_admin_project': True, 'service_user_id': None, 'service_user_domain_id': None, 'service_project_id': None, 'service_project_domain_id': None, 'service_roles': []} {{(pid=124123) authorize /opt/stack/nova/nova/policy.py:199}}
May 19 16:43:36.103881 dv-cinder-842433-1-iscsi devstack@n-api.service[124123]: DEBUG nova.policy [None req-584bff6e-cc14-42fe-9c90-eab41287851d tempest-AttachVolumeShelveTestJSON-2024088847 tempest-AttachVolumeShelveTestJSON-2024088847-project] Policy check for os_compute_api:servers:show:host_status:unknown-only failed with credentials {'is_admin': False, 'user_id': '86b78ffb46894509bf8e81a154073885', 'user_domain_id': 'default', 'system_scope': None, 'domain_id': None, 'project_id': 'bef5d1b475ef4228a77b87964b0b8ce1', 'project_domain_id': 'default', 'roles': ['reader', 'member'], 'is_admin_project': True, 'service_user_id': None, 'service_user_domain_id': None, 'service_project_id': None, 'service_project_domain_id': None, 'service_roles': []} {{(pid=124123) authorize /opt/stack/nova/nova/policy.py:199}}
May 19 16:43:36.107697 dv-cinder-842433-1-iscsi devstack@n-api.service[124123]: INFO nova.api.openstack.requestlog [None req-584bff6e-cc14-42fe-9c90-eab41287851d tempest-AttachVolumeShelveTestJSON-2024088847 tempest-AttachVolumeShelveTestJSON-2024088847-project] 10.222.0.36 "GET /compute/v2.1/servers/3a6d6a59-35a3-46b0-a92a-a3ae729071b7" status: 200 len: 1350 microversion: 2.20 time: 0.405760
May 19 16:43:36.121022 dv-cinder-842433-1-iscsi devstack@n-api.service[124123]: [pid: 124123|app: 0|req: 48/87] 10.222.0.36 () {60 vars in 1276 bytes} [Thu May 19 16:43:35 2022] GET /compute/v2.1/servers/3a6d6a59-35a3-46b0-a92a-a3ae729071b7 => generated 1350 bytes in 420 msecs (HTTP/1.1 200) 9 headers in 360 bytes (2 switches on core 0)
May 19 16:43:36.129283 dv-cinder-842433-1-iscsi devstack@n-api.service[124123]: DEBUG nova.api.openstack.wsgi [None req-d0dd8d6e-4e2a-4e7b-bd39-943e01382b55 tempest-VolumesTestJSON-846073200 tempest-VolumesTestJSON-846073200-project] Calling method '.version_select at 0x7f489815bee0>' {{(pid=124123) _process_stack /opt/stack/nova/nova/api/openstack/wsgi.py:513}}
May 19 16:43:36.136721 dv-cinder-842433-1-iscsi devstack@n-api.service[124122]: DEBUG nova.policy [None req-4d2d4e19-ef28-4ff8-bf95-322648941e03 tempest-AttachVolumeNegativeTest-1493457525 tempest-AttachVolumeNegativeTest-1493457525-project] Policy check for os_compute_api:os-extended-server-attributes failed with credentials {'is_admin': False, 'user_id': '0695c868a2d844089fcda29ea3653d5c', 'user_domain_id': 'default', 'system_scope': None, 'domain_id': None, 'project_id': '3e200a1b99664fc8b41757e2ae404f50', 'project_domain_id': 'default', 'roles': ['reader', 'member'], 'is_admin_project': True, 'service_user_id': None, 'service_user_domain_id': None, 'service_project_id': None, 'service_project_domain_id': None, 'service_roles': []} {{(pid=124122) authorize /opt/stack/nova/nova/policy.py:199}}
May 19 16:43:36.163961 dv-cinder-842433-1-iscsi devstack@n-api.service[124122]: INFO nova.api.openstack.requestlog [None req-4d2d4e19-ef28-4ff8-bf95-322648941e03 tempest-AttachVolumeNegativeTest-1493457525 tempest-AttachVolumeNegativeTest-1493457525-project] 10.222.0.36 "GET /compute/v2.1/servers/b4ff377c-5ccd-40ca-9e51-6bde8aafab8c" status: 200 len: 1367 microversion: 2.1 time: 0.281141
May 19 16:43:36.174871 dv-cinder-842433-1-iscsi devstack@n-api.service[124122]: [pid: 124122|app: 0|req: 40/88] 10.222.0.36 () {58 vars in 1235 bytes} [Thu May 19 16:43:35 2022] GET /compute/v2.1/servers/b4ff377c-5ccd-40ca-9e51-6bde8aafab8c => generated 1367 bytes in 293 msecs (HTTP/1.1 200) 9 headers in 358 bytes (1 switches on core 0)
May 19 16:43:36.186933 dv-cinder-842433-1-iscsi devstack@n-api.service[124122]: DEBUG nova.api.openstack.wsgi [req-fa2080a1-6abf-452d-8d4c-b2e65c3c725a req-8b02211d-ded5-4043-9660-59c99cf7ebe2 service nova] Action: 'create', calling method: >, body: {"events": [{"name": "network-changed", "server_uuid": "f47945f2-c715-4fc2-9759-55dc7bdd02de", "tag": "037a42bd-818d-415e-abbc-f96733de3dbd"}]} {{(pid=124122) _process_stack /opt/stack/nova/nova/api/openstack/wsgi.py:511}}
May 19 16:43:36.207114 dv-cinder-842433-1-iscsi devstack@n-api.service[124122]: DEBUG oslo_concurrency.lockutils [req-fa2080a1-6abf-452d-8d4c-b2e65c3c725a req-8b02211d-ded5-4043-9660-59c99cf7ebe2 service nova] Lock "3b5ff4c6-24cc-4cd2-b226-22d75c194482" acquired by "nova.context.set_target_cell..get_or_set_cached_cell_and_set_connections" :: waited 0.000s {{(pid=124122) inner /usr/local/lib/python3.8/dist-packages/oslo_concurrency/lockutils.py:386}}
May 19 16:43:36.210020 dv-cinder-842433-1-iscsi devstack@n-api.service[124122]: DEBUG oslo_concurrency.lockutils [req-fa2080a1-6abf-452d-8d4c-b2e65c3c725a req-8b02211d-ded5-4043-9660-59c99cf7ebe2 service nova] Lock "3b5ff4c6-24cc-4cd2-b226-22d75c194482" "released" by "nova.context.set_target_cell..get_or_set_cached_cell_and_set_connections" :: held 0.003s {{(pid=124122) inner /usr/local/lib/python3.8/dist-packages/oslo_concurrency/lockutils.py:400}}
May 19 16:43:36.239581 dv-cinder-842433-1-iscsi devstack@n-api.service[124123]: INFO nova.api.openstack.requestlog [None req-d0dd8d6e-4e2a-4e7b-bd39-943e01382b55 tempest-VolumesTestJSON-846073200 tempest-VolumesTestJSON-846073200-project] 10.222.0.36 "GET /compute/v2.1/os-volumes?offset=1&limit=1" status: 200 len: 354 microversion: 2.1 time: 0.116598
May 19 16:43:36.240778 dv-cinder-842433-1-iscsi devstack@n-api.service[124123]: [pid: 124123|app: 0|req: 49/89] 10.222.0.36 () {58 vars in 1166 bytes} [Thu May 19 16:43:36 2022] GET /compute/v2.1/os-volumes?offset=1&limit=1 => generated 354 bytes in 119 msecs (HTTP/1.1 200) 9 headers in 357 bytes (1 switches on core 0)
May 19 16:43:36.246751 dv-cinder-842433-1-iscsi devstack@n-api.service[124123]: DEBUG nova.api.openstack.wsgi [None req-8767bd00-e79d-47c9-9b5d-744864d46d2f tempest-ServerRescueNegativeTestJSON-1680359242 tempest-ServerRescueNegativeTestJSON-1680359242-project] Calling method '>' {{(pid=124123) _process_stack /opt/stack/nova/nova/api/openstack/wsgi.py:513}}
May 19 16:43:36.248936 dv-cinder-842433-1-iscsi devstack@n-api.service[124123]: DEBUG nova.compute.api [None req-8767bd00-e79d-47c9-9b5d-744864d46d2f tempest-ServerRescueNegativeTestJSON-1680359242 tempest-ServerRescueNegativeTestJSON-1680359242-project] [instance: f47945f2-c715-4fc2-9759-55dc7bdd02de] Fetching instance by UUID {{(pid=124123) get /opt/stack/nova/nova/compute/api.py:2920}}
May 19 16:43:36.252893 dv-cinder-842433-1-iscsi devstack@n-api.service[124122]: INFO nova.api.openstack.compute.server_external_events [req-fa2080a1-6abf-452d-8d4c-b2e65c3c725a req-8b02211d-ded5-4043-9660-59c99cf7ebe2 service nova] Creating event network-changed:037a42bd-818d-415e-abbc-f96733de3dbd for instance f47945f2-c715-4fc2-9759-55dc7bdd02de on hv-cinder-84243
May 19 16:43:36.261231 dv-cinder-842433-1-iscsi devstack@n-api.service[124122]: INFO nova.api.openstack.requestlog [req-fa2080a1-6abf-452d-8d4c-b2e65c3c725a req-8b02211d-ded5-4043-9660-59c99cf7ebe2 service nova] 10.222.0.36 "POST /compute/v2.1/os-server-external-events" status: 200 len: 179 microversion: 2.1 time: 0.084187
May 19 16:43:36.262188 dv-cinder-842433-1-iscsi devstack@n-api.service[124122]: [pid: 124122|app: 0|req: 41/90] 10.222.0.36 () {64 vars in 1317 bytes} [Thu May 19 16:43:36 2022] POST /compute/v2.1/os-server-external-events => generated 179 bytes in 87 msecs (HTTP/1.1 200) 9 headers in 357 bytes (1 switches on core 0)
May 19 16:43:36.264306 dv-cinder-842433-1-iscsi devstack@n-api.service[124123]: DEBUG oslo_concurrency.lockutils [None req-8767bd00-e79d-47c9-9b5d-744864d46d2f tempest-ServerRescueNegativeTestJSON-1680359242 tempest-ServerRescueNegativeTestJSON-1680359242-project] Lock "3b5ff4c6-24cc-4cd2-b226-22d75c194482" acquired by "nova.context.set_target_cell..get_or_set_cached_cell_and_set_connections" :: waited 0.000s {{(pid=124123) inner /usr/local/lib/python3.8/dist-packages/oslo_concurrency/lockutils.py:386}}
May 19 16:43:36.264847 dv-cinder-842433-1-iscsi devstack@n-api.service[124123]: DEBUG oslo_concurrency.lockutils [None req-8767bd00-e79d-47c9-9b5d-744864d46d2f tempest-ServerRescueNegativeTestJSON-1680359242 tempest-ServerRescueNegativeTestJSON-1680359242-project] Lock "3b5ff4c6-24cc-4cd2-b226-22d75c194482" "released" by "nova.context.set_target_cell..get_or_set_cached_cell_and_set_connections" :: held 0.003s {{(pid=124123) inner /usr/local/lib/python3.8/dist-packages/oslo_concurrency/lockutils.py:400}}
May 19 16:43:36.267339 dv-cinder-842433-1-iscsi devstack@n-api.service[124123]: DEBUG oslo_concurrency.lockutils [None req-8767bd00-e79d-47c9-9b5d-744864d46d2f tempest-ServerRescueNegativeTestJSON-1680359242 tempest-ServerRescueNegativeTestJSON-1680359242-project] Lock "3b5ff4c6-24cc-4cd2-b226-22d75c194482" acquired by "nova.context.set_target_cell..get_or_set_cached_cell_and_set_connections" :: waited 0.000s {{(pid=124123) inner /usr/local/lib/python3.8/dist-packages/oslo_concurrency/lockutils.py:386}}
May 19 16:43:36.267777 dv-cinder-842433-1-iscsi devstack@n-api.service[124123]: DEBUG oslo_concurrency.lockutils [None req-8767bd00-e79d-47c9-9b5d-744864d46d2f tempest-ServerRescueNegativeTestJSON-1680359242 tempest-ServerRescueNegativeTestJSON-1680359242-project] Lock "3b5ff4c6-24cc-4cd2-b226-22d75c194482" "released" by "nova.context.set_target_cell..get_or_set_cached_cell_and_set_connections" :: held 0.000s {{(pid=124123) inner /usr/local/lib/python3.8/dist-packages/oslo_concurrency/lockutils.py:400}}
May 19 16:43:36.269810 dv-cinder-842433-1-iscsi devstack@n-api.service[124122]: DEBUG nova.api.openstack.wsgi [None req-db9d4be7-824a-46e0-834b-c7d685282c65 tempest-VolumesTestJSON-846073200 tempest-VolumesTestJSON-846073200-project] Calling method '.version_select at 0x7f48981f6940>' {{(pid=124122) _process_stack /opt/stack/nova/nova/api/openstack/wsgi.py:513}}
May 19 16:43:36.433032 dv-cinder-842433-1-iscsi devstack@n-api.service[124122]: INFO nova.api.openstack.requestlog [None req-db9d4be7-824a-46e0-834b-c7d685282c65 tempest-VolumesTestJSON-846073200 tempest-VolumesTestJSON-846073200-project] 10.222.0.36 "GET /compute/v2.1/os-volumes/detail?limit=2" status: 200 len: 694 microversion: 2.1 time: 0.168677
May 19 16:43:36.433906 dv-cinder-842433-1-iscsi devstack@n-api.service[124122]: [pid: 124122|app: 0|req: 42/91] 10.222.0.36 () {58 vars in 1169 bytes} [Thu May 19 16:43:36 2022] GET /compute/v2.1/os-volumes/detail?limit=2 => generated 694 bytes in 171 msecs (HTTP/1.1 200) 9 headers in 357 bytes (1 switches on core 0)
May 19 16:43:36.447176 dv-cinder-842433-1-iscsi devstack@n-api.service[124122]: DEBUG dbcounter [-] [124122] Writing DB stats nova_cell0:SELECT=8 {{(pid=124122) stat_writer /usr/local/lib/python3.8/dist-packages/dbcounter.py:114}}
May 19 16:43:36.454458 dv-cinder-842433-1-iscsi devstack@n-api.service[124122]: DEBUG nova.api.openstack.wsgi [None req-9a78f6b9-b42d-4da2-b240-58c56dcfb0b7 tempest-VolumesTestJSON-846073200 tempest-VolumesTestJSON-846073200-project] Calling method '.version_select at 0x7f48981be3a0>' {{(pid=124122) _process_stack /opt/stack/nova/nova/api/openstack/wsgi.py:513}}
May 19 16:43:36.525724 dv-cinder-842433-1-iscsi devstack@n-api.service[124123]: DEBUG nova.policy [None req-8767bd00-e79d-47c9-9b5d-744864d46d2f tempest-ServerRescueNegativeTestJSON-1680359242 tempest-ServerRescueNegativeTestJSON-1680359242-project] Policy check for os_compute_api:os-extended-server-attributes failed with credentials {'is_admin': False, 'user_id': '6e88db1bf9294decaf171756772a5066', 'user_domain_id': 'default', 'system_scope': None, 'domain_id': None, 'project_id': '3fbe05607bf945bbb756e7ed3764cccc', 'project_domain_id': 'default', 'roles': ['reader', 'member'], 'is_admin_project': True, 'service_user_id': None, 'service_user_domain_id': None, 'service_project_id': None, 'service_project_domain_id': None, 'service_roles': []} {{(pid=124123) authorize /opt/stack/nova/nova/policy.py:199}}
May 19 16:43:36.544118 dv-cinder-842433-1-iscsi devstack@n-api.service[124123]: INFO nova.api.openstack.requestlog [None req-8767bd00-e79d-47c9-9b5d-744864d46d2f tempest-ServerRescueNegativeTestJSON-1680359242 tempest-ServerRescueNegativeTestJSON-1680359242-project] 10.222.0.36 "GET /compute/v2.1/servers/f47945f2-c715-4fc2-9759-55dc7bdd02de" status: 200 len: 1322 microversion: 2.1 time: 0.301916
May 19 16:43:36.544706 dv-cinder-842433-1-iscsi devstack@n-api.service[124123]: [pid: 124123|app: 0|req: 50/92] 10.222.0.36 () {58 vars in 1235 bytes} [Thu May 19 16:43:36 2022] GET /compute/v2.1/servers/f47945f2-c715-4fc2-9759-55dc7bdd02de => generated 1322 bytes in 303 msecs (HTTP/1.1 200) 9 headers in 358 bytes (1 switches on core 0)
May 19 16:43:36.556822 dv-cinder-842433-1-iscsi devstack@n-api.service[124123]: DEBUG nova.api.openstack.wsgi [None req-2e1d9e7b-9c4d-4308-82b5-d8e780493e62 tempest-DeleteServersTestJSON-153646916 tempest-DeleteServersTestJSON-153646916-project] Calling method '>' {{(pid=124123) _process_stack /opt/stack/nova/nova/api/openstack/wsgi.py:513}}
May 19 16:43:36.557526 dv-cinder-842433-1-iscsi devstack@n-api.service[124123]: DEBUG nova.compute.api [None req-2e1d9e7b-9c4d-4308-82b5-d8e780493e62 tempest-DeleteServersTestJSON-153646916 tempest-DeleteServersTestJSON-153646916-project] [instance: 8308d660-3fe8-4074-9faf-3ba85cf16ac6] Fetching instance by UUID {{(pid=124123) get /opt/stack/nova/nova/compute/api.py:2920}}
May 19 16:43:36.565734 dv-cinder-842433-1-iscsi devstack@n-api.service[124123]: DEBUG oslo_concurrency.lockutils [None req-2e1d9e7b-9c4d-4308-82b5-d8e780493e62 tempest-DeleteServersTestJSON-153646916 tempest-DeleteServersTestJSON-153646916-project] Lock "3b5ff4c6-24cc-4cd2-b226-22d75c194482" acquired by "nova.context.set_target_cell..get_or_set_cached_cell_and_set_connections" :: waited 0.000s {{(pid=124123) inner /usr/local/lib/python3.8/dist-packages/oslo_concurrency/lockutils.py:386}}
May 19 16:43:36.567215 dv-cinder-842433-1-iscsi devstack@n-api.service[124123]: DEBUG oslo_concurrency.lockutils [None req-2e1d9e7b-9c4d-4308-82b5-d8e780493e62 tempest-DeleteServersTestJSON-153646916 tempest-DeleteServersTestJSON-153646916-project] Lock "3b5ff4c6-24cc-4cd2-b226-22d75c194482" "released" by "nova.context.set_target_cell..get_or_set_cached_cell_and_set_connections" :: held 0.001s {{(pid=124123) inner /usr/local/lib/python3.8/dist-packages/oslo_concurrency/lockutils.py:400}}
May 19 16:43:36.570503 dv-cinder-842433-1-iscsi devstack@n-api.service[124123]: DEBUG oslo_concurrency.lockutils [None req-2e1d9e7b-9c4d-4308-82b5-d8e780493e62 tempest-DeleteServersTestJSON-153646916 tempest-DeleteServersTestJSON-153646916-project] Lock "3b5ff4c6-24cc-4cd2-b226-22d75c194482" acquired by "nova.context.set_target_cell..get_or_set_cached_cell_and_set_connections" :: waited 0.000s {{(pid=124123) inner /usr/local/lib/python3.8/dist-packages/oslo_concurrency/lockutils.py:386}}
May 19 16:43:36.570595 dv-cinder-842433-1-iscsi devstack@n-api.service[124122]: INFO nova.api.openstack.requestlog [None req-9a78f6b9-b42d-4da2-b240-58c56dcfb0b7 tempest-VolumesTestJSON-846073200 tempest-VolumesTestJSON-846073200-project] 10.222.0.36 "GET /compute/v2.1/os-volumes/detail" status: 200 len: 1035 microversion: 2.1 time: 0.124192
May 19 16:43:36.570956 dv-cinder-842433-1-iscsi devstack@n-api.service[124122]: [pid: 124122|app: 0|req: 43/93] 10.222.0.36 () {58 vars in 1154 bytes} [Thu May 19 16:43:36 2022] GET /compute/v2.1/os-volumes/detail => generated 1035 bytes in 126 msecs (HTTP/1.1 200) 9 headers in 358 bytes (1 switches on core 0)
May 19 16:43:36.577869 dv-cinder-842433-1-iscsi devstack@n-api.service[124123]: DEBUG oslo_concurrency.lockutils [None req-2e1d9e7b-9c4d-4308-82b5-d8e780493e62 tempest-DeleteServersTestJSON-153646916 tempest-DeleteServersTestJSON-153646916-project] Lock "3b5ff4c6-24cc-4cd2-b226-22d75c194482" "released" by "nova.context.set_target_cell..get_or_set_cached_cell_and_set_connections" :: held 0.001s {{(pid=124123) inner /usr/local/lib/python3.8/dist-packages/oslo_concurrency/lockutils.py:400}}
May 19 16:43:36.582917 dv-cinder-842433-1-iscsi devstack@n-api.service[124122]: DEBUG nova.api.openstack.wsgi [None req-d691f5ce-ea45-4fd8-bd52-222ef95432fe tempest-VolumesTestJSON-846073200 tempest-VolumesTestJSON-846073200-project] Calling method '.version_select at 0x7f4898163550>' {{(pid=124122) _process_stack /opt/stack/nova/nova/api/openstack/wsgi.py:513}}
May 19 16:43:36.729137 dv-cinder-842433-1-iscsi devstack@n-api.service[124122]: INFO nova.api.openstack.requestlog [None req-d691f5ce-ea45-4fd8-bd52-222ef95432fe tempest-VolumesTestJSON-846073200 tempest-VolumesTestJSON-846073200-project] 10.222.0.36 "GET /compute/v2.1/os-volumes/detail?offset=1&limit=1" status: 200 len: 354 microversion: 2.1 time: 0.150939
May 19 16:43:36.729743 dv-cinder-842433-1-iscsi devstack@n-api.service[124122]: [pid: 124122|app: 0|req: 44/94] 10.222.0.36 () {58 vars in 1187 bytes} [Thu May 19 16:43:36 2022] GET /compute/v2.1/os-volumes/detail?offset=1&limit=1 => generated 354 bytes in 152 msecs (HTTP/1.1 200) 9 headers in 357 bytes (2 switches on core 0)
May 19 16:43:36.742014 dv-cinder-842433-1-iscsi devstack@n-api.service[124122]: DEBUG nova.api.openstack.wsgi [None req-919e0640-a09c-4b4b-ba13-12e5899dbde5 tempest-VolumesTestJSON-846073200 tempest-VolumesTestJSON-846073200-project] Calling method '.version_select at 0x7f4898163430>' {{(pid=124122) _process_stack /opt/stack/nova/nova/api/openstack/wsgi.py:513}}
May 19 16:43:36.850505 dv-cinder-842433-1-iscsi devstack@n-api.service[124123]: DEBUG nova.policy [None req-2e1d9e7b-9c4d-4308-82b5-d8e780493e62 tempest-DeleteServersTestJSON-153646916 tempest-DeleteServersTestJSON-153646916-project] Policy check for os_compute_api:os-extended-server-attributes failed with credentials {'is_admin': False, 'user_id': '26bcad09cb7749d780d151d3d2862795', 'user_domain_id': 'default', 'system_scope': None, 'domain_id': None, 'project_id': '16022d299eda48e6bf4675055870a140', 'project_domain_id': 'default', 'roles': ['reader', 'member'], 'is_admin_project': True, 'service_user_id': None, 'service_user_domain_id': None, 'service_project_id': None, 'service_project_domain_id': None, 'service_roles': []} {{(pid=124123) authorize /opt/stack/nova/nova/policy.py:199}}
May 19 16:43:36.862751 dv-cinder-842433-1-iscsi devstack@n-api.service[124123]: INFO nova.api.openstack.requestlog [None req-2e1d9e7b-9c4d-4308-82b5-d8e780493e62 tempest-DeleteServersTestJSON-153646916 tempest-DeleteServersTestJSON-153646916-project] 10.222.0.36 "GET /compute/v2.1/servers/8308d660-3fe8-4074-9faf-3ba85cf16ac6" status: 200 len: 1314 microversion: 2.1 time: 0.316931
May 19 16:43:36.863347 dv-cinder-842433-1-iscsi devstack@n-api.service[124123]: [pid: 124123|app: 0|req: 51/95] 10.222.0.36 () {58 vars in 1235 bytes} [Thu May 19 16:43:36 2022] GET /compute/v2.1/servers/8308d660-3fe8-4074-9faf-3ba85cf16ac6 => generated 1314 bytes in 318 msecs (HTTP/1.1 200) 9 headers in 358 bytes (1 switches on core 0)
May 19 16:43:37.059057 dv-cinder-842433-1-iscsi devstack@n-api.service[124122]: INFO nova.api.openstack.requestlog [None req-919e0640-a09c-4b4b-ba13-12e5899dbde5 tempest-VolumesTestJSON-846073200 tempest-VolumesTestJSON-846073200-project] 10.222.0.36 "GET /compute/v2.1/os-volumes/detail" status: 200 len: 1035 microversion: 2.1 time: 0.320625
May 19 16:43:37.060103 dv-cinder-842433-1-iscsi devstack@n-api.service[124122]: [pid: 124122|app: 0|req: 45/96] 10.222.0.36 () {58 vars in 1154 bytes} [Thu May 19 16:43:36 2022] GET /compute/v2.1/os-volumes/detail => generated 1035 bytes in 323 msecs (HTTP/1.1 200) 9 headers in 358 bytes (2 switches on core 0)
May 19 16:43:37.127281 dv-cinder-842433-1-iscsi devstack@n-api.service[124123]: DEBUG nova.api.openstack.wsgi [None req-4ab09b1d-4d0e-4eb5-b0d9-b4de300a5ad5 tempest-AttachVolumeShelveTestJSON-2024088847 tempest-AttachVolumeShelveTestJSON-2024088847-project] Calling method '>' {{(pid=124123) _process_stack /opt/stack/nova/nova/api/openstack/wsgi.py:513}}
May 19 16:43:37.128668 dv-cinder-842433-1-iscsi devstack@n-api.service[124123]: DEBUG nova.compute.api [None req-4ab09b1d-4d0e-4eb5-b0d9-b4de300a5ad5 tempest-AttachVolumeShelveTestJSON-2024088847 tempest-AttachVolumeShelveTestJSON-2024088847-project] [instance: 3a6d6a59-35a3-46b0-a92a-a3ae729071b7] Fetching instance by UUID {{(pid=124123) get /opt/stack/nova/nova/compute/api.py:2920}}
May 19 16:43:37.142256 dv-cinder-842433-1-iscsi devstack@n-api.service[124123]: DEBUG oslo_concurrency.lockutils [None req-4ab09b1d-4d0e-4eb5-b0d9-b4de300a5ad5 tempest-AttachVolumeShelveTestJSON-2024088847 tempest-AttachVolumeShelveTestJSON-2024088847-project] Lock "3b5ff4c6-24cc-4cd2-b226-22d75c194482" acquired by "nova.context.set_target_cell..get_or_set_cached_cell_and_set_connections" :: waited 0.000s {{(pid=124123) inner /usr/local/lib/python3.8/dist-packages/oslo_concurrency/lockutils.py:386}}
May 19 16:43:37.145686 dv-cinder-842433-1-iscsi devstack@n-api.service[124123]: DEBUG oslo_concurrency.lockutils [None req-4ab09b1d-4d0e-4eb5-b0d9-b4de300a5ad5 tempest-AttachVolumeShelveTestJSON-2024088847 tempest-AttachVolumeShelveTestJSON-2024088847-project] Lock "3b5ff4c6-24cc-4cd2-b226-22d75c194482" "released" by "nova.context.set_target_cell..get_or_set_cached_cell_and_set_connections" :: held 0.002s {{(pid=124123) inner /usr/local/lib/python3.8/dist-packages/oslo_concurrency/lockutils.py:400}}
May 19 16:43:37.148656 dv-cinder-842433-1-iscsi devstack@n-api.service[124123]: DEBUG oslo_concurrency.lockutils [None req-4ab09b1d-4d0e-4eb5-b0d9-b4de300a5ad5 tempest-AttachVolumeShelveTestJSON-2024088847 tempest-AttachVolumeShelveTestJSON-2024088847-project] Lock "3b5ff4c6-24cc-4cd2-b226-22d75c194482" acquired by "nova.context.set_target_cell..get_or_set_cached_cell_and_set_connections" :: waited 0.000s {{(pid=124123) inner /usr/local/lib/python3.8/dist-packages/oslo_concurrency/lockutils.py:386}}
May 19 16:43:37.150958 dv-cinder-842433-1-iscsi devstack@n-api.service[124123]: DEBUG oslo_concurrency.lockutils [None req-4ab09b1d-4d0e-4eb5-b0d9-b4de300a5ad5 tempest-AttachVolumeShelveTestJSON-2024088847 tempest-AttachVolumeShelveTestJSON-2024088847-project] Lock "3b5ff4c6-24cc-4cd2-b226-22d75c194482" "released" by "nova.context.set_target_cell..get_or_set_cached_cell_and_set_connections" :: held 0.001s {{(pid=124123) inner /usr/local/lib/python3.8/dist-packages/oslo_concurrency/lockutils.py:400}}
May 19 16:43:37.186341 dv-cinder-842433-1-iscsi devstack@n-api.service[124122]: DEBUG nova.api.openstack.wsgi [None req-fb8c0d3e-7a13-4b07-82ed-6b20f7f318a9 tempest-AttachVolumeNegativeTest-1493457525 tempest-AttachVolumeNegativeTest-1493457525-project] Calling method '>' {{(pid=124122) _process_stack /opt/stack/nova/nova/api/openstack/wsgi.py:513}}
May 19 16:43:37.187267 dv-cinder-842433-1-iscsi devstack@n-api.service[124122]: DEBUG nova.compute.api [None req-fb8c0d3e-7a13-4b07-82ed-6b20f7f318a9 tempest-AttachVolumeNegativeTest-1493457525 tempest-AttachVolumeNegativeTest-1493457525-project] [instance: b4ff377c-5ccd-40ca-9e51-6bde8aafab8c] Fetching instance by UUID {{(pid=124122) get /opt/stack/nova/nova/compute/api.py:2920}}
May 19 16:43:37.207206 dv-cinder-842433-1-iscsi devstack@n-api.service[124122]: DEBUG oslo_concurrency.lockutils [None req-fb8c0d3e-7a13-4b07-82ed-6b20f7f318a9 tempest-AttachVolumeNegativeTest-1493457525 tempest-AttachVolumeNegativeTest-1493457525-project] Lock "3b5ff4c6-24cc-4cd2-b226-22d75c194482" acquired by "nova.context.set_target_cell..get_or_set_cached_cell_and_set_connections" :: waited 0.000s {{(pid=124122) inner /usr/local/lib/python3.8/dist-packages/oslo_concurrency/lockutils.py:386}}
May 19 16:43:37.209644 dv-cinder-842433-1-iscsi devstack@n-api.service[124122]: DEBUG oslo_concurrency.lockutils [None req-fb8c0d3e-7a13-4b07-82ed-6b20f7f318a9 tempest-AttachVolumeNegativeTest-1493457525 tempest-AttachVolumeNegativeTest-1493457525-project] Lock "3b5ff4c6-24cc-4cd2-b226-22d75c194482" "released" by "nova.context.set_target_cell..get_or_set_cached_cell_and_set_connections" :: held 0.003s {{(pid=124122) inner /usr/local/lib/python3.8/dist-packages/oslo_concurrency/lockutils.py:400}}
May 19 16:43:37.213450 dv-cinder-842433-1-iscsi devstack@n-api.service[124122]: DEBUG oslo_concurrency.lockutils [None req-fb8c0d3e-7a13-4b07-82ed-6b20f7f318a9 tempest-AttachVolumeNegativeTest-1493457525 tempest-AttachVolumeNegativeTest-1493457525-project] Lock "3b5ff4c6-24cc-4cd2-b226-22d75c194482" acquired by "nova.context.set_target_cell..get_or_set_cached_cell_and_set_connections" :: waited 0.000s {{(pid=124122) inner /usr/local/lib/python3.8/dist-packages/oslo_concurrency/lockutils.py:386}}
May 19 16:43:37.215005 dv-cinder-842433-1-iscsi devstack@n-api.service[124122]: DEBUG oslo_concurrency.lockutils [None req-fb8c0d3e-7a13-4b07-82ed-6b20f7f318a9 tempest-AttachVolumeNegativeTest-1493457525 tempest-AttachVolumeNegativeTest-1493457525-project] Lock "3b5ff4c6-24cc-4cd2-b226-22d75c194482" "released" by "nova.context.set_target_cell..get_or_set_cached_cell_and_set_connections" :: held 0.004s {{(pid=124122) inner /usr/local/lib/python3.8/dist-packages/oslo_concurrency/lockutils.py:400}}
May 19 16:43:37.291564 dv-cinder-842433-1-iscsi devstack@n-api.service[124123]: DEBUG nova.policy [None req-4ab09b1d-4d0e-4eb5-b0d9-b4de300a5ad5 tempest-AttachVolumeShelveTestJSON-2024088847 tempest-AttachVolumeShelveTestJSON-2024088847-project] Policy check for os_compute_api:os-extended-server-attributes failed with credentials {'is_admin': False, 'user_id': '86b78ffb46894509bf8e81a154073885', 'user_domain_id': 'default', 'system_scope': None, 'domain_id': None, 'project_id': 'bef5d1b475ef4228a77b87964b0b8ce1', 'project_domain_id': 'default', 'roles': ['reader', 'member'], 'is_admin_project': True, 'service_user_id': None, 'service_user_domain_id': None, 'service_project_id': None, 'service_project_domain_id': None, 'service_roles': []} {{(pid=124123) authorize /opt/stack/nova/nova/policy.py:199}}
May 19 16:43:37.300882 dv-cinder-842433-1-iscsi devstack@n-api.service[124123]: DEBUG nova.policy [None req-4ab09b1d-4d0e-4eb5-b0d9-b4de300a5ad5 tempest-AttachVolumeShelveTestJSON-2024088847 tempest-AttachVolumeShelveTestJSON-2024088847-project] Policy check for os_compute_api:servers:show:host_status failed with credentials {'is_admin': False, 'user_id': '86b78ffb46894509bf8e81a154073885', 'user_domain_id': 'default', 'system_scope': None, 'domain_id': None, 'project_id': 'bef5d1b475ef4228a77b87964b0b8ce1', 'project_domain_id': 'default', 'roles': ['reader', 'member'], 'is_admin_project': True, 'service_user_id': None, 'service_user_domain_id': None, 'service_project_id': None, 'service_project_domain_id': None, 'service_roles': []} {{(pid=124123) authorize /opt/stack/nova/nova/policy.py:199}}
May 19 16:43:37.302874 dv-cinder-842433-1-iscsi devstack@n-api.service[124123]: DEBUG nova.policy [None req-4ab09b1d-4d0e-4eb5-b0d9-b4de300a5ad5 tempest-AttachVolumeShelveTestJSON-2024088847 tempest-AttachVolumeShelveTestJSON-2024088847-project] Policy check for os_compute_api:servers:show:host_status:unknown-only failed with credentials {'is_admin': False, 'user_id': '86b78ffb46894509bf8e81a154073885', 'user_domain_id': 'default', 'system_scope': None, 'domain_id': None, 'project_id': 'bef5d1b475ef4228a77b87964b0b8ce1', 'project_domain_id': 'default', 'roles': ['reader', 'member'], 'is_admin_project': True, 'service_user_id': None, 'service_user_domain_id': None, 'service_project_id': None, 'service_project_domain_id': None, 'service_roles': []} {{(pid=124123) authorize /opt/stack/nova/nova/policy.py:199}}
May 19 16:43:37.304212 dv-cinder-842433-1-iscsi devstack@n-api.service[124123]: INFO nova.api.openstack.requestlog [None req-4ab09b1d-4d0e-4eb5-b0d9-b4de300a5ad5 tempest-AttachVolumeShelveTestJSON-2024088847 tempest-AttachVolumeShelveTestJSON-2024088847-project] 10.222.0.36 "GET /compute/v2.1/servers/3a6d6a59-35a3-46b0-a92a-a3ae729071b7" status: 200 len: 1350 microversion: 2.20 time: 0.181308
May 19 16:43:37.304729 dv-cinder-842433-1-iscsi devstack@n-api.service[124123]: [pid: 124123|app: 0|req: 52/97] 10.222.0.36 () {60 vars in 1276 bytes} [Thu May 19 16:43:37 2022] GET /compute/v2.1/servers/3a6d6a59-35a3-46b0-a92a-a3ae729071b7 => generated 1350 bytes in 183 msecs (HTTP/1.1 200) 9 headers in 360 bytes (1 switches on core 0)
May 19 16:43:37.529804 dv-cinder-842433-1-iscsi devstack@n-api.service[124122]: DEBUG nova.policy [None req-fb8c0d3e-7a13-4b07-82ed-6b20f7f318a9 tempest-AttachVolumeNegativeTest-1493457525 tempest-AttachVolumeNegativeTest-1493457525-project] Policy check for os_compute_api:os-extended-server-attributes failed with credentials {'is_admin': False, 'user_id': '0695c868a2d844089fcda29ea3653d5c', 'user_domain_id': 'default', 'system_scope': None, 'domain_id': None, 'project_id': '3e200a1b99664fc8b41757e2ae404f50', 'project_domain_id': 'default', 'roles': ['reader', 'member'], 'is_admin_project': True, 'service_user_id': None, 'service_user_domain_id': None, 'service_project_id': None, 'service_project_domain_id': None, 'service_roles': []} {{(pid=124122) authorize /opt/stack/nova/nova/policy.py:199}}
May 19 16:43:37.538899 dv-cinder-842433-1-iscsi devstack@n-api.service[124122]: INFO nova.api.openstack.requestlog [None req-fb8c0d3e-7a13-4b07-82ed-6b20f7f318a9 tempest-AttachVolumeNegativeTest-1493457525 tempest-AttachVolumeNegativeTest-1493457525-project] 10.222.0.36 "GET /compute/v2.1/servers/b4ff377c-5ccd-40ca-9e51-6bde8aafab8c" status: 200 len: 1367 microversion: 2.1 time: 0.359206
May 19 16:43:37.540531 dv-cinder-842433-1-iscsi devstack@n-api.service[124122]: [pid: 124122|app: 0|req: 46/98] 10.222.0.36 () {58 vars in 1235 bytes} [Thu May 19 16:43:37 2022] GET /compute/v2.1/servers/b4ff377c-5ccd-40ca-9e51-6bde8aafab8c => generated 1367 bytes in 362 msecs (HTTP/1.1 200) 9 headers in 358 bytes (1 switches on core 0)
May 19 16:43:37.560698 dv-cinder-842433-1-iscsi devstack@n-api.service[124123]: DEBUG nova.api.openstack.wsgi [None req-56e67ef6-99c6-4938-a007-aab31bb75b53 tempest-ServerRescueNegativeTestJSON-1680359242 tempest-ServerRescueNegativeTestJSON-1680359242-project] Calling method '>' {{(pid=124123) _process_stack /opt/stack/nova/nova/api/openstack/wsgi.py:513}}
May 19 16:43:37.561954 dv-cinder-842433-1-iscsi devstack@n-api.service[124123]: DEBUG nova.compute.api [None req-56e67ef6-99c6-4938-a007-aab31bb75b53 tempest-ServerRescueNegativeTestJSON-1680359242 tempest-ServerRescueNegativeTestJSON-1680359242-project] [instance: f47945f2-c715-4fc2-9759-55dc7bdd02de] Fetching instance by UUID {{(pid=124123) get /opt/stack/nova/nova/compute/api.py:2920}}
May 19 16:43:37.570347 dv-cinder-842433-1-iscsi devstack@n-api.service[124123]: DEBUG oslo_concurrency.lockutils [None req-56e67ef6-99c6-4938-a007-aab31bb75b53 tempest-ServerRescueNegativeTestJSON-1680359242 tempest-ServerRescueNegativeTestJSON-1680359242-project] Lock "3b5ff4c6-24cc-4cd2-b226-22d75c194482" acquired by "nova.context.set_target_cell..get_or_set_cached_cell_and_set_connections" :: waited 0.000s {{(pid=124123) inner /usr/local/lib/python3.8/dist-packages/oslo_concurrency/lockutils.py:386}}
May 19 16:43:37.570798 dv-cinder-842433-1-iscsi devstack@n-api.service[124123]: DEBUG oslo_concurrency.lockutils [None req-56e67ef6-99c6-4938-a007-aab31bb75b53 tempest-ServerRescueNegativeTestJSON-1680359242 tempest-ServerRescueNegativeTestJSON-1680359242-project] Lock "3b5ff4c6-24cc-4cd2-b226-22d75c194482" "released" by "nova.context.set_target_cell..get_or_set_cached_cell_and_set_connections" :: held 0.001s {{(pid=124123) inner /usr/local/lib/python3.8/dist-packages/oslo_concurrency/lockutils.py:400}}
May 19 16:43:37.571957 dv-cinder-842433-1-iscsi devstack@n-api.service[124123]: DEBUG oslo_concurrency.lockutils [None req-56e67ef6-99c6-4938-a007-aab31bb75b53 tempest-ServerRescueNegativeTestJSON-1680359242 tempest-ServerRescueNegativeTestJSON-1680359242-project] Lock "3b5ff4c6-24cc-4cd2-b226-22d75c194482" acquired by "nova.context.set_target_cell..get_or_set_cached_cell_and_set_connections" :: waited 0.000s {{(pid=124123) inner /usr/local/lib/python3.8/dist-packages/oslo_concurrency/lockutils.py:386}}
May 19 16:43:37.572704 dv-cinder-842433-1-iscsi devstack@n-api.service[124123]: DEBUG oslo_concurrency.lockutils [None req-56e67ef6-99c6-4938-a007-aab31bb75b53 tempest-ServerRescueNegativeTestJSON-1680359242 tempest-ServerRescueNegativeTestJSON-1680359242-project] Lock "3b5ff4c6-24cc-4cd2-b226-22d75c194482" "released" by "nova.context.set_target_cell..get_or_set_cached_cell_and_set_connections" :: held 0.001s {{(pid=124123) inner /usr/local/lib/python3.8/dist-packages/oslo_concurrency/lockutils.py:400}}
May 19 16:43:37.778437 dv-cinder-842433-1-iscsi devstack@n-api.service[124123]: DEBUG nova.policy [None req-56e67ef6-99c6-4938-a007-aab31bb75b53 tempest-ServerRescueNegativeTestJSON-1680359242 tempest-ServerRescueNegativeTestJSON-1680359242-project] Policy check for os_compute_api:os-extended-server-attributes failed with credentials {'is_admin': False, 'user_id': '6e88db1bf9294decaf171756772a5066', 'user_domain_id': 'default', 'system_scope': None, 'domain_id': None, 'project_id': '3fbe05607bf945bbb756e7ed3764cccc', 'project_domain_id': 'default', 'roles': ['reader', 'member'], 'is_admin_project': True, 'service_user_id': None, 'service_user_domain_id': None, 'service_project_id': None, 'service_project_domain_id': None, 'service_roles': []} {{(pid=124123) authorize /opt/stack/nova/nova/policy.py:199}}
May 19 16:43:37.788854 dv-cinder-842433-1-iscsi devstack@n-api.service[124123]: INFO nova.api.openstack.requestlog [None req-56e67ef6-99c6-4938-a007-aab31bb75b53 tempest-ServerRescueNegativeTestJSON-1680359242 tempest-ServerRescueNegativeTestJSON-1680359242-project] 10.222.0.36 "GET /compute/v2.1/servers/f47945f2-c715-4fc2-9759-55dc7bdd02de" status: 200 len: 1322 microversion: 2.1 time: 0.231853
May 19 16:43:37.789626 dv-cinder-842433-1-iscsi devstack@n-api.service[124123]: [pid: 124123|app: 0|req: 53/99] 10.222.0.36 () {58 vars in 1235 bytes} [Thu May 19 16:43:37 2022] GET /compute/v2.1/servers/f47945f2-c715-4fc2-9759-55dc7bdd02de => generated 1322 bytes in 233 msecs (HTTP/1.1 200) 9 headers in 358 bytes (1 switches on core 0)
May 19 16:43:37.882700 dv-cinder-842433-1-iscsi devstack@n-api.service[124122]: DEBUG nova.api.openstack.wsgi [None req-e4e9a19b-57ac-4d32-aa8b-87ff1e91eb7b tempest-DeleteServersTestJSON-153646916 tempest-DeleteServersTestJSON-153646916-project] Calling method '>' {{(pid=124122) _process_stack /opt/stack/nova/nova/api/openstack/wsgi.py:513}}
May 19 16:43:37.883338 dv-cinder-842433-1-iscsi devstack@n-api.service[124122]: DEBUG nova.compute.api [None req-e4e9a19b-57ac-4d32-aa8b-87ff1e91eb7b tempest-DeleteServersTestJSON-153646916 tempest-DeleteServersTestJSON-153646916-project] [instance: 8308d660-3fe8-4074-9faf-3ba85cf16ac6] Fetching instance by UUID {{(pid=124122) get /opt/stack/nova/nova/compute/api.py:2920}}
May 19 16:43:37.890582 dv-cinder-842433-1-iscsi devstack@n-api.service[124122]: DEBUG oslo_concurrency.lockutils [None req-e4e9a19b-57ac-4d32-aa8b-87ff1e91eb7b tempest-DeleteServersTestJSON-153646916 tempest-DeleteServersTestJSON-153646916-project] Lock "3b5ff4c6-24cc-4cd2-b226-22d75c194482" acquired by "nova.context.set_target_cell..get_or_set_cached_cell_and_set_connections" :: waited 0.000s {{(pid=124122) inner /usr/local/lib/python3.8/dist-packages/oslo_concurrency/lockutils.py:386}}
May 19 16:43:37.891228 dv-cinder-842433-1-iscsi devstack@n-api.service[124122]: DEBUG oslo_concurrency.lockutils [None req-e4e9a19b-57ac-4d32-aa8b-87ff1e91eb7b tempest-DeleteServersTestJSON-153646916 tempest-DeleteServersTestJSON-153646916-project] Lock "3b5ff4c6-24cc-4cd2-b226-22d75c194482" "released" by "nova.context.set_target_cell..get_or_set_cached_cell_and_set_connections" :: held 0.001s {{(pid=124122) inner /usr/local/lib/python3.8/dist-packages/oslo_concurrency/lockutils.py:400}}
May 19 16:43:37.892176 dv-cinder-842433-1-iscsi devstack@n-api.service[124122]: DEBUG oslo_concurrency.lockutils [None req-e4e9a19b-57ac-4d32-aa8b-87ff1e91eb7b tempest-DeleteServersTestJSON-153646916 tempest-DeleteServersTestJSON-153646916-project] Lock "3b5ff4c6-24cc-4cd2-b226-22d75c194482" acquired by "nova.context.set_target_cell..get_or_set_cached_cell_and_set_connections" :: waited 0.000s {{(pid=124122) inner /usr/local/lib/python3.8/dist-packages/oslo_concurrency/lockutils.py:386}}
May 19 16:43:37.892876 dv-cinder-842433-1-iscsi devstack@n-api.service[124122]: DEBUG oslo_concurrency.lockutils [None req-e4e9a19b-57ac-4d32-aa8b-87ff1e91eb7b tempest-DeleteServersTestJSON-153646916 tempest-DeleteServersTestJSON-153646916-project] Lock "3b5ff4c6-24cc-4cd2-b226-22d75c194482" "released" by "nova.context.set_target_cell..get_or_set_cached_cell_and_set_connections" :: held 0.001s {{(pid=124122) inner /usr/local/lib/python3.8/dist-packages/oslo_concurrency/lockutils.py:400}}
May 19 16:43:38.327611 dv-cinder-842433-1-iscsi devstack@n-api.service[124122]: DEBUG nova.policy [None req-e4e9a19b-57ac-4d32-aa8b-87ff1e91eb7b tempest-DeleteServersTestJSON-153646916 tempest-DeleteServersTestJSON-153646916-project] Policy check for os_compute_api:os-extended-server-attributes failed with credentials {'is_admin': False, 'user_id': '26bcad09cb7749d780d151d3d2862795', 'user_domain_id': 'default', 'system_scope': None, 'domain_id': None, 'project_id': '16022d299eda48e6bf4675055870a140', 'project_domain_id': 'default', 'roles': ['reader', 'member'], 'is_admin_project': True, 'service_user_id': None, 'service_user_domain_id': None, 'service_project_id': None, 'service_project_domain_id': None, 'service_roles': []} {{(pid=124122) authorize /opt/stack/nova/nova/policy.py:199}}
May 19 16:43:38.330379 dv-cinder-842433-1-iscsi devstack@n-api.service[124123]: DEBUG nova.api.openstack.wsgi [None req-df1043dc-454f-4514-b81b-a05193f1ee2b tempest-AttachVolumeShelveTestJSON-2024088847 tempest-AttachVolumeShelveTestJSON-2024088847-project] Calling method '>' {{(pid=124123) _process_stack /opt/stack/nova/nova/api/openstack/wsgi.py:513}}
May 19 16:43:38.331517 dv-cinder-842433-1-iscsi devstack@n-api.service[124123]: DEBUG nova.compute.api [None req-df1043dc-454f-4514-b81b-a05193f1ee2b tempest-AttachVolumeShelveTestJSON-2024088847 tempest-AttachVolumeShelveTestJSON-2024088847-project] [instance: 3a6d6a59-35a3-46b0-a92a-a3ae729071b7] Fetching instance by UUID {{(pid=124123) get /opt/stack/nova/nova/compute/api.py:2920}}
May 19 16:43:38.346570 dv-cinder-842433-1-iscsi devstack@n-api.service[124122]: INFO nova.api.openstack.requestlog [None req-e4e9a19b-57ac-4d32-aa8b-87ff1e91eb7b tempest-DeleteServersTestJSON-153646916 tempest-DeleteServersTestJSON-153646916-project] 10.222.0.36 "GET /compute/v2.1/servers/8308d660-3fe8-4074-9faf-3ba85cf16ac6" status: 200 len: 1314 microversion: 2.1 time: 0.469813
May 19 16:43:38.348642 dv-cinder-842433-1-iscsi devstack@n-api.service[124123]: DEBUG oslo_concurrency.lockutils [None req-df1043dc-454f-4514-b81b-a05193f1ee2b tempest-AttachVolumeShelveTestJSON-2024088847 tempest-AttachVolumeShelveTestJSON-2024088847-project] Lock "3b5ff4c6-24cc-4cd2-b226-22d75c194482" acquired by "nova.context.set_target_cell..get_or_set_cached_cell_and_set_connections" :: waited 0.000s {{(pid=124123) inner /usr/local/lib/python3.8/dist-packages/oslo_concurrency/lockutils.py:386}}
May 19 16:43:38.352008 dv-cinder-842433-1-iscsi devstack@n-api.service[124122]: [pid: 124122|app: 0|req: 47/100] 10.222.0.36 () {58 vars in 1235 bytes} [Thu May 19 16:43:37 2022] GET /compute/v2.1/servers/8308d660-3fe8-4074-9faf-3ba85cf16ac6 => generated 1314 bytes in 476 msecs (HTTP/1.1 200) 9 headers in 358 bytes (2 switches on core 0)
May 19 16:43:38.352681 dv-cinder-842433-1-iscsi devstack@n-api.service[124123]: DEBUG oslo_concurrency.lockutils [None req-df1043dc-454f-4514-b81b-a05193f1ee2b tempest-AttachVolumeShelveTestJSON-2024088847 tempest-AttachVolumeShelveTestJSON-2024088847-project] Lock "3b5ff4c6-24cc-4cd2-b226-22d75c194482" "released" by "nova.context.set_target_cell..get_or_set_cached_cell_and_set_connections" :: held 0.001s {{(pid=124123) inner /usr/local/lib/python3.8/dist-packages/oslo_concurrency/lockutils.py:400}}
May 19 16:43:38.353930 dv-cinder-842433-1-iscsi devstack@n-api.service[124123]: DEBUG oslo_concurrency.lockutils [None req-df1043dc-454f-4514-b81b-a05193f1ee2b tempest-AttachVolumeShelveTestJSON-2024088847 tempest-AttachVolumeShelveTestJSON-2024088847-project] Lock "3b5ff4c6-24cc-4cd2-b226-22d75c194482" acquired by "nova.context.set_target_cell..get_or_set_cached_cell_and_set_connections" :: waited 0.000s {{(pid=124123) inner /usr/local/lib/python3.8/dist-packages/oslo_concurrency/lockutils.py:386}}
May 19 16:43:38.356931 dv-cinder-842433-1-iscsi devstack@n-api.service[124123]: DEBUG oslo_concurrency.lockutils [None req-df1043dc-454f-4514-b81b-a05193f1ee2b tempest-AttachVolumeShelveTestJSON-2024088847 tempest-AttachVolumeShelveTestJSON-2024088847-project] Lock "3b5ff4c6-24cc-4cd2-b226-22d75c194482" "released" by "nova.context.set_target_cell..get_or_set_cached_cell_and_set_connections" :: held 0.003s {{(pid=124123) inner /usr/local/lib/python3.8/dist-packages/oslo_concurrency/lockutils.py:400}}
May 19 16:43:38.464006 dv-cinder-842433-1-iscsi devstack@n-api.service[124123]: DEBUG nova.policy [None req-df1043dc-454f-4514-b81b-a05193f1ee2b tempest-AttachVolumeShelveTestJSON-2024088847 tempest-AttachVolumeShelveTestJSON-2024088847-project] Policy check for os_compute_api:os-extended-server-attributes failed with credentials {'is_admin': False, 'user_id': '86b78ffb46894509bf8e81a154073885', 'user_domain_id': 'default', 'system_scope': None, 'domain_id': None, 'project_id': 'bef5d1b475ef4228a77b87964b0b8ce1', 'project_domain_id': 'default', 'roles': ['reader', 'member'], 'is_admin_project': True, 'service_user_id': None, 'service_user_domain_id': None, 'service_project_id': None, 'service_project_domain_id': None, 'service_roles': []} {{(pid=124123) authorize /opt/stack/nova/nova/policy.py:199}}
May 19 16:43:38.473688 dv-cinder-842433-1-iscsi devstack@n-api.service[124123]: DEBUG nova.policy [None req-df1043dc-454f-4514-b81b-a05193f1ee2b tempest-AttachVolumeShelveTestJSON-2024088847 tempest-AttachVolumeShelveTestJSON-2024088847-project] Policy check for os_compute_api:servers:show:host_status failed with credentials {'is_admin': False, 'user_id': '86b78ffb46894509bf8e81a154073885', 'user_domain_id': 'default', 'system_scope': None, 'domain_id': None, 'project_id': 'bef5d1b475ef4228a77b87964b0b8ce1', 'project_domain_id': 'default', 'roles': ['reader', 'member'], 'is_admin_project': True, 'service_user_id': None, 'service_user_domain_id': None, 'service_project_id': None, 'service_project_domain_id': None, 'service_roles': []} {{(pid=124123) authorize /opt/stack/nova/nova/policy.py:199}}
May 19 16:43:38.475241 dv-cinder-842433-1-iscsi devstack@n-api.service[124123]: DEBUG nova.policy [None req-df1043dc-454f-4514-b81b-a05193f1ee2b tempest-AttachVolumeShelveTestJSON-2024088847 tempest-AttachVolumeShelveTestJSON-2024088847-project] Policy check for os_compute_api:servers:show:host_status:unknown-only failed with credentials {'is_admin': False, 'user_id': '86b78ffb46894509bf8e81a154073885', 'user_domain_id': 'default', 'system_scope': None, 'domain_id': None, 'project_id': 'bef5d1b475ef4228a77b87964b0b8ce1', 'project_domain_id': 'default', 'roles': ['reader', 'member'], 'is_admin_project': True, 'service_user_id': None, 'service_user_domain_id': None, 'service_project_id': None, 'service_project_domain_id': None, 'service_roles': []} {{(pid=124123) authorize /opt/stack/nova/nova/policy.py:199}}
May 19 16:43:38.476523 dv-cinder-842433-1-iscsi devstack@n-api.service[124123]: INFO nova.api.openstack.requestlog [None req-df1043dc-454f-4514-b81b-a05193f1ee2b tempest-AttachVolumeShelveTestJSON-2024088847 tempest-AttachVolumeShelveTestJSON-2024088847-project] 10.222.0.36 "GET /compute/v2.1/servers/3a6d6a59-35a3-46b0-a92a-a3ae729071b7" status: 200 len: 1338 microversion: 2.20 time: 0.157116
May 19 16:43:38.477122 dv-cinder-842433-1-iscsi devstack@n-api.service[124123]: [pid: 124123|app: 0|req: 54/101] 10.222.0.36 () {60 vars in 1276 bytes} [Thu May 19 16:43:38 2022] GET /compute/v2.1/servers/3a6d6a59-35a3-46b0-a92a-a3ae729071b7 => generated 1338 bytes in 158 msecs (HTTP/1.1 200) 9 headers in 360 bytes (2 switches on core 0)
May 19 16:43:38.557740 dv-cinder-842433-1-iscsi devstack@n-api.service[124122]: DEBUG nova.api.openstack.wsgi [None req-e86d8e55-ba8b-4501-9521-79d873227a0d tempest-AttachVolumeNegativeTest-1493457525 tempest-AttachVolumeNegativeTest-1493457525-project] Calling method '>' {{(pid=124122) _process_stack /opt/stack/nova/nova/api/openstack/wsgi.py:513}}
