May 19 16:43:25.159109 dv-cinder-842433-1-iscsi devstack@c-api.service[117150]: INFO cinder.volume.api [None req-7882c1e4-edd2-4ca4-af53-b4082a46a11c tempest-GroupsTest-1123418326 tempest-GroupsTest-1123418326-project] Volume info retrieved successfully.
May 19 16:43:25.161056 dv-cinder-842433-1-iscsi devstack@c-api.service[117150]: WARNING stevedore.named [None req-7882c1e4-edd2-4ca4-af53-b4082a46a11c tempest-GroupsTest-1123418326 tempest-GroupsTest-1123418326-project] Could not load cinder.keymgr.conf_key_mgr.ConfKeyManager
May 19 16:43:25.162012 dv-cinder-842433-1-iscsi devstack@c-api.service[117150]: WARNING castellan.key_manager [None req-7882c1e4-edd2-4ca4-af53-b4082a46a11c tempest-GroupsTest-1123418326 tempest-GroupsTest-1123418326-project] Deprecation Warning : cinder.keymgr.conf_key_mgr.ConfKeyManager is not a stevedore based driver, trying to load it as a class: stevedore.exception.NoMatches: No 'castellan.drivers' driver found, looking for 'cinder.keymgr.conf_key_mgr.ConfKeyManager'
May 19 16:43:25.171094 dv-cinder-842433-1-iscsi devstack@c-api.service[117150]: DEBUG oslo_db.sqlalchemy.engines [None req-7882c1e4-edd2-4ca4-af53-b4082a46a11c tempest-GroupsTest-1123418326 tempest-GroupsTest-1123418326-project] MySQL server mode set to STRICT_TRANS_TABLES,STRICT_ALL_TABLES,NO_ZERO_IN_DATE,NO_ZERO_DATE,ERROR_FOR_DIVISION_BY_ZERO,TRADITIONAL,NO_ENGINE_SUBSTITUTION {{(pid=117150) _check_effective_sql_mode /usr/local/lib/python3.8/dist-packages/oslo_db/sqlalchemy/engines.py:314}}
May 19 16:43:25.178138 dv-cinder-842433-1-iscsi devstack@c-api.service[117150]: /usr/local/lib/python3.8/dist-packages/oslo_context/context.py:100: DeprecationWarning: Policy enforcement is depending on the value of is_admin. This key is deprecated. Please update your policy file to use the standard policy values.
May 19 16:43:25.178138 dv-cinder-842433-1-iscsi devstack@c-api.service[117150]: warnings.warn('Policy enforcement is depending on the value of '
May 19 16:43:25.242762 dv-cinder-842433-1-iscsi devstack@c-api.service[117150]: INFO cinder.api.openstack.wsgi [None req-7882c1e4-edd2-4ca4-af53-b4082a46a11c tempest-GroupsTest-1123418326 tempest-GroupsTest-1123418326-project] http://10.222.0.36/volume/v3/a5a2b3a6de8f4fdc8c7573a3fd3b4bf7/volumes/b0e2996c-f7a3-4eea-9776-89a5e0ec223e returned with HTTP 200
May 19 16:43:25.253343 dv-cinder-842433-1-iscsi devstack@c-api.service[117150]: [pid: 117150|app: 0|req: 66/123] 10.222.0.36 () {60 vars in 1365 bytes} [Thu May 19 16:43:25 2022] GET /volume/v3/a5a2b3a6de8f4fdc8c7573a3fd3b4bf7/volumes/b0e2996c-f7a3-4eea-9776-89a5e0ec223e => generated 960 bytes in 139 msecs (HTTP/1.1 200) 7 headers in 286 bytes (1 switches on core 0)
May 19 16:43:26.061031 dv-cinder-842433-1-iscsi devstack@c-api.service[117149]: DEBUG cinder.api.middleware.request_id [None req-66fc0088-a96f-4502-be76-41ee994b2ec4 None None] RequestId filter calling following filter/app {{(pid=117149) _context_setter /opt/stack/cinder/cinder/api/middleware/request_id.py:62}}
May 19 16:43:26.257690 dv-cinder-842433-1-iscsi devstack@c-api.service[117150]: DEBUG cinder.api.middleware.request_id [None req-7b6a9a2c-049c-4be6-99cb-6b75a9406003 None None] RequestId filter calling following filter/app {{(pid=117150) _context_setter /opt/stack/cinder/cinder/api/middleware/request_id.py:62}}
May 19 16:43:26.267154 dv-cinder-842433-1-iscsi devstack@c-api.service[117150]: INFO cinder.api.openstack.wsgi [None req-7b6a9a2c-049c-4be6-99cb-6b75a9406003 tempest-GroupsTest-1123418326 tempest-GroupsTest-1123418326-project] GET http://10.222.0.36/volume/v3/a5a2b3a6de8f4fdc8c7573a3fd3b4bf7/volumes/b0e2996c-f7a3-4eea-9776-89a5e0ec223e
May 19 16:43:26.270555 dv-cinder-842433-1-iscsi devstack@c-api.service[117150]: DEBUG cinder.api.openstack.wsgi [None req-7b6a9a2c-049c-4be6-99cb-6b75a9406003 tempest-GroupsTest-1123418326 tempest-GroupsTest-1123418326-project] Empty body provided in request {{(pid=117150) get_body /opt/stack/cinder/cinder/api/openstack/wsgi.py:715}}
May 19 16:43:26.275071 dv-cinder-842433-1-iscsi devstack@c-api.service[117150]: DEBUG cinder.api.openstack.wsgi [None req-7b6a9a2c-049c-4be6-99cb-6b75a9406003 tempest-GroupsTest-1123418326 tempest-GroupsTest-1123418326-project] Calling method 'show' {{(pid=117150) _process_stack /opt/stack/cinder/cinder/api/openstack/wsgi.py:868}}
May 19 16:43:26.392181 dv-cinder-842433-1-iscsi devstack@c-api.service[117150]: /usr/local/lib/python3.8/dist-packages/oslo_context/context.py:100: DeprecationWarning: Policy enforcement is depending on the value of is_admin. This key is deprecated. Please update your policy file to use the standard policy values.
May 19 16:43:26.392181 dv-cinder-842433-1-iscsi devstack@c-api.service[117150]: warnings.warn('Policy enforcement is depending on the value of '
May 19 16:43:26.443342 dv-cinder-842433-1-iscsi devstack@c-api.service[117150]: INFO cinder.volume.api [None req-7b6a9a2c-049c-4be6-99cb-6b75a9406003 tempest-GroupsTest-1123418326 tempest-GroupsTest-1123418326-project] Volume info retrieved successfully.
May 19 16:43:26.451801 dv-cinder-842433-1-iscsi devstack@c-api.service[117150]: WARNING stevedore.named [None req-7b6a9a2c-049c-4be6-99cb-6b75a9406003 tempest-GroupsTest-1123418326 tempest-GroupsTest-1123418326-project] Could not load cinder.keymgr.conf_key_mgr.ConfKeyManager
May 19 16:43:26.452262 dv-cinder-842433-1-iscsi devstack@c-api.service[117150]: WARNING castellan.key_manager [None req-7b6a9a2c-049c-4be6-99cb-6b75a9406003 tempest-GroupsTest-1123418326 tempest-GroupsTest-1123418326-project] Deprecation Warning : cinder.keymgr.conf_key_mgr.ConfKeyManager is not a stevedore based driver, trying to load it as a class: stevedore.exception.NoMatches: No 'castellan.drivers' driver found, looking for 'cinder.keymgr.conf_key_mgr.ConfKeyManager'
May 19 16:43:26.482422 dv-cinder-842433-1-iscsi devstack@c-api.service[117150]: DEBUG oslo_db.sqlalchemy.engines [None req-7b6a9a2c-049c-4be6-99cb-6b75a9406003 tempest-GroupsTest-1123418326 tempest-GroupsTest-1123418326-project] MySQL server mode set to STRICT_TRANS_TABLES,STRICT_ALL_TABLES,NO_ZERO_IN_DATE,NO_ZERO_DATE,ERROR_FOR_DIVISION_BY_ZERO,TRADITIONAL,NO_ENGINE_SUBSTITUTION {{(pid=117150) _check_effective_sql_mode /usr/local/lib/python3.8/dist-packages/oslo_db/sqlalchemy/engines.py:314}}
May 19 16:43:26.517684 dv-cinder-842433-1-iscsi devstack@c-api.service[117149]: INFO cinder.api.openstack.wsgi [None req-66fc0088-a96f-4502-be76-41ee994b2ec4 tempest-VolumesTestJSON-846073200 tempest-VolumesTestJSON-846073200-project] POST http://10.222.0.36/volume/v3/3197c37a5080426bae587174668b496d/volumes
May 19 16:43:26.518568 dv-cinder-842433-1-iscsi devstack@c-api.service[117149]: DEBUG cinder.api.openstack.wsgi [None req-66fc0088-a96f-4502-be76-41ee994b2ec4 tempest-VolumesTestJSON-846073200 tempest-VolumesTestJSON-846073200-project] Action: 'create', calling method: create, body: {"volume": {"metadata": {"Type": "work"}, "size": 1, "display_name": "tempest-VolumesTestJSON-volume-1818216590"}} {{(pid=117149) _process_stack /opt/stack/cinder/cinder/api/openstack/wsgi.py:866}}
May 19 16:43:26.519972 dv-cinder-842433-1-iscsi devstack@c-api.service[117149]: DEBUG cinder.api.v3.volumes [None req-66fc0088-a96f-4502-be76-41ee994b2ec4 tempest-VolumesTestJSON-846073200 tempest-VolumesTestJSON-846073200-project] Create volume request body: {'volume': {'metadata': {'Type': 'work'}, 'size': 1, 'display_name': 'tempest-VolumesTestJSON-volume-1818216590'}} {{(pid=117149) create /opt/stack/cinder/cinder/api/v3/volumes.py:298}}
May 19 16:43:26.520284 dv-cinder-842433-1-iscsi devstack@c-api.service[117149]: INFO cinder.api.v3.volumes [None req-66fc0088-a96f-4502-be76-41ee994b2ec4 tempest-VolumesTestJSON-846073200 tempest-VolumesTestJSON-846073200-project] Create volume of 1 GB
May 19 16:43:26.526912 dv-cinder-842433-1-iscsi devstack@c-api.service[117150]: /usr/local/lib/python3.8/dist-packages/oslo_context/context.py:100: DeprecationWarning: Policy enforcement is depending on the value of is_admin. This key is deprecated. Please update your policy file to use the standard policy values.
May 19 16:43:26.526912 dv-cinder-842433-1-iscsi devstack@c-api.service[117150]: warnings.warn('Policy enforcement is depending on the value of '
May 19 16:43:26.539182 dv-cinder-842433-1-iscsi devstack@c-api.service[117149]: INFO cinder.volume.api [None req-66fc0088-a96f-4502-be76-41ee994b2ec4 tempest-VolumesTestJSON-846073200 tempest-VolumesTestJSON-846073200-project] Availability Zones retrieved successfully.
May 19 16:43:26.587451 dv-cinder-842433-1-iscsi devstack@c-api.service[117150]: INFO cinder.api.openstack.wsgi [None req-7b6a9a2c-049c-4be6-99cb-6b75a9406003 tempest-GroupsTest-1123418326 tempest-GroupsTest-1123418326-project] http://10.222.0.36/volume/v3/a5a2b3a6de8f4fdc8c7573a3fd3b4bf7/volumes/b0e2996c-f7a3-4eea-9776-89a5e0ec223e returned with HTTP 200
May 19 16:43:26.611145 dv-cinder-842433-1-iscsi devstack@c-api.service[117150]: [pid: 117150|app: 0|req: 67/124] 10.222.0.36 () {60 vars in 1365 bytes} [Thu May 19 16:43:26 2022] GET /volume/v3/a5a2b3a6de8f4fdc8c7573a3fd3b4bf7/volumes/b0e2996c-f7a3-4eea-9776-89a5e0ec223e => generated 985 bytes in 349 msecs (HTTP/1.1 200) 7 headers in 286 bytes (1 switches on core 0)
May 19 16:43:26.616358 dv-cinder-842433-1-iscsi devstack@c-api.service[117150]: DEBUG cinder.api.middleware.request_id [None req-b05d649c-76db-4452-a853-1ab5b712a3f1 None None] RequestId filter calling following filter/app {{(pid=117150) _context_setter /opt/stack/cinder/cinder/api/middleware/request_id.py:62}}
May 19 16:43:26.635049 dv-cinder-842433-1-iscsi devstack@c-api.service[117150]: INFO cinder.api.openstack.wsgi [None req-b05d649c-76db-4452-a853-1ab5b712a3f1 tempest-GroupsTest-1123418326 tempest-GroupsTest-1123418326-project] PUT http://10.222.0.36/volume/v3/a5a2b3a6de8f4fdc8c7573a3fd3b4bf7/groups/731d0567-7520-4aaf-b4db-d30245b76d1d
May 19 16:43:26.635560 dv-cinder-842433-1-iscsi devstack@c-api.service[117149]: DEBUG cinder.volume.api [None req-66fc0088-a96f-4502-be76-41ee994b2ec4 tempest-VolumesTestJSON-846073200 tempest-VolumesTestJSON-846073200-project] Flow 'volume_create_api' (cfd33883-4c9a-4fb0-a0ba-ef2f247835d5) transitioned into state 'RUNNING' from state 'PENDING' {{(pid=117149) _flow_receiver /usr/local/lib/python3.8/dist-packages/taskflow/listeners/logging.py:141}}
May 19 16:43:26.639122 dv-cinder-842433-1-iscsi devstack@c-api.service[117150]: DEBUG cinder.api.openstack.wsgi [None req-b05d649c-76db-4452-a853-1ab5b712a3f1 tempest-GroupsTest-1123418326 tempest-GroupsTest-1123418326-project] Action: 'update', calling method: version_select, body: {"group": {"name": "new_group", "description": "This is a new group", "remove_volumes": "b0e2996c-f7a3-4eea-9776-89a5e0ec223e"}} {{(pid=117150) _process_stack /opt/stack/cinder/cinder/api/openstack/wsgi.py:866}}
May 19 16:43:26.640638 dv-cinder-842433-1-iscsi devstack@c-api.service[117149]: DEBUG cinder.volume.api [None req-66fc0088-a96f-4502-be76-41ee994b2ec4 tempest-VolumesTestJSON-846073200 tempest-VolumesTestJSON-846073200-project] Task 'cinder.volume.flows.api.create_volume.ExtractVolumeRequestTask;volume:create' (5c1694a1-851c-4544-a400-32fbd723d8f5) transitioned into state 'RUNNING' from state 'PENDING' {{(pid=117149) _task_receiver /usr/local/lib/python3.8/dist-packages/taskflow/listeners/logging.py:190}}
May 19 16:43:26.654135 dv-cinder-842433-1-iscsi devstack@c-api.service[117149]: DEBUG cinder.volume.flows.api.create_volume [None req-66fc0088-a96f-4502-be76-41ee994b2ec4 tempest-VolumesTestJSON-846073200 tempest-VolumesTestJSON-846073200-project] Validating volume size '1' using validate_int {{(pid=117149) _extract_size /opt/stack/cinder/cinder/volume/flows/api/create_volume.py:225}}
May 19 16:43:26.672983 dv-cinder-842433-1-iscsi devstack@c-api.service[117150]: DEBUG cinder.api.v3.groups [None req-b05d649c-76db-4452-a853-1ab5b712a3f1 tempest-GroupsTest-1123418326 tempest-GroupsTest-1123418326-project] Update called for group 731d0567-7520-4aaf-b4db-d30245b76d1d. {{(pid=117150) update /opt/stack/cinder/cinder/api/v3/groups.py:302}}
May 19 16:43:26.676381 dv-cinder-842433-1-iscsi devstack@c-api.service[117150]: INFO cinder.api.v3.groups [None req-b05d649c-76db-4452-a853-1ab5b712a3f1 tempest-GroupsTest-1123418326 tempest-GroupsTest-1123418326-project] Updating group 731d0567-7520-4aaf-b4db-d30245b76d1d with name new_group description: This is a new group add_volumes: None remove_volumes: b0e2996c-f7a3-4eea-9776-89a5e0ec223e.
May 19 16:43:26.711364 dv-cinder-842433-1-iscsi devstack@c-api.service[117150]: /usr/local/lib/python3.8/dist-packages/oslo_context/context.py:100: DeprecationWarning: Policy enforcement is depending on the value of is_admin. This key is deprecated. Please update your policy file to use the standard policy values.
May 19 16:43:26.711364 dv-cinder-842433-1-iscsi devstack@c-api.service[117150]: warnings.warn('Policy enforcement is depending on the value of '
May 19 16:43:26.784545 dv-cinder-842433-1-iscsi devstack@c-api.service[117149]: DEBUG cinder.volume.api [None req-66fc0088-a96f-4502-be76-41ee994b2ec4 tempest-VolumesTestJSON-846073200 tempest-VolumesTestJSON-846073200-project] Task 'cinder.volume.flows.api.create_volume.ExtractVolumeRequestTask;volume:create' (5c1694a1-851c-4544-a400-32fbd723d8f5) transitioned into state 'SUCCESS' from state 'RUNNING' with result '{'size': 1, 'snapshot_id': None, 'source_volid': None, 'volume_type': VolumeType(created_at=2022-05-19T16:31:54Z,deleted=False,deleted_at=None,description='Default Volume Type',extra_specs={},id=339569f3-23b6-43a7-940e-e1fd2a380f9b,is_public=True,name='__DEFAULT__',projects=[],qos_specs=,qos_specs_id=None,updated_at=2022-05-19T16:31:54Z), 'volume_type_id': '339569f3-23b6-43a7-940e-e1fd2a380f9b', 'encryption_key_id': None, 'qos_specs': None, 'consistencygroup_id': None, 'cgsnapshot_id': None, 'group_id': None, 'replication_status': 'disabled', 'refresh_az': False, 'backup_id': None, 'multiattach': False, 'availability_zones': ['nova']}' {{(pid=117149) _task_receiver /usr/local/lib/python3.8/dist-packages/taskflow/listeners/logging.py:178}}
May 19 16:43:26.786630 dv-cinder-842433-1-iscsi devstack@c-api.service[117149]: DEBUG cinder.volume.api [None req-66fc0088-a96f-4502-be76-41ee994b2ec4 tempest-VolumesTestJSON-846073200 tempest-VolumesTestJSON-846073200-project] Task 'cinder.volume.flows.api.create_volume.QuotaReserveTask;volume:create' (52038802-2127-42e4-a163-5ca455d00d84) transitioned into state 'RUNNING' from state 'PENDING' {{(pid=117149) _task_receiver /usr/local/lib/python3.8/dist-packages/taskflow/listeners/logging.py:190}}
May 19 16:43:26.858261 dv-cinder-842433-1-iscsi devstack@c-api.service[117150]: INFO cinder.api.openstack.wsgi [None req-b05d649c-76db-4452-a853-1ab5b712a3f1 tempest-GroupsTest-1123418326 tempest-GroupsTest-1123418326-project] http://10.222.0.36/volume/v3/a5a2b3a6de8f4fdc8c7573a3fd3b4bf7/groups/731d0567-7520-4aaf-b4db-d30245b76d1d returned with HTTP 202
May 19 16:43:26.863990 dv-cinder-842433-1-iscsi devstack@c-api.service[117150]: [pid: 117150|app: 0|req: 68/125] 10.222.0.36 () {62 vars in 1383 bytes} [Thu May 19 16:43:26 2022] PUT /volume/v3/a5a2b3a6de8f4fdc8c7573a3fd3b4bf7/groups/731d0567-7520-4aaf-b4db-d30245b76d1d => generated 0 bytes in 252 msecs (HTTP/1.1 202) 6 headers in 234 bytes (1 switches on core 0)
May 19 16:43:26.865940 dv-cinder-842433-1-iscsi devstack@c-api.service[117150]: DEBUG cinder.api.middleware.request_id [None req-b3d0a511-5f60-4be1-8f91-d5bd04f0dbc6 None None] RequestId filter calling following filter/app {{(pid=117150) _context_setter /opt/stack/cinder/cinder/api/middleware/request_id.py:62}}
May 19 16:43:26.886676 dv-cinder-842433-1-iscsi devstack@c-api.service[117150]: INFO cinder.api.openstack.wsgi [None req-b3d0a511-5f60-4be1-8f91-d5bd04f0dbc6 tempest-GroupsTest-1123418326 tempest-GroupsTest-1123418326-project] GET http://10.222.0.36/volume/v3/a5a2b3a6de8f4fdc8c7573a3fd3b4bf7/groups/731d0567-7520-4aaf-b4db-d30245b76d1d
May 19 16:43:26.887557 dv-cinder-842433-1-iscsi devstack@c-api.service[117150]: DEBUG cinder.api.openstack.wsgi [None req-b3d0a511-5f60-4be1-8f91-d5bd04f0dbc6 tempest-GroupsTest-1123418326 tempest-GroupsTest-1123418326-project] Empty body provided in request {{(pid=117150) get_body /opt/stack/cinder/cinder/api/openstack/wsgi.py:715}}
May 19 16:43:26.889384 dv-cinder-842433-1-iscsi devstack@c-api.service[117150]: DEBUG cinder.api.openstack.wsgi [None req-b3d0a511-5f60-4be1-8f91-d5bd04f0dbc6 tempest-GroupsTest-1123418326 tempest-GroupsTest-1123418326-project] Calling method 'version_select' {{(pid=117150) _process_stack /opt/stack/cinder/cinder/api/openstack/wsgi.py:868}}
May 19 16:43:26.890624 dv-cinder-842433-1-iscsi devstack@c-api.service[117150]: DEBUG cinder.api.v3.groups [None req-b3d0a511-5f60-4be1-8f91-d5bd04f0dbc6 tempest-GroupsTest-1123418326 tempest-GroupsTest-1123418326-project] show called for member 731d0567-7520-4aaf-b4db-d30245b76d1d {{(pid=117150) show /opt/stack/cinder/cinder/api/v3/groups.py:58}}
May 19 16:43:26.912565 dv-cinder-842433-1-iscsi devstack@c-api.service[117150]: /usr/local/lib/python3.8/dist-packages/oslo_context/context.py:100: DeprecationWarning: Policy enforcement is depending on the value of is_admin. This key is deprecated. Please update your policy file to use the standard policy values.
May 19 16:43:26.912565 dv-cinder-842433-1-iscsi devstack@c-api.service[117150]: warnings.warn('Policy enforcement is depending on the value of '
May 19 16:43:26.985624 dv-cinder-842433-1-iscsi devstack@c-api.service[117150]: INFO cinder.api.openstack.wsgi [None req-b3d0a511-5f60-4be1-8f91-d5bd04f0dbc6 tempest-GroupsTest-1123418326 tempest-GroupsTest-1123418326-project] http://10.222.0.36/volume/v3/a5a2b3a6de8f4fdc8c7573a3fd3b4bf7/groups/731d0567-7520-4aaf-b4db-d30245b76d1d returned with HTTP 200
May 19 16:43:26.999511 dv-cinder-842433-1-iscsi devstack@c-api.service[117150]: [pid: 117150|app: 0|req: 69/126] 10.222.0.36 () {60 vars in 1362 bytes} [Thu May 19 16:43:26 2022] GET /volume/v3/a5a2b3a6de8f4fdc8c7573a3fd3b4bf7/groups/731d0567-7520-4aaf-b4db-d30245b76d1d => generated 323 bytes in 134 msecs (HTTP/1.1 200) 7 headers in 286 bytes (1 switches on core 0)
May 19 16:43:27.076643 dv-cinder-842433-1-iscsi devstack@c-api.service[117149]: DEBUG dbcounter [-] [117149] Writing DB stats cinder:SELECT=73,cinder:INSERT=13,cinder:UPDATE=14 {{(pid=117149) stat_writer /usr/local/lib/python3.8/dist-packages/dbcounter.py:114}}
May 19 16:43:27.098481 dv-cinder-842433-1-iscsi devstack@c-api.service[117149]: DEBUG cinder.quota [None req-66fc0088-a96f-4502-be76-41ee994b2ec4 tempest-VolumesTestJSON-846073200 tempest-VolumesTestJSON-846073200-project] Created reservations ['0b97eeb6-423a-412b-b5d4-0a5f07ac0d47', '7bda4ca7-7c94-4457-b6e2-9c92b0f1a867', '0c420e37-c344-4289-b740-09657278e97d', '6670af0a-858b-4c45-8d97-3258345a1e60'] {{(pid=117149) reserve /opt/stack/cinder/cinder/quota.py:755}}
May 19 16:43:27.101803 dv-cinder-842433-1-iscsi devstack@c-api.service[117149]: DEBUG cinder.volume.api [None req-66fc0088-a96f-4502-be76-41ee994b2ec4 tempest-VolumesTestJSON-846073200 tempest-VolumesTestJSON-846073200-project] Task 'cinder.volume.flows.api.create_volume.QuotaReserveTask;volume:create' (52038802-2127-42e4-a163-5ca455d00d84) transitioned into state 'SUCCESS' from state 'RUNNING' with result '{'reservations': ['0b97eeb6-423a-412b-b5d4-0a5f07ac0d47', '7bda4ca7-7c94-4457-b6e2-9c92b0f1a867', '0c420e37-c344-4289-b740-09657278e97d', '6670af0a-858b-4c45-8d97-3258345a1e60']}' {{(pid=117149) _task_receiver /usr/local/lib/python3.8/dist-packages/taskflow/listeners/logging.py:178}}
May 19 16:43:27.104610 dv-cinder-842433-1-iscsi devstack@c-api.service[117149]: DEBUG cinder.volume.api [None req-66fc0088-a96f-4502-be76-41ee994b2ec4 tempest-VolumesTestJSON-846073200 tempest-VolumesTestJSON-846073200-project] Task 'cinder.volume.flows.api.create_volume.EntryCreateTask;volume:create' (d57285d2-2c50-4ac3-81e2-cf4d5595e702) transitioned into state 'RUNNING' from state 'PENDING' {{(pid=117149) _task_receiver /usr/local/lib/python3.8/dist-packages/taskflow/listeners/logging.py:190}}
May 19 16:43:27.158510 dv-cinder-842433-1-iscsi devstack@c-api.service[117149]: DEBUG cinder.volume.api [None req-66fc0088-a96f-4502-be76-41ee994b2ec4 tempest-VolumesTestJSON-846073200 tempest-VolumesTestJSON-846073200-project] Task 'cinder.volume.flows.api.create_volume.EntryCreateTask;volume:create' (d57285d2-2c50-4ac3-81e2-cf4d5595e702) transitioned into state 'SUCCESS' from state 'RUNNING' with result '{'volume_id': '31d4539e-6f26-4df6-ac0c-93c0f4a0a86c', 'volume_properties': VolumeProperties(attach_status='detached',availability_zone='nova',cgsnapshot_id=None,consistencygroup_id=None,display_description=None,display_name='tempest-VolumesTestJSON-volume-1818216590',encryption_key_id=None,group_id=None,group_type_id=,metadata={Type='work'},multiattach=False,project_id='3197c37a5080426bae587174668b496d',qos_specs=None,replication_status=,reservations=['0b97eeb6-423a-412b-b5d4-0a5f07ac0d47','7bda4ca7-7c94-4457-b6e2-9c92b0f1a867','0c420e37-c344-4289-b740-09657278e97d','6670af0a-858b-4c45-8d97-3258345a1e60'],size=1,snapshot_id=None,source_replicaid=,source_volid=None,status='creating',user_id='4a8961c2ccef4a5c9d73560037a23a60',volume_type_id=339569f3-23b6-43a7-940e-e1fd2a380f9b), 'volume': Volume(_name_id=None,admin_metadata=,attach_status='detached',availability_zone='nova',bootable=False,cluster=,cluster_name=None,consistencygroup=,consistencygroup_id=None,created_at=2022-05-19T16:43:27Z,deleted=False,deleted_at=None,display_description=None,display_name='tempest-VolumesTestJSON-volume-1818216590',ec2_id=None,encryption_key_id=None,glance_metadata=,group=,group_id=None,host=None,id=31d4539e-6f26-4df6-ac0c-93c0f4a0a86c,launched_at=None,metadata={Type='work'},migration_status=None,multiattach=False,previous_status=None,project_id='3197c37a5080426bae587174668b496d',provider_auth=None,provider_geometry=None,provider_id=None,provider_location=None,replication_driver_data=None,replication_extended_status=None,replication_status=None,scheduled_at=None,service_uuid=None,shared_targets=True,size=1,snapshot_id=None,snapshots=,source_volid=None,status='creating',terminated_at=None,updated_at=None,use_quota=True,user_id='4a8961c2ccef4a5c9d73560037a23a60',volume_attachment=VolumeAttachmentList,volume_type=VolumeType(339569f3-23b6-43a7-940e-e1fd2a380f9b),volume_type_id=339569f3-23b6-43a7-940e-e1fd2a380f9b)}' {{(pid=117149) _task_receiver /usr/local/lib/python3.8/dist-packages/taskflow/listeners/logging.py:178}}
May 19 16:43:27.162297 dv-cinder-842433-1-iscsi devstack@c-api.service[117149]: DEBUG cinder.volume.api [None req-66fc0088-a96f-4502-be76-41ee994b2ec4 tempest-VolumesTestJSON-846073200 tempest-VolumesTestJSON-846073200-project] Task 'cinder.volume.flows.api.create_volume.QuotaCommitTask;volume:create' (4e3e7ebf-2c3e-47c8-9316-0ebf6080b33c) transitioned into state 'RUNNING' from state 'PENDING' {{(pid=117149) _task_receiver /usr/local/lib/python3.8/dist-packages/taskflow/listeners/logging.py:190}}
May 19 16:43:27.208513 dv-cinder-842433-1-iscsi devstack@c-api.service[117149]: DEBUG cinder.volume.api [None req-66fc0088-a96f-4502-be76-41ee994b2ec4 tempest-VolumesTestJSON-846073200 tempest-VolumesTestJSON-846073200-project] Task 'cinder.volume.flows.api.create_volume.QuotaCommitTask;volume:create' (4e3e7ebf-2c3e-47c8-9316-0ebf6080b33c) transitioned into state 'SUCCESS' from state 'RUNNING' with result '{'volume_properties': VolumeProperties(attach_status='detached',availability_zone='nova',cgsnapshot_id=None,consistencygroup_id=None,display_description=None,display_name='tempest-VolumesTestJSON-volume-1818216590',encryption_key_id=None,group_id=None,group_type_id=,metadata={Type='work'},multiattach=False,project_id='3197c37a5080426bae587174668b496d',qos_specs=None,replication_status=,reservations=['0b97eeb6-423a-412b-b5d4-0a5f07ac0d47','7bda4ca7-7c94-4457-b6e2-9c92b0f1a867','0c420e37-c344-4289-b740-09657278e97d','6670af0a-858b-4c45-8d97-3258345a1e60'],size=1,snapshot_id=None,source_replicaid=,source_volid=None,status='creating',user_id='4a8961c2ccef4a5c9d73560037a23a60',volume_type_id=339569f3-23b6-43a7-940e-e1fd2a380f9b)}' {{(pid=117149) _task_receiver /usr/local/lib/python3.8/dist-packages/taskflow/listeners/logging.py:178}}
May 19 16:43:27.211430 dv-cinder-842433-1-iscsi devstack@c-api.service[117149]: DEBUG cinder.volume.api [None req-66fc0088-a96f-4502-be76-41ee994b2ec4 tempest-VolumesTestJSON-846073200 tempest-VolumesTestJSON-846073200-project] Task 'cinder.volume.flows.api.create_volume.VolumeCastTask;volume:create' (6bce9f42-a86d-44f0-8918-65da80e91997) transitioned into state 'RUNNING' from state 'PENDING' {{(pid=117149) _task_receiver /usr/local/lib/python3.8/dist-packages/taskflow/listeners/logging.py:190}}
May 19 16:43:27.261825 dv-cinder-842433-1-iscsi devstack@c-api.service[117149]: DEBUG cinder.volume.api [None req-66fc0088-a96f-4502-be76-41ee994b2ec4 tempest-VolumesTestJSON-846073200 tempest-VolumesTestJSON-846073200-project] Task 'cinder.volume.flows.api.create_volume.VolumeCastTask;volume:create' (6bce9f42-a86d-44f0-8918-65da80e91997) transitioned into state 'SUCCESS' from state 'RUNNING' with result 'None' {{(pid=117149) _task_receiver /usr/local/lib/python3.8/dist-packages/taskflow/listeners/logging.py:178}}
May 19 16:43:27.268859 dv-cinder-842433-1-iscsi devstack@c-api.service[117149]: DEBUG cinder.volume.api [None req-66fc0088-a96f-4502-be76-41ee994b2ec4 tempest-VolumesTestJSON-846073200 tempest-VolumesTestJSON-846073200-project] Flow 'volume_create_api' (cfd33883-4c9a-4fb0-a0ba-ef2f247835d5) transitioned into state 'SUCCESS' from state 'RUNNING' {{(pid=117149) _flow_receiver /usr/local/lib/python3.8/dist-packages/taskflow/listeners/logging.py:141}}
May 19 16:43:27.273746 dv-cinder-842433-1-iscsi devstack@c-api.service[117149]: INFO cinder.volume.api [None req-66fc0088-a96f-4502-be76-41ee994b2ec4 tempest-VolumesTestJSON-846073200 tempest-VolumesTestJSON-846073200-project] Create volume request issued successfully.
May 19 16:43:27.278934 dv-cinder-842433-1-iscsi devstack@c-api.service[117149]: INFO cinder.api.openstack.wsgi [None req-66fc0088-a96f-4502-be76-41ee994b2ec4 tempest-VolumesTestJSON-846073200 tempest-VolumesTestJSON-846073200-project] http://10.222.0.36/volume/v3/3197c37a5080426bae587174668b496d/volumes returned with HTTP 202
May 19 16:43:27.289188 dv-cinder-842433-1-iscsi devstack@c-api.service[117149]: [pid: 117149|app: 0|req: 58/127] 10.222.0.36 () {60 vars in 1235 bytes} [Thu May 19 16:43:26 2022] POST /volume/v3/3197c37a5080426bae587174668b496d/volumes => generated 829 bytes in 1222 msecs (HTTP/1.1 202) 7 headers in 291 bytes (1 switches on core 0)
May 19 16:43:27.294987 dv-cinder-842433-1-iscsi devstack@c-api.service[117150]: DEBUG cinder.api.middleware.request_id [None req-2de3a7f5-6e40-4334-8ccd-808b61bfd734 None None] RequestId filter calling following filter/app {{(pid=117150) _context_setter /opt/stack/cinder/cinder/api/middleware/request_id.py:62}}
May 19 16:43:27.306147 dv-cinder-842433-1-iscsi devstack@c-api.service[117150]: INFO cinder.api.openstack.wsgi [None req-2de3a7f5-6e40-4334-8ccd-808b61bfd734 tempest-VolumesTestJSON-846073200 tempest-VolumesTestJSON-846073200-project] GET http://10.222.0.36/volume/v3/3197c37a5080426bae587174668b496d/volumes/31d4539e-6f26-4df6-ac0c-93c0f4a0a86c
May 19 16:43:27.307590 dv-cinder-842433-1-iscsi devstack@c-api.service[117150]: DEBUG cinder.api.openstack.wsgi [None req-2de3a7f5-6e40-4334-8ccd-808b61bfd734 tempest-VolumesTestJSON-846073200 tempest-VolumesTestJSON-846073200-project] Empty body provided in request {{(pid=117150) get_body /opt/stack/cinder/cinder/api/openstack/wsgi.py:715}}
May 19 16:43:27.308873 dv-cinder-842433-1-iscsi devstack@c-api.service[117150]: DEBUG cinder.api.openstack.wsgi [None req-2de3a7f5-6e40-4334-8ccd-808b61bfd734 tempest-VolumesTestJSON-846073200 tempest-VolumesTestJSON-846073200-project] Calling method 'show' {{(pid=117150) _process_stack /opt/stack/cinder/cinder/api/openstack/wsgi.py:868}}
May 19 16:43:27.337316 dv-cinder-842433-1-iscsi devstack@c-api.service[117150]: /usr/local/lib/python3.8/dist-packages/oslo_context/context.py:100: DeprecationWarning: Policy enforcement is depending on the value of is_admin. This key is deprecated. Please update your policy file to use the standard policy values.
May 19 16:43:27.337316 dv-cinder-842433-1-iscsi devstack@c-api.service[117150]: warnings.warn('Policy enforcement is depending on the value of '
May 19 16:43:27.349135 dv-cinder-842433-1-iscsi devstack@c-api.service[117150]: INFO cinder.volume.api [None req-2de3a7f5-6e40-4334-8ccd-808b61bfd734 tempest-VolumesTestJSON-846073200 tempest-VolumesTestJSON-846073200-project] Volume info retrieved successfully.
May 19 16:43:27.368829 dv-cinder-842433-1-iscsi devstack@c-api.service[117150]: INFO cinder.api.openstack.wsgi [None req-2de3a7f5-6e40-4334-8ccd-808b61bfd734 tempest-VolumesTestJSON-846073200 tempest-VolumesTestJSON-846073200-project] http://10.222.0.36/volume/v3/3197c37a5080426bae587174668b496d/volumes/31d4539e-6f26-4df6-ac0c-93c0f4a0a86c returned with HTTP 200
May 19 16:43:27.372887 dv-cinder-842433-1-iscsi devstack@c-api.service[117150]: [pid: 117150|app: 0|req: 70/128] 10.222.0.36 () {58 vars in 1324 bytes} [Thu May 19 16:43:27 2022] GET /volume/v3/3197c37a5080426bae587174668b496d/volumes/31d4539e-6f26-4df6-ac0c-93c0f4a0a86c => generated 897 bytes in 80 msecs (HTTP/1.1 200) 7 headers in 285 bytes (1 switches on core 0)
May 19 16:43:28.001797 dv-cinder-842433-1-iscsi devstack@c-api.service[117149]: DEBUG cinder.api.middleware.request_id [None req-bb32d95d-27c7-499a-b609-b4c48bbdcc2d None None] RequestId filter calling following filter/app {{(pid=117149) _context_setter /opt/stack/cinder/cinder/api/middleware/request_id.py:62}}
May 19 16:43:28.007684 dv-cinder-842433-1-iscsi devstack@c-api.service[117149]: INFO cinder.api.openstack.wsgi [None req-bb32d95d-27c7-499a-b609-b4c48bbdcc2d tempest-GroupsTest-1123418326 tempest-GroupsTest-1123418326-project] GET http://10.222.0.36/volume/v3/a5a2b3a6de8f4fdc8c7573a3fd3b4bf7/groups/731d0567-7520-4aaf-b4db-d30245b76d1d
May 19 16:43:28.008757 dv-cinder-842433-1-iscsi devstack@c-api.service[117149]: DEBUG cinder.api.openstack.wsgi [None req-bb32d95d-27c7-499a-b609-b4c48bbdcc2d tempest-GroupsTest-1123418326 tempest-GroupsTest-1123418326-project] Empty body provided in request {{(pid=117149) get_body /opt/stack/cinder/cinder/api/openstack/wsgi.py:715}}
May 19 16:43:28.009384 dv-cinder-842433-1-iscsi devstack@c-api.service[117149]: DEBUG cinder.api.openstack.wsgi [None req-bb32d95d-27c7-499a-b609-b4c48bbdcc2d tempest-GroupsTest-1123418326 tempest-GroupsTest-1123418326-project] Calling method 'version_select' {{(pid=117149) _process_stack /opt/stack/cinder/cinder/api/openstack/wsgi.py:868}}
May 19 16:43:28.010058 dv-cinder-842433-1-iscsi devstack@c-api.service[117149]: DEBUG cinder.api.v3.groups [None req-bb32d95d-27c7-499a-b609-b4c48bbdcc2d tempest-GroupsTest-1123418326 tempest-GroupsTest-1123418326-project] show called for member 731d0567-7520-4aaf-b4db-d30245b76d1d {{(pid=117149) show /opt/stack/cinder/cinder/api/v3/groups.py:58}}
May 19 16:43:28.032869 dv-cinder-842433-1-iscsi devstack@c-api.service[117149]: /usr/local/lib/python3.8/dist-packages/oslo_context/context.py:100: DeprecationWarning: Policy enforcement is depending on the value of is_admin. This key is deprecated. Please update your policy file to use the standard policy values.
May 19 16:43:28.032869 dv-cinder-842433-1-iscsi devstack@c-api.service[117149]: warnings.warn('Policy enforcement is depending on the value of '
May 19 16:43:28.084393 dv-cinder-842433-1-iscsi devstack@c-api.service[117149]: INFO cinder.api.openstack.wsgi [None req-bb32d95d-27c7-499a-b609-b4c48bbdcc2d tempest-GroupsTest-1123418326 tempest-GroupsTest-1123418326-project] http://10.222.0.36/volume/v3/a5a2b3a6de8f4fdc8c7573a3fd3b4bf7/groups/731d0567-7520-4aaf-b4db-d30245b76d1d returned with HTTP 200
May 19 16:43:28.097731 dv-cinder-842433-1-iscsi devstack@c-api.service[117149]: [pid: 117149|app: 0|req: 59/129] 10.222.0.36 () {60 vars in 1362 bytes} [Thu May 19 16:43:27 2022] GET /volume/v3/a5a2b3a6de8f4fdc8c7573a3fd3b4bf7/groups/731d0567-7520-4aaf-b4db-d30245b76d1d => generated 324 bytes in 97 msecs (HTTP/1.1 200) 7 headers in 286 bytes (1 switches on core 0)
May 19 16:43:28.098237 dv-cinder-842433-1-iscsi devstack@c-api.service[117150]: DEBUG cinder.api.middleware.request_id [None req-d6361058-a593-415d-ab6d-653dbd2d6703 None None] RequestId filter calling following filter/app {{(pid=117150) _context_setter /opt/stack/cinder/cinder/api/middleware/request_id.py:62}}
May 19 16:43:28.102519 dv-cinder-842433-1-iscsi devstack@c-api.service[117150]: INFO cinder.api.openstack.wsgi [None req-d6361058-a593-415d-ab6d-653dbd2d6703 tempest-GroupsTest-1123418326 tempest-GroupsTest-1123418326-project] GET http://10.222.0.36/volume/v3/a5a2b3a6de8f4fdc8c7573a3fd3b4bf7/groups/731d0567-7520-4aaf-b4db-d30245b76d1d
May 19 16:43:28.103034 dv-cinder-842433-1-iscsi devstack@c-api.service[117150]: DEBUG cinder.api.openstack.wsgi [None req-d6361058-a593-415d-ab6d-653dbd2d6703 tempest-GroupsTest-1123418326 tempest-GroupsTest-1123418326-project] Empty body provided in request {{(pid=117150) get_body /opt/stack/cinder/cinder/api/openstack/wsgi.py:715}}
May 19 16:43:28.103720 dv-cinder-842433-1-iscsi devstack@c-api.service[117150]: DEBUG cinder.api.openstack.wsgi [None req-d6361058-a593-415d-ab6d-653dbd2d6703 tempest-GroupsTest-1123418326 tempest-GroupsTest-1123418326-project] Calling method 'version_select' {{(pid=117150) _process_stack /opt/stack/cinder/cinder/api/openstack/wsgi.py:868}}
May 19 16:43:28.104276 dv-cinder-842433-1-iscsi devstack@c-api.service[117150]: DEBUG cinder.api.v3.groups [None req-d6361058-a593-415d-ab6d-653dbd2d6703 tempest-GroupsTest-1123418326 tempest-GroupsTest-1123418326-project] show called for member 731d0567-7520-4aaf-b4db-d30245b76d1d {{(pid=117150) show /opt/stack/cinder/cinder/api/v3/groups.py:58}}
May 19 16:43:28.121508 dv-cinder-842433-1-iscsi devstack@c-api.service[117150]: /usr/local/lib/python3.8/dist-packages/oslo_context/context.py:100: DeprecationWarning: Policy enforcement is depending on the value of is_admin. This key is deprecated. Please update your policy file to use the standard policy values.
May 19 16:43:28.121508 dv-cinder-842433-1-iscsi devstack@c-api.service[117150]: warnings.warn('Policy enforcement is depending on the value of '
May 19 16:43:28.188373 dv-cinder-842433-1-iscsi devstack@c-api.service[117150]: INFO cinder.api.openstack.wsgi [None req-d6361058-a593-415d-ab6d-653dbd2d6703 tempest-GroupsTest-1123418326 tempest-GroupsTest-1123418326-project] http://10.222.0.36/volume/v3/a5a2b3a6de8f4fdc8c7573a3fd3b4bf7/groups/731d0567-7520-4aaf-b4db-d30245b76d1d returned with HTTP 200
May 19 16:43:28.195384 dv-cinder-842433-1-iscsi devstack@c-api.service[117150]: [pid: 117150|app: 0|req: 71/130] 10.222.0.36 () {60 vars in 1362 bytes} [Thu May 19 16:43:28 2022] GET /volume/v3/a5a2b3a6de8f4fdc8c7573a3fd3b4bf7/groups/731d0567-7520-4aaf-b4db-d30245b76d1d => generated 324 bytes in 97 msecs (HTTP/1.1 200) 7 headers in 286 bytes (1 switches on core 0)
May 19 16:43:28.200673 dv-cinder-842433-1-iscsi devstack@c-api.service[117149]: DEBUG cinder.api.middleware.request_id [None req-e174ff93-6d59-420c-b070-25e7c7124b5f None None] RequestId filter calling following filter/app {{(pid=117149) _context_setter /opt/stack/cinder/cinder/api/middleware/request_id.py:62}}
May 19 16:43:28.204334 dv-cinder-842433-1-iscsi devstack@c-api.service[117149]: INFO cinder.api.openstack.wsgi [None req-e174ff93-6d59-420c-b070-25e7c7124b5f tempest-GroupsTest-1123418326 tempest-GroupsTest-1123418326-project] GET http://10.222.0.36/volume/v3/a5a2b3a6de8f4fdc8c7573a3fd3b4bf7/volumes/detail
May 19 16:43:28.204829 dv-cinder-842433-1-iscsi devstack@c-api.service[117149]: DEBUG cinder.api.openstack.wsgi [None req-e174ff93-6d59-420c-b070-25e7c7124b5f tempest-GroupsTest-1123418326 tempest-GroupsTest-1123418326-project] Empty body provided in request {{(pid=117149) get_body /opt/stack/cinder/cinder/api/openstack/wsgi.py:715}}
May 19 16:43:28.205325 dv-cinder-842433-1-iscsi devstack@c-api.service[117149]: DEBUG cinder.api.openstack.wsgi [None req-e174ff93-6d59-420c-b070-25e7c7124b5f tempest-GroupsTest-1123418326 tempest-GroupsTest-1123418326-project] Calling method 'detail' {{(pid=117149) _process_stack /opt/stack/cinder/cinder/api/openstack/wsgi.py:868}}
May 19 16:43:28.205984 dv-cinder-842433-1-iscsi devstack@c-api.service[117149]: DEBUG cinder.api.api_utils [None req-e174ff93-6d59-420c-b070-25e7c7124b5f tempest-GroupsTest-1123418326 tempest-GroupsTest-1123418326-project] Removing options '' from query. {{(pid=117149) remove_invalid_filter_options /opt/stack/cinder/cinder/api/api_utils.py:73}}
May 19 16:43:28.206814 dv-cinder-842433-1-iscsi devstack@c-api.service[117149]: /usr/local/lib/python3.8/dist-packages/oslo_context/context.py:100: DeprecationWarning: Policy enforcement is depending on the value of is_admin. This key is deprecated. Please update your policy file to use the standard policy values.
May 19 16:43:28.206814 dv-cinder-842433-1-iscsi devstack@c-api.service[117149]: warnings.warn('Policy enforcement is depending on the value of '
May 19 16:43:28.207854 dv-cinder-842433-1-iscsi devstack@c-api.service[117149]: DEBUG cinder.volume.api [None req-e174ff93-6d59-420c-b070-25e7c7124b5f tempest-GroupsTest-1123418326 tempest-GroupsTest-1123418326-project] Searching by: MultiDict([('no_migration_targets', True)]). {{(pid=117149) get_all /opt/stack/cinder/cinder/volume/api.py:663}}
May 19 16:43:28.337547 dv-cinder-842433-1-iscsi devstack@c-api.service[117149]: INFO cinder.volume.api [None req-e174ff93-6d59-420c-b070-25e7c7124b5f tempest-GroupsTest-1123418326 tempest-GroupsTest-1123418326-project] Get all volumes completed successfully.
May 19 16:43:28.345070 dv-cinder-842433-1-iscsi devstack@c-api.service[117149]: WARNING stevedore.named [None req-e174ff93-6d59-420c-b070-25e7c7124b5f tempest-GroupsTest-1123418326 tempest-GroupsTest-1123418326-project] Could not load cinder.keymgr.conf_key_mgr.ConfKeyManager
May 19 16:43:28.346100 dv-cinder-842433-1-iscsi devstack@c-api.service[117149]: WARNING castellan.key_manager [None req-e174ff93-6d59-420c-b070-25e7c7124b5f tempest-GroupsTest-1123418326 tempest-GroupsTest-1123418326-project] Deprecation Warning : cinder.keymgr.conf_key_mgr.ConfKeyManager is not a stevedore based driver, trying to load it as a class: stevedore.exception.NoMatches: No 'castellan.drivers' driver found, looking for 'cinder.keymgr.conf_key_mgr.ConfKeyManager'
May 19 16:43:28.360625 dv-cinder-842433-1-iscsi devstack@c-api.service[117149]: DEBUG oslo_db.sqlalchemy.engines [None req-e174ff93-6d59-420c-b070-25e7c7124b5f tempest-GroupsTest-1123418326 tempest-GroupsTest-1123418326-project] MySQL server mode set to STRICT_TRANS_TABLES,STRICT_ALL_TABLES,NO_ZERO_IN_DATE,NO_ZERO_DATE,ERROR_FOR_DIVISION_BY_ZERO,TRADITIONAL,NO_ENGINE_SUBSTITUTION {{(pid=117149) _check_effective_sql_mode /usr/local/lib/python3.8/dist-packages/oslo_db/sqlalchemy/engines.py:314}}
May 19 16:43:28.375446 dv-cinder-842433-1-iscsi devstack@c-api.service[117149]: /usr/local/lib/python3.8/dist-packages/oslo_context/context.py:100: DeprecationWarning: Policy enforcement is depending on the value of is_admin. This key is deprecated. Please update your policy file to use the standard policy values.
May 19 16:43:28.375446 dv-cinder-842433-1-iscsi devstack@c-api.service[117149]: warnings.warn('Policy enforcement is depending on the value of '
May 19 16:43:28.386271 dv-cinder-842433-1-iscsi devstack@c-api.service[117150]: DEBUG cinder.api.middleware.request_id [None req-0d4a4688-0653-4b63-8356-f3e5b16641fe None None] RequestId filter calling following filter/app {{(pid=117150) _context_setter /opt/stack/cinder/cinder/api/middleware/request_id.py:62}}
May 19 16:43:28.392452 dv-cinder-842433-1-iscsi devstack@c-api.service[117150]: INFO cinder.api.openstack.wsgi [None req-0d4a4688-0653-4b63-8356-f3e5b16641fe tempest-VolumesTestJSON-846073200 tempest-VolumesTestJSON-846073200-project] GET http://10.222.0.36/volume/v3/3197c37a5080426bae587174668b496d/volumes/31d4539e-6f26-4df6-ac0c-93c0f4a0a86c
May 19 16:43:28.401027 dv-cinder-842433-1-iscsi devstack@c-api.service[117150]: DEBUG cinder.api.openstack.wsgi [None req-0d4a4688-0653-4b63-8356-f3e5b16641fe tempest-VolumesTestJSON-846073200 tempest-VolumesTestJSON-846073200-project] Empty body provided in request {{(pid=117150) get_body /opt/stack/cinder/cinder/api/openstack/wsgi.py:715}}
May 19 16:43:28.401610 dv-cinder-842433-1-iscsi devstack@c-api.service[117150]: DEBUG cinder.api.openstack.wsgi [None req-0d4a4688-0653-4b63-8356-f3e5b16641fe tempest-VolumesTestJSON-846073200 tempest-VolumesTestJSON-846073200-project] Calling method 'show' {{(pid=117150) _process_stack /opt/stack/cinder/cinder/api/openstack/wsgi.py:868}}
May 19 16:43:28.412234 dv-cinder-842433-1-iscsi devstack@c-api.service[117149]: INFO cinder.api.openstack.wsgi [None req-e174ff93-6d59-420c-b070-25e7c7124b5f tempest-GroupsTest-1123418326 tempest-GroupsTest-1123418326-project] http://10.222.0.36/volume/v3/a5a2b3a6de8f4fdc8c7573a3fd3b4bf7/volumes/detail returned with HTTP 200
May 19 16:43:28.433752 dv-cinder-842433-1-iscsi devstack@c-api.service[117149]: [pid: 117149|app: 0|req: 60/131] 10.222.0.36 () {60 vars in 1275 bytes} [Thu May 19 16:43:28 2022] GET /volume/v3/a5a2b3a6de8f4fdc8c7573a3fd3b4bf7/volumes/detail => generated 1929 bytes in 234 msecs (HTTP/1.1 200) 7 headers in 287 bytes (1 switches on core 0)
May 19 16:43:28.436148 dv-cinder-842433-1-iscsi devstack@c-api.service[117149]: DEBUG cinder.api.middleware.request_id [None req-9d532a90-55a6-473f-824e-506acc4705d8 None None] RequestId filter calling following filter/app {{(pid=117149) _context_setter /opt/stack/cinder/cinder/api/middleware/request_id.py:62}}
May 19 16:43:28.439545 dv-cinder-842433-1-iscsi devstack@c-api.service[117150]: /usr/local/lib/python3.8/dist-packages/oslo_context/context.py:100: DeprecationWarning: Policy enforcement is depending on the value of is_admin. This key is deprecated. Please update your policy file to use the standard policy values.
May 19 16:43:28.439545 dv-cinder-842433-1-iscsi devstack@c-api.service[117150]: warnings.warn('Policy enforcement is depending on the value of '
May 19 16:43:28.444840 dv-cinder-842433-1-iscsi devstack@c-api.service[117149]: INFO cinder.api.openstack.wsgi [None req-9d532a90-55a6-473f-824e-506acc4705d8 tempest-GroupsTest-1123418326 tempest-GroupsTest-1123418326-project] PUT http://10.222.0.36/volume/v3/a5a2b3a6de8f4fdc8c7573a3fd3b4bf7/groups/731d0567-7520-4aaf-b4db-d30245b76d1d
May 19 16:43:28.446974 dv-cinder-842433-1-iscsi devstack@c-api.service[117149]: DEBUG cinder.api.openstack.wsgi [None req-9d532a90-55a6-473f-824e-506acc4705d8 tempest-GroupsTest-1123418326 tempest-GroupsTest-1123418326-project] Action: 'update', calling method: version_select, body: {"group": {"add_volumes": "b0e2996c-f7a3-4eea-9776-89a5e0ec223e"}} {{(pid=117149) _process_stack /opt/stack/cinder/cinder/api/openstack/wsgi.py:866}}
May 19 16:43:28.450738 dv-cinder-842433-1-iscsi devstack@c-api.service[117150]: INFO cinder.volume.api [None req-0d4a4688-0653-4b63-8356-f3e5b16641fe tempest-VolumesTestJSON-846073200 tempest-VolumesTestJSON-846073200-project] Volume info retrieved successfully.
May 19 16:43:28.468576 dv-cinder-842433-1-iscsi devstack@c-api.service[117149]: DEBUG cinder.api.v3.groups [None req-9d532a90-55a6-473f-824e-506acc4705d8 tempest-GroupsTest-1123418326 tempest-GroupsTest-1123418326-project] Update called for group 731d0567-7520-4aaf-b4db-d30245b76d1d. {{(pid=117149) update /opt/stack/cinder/cinder/api/v3/groups.py:302}}
May 19 16:43:28.469039 dv-cinder-842433-1-iscsi devstack@c-api.service[117149]: INFO cinder.api.v3.groups [None req-9d532a90-55a6-473f-824e-506acc4705d8 tempest-GroupsTest-1123418326 tempest-GroupsTest-1123418326-project] Updating group 731d0567-7520-4aaf-b4db-d30245b76d1d with name None description: None add_volumes: b0e2996c-f7a3-4eea-9776-89a5e0ec223e remove_volumes: None.
May 19 16:43:28.489264 dv-cinder-842433-1-iscsi devstack@c-api.service[117149]: /usr/local/lib/python3.8/dist-packages/oslo_context/context.py:100: DeprecationWarning: Policy enforcement is depending on the value of is_admin. This key is deprecated. Please update your policy file to use the standard policy values.
May 19 16:43:28.489264 dv-cinder-842433-1-iscsi devstack@c-api.service[117149]: warnings.warn('Policy enforcement is depending on the value of '
May 19 16:43:28.528101 dv-cinder-842433-1-iscsi devstack@c-api.service[117150]: INFO cinder.api.openstack.wsgi [None req-0d4a4688-0653-4b63-8356-f3e5b16641fe tempest-VolumesTestJSON-846073200 tempest-VolumesTestJSON-846073200-project] http://10.222.0.36/volume/v3/3197c37a5080426bae587174668b496d/volumes/31d4539e-6f26-4df6-ac0c-93c0f4a0a86c returned with HTTP 200
May 19 16:43:28.553840 dv-cinder-842433-1-iscsi devstack@c-api.service[117150]: [pid: 117150|app: 0|req: 72/132] 10.222.0.36 () {58 vars in 1324 bytes} [Thu May 19 16:43:28 2022] GET /volume/v3/3197c37a5080426bae587174668b496d/volumes/31d4539e-6f26-4df6-ac0c-93c0f4a0a86c => generated 922 bytes in 168 msecs (HTTP/1.1 200) 7 headers in 285 bytes (1 switches on core 0)
May 19 16:43:28.629308 dv-cinder-842433-1-iscsi devstack@c-api.service[117149]: INFO cinder.api.openstack.wsgi [None req-9d532a90-55a6-473f-824e-506acc4705d8 tempest-GroupsTest-1123418326 tempest-GroupsTest-1123418326-project] http://10.222.0.36/volume/v3/a5a2b3a6de8f4fdc8c7573a3fd3b4bf7/groups/731d0567-7520-4aaf-b4db-d30245b76d1d returned with HTTP 202
May 19 16:43:28.635092 dv-cinder-842433-1-iscsi devstack@c-api.service[117149]: [pid: 117149|app: 0|req: 61/133] 10.222.0.36 () {62 vars in 1382 bytes} [Thu May 19 16:43:28 2022] PUT /volume/v3/a5a2b3a6de8f4fdc8c7573a3fd3b4bf7/groups/731d0567-7520-4aaf-b4db-d30245b76d1d => generated 0 bytes in 201 msecs (HTTP/1.1 202) 6 headers in 234 bytes (1 switches on core 0)
May 19 16:43:28.640397 dv-cinder-842433-1-iscsi devstack@c-api.service[117150]: DEBUG cinder.api.middleware.request_id [None req-044a5987-114a-48a7-b618-167c881e46a0 None None] RequestId filter calling following filter/app {{(pid=117150) _context_setter /opt/stack/cinder/cinder/api/middleware/request_id.py:62}}
May 19 16:43:28.688010 dv-cinder-842433-1-iscsi devstack@c-api.service[117150]: INFO cinder.api.openstack.wsgi [None req-044a5987-114a-48a7-b618-167c881e46a0 tempest-GroupsTest-1123418326 tempest-GroupsTest-1123418326-project] GET http://10.222.0.36/volume/v3/a5a2b3a6de8f4fdc8c7573a3fd3b4bf7/groups/731d0567-7520-4aaf-b4db-d30245b76d1d
May 19 16:43:28.689378 dv-cinder-842433-1-iscsi devstack@c-api.service[117150]: DEBUG cinder.api.openstack.wsgi [None req-044a5987-114a-48a7-b618-167c881e46a0 tempest-GroupsTest-1123418326 tempest-GroupsTest-1123418326-project] Empty body provided in request {{(pid=117150) get_body /opt/stack/cinder/cinder/api/openstack/wsgi.py:715}}
May 19 16:43:28.692485 dv-cinder-842433-1-iscsi devstack@c-api.service[117150]: DEBUG cinder.api.openstack.wsgi [None req-044a5987-114a-48a7-b618-167c881e46a0 tempest-GroupsTest-1123418326 tempest-GroupsTest-1123418326-project] Calling method 'version_select' {{(pid=117150) _process_stack /opt/stack/cinder/cinder/api/openstack/wsgi.py:868}}
May 19 16:43:28.692942 dv-cinder-842433-1-iscsi devstack@c-api.service[117150]: DEBUG cinder.api.v3.groups [None req-044a5987-114a-48a7-b618-167c881e46a0 tempest-GroupsTest-1123418326 tempest-GroupsTest-1123418326-project] show called for member 731d0567-7520-4aaf-b4db-d30245b76d1d {{(pid=117150) show /opt/stack/cinder/cinder/api/v3/groups.py:58}}
May 19 16:43:28.711271 dv-cinder-842433-1-iscsi devstack@c-api.service[117150]: /usr/local/lib/python3.8/dist-packages/oslo_context/context.py:100: DeprecationWarning: Policy enforcement is depending on the value of is_admin. This key is deprecated. Please update your policy file to use the standard policy values.
May 19 16:43:28.711271 dv-cinder-842433-1-iscsi devstack@c-api.service[117150]: warnings.warn('Policy enforcement is depending on the value of '
May 19 16:43:28.739851 dv-cinder-842433-1-iscsi devstack@c-api.service[117150]: DEBUG dbcounter [-] [117150] Writing DB stats cinder:SELECT=95,cinder:UPDATE=5 {{(pid=117150) stat_writer /usr/local/lib/python3.8/dist-packages/dbcounter.py:114}}
May 19 16:43:28.758477 dv-cinder-842433-1-iscsi devstack@c-api.service[117150]: INFO cinder.api.openstack.wsgi [None req-044a5987-114a-48a7-b618-167c881e46a0 tempest-GroupsTest-1123418326 tempest-GroupsTest-1123418326-project] http://10.222.0.36/volume/v3/a5a2b3a6de8f4fdc8c7573a3fd3b4bf7/groups/731d0567-7520-4aaf-b4db-d30245b76d1d returned with HTTP 200
May 19 16:43:28.762012 dv-cinder-842433-1-iscsi devstack@c-api.service[117150]: [pid: 117150|app: 0|req: 73/134] 10.222.0.36 () {60 vars in 1362 bytes} [Thu May 19 16:43:28 2022] GET /volume/v3/a5a2b3a6de8f4fdc8c7573a3fd3b4bf7/groups/731d0567-7520-4aaf-b4db-d30245b76d1d => generated 324 bytes in 124 msecs (HTTP/1.1 200) 7 headers in 286 bytes (1 switches on core 0)
May 19 16:43:28.769487 dv-cinder-842433-1-iscsi devstack@c-api.service[117149]: DEBUG cinder.api.middleware.request_id [None req-909b55ac-f67a-4aab-9523-b91441aa970c None None] RequestId filter calling following filter/app {{(pid=117149) _context_setter /opt/stack/cinder/cinder/api/middleware/request_id.py:62}}
May 19 16:43:28.776963 dv-cinder-842433-1-iscsi devstack@c-api.service[117149]: INFO cinder.api.openstack.wsgi [None req-909b55ac-f67a-4aab-9523-b91441aa970c tempest-GroupsTest-1123418326 tempest-GroupsTest-1123418326-project] GET http://10.222.0.36/volume/v3/a5a2b3a6de8f4fdc8c7573a3fd3b4bf7/volumes/detail
