May 19 16:43:47.283419 dv-cinder-842433-1-iscsi devstack@c-api.service[117150]: DEBUG cinder.volume.api [None req-d1be7e9e-841d-4cb2-9832-5ae7a1412f2d tempest-VolumeQuotasNegativeTestJSON-1976004860 tempest-VolumeQuotasNegativeTestJSON-1976004860-project] Task 'cinder.volume.flows.api.create_volume.EntryCreateTask;volume:create' (ee08ed41-e7ae-4ae4-8cb7-819e45d79c8b) transitioned into state 'SUCCESS' from state 'RUNNING' with result '{'volume_id': '85946cda-1079-413e-8e2e-3bf09ed9a8a4', 'volume_properties': VolumeProperties(attach_status='detached',availability_zone='nova',cgsnapshot_id=None,consistencygroup_id=None,display_description=None,display_name='tempest-VolumeQuotasNegativeTestJSON-Volume-538619188',encryption_key_id=None,group_id=None,group_type_id=,metadata={},multiattach=False,project_id='7b4343c7f07f40e0a20bdd3c6720a757',qos_specs=None,replication_status=,reservations=['dd36a366-2965-4294-9951-b88f77712a68','0dff47ad-e4b1-4acd-9ae0-77f6ba1dd74d','f5aa4635-aef0-466b-8fc8-123d5f9bf181','44b99e9f-eacc-47d0-b180-ef60b48a6a99'],size=1,snapshot_id=None,source_replicaid=,source_volid=None,status='creating',user_id='eeddf9c1eea74b33b7e23f322ceee9e6',volume_type_id=339569f3-23b6-43a7-940e-e1fd2a380f9b), 'volume': Volume(_name_id=None,admin_metadata=,attach_status='detached',availability_zone='nova',bootable=False,cluster=,cluster_name=None,consistencygroup=,consistencygroup_id=None,created_at=2022-05-19T16:43:47Z,deleted=False,deleted_at=None,display_description=None,display_name='tempest-VolumeQuotasNegativeTestJSON-Volume-538619188',ec2_id=None,encryption_key_id=None,glance_metadata=,group=,group_id=None,host=None,id=85946cda-1079-413e-8e2e-3bf09ed9a8a4,launched_at=None,metadata={},migration_status=None,multiattach=False,previous_status=None,project_id='7b4343c7f07f40e0a20bdd3c6720a757',provider_auth=None,provider_geometry=None,provider_id=None,provider_location=None,replication_driver_data=None,replication_extended_status=None,replication_status=None,scheduled_at=None,service_uuid=None,shared_targets=True,size=1,snapshot_id=None,snapshots=,source_volid=None,status='creating',terminated_at=None,updated_at=None,use_quota=True,user_id='eeddf9c1eea74b33b7e23f322ceee9e6',volume_attachment=VolumeAttachmentList,volume_type=VolumeType(339569f3-23b6-43a7-940e-e1fd2a380f9b),volume_type_id=339569f3-23b6-43a7-940e-e1fd2a380f9b)}' {{(pid=117150) _task_receiver /usr/local/lib/python3.8/dist-packages/taskflow/listeners/logging.py:178}}
May 19 16:43:47.285527 dv-cinder-842433-1-iscsi devstack@c-api.service[117150]: DEBUG cinder.volume.api [None req-d1be7e9e-841d-4cb2-9832-5ae7a1412f2d tempest-VolumeQuotasNegativeTestJSON-1976004860 tempest-VolumeQuotasNegativeTestJSON-1976004860-project] Task 'cinder.volume.flows.api.create_volume.QuotaCommitTask;volume:create' (c5ee8312-cf6c-426b-a138-855d8300971e) transitioned into state 'RUNNING' from state 'PENDING' {{(pid=117150) _task_receiver /usr/local/lib/python3.8/dist-packages/taskflow/listeners/logging.py:190}}
May 19 16:43:47.302307 dv-cinder-842433-1-iscsi devstack@c-api.service[117149]: INFO cinder.api.openstack.wsgi [None req-3d756e18-8cec-4f7a-b713-746ab97fbe57 tempest-VolumesListAdminTestJSON-1217572406 tempest-VolumesListAdminTestJSON-1217572406-project] http://10.222.0.36/volume/v3/a93efcc3f25a496a9a093d6835ce3cb3/volumes/8e9762c7-2900-4d08-92c6-7a5e642e69ca returned with HTTP 200
May 19 16:43:47.305196 dv-cinder-842433-1-iscsi devstack@c-api.service[117149]: [pid: 117149|app: 0|req: 100/203] 10.222.0.36 () {58 vars in 1324 bytes} [Thu May 19 16:43:47 2022] GET /volume/v3/a93efcc3f25a496a9a093d6835ce3cb3/volumes/8e9762c7-2900-4d08-92c6-7a5e642e69ca => generated 916 bytes in 76 msecs (HTTP/1.1 200) 7 headers in 285 bytes (2 switches on core 0)
May 19 16:43:47.323914 dv-cinder-842433-1-iscsi devstack@c-api.service[117149]: DEBUG cinder.api.middleware.request_id [None req-1de59eae-1767-42e0-961c-af961da3f5c6 None None] RequestId filter calling following filter/app {{(pid=117149) _context_setter /opt/stack/cinder/cinder/api/middleware/request_id.py:62}}
May 19 16:43:47.330840 dv-cinder-842433-1-iscsi devstack@c-api.service[117149]: INFO cinder.api.openstack.wsgi [None req-1de59eae-1767-42e0-961c-af961da3f5c6 tempest-VolumesListAdminTestJSON-1217572406 tempest-VolumesListAdminTestJSON-1217572406-project] GET http://10.222.0.36/volume/v3/a93efcc3f25a496a9a093d6835ce3cb3/volumes/8e9762c7-2900-4d08-92c6-7a5e642e69ca
May 19 16:43:47.331471 dv-cinder-842433-1-iscsi devstack@c-api.service[117149]: DEBUG cinder.api.openstack.wsgi [None req-1de59eae-1767-42e0-961c-af961da3f5c6 tempest-VolumesListAdminTestJSON-1217572406 tempest-VolumesListAdminTestJSON-1217572406-project] Empty body provided in request {{(pid=117149) get_body /opt/stack/cinder/cinder/api/openstack/wsgi.py:715}}
May 19 16:43:47.333832 dv-cinder-842433-1-iscsi devstack@c-api.service[117149]: DEBUG cinder.api.openstack.wsgi [None req-1de59eae-1767-42e0-961c-af961da3f5c6 tempest-VolumesListAdminTestJSON-1217572406 tempest-VolumesListAdminTestJSON-1217572406-project] Calling method 'show' {{(pid=117149) _process_stack /opt/stack/cinder/cinder/api/openstack/wsgi.py:868}}
May 19 16:43:47.336738 dv-cinder-842433-1-iscsi devstack@c-api.service[117150]: DEBUG cinder.volume.api [None req-d1be7e9e-841d-4cb2-9832-5ae7a1412f2d tempest-VolumeQuotasNegativeTestJSON-1976004860 tempest-VolumeQuotasNegativeTestJSON-1976004860-project] Task 'cinder.volume.flows.api.create_volume.QuotaCommitTask;volume:create' (c5ee8312-cf6c-426b-a138-855d8300971e) transitioned into state 'SUCCESS' from state 'RUNNING' with result '{'volume_properties': VolumeProperties(attach_status='detached',availability_zone='nova',cgsnapshot_id=None,consistencygroup_id=None,display_description=None,display_name='tempest-VolumeQuotasNegativeTestJSON-Volume-538619188',encryption_key_id=None,group_id=None,group_type_id=,metadata={},multiattach=False,project_id='7b4343c7f07f40e0a20bdd3c6720a757',qos_specs=None,replication_status=,reservations=['dd36a366-2965-4294-9951-b88f77712a68','0dff47ad-e4b1-4acd-9ae0-77f6ba1dd74d','f5aa4635-aef0-466b-8fc8-123d5f9bf181','44b99e9f-eacc-47d0-b180-ef60b48a6a99'],size=1,snapshot_id=None,source_replicaid=,source_volid=None,status='creating',user_id='eeddf9c1eea74b33b7e23f322ceee9e6',volume_type_id=339569f3-23b6-43a7-940e-e1fd2a380f9b)}' {{(pid=117150) _task_receiver /usr/local/lib/python3.8/dist-packages/taskflow/listeners/logging.py:178}}
May 19 16:43:47.339337 dv-cinder-842433-1-iscsi devstack@c-api.service[117150]: DEBUG cinder.volume.api [None req-d1be7e9e-841d-4cb2-9832-5ae7a1412f2d tempest-VolumeQuotasNegativeTestJSON-1976004860 tempest-VolumeQuotasNegativeTestJSON-1976004860-project] Task 'cinder.volume.flows.api.create_volume.VolumeCastTask;volume:create' (b8773e09-9ee6-46a3-b81f-1df4de2a3c28) transitioned into state 'RUNNING' from state 'PENDING' {{(pid=117150) _task_receiver /usr/local/lib/python3.8/dist-packages/taskflow/listeners/logging.py:190}}
May 19 16:43:47.346017 dv-cinder-842433-1-iscsi devstack@c-api.service[117150]: DEBUG dbcounter [-] [117150] Writing DB stats cinder:SELECT=69,cinder:UPDATE=20,cinder:INSERT=11 {{(pid=117150) stat_writer /usr/local/lib/python3.8/dist-packages/dbcounter.py:114}}
May 19 16:43:47.358996 dv-cinder-842433-1-iscsi devstack@c-api.service[117149]: /usr/local/lib/python3.8/dist-packages/oslo_context/context.py:100: DeprecationWarning: Policy enforcement is depending on the value of is_admin. This key is deprecated. Please update your policy file to use the standard policy values.
May 19 16:43:47.358996 dv-cinder-842433-1-iscsi devstack@c-api.service[117149]: warnings.warn('Policy enforcement is depending on the value of '
May 19 16:43:47.369321 dv-cinder-842433-1-iscsi devstack@c-api.service[117150]: DEBUG cinder.volume.api [None req-d1be7e9e-841d-4cb2-9832-5ae7a1412f2d tempest-VolumeQuotasNegativeTestJSON-1976004860 tempest-VolumeQuotasNegativeTestJSON-1976004860-project] Task 'cinder.volume.flows.api.create_volume.VolumeCastTask;volume:create' (b8773e09-9ee6-46a3-b81f-1df4de2a3c28) transitioned into state 'SUCCESS' from state 'RUNNING' with result 'None' {{(pid=117150) _task_receiver /usr/local/lib/python3.8/dist-packages/taskflow/listeners/logging.py:178}}
May 19 16:43:47.371672 dv-cinder-842433-1-iscsi devstack@c-api.service[117150]: DEBUG cinder.volume.api [None req-d1be7e9e-841d-4cb2-9832-5ae7a1412f2d tempest-VolumeQuotasNegativeTestJSON-1976004860 tempest-VolumeQuotasNegativeTestJSON-1976004860-project] Flow 'volume_create_api' (c11cd130-8e25-43f0-8253-a892efb5b016) transitioned into state 'SUCCESS' from state 'RUNNING' {{(pid=117150) _flow_receiver /usr/local/lib/python3.8/dist-packages/taskflow/listeners/logging.py:141}}
May 19 16:43:47.372383 dv-cinder-842433-1-iscsi devstack@c-api.service[117150]: INFO cinder.volume.api [None req-d1be7e9e-841d-4cb2-9832-5ae7a1412f2d tempest-VolumeQuotasNegativeTestJSON-1976004860 tempest-VolumeQuotasNegativeTestJSON-1976004860-project] Create volume request issued successfully.
May 19 16:43:47.379641 dv-cinder-842433-1-iscsi devstack@c-api.service[117149]: INFO cinder.volume.api [None req-1de59eae-1767-42e0-961c-af961da3f5c6 tempest-VolumesListAdminTestJSON-1217572406 tempest-VolumesListAdminTestJSON-1217572406-project] Volume info retrieved successfully.
May 19 16:43:47.385946 dv-cinder-842433-1-iscsi devstack@c-api.service[117150]: INFO cinder.api.openstack.wsgi [None req-d1be7e9e-841d-4cb2-9832-5ae7a1412f2d tempest-VolumeQuotasNegativeTestJSON-1976004860 tempest-VolumeQuotasNegativeTestJSON-1976004860-project] http://10.222.0.36/volume/v3/7b4343c7f07f40e0a20bdd3c6720a757/volumes returned with HTTP 202
May 19 16:43:47.392646 dv-cinder-842433-1-iscsi devstack@c-api.service[117149]: INFO cinder.api.openstack.wsgi [None req-1de59eae-1767-42e0-961c-af961da3f5c6 tempest-VolumesListAdminTestJSON-1217572406 tempest-VolumesListAdminTestJSON-1217572406-project] http://10.222.0.36/volume/v3/a93efcc3f25a496a9a093d6835ce3cb3/volumes/8e9762c7-2900-4d08-92c6-7a5e642e69ca returned with HTTP 200
May 19 16:43:47.393321 dv-cinder-842433-1-iscsi devstack@c-api.service[117150]: [pid: 117150|app: 0|req: 104/204] 10.222.0.36 () {60 vars in 1234 bytes} [Thu May 19 16:43:46 2022] POST /volume/v3/7b4343c7f07f40e0a20bdd3c6720a757/volumes => generated 827 bytes in 796 msecs (HTTP/1.1 202) 7 headers in 291 bytes (2 switches on core 0)
May 19 16:43:47.394080 dv-cinder-842433-1-iscsi devstack@c-api.service[117149]: [pid: 117149|app: 0|req: 101/205] 10.222.0.36 () {58 vars in 1324 bytes} [Thu May 19 16:43:47 2022] GET /volume/v3/a93efcc3f25a496a9a093d6835ce3cb3/volumes/8e9762c7-2900-4d08-92c6-7a5e642e69ca => generated 916 bytes in 72 msecs (HTTP/1.1 200) 7 headers in 285 bytes (1 switches on core 0)
May 19 16:43:47.407579 dv-cinder-842433-1-iscsi devstack@c-api.service[117150]: DEBUG cinder.api.middleware.request_id [None req-33e2a659-fce9-49e4-97bd-92d7a41e6769 None None] RequestId filter calling following filter/app {{(pid=117150) _context_setter /opt/stack/cinder/cinder/api/middleware/request_id.py:62}}
May 19 16:43:47.408729 dv-cinder-842433-1-iscsi devstack@c-api.service[117149]: DEBUG cinder.api.middleware.request_id [None req-44b2e689-e9dd-4be8-b267-3fcd095c3e2c None None] RequestId filter calling following filter/app {{(pid=117149) _context_setter /opt/stack/cinder/cinder/api/middleware/request_id.py:62}}
May 19 16:43:47.411858 dv-cinder-842433-1-iscsi devstack@c-api.service[117150]: INFO cinder.api.openstack.wsgi [None req-33e2a659-fce9-49e4-97bd-92d7a41e6769 tempest-VolumeQuotasNegativeTestJSON-1976004860 tempest-VolumeQuotasNegativeTestJSON-1976004860-project] GET http://10.222.0.36/volume/v3/7b4343c7f07f40e0a20bdd3c6720a757/volumes/85946cda-1079-413e-8e2e-3bf09ed9a8a4
May 19 16:43:47.412352 dv-cinder-842433-1-iscsi devstack@c-api.service[117150]: DEBUG cinder.api.openstack.wsgi [None req-33e2a659-fce9-49e4-97bd-92d7a41e6769 tempest-VolumeQuotasNegativeTestJSON-1976004860 tempest-VolumeQuotasNegativeTestJSON-1976004860-project] Empty body provided in request {{(pid=117150) get_body /opt/stack/cinder/cinder/api/openstack/wsgi.py:715}}
May 19 16:43:47.412693 dv-cinder-842433-1-iscsi devstack@c-api.service[117149]: INFO cinder.api.openstack.wsgi [None req-44b2e689-e9dd-4be8-b267-3fcd095c3e2c tempest-VolumesListAdminTestJSON-1217572406 tempest-VolumesListAdminTestJSON-1217572406-project] POST http://10.222.0.36/volume/v3/a93efcc3f25a496a9a093d6835ce3cb3/volumes
May 19 16:43:47.413128 dv-cinder-842433-1-iscsi devstack@c-api.service[117150]: DEBUG cinder.api.openstack.wsgi [None req-33e2a659-fce9-49e4-97bd-92d7a41e6769 tempest-VolumeQuotasNegativeTestJSON-1976004860 tempest-VolumeQuotasNegativeTestJSON-1976004860-project] Calling method 'show' {{(pid=117150) _process_stack /opt/stack/cinder/cinder/api/openstack/wsgi.py:868}}
May 19 16:43:47.413614 dv-cinder-842433-1-iscsi devstack@c-api.service[117149]: DEBUG cinder.api.openstack.wsgi [None req-44b2e689-e9dd-4be8-b267-3fcd095c3e2c tempest-VolumesListAdminTestJSON-1217572406 tempest-VolumesListAdminTestJSON-1217572406-project] Action: 'create', calling method: create, body: {"volume": {"size": 1, "name": "tempest-VolumesListAdminTestJSON-Volume-1784438434"}} {{(pid=117149) _process_stack /opt/stack/cinder/cinder/api/openstack/wsgi.py:866}}
May 19 16:43:47.414638 dv-cinder-842433-1-iscsi devstack@c-api.service[117149]: DEBUG cinder.api.v3.volumes [None req-44b2e689-e9dd-4be8-b267-3fcd095c3e2c tempest-VolumesListAdminTestJSON-1217572406 tempest-VolumesListAdminTestJSON-1217572406-project] Create volume request body: {'volume': {'size': 1, 'name': 'tempest-VolumesListAdminTestJSON-Volume-1784438434'}} {{(pid=117149) create /opt/stack/cinder/cinder/api/v3/volumes.py:298}}
May 19 16:43:47.415015 dv-cinder-842433-1-iscsi devstack@c-api.service[117149]: INFO cinder.api.v3.volumes [None req-44b2e689-e9dd-4be8-b267-3fcd095c3e2c tempest-VolumesListAdminTestJSON-1217572406 tempest-VolumesListAdminTestJSON-1217572406-project] Create volume of 1 GB
May 19 16:43:47.424459 dv-cinder-842433-1-iscsi devstack@c-api.service[117149]: INFO cinder.volume.api [None req-44b2e689-e9dd-4be8-b267-3fcd095c3e2c tempest-VolumesListAdminTestJSON-1217572406 tempest-VolumesListAdminTestJSON-1217572406-project] Availability Zones retrieved successfully.
May 19 16:43:47.429231 dv-cinder-842433-1-iscsi devstack@c-api.service[117150]: /usr/local/lib/python3.8/dist-packages/oslo_context/context.py:100: DeprecationWarning: Policy enforcement is depending on the value of is_admin. This key is deprecated. Please update your policy file to use the standard policy values.
May 19 16:43:47.429231 dv-cinder-842433-1-iscsi devstack@c-api.service[117150]: warnings.warn('Policy enforcement is depending on the value of '
May 19 16:43:47.441175 dv-cinder-842433-1-iscsi devstack@c-api.service[117150]: INFO cinder.volume.api [None req-33e2a659-fce9-49e4-97bd-92d7a41e6769 tempest-VolumeQuotasNegativeTestJSON-1976004860 tempest-VolumeQuotasNegativeTestJSON-1976004860-project] Volume info retrieved successfully.
May 19 16:43:47.449878 dv-cinder-842433-1-iscsi devstack@c-api.service[117149]: DEBUG cinder.volume.api [None req-44b2e689-e9dd-4be8-b267-3fcd095c3e2c tempest-VolumesListAdminTestJSON-1217572406 tempest-VolumesListAdminTestJSON-1217572406-project] Flow 'volume_create_api' (fc642c6d-654e-4ef5-bfc6-39c54d13c0f2) transitioned into state 'RUNNING' from state 'PENDING' {{(pid=117149) _flow_receiver /usr/local/lib/python3.8/dist-packages/taskflow/listeners/logging.py:141}}
May 19 16:43:47.452507 dv-cinder-842433-1-iscsi devstack@c-api.service[117149]: DEBUG cinder.volume.api [None req-44b2e689-e9dd-4be8-b267-3fcd095c3e2c tempest-VolumesListAdminTestJSON-1217572406 tempest-VolumesListAdminTestJSON-1217572406-project] Task 'cinder.volume.flows.api.create_volume.ExtractVolumeRequestTask;volume:create' (29db99e2-ae78-4ed6-83ac-79df34087ac5) transitioned into state 'RUNNING' from state 'PENDING' {{(pid=117149) _task_receiver /usr/local/lib/python3.8/dist-packages/taskflow/listeners/logging.py:190}}
May 19 16:43:47.455581 dv-cinder-842433-1-iscsi devstack@c-api.service[117149]: DEBUG cinder.volume.flows.api.create_volume [None req-44b2e689-e9dd-4be8-b267-3fcd095c3e2c tempest-VolumesListAdminTestJSON-1217572406 tempest-VolumesListAdminTestJSON-1217572406-project] Validating volume size '1' using validate_int {{(pid=117149) _extract_size /opt/stack/cinder/cinder/volume/flows/api/create_volume.py:225}}
May 19 16:43:47.457334 dv-cinder-842433-1-iscsi devstack@c-api.service[117150]: INFO cinder.api.openstack.wsgi [None req-33e2a659-fce9-49e4-97bd-92d7a41e6769 tempest-VolumeQuotasNegativeTestJSON-1976004860 tempest-VolumeQuotasNegativeTestJSON-1976004860-project] http://10.222.0.36/volume/v3/7b4343c7f07f40e0a20bdd3c6720a757/volumes/85946cda-1079-413e-8e2e-3bf09ed9a8a4 returned with HTTP 200
May 19 16:43:47.465510 dv-cinder-842433-1-iscsi devstack@c-api.service[117150]: [pid: 117150|app: 0|req: 105/206] 10.222.0.36 () {58 vars in 1324 bytes} [Thu May 19 16:43:47 2022] GET /volume/v3/7b4343c7f07f40e0a20bdd3c6720a757/volumes/85946cda-1079-413e-8e2e-3bf09ed9a8a4 => generated 895 bytes in 60 msecs (HTTP/1.1 200) 7 headers in 285 bytes (1 switches on core 0)
May 19 16:43:47.509004 dv-cinder-842433-1-iscsi devstack@c-api.service[117149]: DEBUG cinder.volume.api [None req-44b2e689-e9dd-4be8-b267-3fcd095c3e2c tempest-VolumesListAdminTestJSON-1217572406 tempest-VolumesListAdminTestJSON-1217572406-project] Task 'cinder.volume.flows.api.create_volume.ExtractVolumeRequestTask;volume:create' (29db99e2-ae78-4ed6-83ac-79df34087ac5) transitioned into state 'SUCCESS' from state 'RUNNING' with result '{'size': 1, 'snapshot_id': None, 'source_volid': None, 'volume_type': VolumeType(created_at=2022-05-19T16:31:54Z,deleted=False,deleted_at=None,description='Default Volume Type',extra_specs={},id=339569f3-23b6-43a7-940e-e1fd2a380f9b,is_public=True,name='__DEFAULT__',projects=[],qos_specs=,qos_specs_id=None,updated_at=2022-05-19T16:31:54Z), 'volume_type_id': '339569f3-23b6-43a7-940e-e1fd2a380f9b', 'encryption_key_id': None, 'qos_specs': None, 'consistencygroup_id': None, 'cgsnapshot_id': None, 'group_id': None, 'replication_status': 'disabled', 'refresh_az': False, 'backup_id': None, 'multiattach': False, 'availability_zones': ['nova']}' {{(pid=117149) _task_receiver /usr/local/lib/python3.8/dist-packages/taskflow/listeners/logging.py:178}}
May 19 16:43:47.511796 dv-cinder-842433-1-iscsi devstack@c-api.service[117149]: DEBUG cinder.volume.api [None req-44b2e689-e9dd-4be8-b267-3fcd095c3e2c tempest-VolumesListAdminTestJSON-1217572406 tempest-VolumesListAdminTestJSON-1217572406-project] Task 'cinder.volume.flows.api.create_volume.QuotaReserveTask;volume:create' (44ada356-4311-4b12-849a-c629e3f44220) transitioned into state 'RUNNING' from state 'PENDING' {{(pid=117149) _task_receiver /usr/local/lib/python3.8/dist-packages/taskflow/listeners/logging.py:190}}
May 19 16:43:47.588944 dv-cinder-842433-1-iscsi devstack@c-api.service[117149]: DEBUG cinder.quota [None req-44b2e689-e9dd-4be8-b267-3fcd095c3e2c tempest-VolumesListAdminTestJSON-1217572406 tempest-VolumesListAdminTestJSON-1217572406-project] Created reservations ['386fab49-7b24-44bc-ab5e-83b7ffeb3b24', '1437dc0c-e9f9-4cc1-b97a-dee6537c52cb', '6211a60b-ef03-4dc3-bfc6-1c816b9cd57d', 'ef1187c2-2ac9-4d86-9a7b-b7f72fab6df0'] {{(pid=117149) reserve /opt/stack/cinder/cinder/quota.py:755}}
May 19 16:43:47.591253 dv-cinder-842433-1-iscsi devstack@c-api.service[117149]: DEBUG cinder.volume.api [None req-44b2e689-e9dd-4be8-b267-3fcd095c3e2c tempest-VolumesListAdminTestJSON-1217572406 tempest-VolumesListAdminTestJSON-1217572406-project] Task 'cinder.volume.flows.api.create_volume.QuotaReserveTask;volume:create' (44ada356-4311-4b12-849a-c629e3f44220) transitioned into state 'SUCCESS' from state 'RUNNING' with result '{'reservations': ['386fab49-7b24-44bc-ab5e-83b7ffeb3b24', '1437dc0c-e9f9-4cc1-b97a-dee6537c52cb', '6211a60b-ef03-4dc3-bfc6-1c816b9cd57d', 'ef1187c2-2ac9-4d86-9a7b-b7f72fab6df0']}' {{(pid=117149) _task_receiver /usr/local/lib/python3.8/dist-packages/taskflow/listeners/logging.py:178}}
May 19 16:43:47.594346 dv-cinder-842433-1-iscsi devstack@c-api.service[117149]: DEBUG cinder.volume.api [None req-44b2e689-e9dd-4be8-b267-3fcd095c3e2c tempest-VolumesListAdminTestJSON-1217572406 tempest-VolumesListAdminTestJSON-1217572406-project] Task 'cinder.volume.flows.api.create_volume.EntryCreateTask;volume:create' (ff5ecebc-57a7-4641-ae49-96c424c37ed8) transitioned into state 'RUNNING' from state 'PENDING' {{(pid=117149) _task_receiver /usr/local/lib/python3.8/dist-packages/taskflow/listeners/logging.py:190}}
May 19 16:43:47.623082 dv-cinder-842433-1-iscsi devstack@c-api.service[117149]: DEBUG cinder.volume.api [None req-44b2e689-e9dd-4be8-b267-3fcd095c3e2c tempest-VolumesListAdminTestJSON-1217572406 tempest-VolumesListAdminTestJSON-1217572406-project] Task 'cinder.volume.flows.api.create_volume.EntryCreateTask;volume:create' (ff5ecebc-57a7-4641-ae49-96c424c37ed8) transitioned into state 'SUCCESS' from state 'RUNNING' with result '{'volume_id': '3686f3a2-43af-4dc1-bcef-173fc4aef098', 'volume_properties': VolumeProperties(attach_status='detached',availability_zone='nova',cgsnapshot_id=None,consistencygroup_id=None,display_description=None,display_name='tempest-VolumesListAdminTestJSON-Volume-1784438434',encryption_key_id=None,group_id=None,group_type_id=,metadata={},multiattach=False,project_id='a93efcc3f25a496a9a093d6835ce3cb3',qos_specs=None,replication_status=,reservations=['386fab49-7b24-44bc-ab5e-83b7ffeb3b24','1437dc0c-e9f9-4cc1-b97a-dee6537c52cb','6211a60b-ef03-4dc3-bfc6-1c816b9cd57d','ef1187c2-2ac9-4d86-9a7b-b7f72fab6df0'],size=1,snapshot_id=None,source_replicaid=,source_volid=None,status='creating',user_id='45ac490771d745a98754be293cceb749',volume_type_id=339569f3-23b6-43a7-940e-e1fd2a380f9b), 'volume': Volume(_name_id=None,admin_metadata=,attach_status='detached',availability_zone='nova',bootable=False,cluster=,cluster_name=None,consistencygroup=,consistencygroup_id=None,created_at=2022-05-19T16:43:47Z,deleted=False,deleted_at=None,display_description=None,display_name='tempest-VolumesListAdminTestJSON-Volume-1784438434',ec2_id=None,encryption_key_id=None,glance_metadata=,group=,group_id=None,host=None,id=3686f3a2-43af-4dc1-bcef-173fc4aef098,launched_at=None,metadata={},migration_status=None,multiattach=False,previous_status=None,project_id='a93efcc3f25a496a9a093d6835ce3cb3',provider_auth=None,provider_geometry=None,provider_id=None,provider_location=None,replication_driver_data=None,replication_extended_status=None,replication_status=None,scheduled_at=None,service_uuid=None,shared_targets=True,size=1,snapshot_id=None,snapshots=,source_volid=None,status='creating',terminated_at=None,updated_at=None,use_quota=True,user_id='45ac490771d745a98754be293cceb749',volume_attachment=VolumeAttachmentList,volume_type=VolumeType(339569f3-23b6-43a7-940e-e1fd2a380f9b),volume_type_id=339569f3-23b6-43a7-940e-e1fd2a380f9b)}' {{(pid=117149) _task_receiver /usr/local/lib/python3.8/dist-packages/taskflow/listeners/logging.py:178}}
May 19 16:43:47.624839 dv-cinder-842433-1-iscsi devstack@c-api.service[117149]: DEBUG cinder.volume.api [None req-44b2e689-e9dd-4be8-b267-3fcd095c3e2c tempest-VolumesListAdminTestJSON-1217572406 tempest-VolumesListAdminTestJSON-1217572406-project] Task 'cinder.volume.flows.api.create_volume.QuotaCommitTask;volume:create' (510b3299-b3f7-48f8-b5c6-b86fd2dc131f) transitioned into state 'RUNNING' from state 'PENDING' {{(pid=117149) _task_receiver /usr/local/lib/python3.8/dist-packages/taskflow/listeners/logging.py:190}}
May 19 16:43:47.652877 dv-cinder-842433-1-iscsi devstack@c-api.service[117149]: DEBUG cinder.volume.api [None req-44b2e689-e9dd-4be8-b267-3fcd095c3e2c tempest-VolumesListAdminTestJSON-1217572406 tempest-VolumesListAdminTestJSON-1217572406-project] Task 'cinder.volume.flows.api.create_volume.QuotaCommitTask;volume:create' (510b3299-b3f7-48f8-b5c6-b86fd2dc131f) transitioned into state 'SUCCESS' from state 'RUNNING' with result '{'volume_properties': VolumeProperties(attach_status='detached',availability_zone='nova',cgsnapshot_id=None,consistencygroup_id=None,display_description=None,display_name='tempest-VolumesListAdminTestJSON-Volume-1784438434',encryption_key_id=None,group_id=None,group_type_id=,metadata={},multiattach=False,project_id='a93efcc3f25a496a9a093d6835ce3cb3',qos_specs=None,replication_status=,reservations=['386fab49-7b24-44bc-ab5e-83b7ffeb3b24','1437dc0c-e9f9-4cc1-b97a-dee6537c52cb','6211a60b-ef03-4dc3-bfc6-1c816b9cd57d','ef1187c2-2ac9-4d86-9a7b-b7f72fab6df0'],size=1,snapshot_id=None,source_replicaid=,source_volid=None,status='creating',user_id='45ac490771d745a98754be293cceb749',volume_type_id=339569f3-23b6-43a7-940e-e1fd2a380f9b)}' {{(pid=117149) _task_receiver /usr/local/lib/python3.8/dist-packages/taskflow/listeners/logging.py:178}}
May 19 16:43:47.654923 dv-cinder-842433-1-iscsi devstack@c-api.service[117149]: DEBUG cinder.volume.api [None req-44b2e689-e9dd-4be8-b267-3fcd095c3e2c tempest-VolumesListAdminTestJSON-1217572406 tempest-VolumesListAdminTestJSON-1217572406-project] Task 'cinder.volume.flows.api.create_volume.VolumeCastTask;volume:create' (9a782a7e-871d-4415-ac79-b27c98db9222) transitioned into state 'RUNNING' from state 'PENDING' {{(pid=117149) _task_receiver /usr/local/lib/python3.8/dist-packages/taskflow/listeners/logging.py:190}}
May 19 16:43:47.670821 dv-cinder-842433-1-iscsi devstack@c-api.service[117149]: DEBUG cinder.volume.api [None req-44b2e689-e9dd-4be8-b267-3fcd095c3e2c tempest-VolumesListAdminTestJSON-1217572406 tempest-VolumesListAdminTestJSON-1217572406-project] Task 'cinder.volume.flows.api.create_volume.VolumeCastTask;volume:create' (9a782a7e-871d-4415-ac79-b27c98db9222) transitioned into state 'SUCCESS' from state 'RUNNING' with result 'None' {{(pid=117149) _task_receiver /usr/local/lib/python3.8/dist-packages/taskflow/listeners/logging.py:178}}
May 19 16:43:47.673217 dv-cinder-842433-1-iscsi devstack@c-api.service[117149]: DEBUG cinder.volume.api [None req-44b2e689-e9dd-4be8-b267-3fcd095c3e2c tempest-VolumesListAdminTestJSON-1217572406 tempest-VolumesListAdminTestJSON-1217572406-project] Flow 'volume_create_api' (fc642c6d-654e-4ef5-bfc6-39c54d13c0f2) transitioned into state 'SUCCESS' from state 'RUNNING' {{(pid=117149) _flow_receiver /usr/local/lib/python3.8/dist-packages/taskflow/listeners/logging.py:141}}
May 19 16:43:47.673903 dv-cinder-842433-1-iscsi devstack@c-api.service[117149]: INFO cinder.volume.api [None req-44b2e689-e9dd-4be8-b267-3fcd095c3e2c tempest-VolumesListAdminTestJSON-1217572406 tempest-VolumesListAdminTestJSON-1217572406-project] Create volume request issued successfully.
May 19 16:43:47.675119 dv-cinder-842433-1-iscsi devstack@c-api.service[117149]: INFO cinder.api.openstack.wsgi [None req-44b2e689-e9dd-4be8-b267-3fcd095c3e2c tempest-VolumesListAdminTestJSON-1217572406 tempest-VolumesListAdminTestJSON-1217572406-project] http://10.222.0.36/volume/v3/a93efcc3f25a496a9a093d6835ce3cb3/volumes returned with HTTP 202
May 19 16:43:47.681351 dv-cinder-842433-1-iscsi devstack@c-api.service[117149]: [pid: 117149|app: 0|req: 102/207] 10.222.0.36 () {60 vars in 1234 bytes} [Thu May 19 16:43:47 2022] POST /volume/v3/a93efcc3f25a496a9a093d6835ce3cb3/volumes => generated 824 bytes in 275 msecs (HTTP/1.1 202) 7 headers in 291 bytes (1 switches on core 0)
May 19 16:43:47.686493 dv-cinder-842433-1-iscsi devstack@c-api.service[117150]: DEBUG cinder.api.middleware.request_id [None req-0e2bae26-5da6-4fa6-bd7c-431aad34e5b5 None None] RequestId filter calling following filter/app {{(pid=117150) _context_setter /opt/stack/cinder/cinder/api/middleware/request_id.py:62}}
May 19 16:43:47.691147 dv-cinder-842433-1-iscsi devstack@c-api.service[117150]: INFO cinder.api.openstack.wsgi [None req-0e2bae26-5da6-4fa6-bd7c-431aad34e5b5 tempest-VolumesListAdminTestJSON-1217572406 tempest-VolumesListAdminTestJSON-1217572406-project] GET http://10.222.0.36/volume/v3/a93efcc3f25a496a9a093d6835ce3cb3/volumes/3686f3a2-43af-4dc1-bcef-173fc4aef098
May 19 16:43:47.691636 dv-cinder-842433-1-iscsi devstack@c-api.service[117150]: DEBUG cinder.api.openstack.wsgi [None req-0e2bae26-5da6-4fa6-bd7c-431aad34e5b5 tempest-VolumesListAdminTestJSON-1217572406 tempest-VolumesListAdminTestJSON-1217572406-project] Empty body provided in request {{(pid=117150) get_body /opt/stack/cinder/cinder/api/openstack/wsgi.py:715}}
May 19 16:43:47.692229 dv-cinder-842433-1-iscsi devstack@c-api.service[117150]: DEBUG cinder.api.openstack.wsgi [None req-0e2bae26-5da6-4fa6-bd7c-431aad34e5b5 tempest-VolumesListAdminTestJSON-1217572406 tempest-VolumesListAdminTestJSON-1217572406-project] Calling method 'show' {{(pid=117150) _process_stack /opt/stack/cinder/cinder/api/openstack/wsgi.py:868}}
May 19 16:43:47.709346 dv-cinder-842433-1-iscsi devstack@c-api.service[117150]: /usr/local/lib/python3.8/dist-packages/oslo_context/context.py:100: DeprecationWarning: Policy enforcement is depending on the value of is_admin. This key is deprecated. Please update your policy file to use the standard policy values.
May 19 16:43:47.709346 dv-cinder-842433-1-iscsi devstack@c-api.service[117150]: warnings.warn('Policy enforcement is depending on the value of '
May 19 16:43:47.720178 dv-cinder-842433-1-iscsi devstack@c-api.service[117150]: INFO cinder.volume.api [None req-0e2bae26-5da6-4fa6-bd7c-431aad34e5b5 tempest-VolumesListAdminTestJSON-1217572406 tempest-VolumesListAdminTestJSON-1217572406-project] Volume info retrieved successfully.
May 19 16:43:47.731330 dv-cinder-842433-1-iscsi devstack@c-api.service[117150]: INFO cinder.api.openstack.wsgi [None req-0e2bae26-5da6-4fa6-bd7c-431aad34e5b5 tempest-VolumesListAdminTestJSON-1217572406 tempest-VolumesListAdminTestJSON-1217572406-project] http://10.222.0.36/volume/v3/a93efcc3f25a496a9a093d6835ce3cb3/volumes/3686f3a2-43af-4dc1-bcef-173fc4aef098 returned with HTTP 200
May 19 16:43:47.731330 dv-cinder-842433-1-iscsi devstack@c-api.service[117150]: [pid: 117150|app: 0|req: 106/208] 10.222.0.36 () {58 vars in 1324 bytes} [Thu May 19 16:43:47 2022] GET /volume/v3/a93efcc3f25a496a9a093d6835ce3cb3/volumes/3686f3a2-43af-4dc1-bcef-173fc4aef098 => generated 892 bytes in 46 msecs (HTTP/1.1 200) 7 headers in 285 bytes (1 switches on core 0)
May 19 16:43:47.776084 dv-cinder-842433-1-iscsi devstack@c-api.service[117149]: DEBUG cinder.api.middleware.request_id [None req-c9c49945-1c1b-49e8-8549-7f8fbfc51d3b None None] RequestId filter calling following filter/app {{(pid=117149) _context_setter /opt/stack/cinder/cinder/api/middleware/request_id.py:62}}
May 19 16:43:47.782741 dv-cinder-842433-1-iscsi devstack@c-api.service[117149]: INFO cinder.api.openstack.wsgi [None req-c9c49945-1c1b-49e8-8549-7f8fbfc51d3b tempest-VolumeRetypeWithoutMigrationTest-1779591025 tempest-VolumeRetypeWithoutMigrationTest-1779591025-project] GET http://10.222.0.36/volume/v3/217bf21d2bda40d99a25b20793f0e835/volumes/857b557b-b67e-4b79-9043-79f59e29367a
May 19 16:43:47.783908 dv-cinder-842433-1-iscsi devstack@c-api.service[117149]: DEBUG cinder.api.openstack.wsgi [None req-c9c49945-1c1b-49e8-8549-7f8fbfc51d3b tempest-VolumeRetypeWithoutMigrationTest-1779591025 tempest-VolumeRetypeWithoutMigrationTest-1779591025-project] Empty body provided in request {{(pid=117149) get_body /opt/stack/cinder/cinder/api/openstack/wsgi.py:715}}
May 19 16:43:47.784580 dv-cinder-842433-1-iscsi devstack@c-api.service[117149]: DEBUG cinder.api.openstack.wsgi [None req-c9c49945-1c1b-49e8-8549-7f8fbfc51d3b tempest-VolumeRetypeWithoutMigrationTest-1779591025 tempest-VolumeRetypeWithoutMigrationTest-1779591025-project] Calling method 'show' {{(pid=117149) _process_stack /opt/stack/cinder/cinder/api/openstack/wsgi.py:868}}
May 19 16:43:47.802328 dv-cinder-842433-1-iscsi devstack@c-api.service[117149]: /usr/local/lib/python3.8/dist-packages/oslo_context/context.py:100: DeprecationWarning: Policy enforcement is depending on the value of is_admin. This key is deprecated. Please update your policy file to use the standard policy values.
May 19 16:43:47.802328 dv-cinder-842433-1-iscsi devstack@c-api.service[117149]: warnings.warn('Policy enforcement is depending on the value of '
May 19 16:43:47.821401 dv-cinder-842433-1-iscsi devstack@c-api.service[117149]: INFO cinder.volume.api [None req-c9c49945-1c1b-49e8-8549-7f8fbfc51d3b tempest-VolumeRetypeWithoutMigrationTest-1779591025 tempest-VolumeRetypeWithoutMigrationTest-1779591025-project] Volume info retrieved successfully.
May 19 16:43:47.831790 dv-cinder-842433-1-iscsi devstack@c-api.service[117149]: INFO cinder.api.openstack.wsgi [None req-c9c49945-1c1b-49e8-8549-7f8fbfc51d3b tempest-VolumeRetypeWithoutMigrationTest-1779591025 tempest-VolumeRetypeWithoutMigrationTest-1779591025-project] http://10.222.0.36/volume/v3/217bf21d2bda40d99a25b20793f0e835/volumes/857b557b-b67e-4b79-9043-79f59e29367a returned with HTTP 200
May 19 16:43:47.832592 dv-cinder-842433-1-iscsi devstack@c-api.service[117149]: [pid: 117149|app: 0|req: 103/209] 10.222.0.36 () {58 vars in 1324 bytes} [Thu May 19 16:43:47 2022] GET /volume/v3/217bf21d2bda40d99a25b20793f0e835/volumes/857b557b-b67e-4b79-9043-79f59e29367a => generated 926 bytes in 59 msecs (HTTP/1.1 200) 7 headers in 285 bytes (1 switches on core 0)
May 19 16:43:47.844707 dv-cinder-842433-1-iscsi devstack@c-api.service[117150]: DEBUG cinder.api.middleware.request_id [None req-026ca98b-c8af-4d62-b308-25b3647eeafd None None] RequestId filter calling following filter/app {{(pid=117150) _context_setter /opt/stack/cinder/cinder/api/middleware/request_id.py:62}}
May 19 16:43:47.848974 dv-cinder-842433-1-iscsi devstack@c-api.service[117150]: INFO cinder.api.openstack.wsgi [None req-026ca98b-c8af-4d62-b308-25b3647eeafd tempest-VolumeRetypeWithoutMigrationTest-1982092818 tempest-VolumeRetypeWithoutMigrationTest-1982092818-project-admin] GET http://10.222.0.36/volume/v3/31b13cf1a01f425abb877ba397378765/volumes/857b557b-b67e-4b79-9043-79f59e29367a
May 19 16:43:47.849558 dv-cinder-842433-1-iscsi devstack@c-api.service[117150]: DEBUG cinder.api.openstack.wsgi [None req-026ca98b-c8af-4d62-b308-25b3647eeafd tempest-VolumeRetypeWithoutMigrationTest-1982092818 tempest-VolumeRetypeWithoutMigrationTest-1982092818-project-admin] Empty body provided in request {{(pid=117150) get_body /opt/stack/cinder/cinder/api/openstack/wsgi.py:715}}
May 19 16:43:47.850086 dv-cinder-842433-1-iscsi devstack@c-api.service[117150]: DEBUG cinder.api.openstack.wsgi [None req-026ca98b-c8af-4d62-b308-25b3647eeafd tempest-VolumeRetypeWithoutMigrationTest-1982092818 tempest-VolumeRetypeWithoutMigrationTest-1982092818-project-admin] Calling method 'show' {{(pid=117150) _process_stack /opt/stack/cinder/cinder/api/openstack/wsgi.py:868}}
May 19 16:43:47.909990 dv-cinder-842433-1-iscsi devstack@c-api.service[117150]: /usr/local/lib/python3.8/dist-packages/oslo_context/context.py:100: DeprecationWarning: Policy enforcement is depending on the value of is_admin. This key is deprecated. Please update your policy file to use the standard policy values.
May 19 16:43:47.909990 dv-cinder-842433-1-iscsi devstack@c-api.service[117150]: warnings.warn('Policy enforcement is depending on the value of '
May 19 16:43:47.919543 dv-cinder-842433-1-iscsi devstack@c-api.service[117150]: INFO cinder.volume.api [None req-026ca98b-c8af-4d62-b308-25b3647eeafd tempest-VolumeRetypeWithoutMigrationTest-1982092818 tempest-VolumeRetypeWithoutMigrationTest-1982092818-project-admin] Volume info retrieved successfully.
May 19 16:43:47.930819 dv-cinder-842433-1-iscsi devstack@c-api.service[117150]: INFO cinder.api.openstack.wsgi [None req-026ca98b-c8af-4d62-b308-25b3647eeafd tempest-VolumeRetypeWithoutMigrationTest-1982092818 tempest-VolumeRetypeWithoutMigrationTest-1982092818-project-admin] http://10.222.0.36/volume/v3/31b13cf1a01f425abb877ba397378765/volumes/857b557b-b67e-4b79-9043-79f59e29367a returned with HTTP 200
May 19 16:43:47.932239 dv-cinder-842433-1-iscsi devstack@c-api.service[117150]: [pid: 117150|app: 0|req: 107/210] 10.222.0.36 () {58 vars in 1324 bytes} [Thu May 19 16:43:47 2022] GET /volume/v3/31b13cf1a01f425abb877ba397378765/volumes/857b557b-b67e-4b79-9043-79f59e29367a => generated 1102 bytes in 88 msecs (HTTP/1.1 200) 7 headers in 286 bytes (1 switches on core 0)
May 19 16:43:47.944166 dv-cinder-842433-1-iscsi devstack@c-api.service[117149]: DEBUG cinder.api.middleware.request_id [None req-a1410e1f-0ab7-499b-824c-3d7b46b43026 None None] RequestId filter calling following filter/app {{(pid=117149) _context_setter /opt/stack/cinder/cinder/api/middleware/request_id.py:62}}
May 19 16:43:47.947929 dv-cinder-842433-1-iscsi devstack@c-api.service[117149]: INFO cinder.api.openstack.wsgi [None req-a1410e1f-0ab7-499b-824c-3d7b46b43026 tempest-VolumeRetypeWithoutMigrationTest-1779591025 tempest-VolumeRetypeWithoutMigrationTest-1779591025-project] POST http://10.222.0.36/volume/v3/217bf21d2bda40d99a25b20793f0e835/volumes/857b557b-b67e-4b79-9043-79f59e29367a/action
May 19 16:43:47.948760 dv-cinder-842433-1-iscsi devstack@c-api.service[117149]: DEBUG cinder.api.openstack.wsgi [None req-a1410e1f-0ab7-499b-824c-3d7b46b43026 tempest-VolumeRetypeWithoutMigrationTest-1779591025 tempest-VolumeRetypeWithoutMigrationTest-1779591025-project] Action body: b'{"os-retype": {"new_type": "volume-type-2", "migration_policy": "never"}}' {{(pid=117149) get_method /opt/stack/cinder/cinder/api/openstack/wsgi.py:983}}
May 19 16:43:47.949199 dv-cinder-842433-1-iscsi devstack@c-api.service[117149]: DEBUG cinder.api.openstack.wsgi [None req-a1410e1f-0ab7-499b-824c-3d7b46b43026 tempest-VolumeRetypeWithoutMigrationTest-1779591025 tempest-VolumeRetypeWithoutMigrationTest-1779591025-project] Action: 'action', calling method: _retype, body: {"os-retype": {"new_type": "volume-type-2", "migration_policy": "never"}} {{(pid=117149) _process_stack /opt/stack/cinder/cinder/api/openstack/wsgi.py:866}}
May 19 16:43:47.966736 dv-cinder-842433-1-iscsi devstack@c-api.service[117149]: /usr/local/lib/python3.8/dist-packages/oslo_context/context.py:100: DeprecationWarning: Policy enforcement is depending on the value of is_admin. This key is deprecated. Please update your policy file to use the standard policy values.
May 19 16:43:47.966736 dv-cinder-842433-1-iscsi devstack@c-api.service[117149]: warnings.warn('Policy enforcement is depending on the value of '
May 19 16:43:47.968282 dv-cinder-842433-1-iscsi devstack@c-api.service[117149]: INFO cinder.volume.api [None req-a1410e1f-0ab7-499b-824c-3d7b46b43026 tempest-VolumeRetypeWithoutMigrationTest-1779591025 tempest-VolumeRetypeWithoutMigrationTest-1779591025-project] Volume info retrieved successfully.
May 19 16:43:48.008004 dv-cinder-842433-1-iscsi devstack@c-api.service[117149]: WARNING cinder.quota [None req-a1410e1f-0ab7-499b-824c-3d7b46b43026 tempest-VolumeRetypeWithoutMigrationTest-1779591025 tempest-VolumeRetypeWithoutMigrationTest-1779591025-project] Deprecated: Default quota for resource: volumes_volume-type-2 is set by the default quota flag: quota_volumes_volume-type-2, it is now deprecated. Please use the default quota class for default quota.
May 19 16:43:48.013573 dv-cinder-842433-1-iscsi devstack@c-api.service[117149]: WARNING cinder.quota [None req-a1410e1f-0ab7-499b-824c-3d7b46b43026 tempest-VolumeRetypeWithoutMigrationTest-1779591025 tempest-VolumeRetypeWithoutMigrationTest-1779591025-project] Deprecated: Default quota for resource: gigabytes_volume-type-2 is set by the default quota flag: quota_gigabytes_volume-type-2, it is now deprecated. Please use the default quota class for default quota.
May 19 16:43:48.027012 dv-cinder-842433-1-iscsi devstack@c-api.service[117149]: DEBUG dbcounter [-] [117149] Writing DB stats cinder:SELECT=82,cinder:INSERT=6,cinder:UPDATE=12 {{(pid=117149) stat_writer /usr/local/lib/python3.8/dist-packages/dbcounter.py:114}}
May 19 16:43:48.058973 dv-cinder-842433-1-iscsi devstack@c-api.service[117149]: DEBUG cinder.quota [None req-a1410e1f-0ab7-499b-824c-3d7b46b43026 tempest-VolumeRetypeWithoutMigrationTest-1779591025 tempest-VolumeRetypeWithoutMigrationTest-1779591025-project] Created reservations ['0aaa817d-6268-44a0-b875-00c38fd8fa77', '9c704b26-a5b6-408a-b18b-90edb99f09a7'] {{(pid=117149) reserve /opt/stack/cinder/cinder/quota.py:755}}
May 19 16:43:48.090166 dv-cinder-842433-1-iscsi devstack@c-api.service[117149]: DEBUG cinder.quota [None req-a1410e1f-0ab7-499b-824c-3d7b46b43026 tempest-VolumeRetypeWithoutMigrationTest-1779591025 tempest-VolumeRetypeWithoutMigrationTest-1779591025-project] Created reservations ['80d26daa-dcd0-49e1-8553-bc58d43724d6', 'c56577d3-494c-4aba-acb3-493ef6c76349'] {{(pid=117149) reserve /opt/stack/cinder/cinder/quota.py:755}}
May 19 16:43:48.108036 dv-cinder-842433-1-iscsi devstack@c-api.service[117149]: /opt/stack/cinder/cinder/db/sqlalchemy/api.py:3330: SADeprecationWarning: The SelectBase.as_scalar() method is deprecated and will be removed in a future release. Please refer to SelectBase.scalar_subquery(). (deprecated since: 1.4)
May 19 16:43:48.108036 dv-cinder-842433-1-iscsi devstack@c-api.service[117149]: models.VolumeType.qos_specs_id == q.as_scalar(),
May 19 16:43:48.196658 dv-cinder-842433-1-iscsi devstack@c-api.service[117149]: INFO cinder.volume.api [None req-a1410e1f-0ab7-499b-824c-3d7b46b43026 tempest-VolumeRetypeWithoutMigrationTest-1779591025 tempest-VolumeRetypeWithoutMigrationTest-1779591025-project] Retype volume request issued successfully.
May 19 16:43:48.197367 dv-cinder-842433-1-iscsi devstack@c-api.service[117149]: INFO cinder.api.openstack.wsgi [None req-a1410e1f-0ab7-499b-824c-3d7b46b43026 tempest-VolumeRetypeWithoutMigrationTest-1779591025 tempest-VolumeRetypeWithoutMigrationTest-1779591025-project] http://10.222.0.36/volume/v3/217bf21d2bda40d99a25b20793f0e835/volumes/857b557b-b67e-4b79-9043-79f59e29367a/action returned with HTTP 202
May 19 16:43:48.199223 dv-cinder-842433-1-iscsi devstack@c-api.service[117149]: [pid: 117149|app: 0|req: 104/211] 10.222.0.36 () {60 vars in 1366 bytes} [Thu May 19 16:43:47 2022] POST /volume/v3/217bf21d2bda40d99a25b20793f0e835/volumes/857b557b-b67e-4b79-9043-79f59e29367a/action => generated 0 bytes in 256 msecs (HTTP/1.1 202) 7 headers in 289 bytes (2 switches on core 0)
May 19 16:43:48.204654 dv-cinder-842433-1-iscsi devstack@c-api.service[117150]: DEBUG cinder.api.middleware.request_id [None req-d20f8747-8c15-4f6d-8bfb-55318827df16 None None] RequestId filter calling following filter/app {{(pid=117150) _context_setter /opt/stack/cinder/cinder/api/middleware/request_id.py:62}}
May 19 16:43:48.208854 dv-cinder-842433-1-iscsi devstack@c-api.service[117150]: INFO cinder.api.openstack.wsgi [None req-d20f8747-8c15-4f6d-8bfb-55318827df16 tempest-VolumeRetypeWithoutMigrationTest-1779591025 tempest-VolumeRetypeWithoutMigrationTest-1779591025-project] GET http://10.222.0.36/volume/v3/217bf21d2bda40d99a25b20793f0e835/volumes/857b557b-b67e-4b79-9043-79f59e29367a
May 19 16:43:48.209358 dv-cinder-842433-1-iscsi devstack@c-api.service[117150]: DEBUG cinder.api.openstack.wsgi [None req-d20f8747-8c15-4f6d-8bfb-55318827df16 tempest-VolumeRetypeWithoutMigrationTest-1779591025 tempest-VolumeRetypeWithoutMigrationTest-1779591025-project] Empty body provided in request {{(pid=117150) get_body /opt/stack/cinder/cinder/api/openstack/wsgi.py:715}}
May 19 16:43:48.210402 dv-cinder-842433-1-iscsi devstack@c-api.service[117150]: DEBUG cinder.api.openstack.wsgi [None req-d20f8747-8c15-4f6d-8bfb-55318827df16 tempest-VolumeRetypeWithoutMigrationTest-1779591025 tempest-VolumeRetypeWithoutMigrationTest-1779591025-project] Calling method 'show' {{(pid=117150) _process_stack /opt/stack/cinder/cinder/api/openstack/wsgi.py:868}}
May 19 16:43:48.225215 dv-cinder-842433-1-iscsi devstack@c-api.service[117150]: /usr/local/lib/python3.8/dist-packages/oslo_context/context.py:100: DeprecationWarning: Policy enforcement is depending on the value of is_admin. This key is deprecated. Please update your policy file to use the standard policy values.
May 19 16:43:48.225215 dv-cinder-842433-1-iscsi devstack@c-api.service[117150]: warnings.warn('Policy enforcement is depending on the value of '
May 19 16:43:48.232909 dv-cinder-842433-1-iscsi devstack@c-api.service[117150]: INFO cinder.volume.api [None req-d20f8747-8c15-4f6d-8bfb-55318827df16 tempest-VolumeRetypeWithoutMigrationTest-1779591025 tempest-VolumeRetypeWithoutMigrationTest-1779591025-project] Volume info retrieved successfully.
May 19 16:43:48.243253 dv-cinder-842433-1-iscsi devstack@c-api.service[117150]: INFO cinder.api.openstack.wsgi [None req-d20f8747-8c15-4f6d-8bfb-55318827df16 tempest-VolumeRetypeWithoutMigrationTest-1779591025 tempest-VolumeRetypeWithoutMigrationTest-1779591025-project] http://10.222.0.36/volume/v3/217bf21d2bda40d99a25b20793f0e835/volumes/857b557b-b67e-4b79-9043-79f59e29367a returned with HTTP 200
May 19 16:43:48.244463 dv-cinder-842433-1-iscsi devstack@c-api.service[117150]: [pid: 117150|app: 0|req: 108/212] 10.222.0.36 () {58 vars in 1324 bytes} [Thu May 19 16:43:48 2022] GET /volume/v3/217bf21d2bda40d99a25b20793f0e835/volumes/857b557b-b67e-4b79-9043-79f59e29367a => generated 925 bytes in 42 msecs (HTTP/1.1 200) 7 headers in 285 bytes (2 switches on core 0)
May 19 16:43:48.472306 dv-cinder-842433-1-iscsi devstack@c-api.service[117149]: DEBUG cinder.api.middleware.request_id [None req-c07716d3-e8d6-45a5-bc5f-fba89e8ac3f8 None None] RequestId filter calling following filter/app {{(pid=117149) _context_setter /opt/stack/cinder/cinder/api/middleware/request_id.py:62}}
May 19 16:43:48.479566 dv-cinder-842433-1-iscsi devstack@c-api.service[117149]: INFO cinder.api.openstack.wsgi [None req-c07716d3-e8d6-45a5-bc5f-fba89e8ac3f8 tempest-VolumeQuotasNegativeTestJSON-1976004860 tempest-VolumeQuotasNegativeTestJSON-1976004860-project] GET http://10.222.0.36/volume/v3/7b4343c7f07f40e0a20bdd3c6720a757/volumes/85946cda-1079-413e-8e2e-3bf09ed9a8a4
May 19 16:43:48.481735 dv-cinder-842433-1-iscsi devstack@c-api.service[117149]: DEBUG cinder.api.openstack.wsgi [None req-c07716d3-e8d6-45a5-bc5f-fba89e8ac3f8 tempest-VolumeQuotasNegativeTestJSON-1976004860 tempest-VolumeQuotasNegativeTestJSON-1976004860-project] Empty body provided in request {{(pid=117149) get_body /opt/stack/cinder/cinder/api/openstack/wsgi.py:715}}
May 19 16:43:48.482582 dv-cinder-842433-1-iscsi devstack@c-api.service[117149]: DEBUG cinder.api.openstack.wsgi [None req-c07716d3-e8d6-45a5-bc5f-fba89e8ac3f8 tempest-VolumeQuotasNegativeTestJSON-1976004860 tempest-VolumeQuotasNegativeTestJSON-1976004860-project] Calling method 'show' {{(pid=117149) _process_stack /opt/stack/cinder/cinder/api/openstack/wsgi.py:868}}
May 19 16:43:48.515872 dv-cinder-842433-1-iscsi devstack@c-api.service[117149]: /usr/local/lib/python3.8/dist-packages/oslo_context/context.py:100: DeprecationWarning: Policy enforcement is depending on the value of is_admin. This key is deprecated. Please update your policy file to use the standard policy values.
May 19 16:43:48.515872 dv-cinder-842433-1-iscsi devstack@c-api.service[117149]: warnings.warn('Policy enforcement is depending on the value of '
May 19 16:43:48.526845 dv-cinder-842433-1-iscsi devstack@c-api.service[117149]: INFO cinder.volume.api [None req-c07716d3-e8d6-45a5-bc5f-fba89e8ac3f8 tempest-VolumeQuotasNegativeTestJSON-1976004860 tempest-VolumeQuotasNegativeTestJSON-1976004860-project] Volume info retrieved successfully.
May 19 16:43:48.543224 dv-cinder-842433-1-iscsi devstack@c-api.service[117149]: INFO cinder.api.openstack.wsgi [None req-c07716d3-e8d6-45a5-bc5f-fba89e8ac3f8 tempest-VolumeQuotasNegativeTestJSON-1976004860 tempest-VolumeQuotasNegativeTestJSON-1976004860-project] http://10.222.0.36/volume/v3/7b4343c7f07f40e0a20bdd3c6720a757/volumes/85946cda-1079-413e-8e2e-3bf09ed9a8a4 returned with HTTP 200
May 19 16:43:48.544296 dv-cinder-842433-1-iscsi devstack@c-api.service[117149]: [pid: 117149|app: 0|req: 105/213] 10.222.0.36 () {58 vars in 1324 bytes} [Thu May 19 16:43:48 2022] GET /volume/v3/7b4343c7f07f40e0a20bdd3c6720a757/volumes/85946cda-1079-413e-8e2e-3bf09ed9a8a4 => generated 920 bytes in 74 msecs (HTTP/1.1 200) 7 headers in 285 bytes (1 switches on core 0)
May 19 16:43:48.557457 dv-cinder-842433-1-iscsi devstack@c-api.service[117150]: DEBUG cinder.api.middleware.request_id [None req-36e90671-fe7a-4efb-85a2-7bc097fd32ef None None] RequestId filter calling following filter/app {{(pid=117150) _context_setter /opt/stack/cinder/cinder/api/middleware/request_id.py:62}}
May 19 16:43:48.563157 dv-cinder-842433-1-iscsi devstack@c-api.service[117150]: INFO cinder.api.openstack.wsgi [None req-36e90671-fe7a-4efb-85a2-7bc097fd32ef tempest-VolumeQuotasNegativeTestJSON-1327212484 tempest-VolumeQuotasNegativeTestJSON-1327212484-project-admin] PUT http://10.222.0.36/volume/v3/42cf277dca544b039b8c3dbfe5c8a0e8/os-quota-sets/7b4343c7f07f40e0a20bdd3c6720a757
May 19 16:43:48.563978 dv-cinder-842433-1-iscsi devstack@c-api.service[117150]: DEBUG cinder.api.openstack.wsgi [None req-36e90671-fe7a-4efb-85a2-7bc097fd32ef tempest-VolumeQuotasNegativeTestJSON-1327212484 tempest-VolumeQuotasNegativeTestJSON-1327212484-project-admin] Action: 'update', calling method: update, body: {"quota_set": {"gigabytes": 1, "volumes": -1}} {{(pid=117150) _process_stack /opt/stack/cinder/cinder/api/openstack/wsgi.py:866}}
May 19 16:43:48.714844 dv-cinder-842433-1-iscsi devstack@c-api.service[117150]: INFO cinder.api.openstack.wsgi [None req-36e90671-fe7a-4efb-85a2-7bc097fd32ef tempest-VolumeQuotasNegativeTestJSON-1327212484 tempest-VolumeQuotasNegativeTestJSON-1327212484-project-admin] http://10.222.0.36/volume/v3/42cf277dca544b039b8c3dbfe5c8a0e8/os-quota-sets/7b4343c7f07f40e0a20bdd3c6720a757 returned with HTTP 200
