May 17 17:05:30.243808 dv-cinder-842149-1-smb neutron-server[103579]: DEBUG neutron.db.l3_dvr_db [None req-fe33894a-9627-4986-91b7-1e1b8a773d8b None None] Set router 5aa4bf5c-fc4d-4914-b067-817aaa879f19 gateway port host: dv-cinder-842149-1-smb {{(pid=103579) _build_routers_list /opt/stack/neutron/neutron/db/l3_dvr_db.py:906}}
May 17 17:05:30.269714 dv-cinder-842149-1-smb neutron-server[103577]: INFO neutron.wsgi [req-135548c6-4acd-465d-844c-489bbe8b1e2e req-daab3e98-9908-4c82-b67f-a39aa62407db service neutron] 10.222.0.25 "GET /v2.0/networks/df9da511-b80f-4eed-9c64-1944c33e857d?fields=provider%3Aphysical_network&fields=provider%3Anetwork_type HTTP/1.1" status: 200 len: 281 time: 0.1422508
May 17 17:05:30.286755 dv-cinder-842149-1-smb neutron-server[103579]: DEBUG neutron.db.provisioning_blocks [None req-39e78c1f-cb56-448d-82c1-d267ee403a73 None None] Provisioning complete for port 33d38cc2-d256-4e68-8df7-31160f8f7c97 triggered by entity DHCP. {{(pid=103579) provisioning_complete /opt/stack/neutron/neutron/db/provisioning_blocks.py:145}}
May 17 17:05:30.287144 dv-cinder-842149-1-smb neutron-server[103579]: DEBUG neutron_lib.callbacks.manager [None req-39e78c1f-cb56-448d-82c1-d267ee403a73 None None] Publish callbacks ['neutron.plugins.ml2.plugin.Ml2Plugin._port_provisioned-1920987'] for port (33d38cc2-d256-4e68-8df7-31160f8f7c97), provisioning_complete {{(pid=103579) _notify_loop /usr/local/lib/python3.8/dist-packages/neutron_lib/callbacks/manager.py:176}}
May 17 17:05:30.487533 dv-cinder-842149-1-smb neutron-server[103579]: DEBUG neutron.plugins.ml2.plugin [None req-39e78c1f-cb56-448d-82c1-d267ee403a73 None None] Current status of the port 33d38cc2-d256-4e68-8df7-31160f8f7c97 is: DOWN; New status is: ACTIVE {{(pid=103579) _update_individual_port_db_status /opt/stack/neutron/neutron/plugins/ml2/plugin.py:2296}}
May 17 17:05:30.490897 dv-cinder-842149-1-smb neutron-server[103579]: DEBUG neutron_lib.callbacks.manager [None req-39e78c1f-cb56-448d-82c1-d267ee403a73 None None] Publish callbacks ['neutron.plugins.ml2.plugin.SecurityGroupDbMixin._ensure_default_security_group_handler-1948235'] for port (33d38cc2-d256-4e68-8df7-31160f8f7c97), before_update {{(pid=103579) _notify_loop /usr/local/lib/python3.8/dist-packages/neutron_lib/callbacks/manager.py:176}}
May 17 17:05:30.559059 dv-cinder-842149-1-smb neutron-server[103578]: DEBUG neutron.wsgi [-] (103578) accepted ('10.222.0.25', 36236) {{(pid=103578) server /usr/local/lib/python3.8/dist-packages/eventlet/wsgi.py:1004}}
May 17 17:05:30.561430 dv-cinder-842149-1-smb neutron-server[103577]: DEBUG neutron.pecan_wsgi.hooks.policy_enforcement [req-de7f7152-49c2-4dc1-8969-3ab7d6b876da req-bbb3375f-7153-4f0a-a494-4e50d8097856 tempest-DeleteServersTestJSON-233027660 tempest-DeleteServersTestJSON-233027660-project] Attributes excluded by policy engine: ['standard_attr_id', 'binding:profile', 'binding:host_id', 'binding:vif_type', 'binding:vif_details'] {{(pid=103577) _exclude_attributes_by_policy /opt/stack/neutron/neutron/pecan_wsgi/hooks/policy_enforcement.py:259}}
May 17 17:05:30.571703 dv-cinder-842149-1-smb neutron-server[103577]: INFO neutron.wsgi [req-de7f7152-49c2-4dc1-8969-3ab7d6b876da req-bbb3375f-7153-4f0a-a494-4e50d8097856 tempest-DeleteServersTestJSON-233027660 tempest-DeleteServersTestJSON-233027660-project] 10.222.0.25 "GET /v2.0/ports?device_id=789211b7-c47a-4193-b43a-6dd0d540a094 HTTP/1.1" status: 200 len: 944 time: 0.1108012
May 17 17:05:30.573639 dv-cinder-842149-1-smb neutron-server[103578]: DEBUG neutron_lib.callbacks.manager [None req-ac243f6a-6464-463b-91d2-ebdc0ab31305 admin admin] Publish callbacks [] for security_group (None), before_create {{(pid=103578) _notify_loop /usr/local/lib/python3.8/dist-packages/neutron_lib/callbacks/manager.py:176}}
May 17 17:05:30.602156 dv-cinder-842149-1-smb neutron-server[103579]: DEBUG neutron.plugins.ml2.db [None req-39e78c1f-cb56-448d-82c1-d267ee403a73 None None] For port 33d38cc2-d256-4e68-8df7-31160f8f7c97, host dv-cinder-842149-1-smb, got binding levels [PortBindingLevel(driver='openvswitch',host='dv-cinder-842149-1-smb',level=0,port_id=33d38cc2-d256-4e68-8df7-31160f8f7c97,segment=NetworkSegment(ff9e2929-38d0-4ca7-b6ed-d19b0cd4319b),segment_id=ff9e2929-38d0-4ca7-b6ed-d19b0cd4319b)] {{(pid=103579) get_binding_level_objs /opt/stack/neutron/neutron/plugins/ml2/db.py:74}}
May 17 17:05:30.607017 dv-cinder-842149-1-smb neutron-server[103579]: DEBUG neutron.db.l3_hamode_db [None req-fe33894a-9627-4986-91b7-1e1b8a773d8b None None] neutron.services.l3_router.l3_router_plugin.L3RouterPlugin method _process_sync_ha_data called with arguments (, [{'id': '5aa4bf5c-fc4d-4914-b067-817aaa879f19', 'name': 'tempest-ServerRescueNegativeTestJSON-411031400-router', 'tenant_id': 'd2f56051041647a0bee3eaea09678899', 'admin_state_up': True, 'status': 'ACTIVE', 'external_gateway_info': {'network_id': '5453618a-7d6c-48f1-8bba-e8ed6b902d31', 'external_fixed_ips': [{'subnet_id': '1a255cf0-f87a-4b77-be64-5511fd8ed878', 'ip_address': '172.28.0.96'}], 'enable_snat': True}, 'gw_port_id': 'ae9b490e-37fd-4afe-95d6-0699c78cdf7f', 'description': '', 'availability_zones': ['nova'], 'distributed': False, 'ha': False, 'ha_vr_id': 0, 'availability_zone_hints': [], 'routes': [], 'flavor_id': None, 'tags': [], 'created_at': '2022-05-17T17:05:03Z', 'updated_at': '2022-05-17T17:05:23Z', 'revision_number': 4, 'project_id': 'd2f56051041647a0bee3eaea09678899', 'gw_port': {'id': 'ae9b490e-37fd-4afe-95d6-0699c78cdf7f', 'name': '', 'network_id': '5453618a-7d6c-48f1-8bba-e8ed6b902d31', 'tenant_id': '', 'mac_address': 'fa:16:3e:6c:18:d4', 'admin_state_up': True, 'status': 'ACTIVE', 'device_id': '5aa4bf5c-fc4d-4914-b067-817aaa879f19', 'device_owner': 'network:router_gateway', 'standard_attr_id': 89, 'fixed_ips': [{'subnet_id': '1a255cf0-f87a-4b77-be64-5511fd8ed878', 'ip_address': '172.28.0.96', 'prefixlen': 24}], 'allowed_address_pairs': [], 'extra_dhcp_opts': [], 'security_groups': [], 'description': '', 'binding:vnic_type': 'normal', 'binding:profile': {}, 'binding:host_id': 'dv-cinder-842149-1-smb', 'binding:vif_type': 'ovs', 'binding:vif_details': {'connectivity': 'l2', 'port_filter': True, 'ovs_hybrid_plug': False, 'datapath_type': 'system', 'bridge_name': 'br-int', 'bound_drivers': {'0': 'openvswitch'}}, 'port_security_enabled': False, 'tags': [], 'created_at': '2022-05-17T17:05:06Z', 'updated_at': '2022-05-17T17:05:21Z', 'revision_number': 4, 'project_id': '', 'subnets': [{'id': '1a255cf0-f87a-4b77-be64-5511fd8ed878', 'cidr': '172.28.0.0/24', 'gateway_ip': '172.28.0.1', 'dns_nameservers': [], 'ipv6_ra_mode': None, 'subnetpool_id': None}], 'extra_subnets': [], 'address_scopes': {4: None, 6: None}, 'mtu': 1500}, 'enable_snat': True, 'gw_port_host': 'dv-cinder-842149-1-smb', '_interfaces': [{'id': '33d38cc2-d256-4e68-8df7-31160f8f7c97', 'name': '', 'network_id': 'df9da511-b80f-4eed-9c64-1944c33e857d', 'tenant_id': 'd2f56051041647a0bee3eaea09678899', 'mac_address': 'fa:16:3e:4b:8c:e4', 'admin_state_up': True, 'status': 'DOWN', 'device_id': '5aa4bf5c-fc4d-4914-b067-817aaa879f19', 'device_owner': 'network:router_interface', 'standard_attr_id': 129, 'fixed_ips': [{'subnet_id': '0f480307-637a-4dc9-ab8c-d24c50aeae66', 'ip_address': '172.20.0.1', 'prefixlen': 28}], 'allowed_address_pairs': [], 'extra_dhcp_opts': [], 'security_groups': [], 'description': '', 'binding:vnic_type': 'normal', 'binding:profile': {}, 'binding:host_id': 'dv-cinder-842149-1-smb', 'binding:vif_type': 'ovs', 'binding:vif_details': {'connectivity': 'l2', 'port_filter': True, 'ovs_hybrid_plug': False, 'datapath_type': 'system', 'bridge_name': 'br-int', 'bound_drivers': {'0': 'openvswitch'}}, 'port_security_enabled': False, 'tags': [], 'created_at': '2022-05-17T17:05:21Z', 'updated_at': '2022-05-17T17:05:29Z', 'revision_number': 4, 'project_id': 'd2f56051041647a0bee3eaea09678899', 'subnets': [{'id': '0f480307-637a-4dc9-ab8c-d24c50aeae66', 'cidr': '172.20.0.0/28', 'gateway_ip': '172.20.0.1', 'dns_nameservers': [], 'ipv6_ra_mode': None, 'subnetpool_id': None}], 'extra_subnets': [], 'address_scopes': {4: None, 6: None}, 'mtu': 1500}]}], 'dv-cinder-842149-1-smb', False) {} {{(pid=103579) wrapper /usr/local/lib/python3.8/dist-packages/oslo_log/helpers.py:65}}
May 17 17:05:30.674538 dv-cinder-842149-1-smb neutron-server[103579]: DEBUG neutron_lib.callbacks.manager [None req-39e78c1f-cb56-448d-82c1-d267ee403a73 None None] Publish callbacks ['neutron.plugins.ml2.plugin.SecurityGroupServerNotifierRpcMixin._notify_sg_on_port_change-1948389', 'neutron.plugins.ml2.ovo_rpc._ObjectChangeHandler.handle_event-91914', 'neutron.api.rpc.agentnotifiers.dhcp_rpc_agent_api.DhcpAgentNotifyAPI._native_event_send_dhcp_notification-581965', 'neutron.db.l3_db.L3RpcNotifierMixin._notify_gateway_port_ip_changed-8761473854347', 'neutron.db.l3_dvrscheduler_db._notify_l3_agent_port_update-8761473462119', 'neutron.db.l3_hascheduler_db._notify_l3_agent_ha_port_update-8761473462137'] for port (33d38cc2-d256-4e68-8df7-31160f8f7c97), after_update {{(pid=103579) _notify_loop /usr/local/lib/python3.8/dist-packages/neutron_lib/callbacks/manager.py:176}}
May 17 17:05:30.687376 dv-cinder-842149-1-smb neutron-server[103579]: DEBUG neutron.api.rpc.handlers.l3_rpc [None req-fe33894a-9627-4986-91b7-1e1b8a773d8b None None] The sync data for ids ['5aa4bf5c-fc4d-4914-b067-817aaa879f19'] in dv-cinder-842149-1-smb is: [{'id': '5aa4bf5c-fc4d-4914-b067-817aaa879f19', 'name': 'tempest-ServerRescueNegativeTestJSON-411031400-router', 'tenant_id': 'd2f56051041647a0bee3eaea09678899', 'admin_state_up': True, 'status': 'ACTIVE', 'external_gateway_info': {'network_id': '5453618a-7d6c-48f1-8bba-e8ed6b902d31', 'external_fixed_ips': [{'subnet_id': '1a255cf0-f87a-4b77-be64-5511fd8ed878', 'ip_address': '172.28.0.96'}], 'enable_snat': True}, 'gw_port_id': 'ae9b490e-37fd-4afe-95d6-0699c78cdf7f', 'description': '', 'availability_zones': ['nova'], 'distributed': False, 'ha': False, 'ha_vr_id': 0, 'availability_zone_hints': [], 'routes': [], 'flavor_id': None, 'tags': [], 'created_at': '2022-05-17T17:05:03Z', 'updated_at': '2022-05-17T17:05:23Z', 'revision_number': 4, 'project_id': 'd2f56051041647a0bee3eaea09678899', 'gw_port': {'id': 'ae9b490e-37fd-4afe-95d6-0699c78cdf7f', 'name': '', 'network_id': '5453618a-7d6c-48f1-8bba-e8ed6b902d31', 'tenant_id': '', 'mac_address': 'fa:16:3e:6c:18:d4', 'admin_state_up': True, 'status': 'ACTIVE', 'device_id': '5aa4bf5c-fc4d-4914-b067-817aaa879f19', 'device_owner': 'network:router_gateway', 'standard_attr_id': 89, 'fixed_ips': [{'subnet_id': '1a255cf0-f87a-4b77-be64-5511fd8ed878', 'ip_address': '172.28.0.96', 'prefixlen': 24}], 'allowed_address_pairs': [], 'extra_dhcp_opts': [], 'security_groups': [], 'description': '', 'binding:vnic_type': 'normal', 'binding:profile': {}, 'binding:host_id': 'dv-cinder-842149-1-smb', 'binding:vif_type': 'ovs', 'binding:vif_details': {'connectivity': 'l2', 'port_filter': True, 'ovs_hybrid_plug': False, 'datapath_type': 'system', 'bridge_name': 'br-int', 'bound_drivers': {'0': 'openvswitch'}}, 'port_security_enabled': False, 'tags': [], 'created_at': '2022-05-17T17:05:06Z', 'updated_at': '2022-05-17T17:05:21Z', 'revision_number': 4, 'project_id': '', 'subnets': [{'id': '1a255cf0-f87a-4b77-be64-5511fd8ed878', 'cidr': '172.28.0.0/24', 'gateway_ip': '172.28.0.1', 'dns_nameservers': [], 'ipv6_ra_mode': None, 'subnetpool_id': None}], 'extra_subnets': [], 'address_scopes': {4: None, 6: None}, 'mtu': 1500}, 'enable_snat': True, 'gw_port_host': 'dv-cinder-842149-1-smb', '_interfaces': [{'id': '33d38cc2-d256-4e68-8df7-31160f8f7c97', 'name': '', 'network_id': 'df9da511-b80f-4eed-9c64-1944c33e857d', 'tenant_id': 'd2f56051041647a0bee3eaea09678899', 'mac_address': 'fa:16:3e:4b:8c:e4', 'admin_state_up': True, 'status': 'DOWN', 'device_id': '5aa4bf5c-fc4d-4914-b067-817aaa879f19', 'device_owner': 'network:router_interface', 'standard_attr_id': 129, 'fixed_ips': [{'subnet_id': '0f480307-637a-4dc9-ab8c-d24c50aeae66', 'ip_address': '172.20.0.1', 'prefixlen': 28}], 'allowed_address_pairs': [], 'extra_dhcp_opts': [], 'security_groups': [], 'description': '', 'binding:vnic_type': 'normal', 'binding:profile': {}, 'binding:host_id': 'dv-cinder-842149-1-smb', 'binding:vif_type': 'ovs', 'binding:vif_details': {'connectivity': 'l2', 'port_filter': True, 'ovs_hybrid_plug': False, 'datapath_type': 'system', 'bridge_name': 'br-int', 'bound_drivers': {'0': 'openvswitch'}}, 'port_security_enabled': False, 'tags': [], 'created_at': '2022-05-17T17:05:21Z', 'updated_at': '2022-05-17T17:05:29Z', 'revision_number': 4, 'project_id': 'd2f56051041647a0bee3eaea09678899', 'subnets': [{'id': '0f480307-637a-4dc9-ab8c-d24c50aeae66', 'cidr': '172.20.0.0/28', 'gateway_ip': '172.20.0.1', 'dns_nameservers': [], 'ipv6_ra_mode': None, 'subnetpool_id': None}], 'extra_subnets': [], 'address_scopes': {4: None, 6: None}, 'mtu': 1500}]}] {{(pid=103579) sync_routers /opt/stack/neutron/neutron/api/rpc/handlers/l3_rpc.py:137}}
May 17 17:05:30.726219 dv-cinder-842149-1-smb neutron-server[103578]: DEBUG neutron_lib.callbacks.manager [None req-ac243f6a-6464-463b-91d2-ebdc0ab31305 admin admin] Publish callbacks [] for security_group (d1158c4c-11f6-4471-905a-57d11df5f6a5), precommit_create {{(pid=103578) _notify_loop /usr/local/lib/python3.8/dist-packages/neutron_lib/callbacks/manager.py:176}}
May 17 17:05:30.737957 dv-cinder-842149-1-smb neutron-server[103578]: DEBUG neutron_lib.callbacks.manager [None req-ac243f6a-6464-463b-91d2-ebdc0ab31305 admin admin] Publish callbacks ['neutron.plugins.ml2.ovo_rpc._ObjectChangeHandler.handle_event-587126'] for security_group (d1158c4c-11f6-4471-905a-57d11df5f6a5), after_create {{(pid=103578) _notify_loop /usr/local/lib/python3.8/dist-packages/neutron_lib/callbacks/manager.py:176}}
May 17 17:05:30.768129 dv-cinder-842149-1-smb neutron-server[103579]: DEBUG neutron.api.rpc.handlers.resources_rpc [None req-39e78c1f-cb56-448d-82c1-d267ee403a73 None None] Pushing event updated for resources: {'Port': ['ID=33d38cc2-d256-4e68-8df7-31160f8f7c97,revision_number=5']} {{(pid=103579) push /opt/stack/neutron/neutron/api/rpc/handlers/resources_rpc.py:237}}
May 17 17:05:30.795492 dv-cinder-842149-1-smb neutron-server[103577]: INFO neutron.wsgi [req-75fea9a4-7c74-4600-989d-91f8faec5c66 req-fe36c9f4-454a-4705-8ab1-397c1d5ab1f2 tempest-AttachVolumeTestJSON-1294159769 tempest-AttachVolumeTestJSON-1294159769-project] 10.222.0.25 "GET /v2.0/security-groups?name=tempest-securitygroup--1299909547&fields=id&tenant_id=c5c55e6402b341cb918ae708bed7fd4e HTTP/1.1" status: 200 len: 267 time: 0.1484039
May 17 17:05:30.819888 dv-cinder-842149-1-smb neutron-server[103577]: INFO neutron.wsgi [req-de7f7152-49c2-4dc1-8969-3ab7d6b876da req-b8444771-501a-43c1-b005-265bf8e25ef5 tempest-DeleteServersTestJSON-233027660 tempest-DeleteServersTestJSON-233027660-project] 10.222.0.25 "GET /v2.0/security-groups?id=2188bc04-9be7-4f85-ab9e-38145447ef6f&fields=id&fields=name HTTP/1.1" status: 200 len: 286 time: 0.2466557
May 17 17:05:30.841323 dv-cinder-842149-1-smb neutron-server[103578]: INFO neutron.wsgi [None req-ac243f6a-6464-463b-91d2-ebdc0ab31305 admin admin] 10.222.0.25 "GET /v2.0/security-groups?tenant_id=32b901ae4c6a4cf6a794ba263cc62dc9&name=default HTTP/1.1" status: 200 len: 2996 time: 0.2811923
May 17 17:05:30.844108 dv-cinder-842149-1-smb neutron-server[103578]: DEBUG neutron.api.rpc.handlers.resources_rpc [None req-ac243f6a-6464-463b-91d2-ebdc0ab31305 admin admin] Pushing event updated for resources: {'SecurityGroup': ['ID=d1158c4c-11f6-4471-905a-57d11df5f6a5,revision_number=1']} {{(pid=103578) push /opt/stack/neutron/neutron/api/rpc/handlers/resources_rpc.py:237}}
May 17 17:05:30.851201 dv-cinder-842149-1-smb neutron-server[103578]: DEBUG neutron.wsgi [-] (103578) accepted ('10.222.0.25', 36258) {{(pid=103578) server /usr/local/lib/python3.8/dist-packages/eventlet/wsgi.py:1004}}
May 17 17:05:30.890966 dv-cinder-842149-1-smb neutron-server[103579]: DEBUG neutron_lib.callbacks.manager [None req-a738274e-8071-45b7-9abf-86ebb57cbe88 None None] Publish callbacks ['neutron.services.segments.db._update_segment_host_mapping_for_agent-8761473874436', 'neutron.plugins.ml2.plugin.Ml2Plugin._retry_binding_revived_agents-1920897'] for agent (f13eb024-b655-44d3-a7a5-6cb5176db1a4), after_update {{(pid=103579) _notify_loop /usr/local/lib/python3.8/dist-packages/neutron_lib/callbacks/manager.py:176}}
May 17 17:05:30.973071 dv-cinder-842149-1-smb neutron-server[103578]: DEBUG neutron_lib.callbacks.manager [None req-c954df27-bdd3-44c5-8da9-948dbd09e12c admin admin] Publish callbacks [] for security_group (d1158c4c-11f6-4471-905a-57d11df5f6a5), before_delete {{(pid=103578) _notify_loop /usr/local/lib/python3.8/dist-packages/neutron_lib/callbacks/manager.py:176}}
May 17 17:05:31.036782 dv-cinder-842149-1-smb neutron-server[103578]: DEBUG neutron_lib.callbacks.manager [None req-c954df27-bdd3-44c5-8da9-948dbd09e12c admin admin] Publish callbacks [] for security_group (d1158c4c-11f6-4471-905a-57d11df5f6a5), precommit_delete {{(pid=103578) _notify_loop /usr/local/lib/python3.8/dist-packages/neutron_lib/callbacks/manager.py:176}}
May 17 17:05:31.061948 dv-cinder-842149-1-smb neutron-server[103577]: INFO neutron.wsgi [req-efe9897c-90e3-4cdd-ba6b-ba497663abc9 req-e534907e-7ca6-4a3f-b445-b7f3f5a43b70 tempest-AttachVolumeShelveTestJSON-1272415426 tempest-AttachVolumeShelveTestJSON-1272415426-project] 10.222.0.25 "GET /v2.0/ports?device_id=d0e376e7-0a3b-459d-8f72-981d58766e18 HTTP/1.1" status: 200 len: 210 time: 0.0905073
May 17 17:05:31.112684 dv-cinder-842149-1-smb neutron-server[103577]: DEBUG neutron.pecan_wsgi.hooks.policy_enforcement [req-75fea9a4-7c74-4600-989d-91f8faec5c66 req-a9c7b1fa-a584-4cf5-be66-d4d31b9e3227 tempest-AttachVolumeTestJSON-1294159769 tempest-AttachVolumeTestJSON-1294159769-project] Attributes excluded by policy engine: ['standard_attr_id', 'vlan_transparent', 'provider:network_type', 'provider:physical_network', 'provider:segmentation_id'] {{(pid=103577) _exclude_attributes_by_policy /opt/stack/neutron/neutron/pecan_wsgi/hooks/policy_enforcement.py:259}}
May 17 17:05:31.120910 dv-cinder-842149-1-smb neutron-server[103577]: INFO neutron.wsgi [req-75fea9a4-7c74-4600-989d-91f8faec5c66 req-a9c7b1fa-a584-4cf5-be66-d4d31b9e3227 tempest-AttachVolumeTestJSON-1294159769 tempest-AttachVolumeTestJSON-1294159769-project] 10.222.0.25 "GET /v2.0/networks?id=2fb4212f-7a8f-499b-b925-be86125cf393 HTTP/1.1" status: 200 len: 810 time: 0.3244987
May 17 17:05:31.147238 dv-cinder-842149-1-smb neutron-server[103577]: INFO neutron.wsgi [req-75fea9a4-7c74-4600-989d-91f8faec5c66 req-b1ffcc2d-b00d-477c-820e-30d67bb58a67 tempest-AttachVolumeTestJSON-1294159769 tempest-AttachVolumeTestJSON-1294159769-project] 10.222.0.25 "GET /v2.0/quotas/c5c55e6402b341cb918ae708bed7fd4e HTTP/1.1" status: 200 len: 375 time: 0.0243201
May 17 17:05:31.164467 dv-cinder-842149-1-smb neutron-server[103578]: DEBUG neutron_lib.callbacks.manager [None req-c954df27-bdd3-44c5-8da9-948dbd09e12c admin admin] Publish callbacks ['neutron.plugins.ml2.ovo_rpc._ObjectChangeHandler.handle_event-587126'] for security_group (d1158c4c-11f6-4471-905a-57d11df5f6a5), after_delete {{(pid=103578) _notify_loop /usr/local/lib/python3.8/dist-packages/neutron_lib/callbacks/manager.py:176}}
May 17 17:05:31.167559 dv-cinder-842149-1-smb neutron-server[103578]: DEBUG neutron_lib.callbacks.manager [None req-c954df27-bdd3-44c5-8da9-948dbd09e12c admin admin] Publish callbacks [] for security_group (None), before_response {{(pid=103578) _notify_loop /usr/local/lib/python3.8/dist-packages/neutron_lib/callbacks/manager.py:176}}
May 17 17:05:31.168945 dv-cinder-842149-1-smb neutron-server[103578]: INFO neutron.wsgi [None req-c954df27-bdd3-44c5-8da9-948dbd09e12c admin admin] 10.222.0.25 "DELETE /v2.0/security-groups/d1158c4c-11f6-4471-905a-57d11df5f6a5 HTTP/1.1" status: 204 len: 168 time: 0.3165917
May 17 17:05:31.194970 dv-cinder-842149-1-smb neutron-server[103578]: DEBUG neutron.api.rpc.handlers.resources_rpc [None req-c954df27-bdd3-44c5-8da9-948dbd09e12c admin admin] Pushing event deleted for resources: {'SecurityGroup': ['ID=d1158c4c-11f6-4471-905a-57d11df5f6a5,revision_number=None']} {{(pid=103578) push /opt/stack/neutron/neutron/api/rpc/handlers/resources_rpc.py:237}}
May 17 17:05:31.226244 dv-cinder-842149-1-smb neutron-server[103577]: INFO neutron.wsgi [req-75fea9a4-7c74-4600-989d-91f8faec5c66 req-ef2ca8d3-288a-496e-9247-22b58db0bf3c tempest-AttachVolumeTestJSON-1294159769 tempest-AttachVolumeTestJSON-1294159769-project] 10.222.0.25 "GET /v2.0/ports?tenant_id=c5c55e6402b341cb918ae708bed7fd4e&fields=id HTTP/1.1" status: 200 len: 302 time: 0.0781462
May 17 17:05:31.385312 dv-cinder-842149-1-smb neutron-server[103577]: INFO neutron.wsgi [req-e08c8f6a-73da-4925-b3ed-be008d14c0fa req-5f6cb1f8-833e-4c3d-8548-aea75dd43852 tempest-ServerRescueNegativeTestJSON-848207812 tempest-ServerRescueNegativeTestJSON-848207812-project] 10.222.0.25 "GET /v2.0/ports?device_id=d6b3b332-1160-4443-9b0d-07ab9da09c65 HTTP/1.1" status: 200 len: 210 time: 0.0833383
May 17 17:05:31.573302 dv-cinder-842149-1-smb neutron-server[103579]: DEBUG neutron_lib.callbacks.manager [None req-36909992-746e-4e8c-86d2-5452343f22e6 None None] Publish callbacks ['neutron.services.segments.db._update_segment_host_mapping_for_agent-8761473874436', 'neutron.plugins.ml2.plugin.Ml2Plugin._retry_binding_revived_agents-1920897'] for agent (7359a792-ebe6-45a0-a899-69d3efd51afa), after_update {{(pid=103579) _notify_loop /usr/local/lib/python3.8/dist-packages/neutron_lib/callbacks/manager.py:176}}
May 17 17:05:31.581496 dv-cinder-842149-1-smb neutron-server[103577]: INFO neutron.wsgi [req-75fea9a4-7c74-4600-989d-91f8faec5c66 req-9f9ba52b-e789-42ff-8996-e1fa43525016 service neutron] 10.222.0.25 "GET /v2.0/networks/2fb4212f-7a8f-499b-b925-be86125cf393?fields=segments HTTP/1.1" status: 200 len: 212 time: 0.3314810
May 17 17:05:31.843425 dv-cinder-842149-1-smb neutron-server[103577]: INFO neutron.wsgi [req-75fea9a4-7c74-4600-989d-91f8faec5c66 req-0ba0f3c3-342d-423e-9455-ebf6708f5d47 service neutron] 10.222.0.25 "GET /v2.0/networks/2fb4212f-7a8f-499b-b925-be86125cf393?fields=provider%3Aphysical_network&fields=provider%3Anetwork_type HTTP/1.1" status: 200 len: 281 time: 0.2607455
May 17 17:05:32.088940 dv-cinder-842149-1-smb neutron-server[103579]: DEBUG neutron.plugins.ml2.rpc [None req-36909992-746e-4e8c-86d2-5452343f22e6 None None] Device b576b3ae-22e6-4284-ad71-bd9b55786f82 up at agent hyperv_hv-cinder-84214 {{(pid=103579) update_device_up /opt/stack/neutron/neutron/plugins/ml2/rpc.py:296}}
May 17 17:05:32.130262 dv-cinder-842149-1-smb neutron-server[103577]: DEBUG neutron.pecan_wsgi.hooks.policy_enforcement [req-8ca6a955-c73d-40c4-9619-546be8cddedb req-1c54105b-24d1-4d30-8f88-2ca41cfee32d tempest-DeleteServersTestJSON-233027660 tempest-DeleteServersTestJSON-233027660-project] Attributes excluded by policy engine: ['standard_attr_id', 'binding:profile', 'binding:host_id', 'binding:vif_type', 'binding:vif_details'] {{(pid=103577) _exclude_attributes_by_policy /opt/stack/neutron/neutron/pecan_wsgi/hooks/policy_enforcement.py:259}}
May 17 17:05:32.141564 dv-cinder-842149-1-smb neutron-server[103577]: INFO neutron.wsgi [req-8ca6a955-c73d-40c4-9619-546be8cddedb req-1c54105b-24d1-4d30-8f88-2ca41cfee32d tempest-DeleteServersTestJSON-233027660 tempest-DeleteServersTestJSON-233027660-project] 10.222.0.25 "GET /v2.0/ports?device_id=789211b7-c47a-4193-b43a-6dd0d540a094 HTTP/1.1" status: 200 len: 944 time: 0.1665163
May 17 17:05:32.343736 dv-cinder-842149-1-smb neutron-server[103577]: INFO neutron.wsgi [req-8ca6a955-c73d-40c4-9619-546be8cddedb req-bb2e737a-f598-4ec6-b233-fae81a237738 tempest-DeleteServersTestJSON-233027660 tempest-DeleteServersTestJSON-233027660-project] 10.222.0.25 "GET /v2.0/security-groups?id=2188bc04-9be7-4f85-ab9e-38145447ef6f&fields=id&fields=name HTTP/1.1" status: 200 len: 286 time: 0.2010357
May 17 17:05:32.408240 dv-cinder-842149-1-smb neutron-server[103579]: DEBUG neutron.plugins.ml2.rpc [None req-a738274e-8071-45b7-9abf-86ebb57cbe88 None None] Device 33d38cc2-d256-4e68-8df7-31160f8f7c97 up at agent ovs-agent-dv-cinder-842149-1-smb {{(pid=103579) update_device_up /opt/stack/neutron/neutron/plugins/ml2/rpc.py:296}}
May 17 17:05:32.566146 dv-cinder-842149-1-smb neutron-server[103577]: INFO neutron.wsgi [req-28abd43d-fe3e-4ec5-8894-eaf0b92f8c63 req-1eea56b1-a272-4beb-8f69-8890d2d91c0c tempest-AttachVolumeTestJSON-1294159769 tempest-AttachVolumeTestJSON-1294159769-project] 10.222.0.25 "GET /v2.0/ports?device_id=b2c5324e-36d3-4d36-9920-19f2ac71d473 HTTP/1.1" status: 200 len: 210 time: 0.0763581
May 17 17:05:32.630837 dv-cinder-842149-1-smb neutron-server[103579]: DEBUG neutron.db.provisioning_blocks [None req-36909992-746e-4e8c-86d2-5452343f22e6 None None] Provisioning for port b576b3ae-22e6-4284-ad71-bd9b55786f82 completed by entity L2. {{(pid=103579) provisioning_complete /opt/stack/neutron/neutron/db/provisioning_blocks.py:137}}
May 17 17:05:32.639097 dv-cinder-842149-1-smb neutron-server[103577]: DEBUG neutron.pecan_wsgi.hooks.policy_enforcement [req-fe7e2151-71d9-4881-b04f-20b4366aa247 req-dceee369-9cb9-40c1-98db-2ff130b793ef tempest-ServerRescueNegativeTestJSON-848207812 tempest-ServerRescueNegativeTestJSON-848207812-project] Attributes excluded by policy engine: ['standard_attr_id', 'vlan_transparent', 'provider:network_type', 'provider:physical_network', 'provider:segmentation_id'] {{(pid=103577) _exclude_attributes_by_policy /opt/stack/neutron/neutron/pecan_wsgi/hooks/policy_enforcement.py:259}}
May 17 17:05:32.641288 dv-cinder-842149-1-smb neutron-server[103579]: DEBUG neutron.db.provisioning_blocks [None req-a738274e-8071-45b7-9abf-86ebb57cbe88 None None] Provisioning complete for port 33d38cc2-d256-4e68-8df7-31160f8f7c97 triggered by entity L2. {{(pid=103579) provisioning_complete /opt/stack/neutron/neutron/db/provisioning_blocks.py:145}}
May 17 17:05:32.643637 dv-cinder-842149-1-smb neutron-server[103577]: INFO neutron.wsgi [req-fe7e2151-71d9-4881-b04f-20b4366aa247 req-dceee369-9cb9-40c1-98db-2ff130b793ef tempest-ServerRescueNegativeTestJSON-848207812 tempest-ServerRescueNegativeTestJSON-848207812-project] 10.222.0.25 "GET /v2.0/networks?id=df9da511-b80f-4eed-9c64-1944c33e857d HTTP/1.1" status: 200 len: 818 time: 0.4335799
May 17 17:05:32.651561 dv-cinder-842149-1-smb neutron-server[103579]: DEBUG neutron_lib.callbacks.manager [None req-a738274e-8071-45b7-9abf-86ebb57cbe88 None None] Publish callbacks ['neutron.plugins.ml2.plugin.Ml2Plugin._port_provisioned-1920987'] for port (33d38cc2-d256-4e68-8df7-31160f8f7c97), provisioning_complete {{(pid=103579) _notify_loop /usr/local/lib/python3.8/dist-packages/neutron_lib/callbacks/manager.py:176}}
May 17 17:05:32.657841 dv-cinder-842149-1-smb neutron-server[103579]: DEBUG neutron.db.provisioning_blocks [None req-36909992-746e-4e8c-86d2-5452343f22e6 None None] Provisioning complete for port b576b3ae-22e6-4284-ad71-bd9b55786f82 triggered by entity L2. {{(pid=103579) provisioning_complete /opt/stack/neutron/neutron/db/provisioning_blocks.py:145}}
May 17 17:05:32.659412 dv-cinder-842149-1-smb neutron-server[103579]: DEBUG neutron_lib.callbacks.manager [None req-36909992-746e-4e8c-86d2-5452343f22e6 None None] Publish callbacks ['neutron.plugins.ml2.plugin.Ml2Plugin._port_provisioned-1920987'] for port (b576b3ae-22e6-4284-ad71-bd9b55786f82), provisioning_complete {{(pid=103579) _notify_loop /usr/local/lib/python3.8/dist-packages/neutron_lib/callbacks/manager.py:176}}
May 17 17:05:32.677650 dv-cinder-842149-1-smb neutron-server[103577]: INFO neutron.wsgi [req-fe7e2151-71d9-4881-b04f-20b4366aa247 req-ff83e143-9413-442b-afe5-f322e26cd26e tempest-ServerRescueNegativeTestJSON-848207812 tempest-ServerRescueNegativeTestJSON-848207812-project] 10.222.0.25 "GET /v2.0/quotas/d2f56051041647a0bee3eaea09678899 HTTP/1.1" status: 200 len: 375 time: 0.0279844
May 17 17:05:32.795774 dv-cinder-842149-1-smb neutron-server[103577]: INFO neutron.wsgi [req-22567bc0-3d2b-4513-9b9e-4ca46fd1bc01 req-613a2751-d25c-470c-a30a-6c812e8c18f1 tempest-AttachVolumeShelveTestJSON-1272415426 tempest-AttachVolumeShelveTestJSON-1272415426-project] 10.222.0.25 "GET /v2.0/ports?device_id=d0e376e7-0a3b-459d-8f72-981d58766e18 HTTP/1.1" status: 200 len: 210 time: 0.0653305
May 17 17:05:32.907300 dv-cinder-842149-1-smb neutron-server[103577]: INFO neutron.wsgi [req-fe7e2151-71d9-4881-b04f-20b4366aa247 req-3697aff6-1c11-4976-83b5-1f54a1432bda tempest-ServerRescueNegativeTestJSON-848207812 tempest-ServerRescueNegativeTestJSON-848207812-project] 10.222.0.25 "GET /v2.0/ports?tenant_id=d2f56051041647a0bee3eaea09678899&fields=id HTTP/1.1" status: 200 len: 302 time: 0.2286413
May 17 17:05:33.040484 dv-cinder-842149-1-smb neutron-server[103578]: DEBUG neutron.pecan_wsgi.hooks.policy_enforcement [req-135548c6-4acd-465d-844c-489bbe8b1e2e req-2b17c4e5-6b94-44bf-928b-7a5ff900547a tempest-ServerRescueNegativeTestJSON-848207812 tempest-ServerRescueNegativeTestJSON-848207812-project] Attributes excluded by policy engine: ['standard_attr_id', 'vlan_transparent', 'provider:network_type', 'provider:physical_network', 'provider:segmentation_id'] {{(pid=103578) _exclude_attributes_by_policy /opt/stack/neutron/neutron/pecan_wsgi/hooks/policy_enforcement.py:259}}
May 17 17:05:33.049546 dv-cinder-842149-1-smb neutron-server[103578]: INFO neutron.wsgi [req-135548c6-4acd-465d-844c-489bbe8b1e2e req-2b17c4e5-6b94-44bf-928b-7a5ff900547a tempest-ServerRescueNegativeTestJSON-848207812 tempest-ServerRescueNegativeTestJSON-848207812-project] 10.222.0.85 "GET /v2.0/networks?id=df9da511-b80f-4eed-9c64-1944c33e857d HTTP/1.1" status: 200 len: 818 time: 0.3574212
May 17 17:05:33.078190 dv-cinder-842149-1-smb neutron-server[103578]: DEBUG neutron.api.v2.base [req-135548c6-4acd-465d-844c-489bbe8b1e2e req-efc809ad-6b06-4995-a63c-4340bdb81e80 tempest-ServerRescueNegativeTestJSON-848207812 tempest-ServerRescueNegativeTestJSON-848207812-project] Request body: {'port': {'device_id': 'd6b3b332-1160-4443-9b0d-07ab9da09c65', 'network_id': 'df9da511-b80f-4eed-9c64-1944c33e857d', 'admin_state_up': True, 'tenant_id': 'd2f56051041647a0bee3eaea09678899'}} {{(pid=103578) prepare_request_body /opt/stack/neutron/neutron/api/v2/base.py:730}}
May 17 17:05:33.180222 dv-cinder-842149-1-smb neutron-server[103579]: DEBUG neutron.plugins.ml2.plugin [None req-36909992-746e-4e8c-86d2-5452343f22e6 None None] Current status of the port b576b3ae-22e6-4284-ad71-bd9b55786f82 is: BUILD; New status is: ACTIVE {{(pid=103579) _update_individual_port_db_status /opt/stack/neutron/neutron/plugins/ml2/plugin.py:2296}}
May 17 17:05:33.180740 dv-cinder-842149-1-smb neutron-server[103579]: DEBUG neutron_lib.callbacks.manager [None req-36909992-746e-4e8c-86d2-5452343f22e6 None None] Publish callbacks ['neutron.plugins.ml2.plugin.SecurityGroupDbMixin._ensure_default_security_group_handler-1948235'] for port (b576b3ae-22e6-4284-ad71-bd9b55786f82), before_update {{(pid=103579) _notify_loop /usr/local/lib/python3.8/dist-packages/neutron_lib/callbacks/manager.py:176}}
May 17 17:05:33.206973 dv-cinder-842149-1-smb neutron-server[103577]: INFO neutron.wsgi [req-fe7e2151-71d9-4881-b04f-20b4366aa247 req-198b0c85-e827-4168-8664-d85150f1269f service neutron] 10.222.0.25 "GET /v2.0/networks/df9da511-b80f-4eed-9c64-1944c33e857d?fields=segments HTTP/1.1" status: 200 len: 212 time: 0.2978406
May 17 17:05:33.243404 dv-cinder-842149-1-smb neutron-server[103579]: DEBUG neutron.plugins.ml2.plugin [None req-a738274e-8071-45b7-9abf-86ebb57cbe88 None None] Current status of the port 33d38cc2-d256-4e68-8df7-31160f8f7c97 is: ACTIVE; New status is: ACTIVE {{(pid=103579) _update_individual_port_db_status /opt/stack/neutron/neutron/plugins/ml2/plugin.py:2296}}
May 17 17:05:33.271915 dv-cinder-842149-1-smb neutron-server[103579]: DEBUG neutron.notifiers.nova [-] Sending events: [{'server_uuid': '789211b7-c47a-4193-b43a-6dd0d540a094', 'name': 'network-vif-plugged', 'status': 'completed', 'tag': 'b576b3ae-22e6-4284-ad71-bd9b55786f82'}] {{(pid=103579) send_events /opt/stack/neutron/neutron/notifiers/nova.py:271}}
May 17 17:05:33.347448 dv-cinder-842149-1-smb neutron-server[103578]: DEBUG neutron.pecan_wsgi.hooks.quota_enforcement [req-135548c6-4acd-465d-844c-489bbe8b1e2e req-efc809ad-6b06-4995-a63c-4340bdb81e80 tempest-ServerRescueNegativeTestJSON-848207812 tempest-ServerRescueNegativeTestJSON-848207812-project] Made reservation on behalf of d2f56051041647a0bee3eaea09678899 for: {'port': 1} {{(pid=103578) before /opt/stack/neutron/neutron/pecan_wsgi/hooks/quota_enforcement.py:53}}
May 17 17:05:33.351256 dv-cinder-842149-1-smb neutron-server[103578]: DEBUG neutron_lib.callbacks.manager [req-135548c6-4acd-465d-844c-489bbe8b1e2e req-efc809ad-6b06-4995-a63c-4340bdb81e80 tempest-ServerRescueNegativeTestJSON-848207812 tempest-ServerRescueNegativeTestJSON-848207812-project] Publish callbacks ['neutron.plugins.ml2.plugin.SecurityGroupDbMixin._ensure_default_security_group_handler-1948235'] for port (None), before_create {{(pid=103578) _notify_loop /usr/local/lib/python3.8/dist-packages/neutron_lib/callbacks/manager.py:176}}
May 17 17:05:33.445094 dv-cinder-842149-1-smb neutron-server[103577]: DEBUG neutron.wsgi [-] (103577) accepted ('10.222.0.85', 55296) {{(pid=103577) server /usr/local/lib/python3.8/dist-packages/eventlet/wsgi.py:1004}}
May 17 17:05:33.524861 dv-cinder-842149-1-smb neutron-server[103577]: INFO neutron.wsgi [req-fe7e2151-71d9-4881-b04f-20b4366aa247 req-e8396189-e599-4e54-a862-07a70db38dad service neutron] 10.222.0.25 "GET /v2.0/networks/df9da511-b80f-4eed-9c64-1944c33e857d?fields=provider%3Aphysical_network&fields=provider%3Anetwork_type HTTP/1.1" status: 200 len: 281 time: 0.3168488
May 17 17:05:33.542647 dv-cinder-842149-1-smb neutron-server[103579]: DEBUG neutron.plugins.ml2.db [None req-36909992-746e-4e8c-86d2-5452343f22e6 None None] For port b576b3ae-22e6-4284-ad71-bd9b55786f82, host hv-cinder-84214, got binding levels [PortBindingLevel(driver='hyperv',host='hv-cinder-84214',level=0,port_id=b576b3ae-22e6-4284-ad71-bd9b55786f82,segment=NetworkSegment(b43f51d9-fc57-43e8-9d4e-31f697c564ea),segment_id=b43f51d9-fc57-43e8-9d4e-31f697c564ea)] {{(pid=103579) get_binding_level_objs /opt/stack/neutron/neutron/plugins/ml2/db.py:74}}
May 17 17:05:33.557361 dv-cinder-842149-1-smb neutron-server[103579]: DEBUG neutron_lib.callbacks.manager [None req-36909992-746e-4e8c-86d2-5452343f22e6 None None] Publish callbacks ['neutron.plugins.ml2.plugin.SecurityGroupServerNotifierRpcMixin._notify_sg_on_port_change-1948389', 'neutron.plugins.ml2.ovo_rpc._ObjectChangeHandler.handle_event-91914', 'neutron.api.rpc.agentnotifiers.dhcp_rpc_agent_api.DhcpAgentNotifyAPI._native_event_send_dhcp_notification-581965', 'neutron.db.l3_db.L3RpcNotifierMixin._notify_gateway_port_ip_changed-8761473854347', 'neutron.db.l3_dvrscheduler_db._notify_l3_agent_port_update-8761473462119', 'neutron.db.l3_hascheduler_db._notify_l3_agent_ha_port_update-8761473462137'] for port (b576b3ae-22e6-4284-ad71-bd9b55786f82), after_update {{(pid=103579) _notify_loop /usr/local/lib/python3.8/dist-packages/neutron_lib/callbacks/manager.py:176}}
May 17 17:05:33.672824 dv-cinder-842149-1-smb neutron-server[103579]: DEBUG neutron.api.rpc.handlers.resources_rpc [None req-36909992-746e-4e8c-86d2-5452343f22e6 None None] Pushing event updated for resources: {'Port': ['ID=b576b3ae-22e6-4284-ad71-bd9b55786f82,revision_number=5']} {{(pid=103579) push /opt/stack/neutron/neutron/api/rpc/handlers/resources_rpc.py:237}}
May 17 17:05:33.805543 dv-cinder-842149-1-smb neutron-server[103578]: DEBUG neutron.db.db_base_plugin_common [req-135548c6-4acd-465d-844c-489bbe8b1e2e req-efc809ad-6b06-4995-a63c-4340bdb81e80 tempest-ServerRescueNegativeTestJSON-848207812 tempest-ServerRescueNegativeTestJSON-848207812-project] Allocated IP 172.20.0.4 (df9da511-b80f-4eed-9c64-1944c33e857d/0f480307-637a-4dc9-ab8c-d24c50aeae66/aaeda275-4b4a-44e3-9d53-d8d07bc43ad2) {{(pid=103578) _store_ip_allocation /opt/stack/neutron/neutron/db/db_base_plugin_common.py:131}}
May 17 17:05:33.963977 dv-cinder-842149-1-smb neutron-server[103577]: DEBUG neutron.pecan_wsgi.hooks.policy_enforcement [req-fa56e6ba-9c0a-4014-bb2f-c7703b0d4e05 req-c9ff6760-6a53-4249-b3f0-e590db79338d tempest-DeleteServersTestJSON-233027660 tempest-DeleteServersTestJSON-233027660-project] Attributes excluded by policy engine: ['standard_attr_id', 'binding:profile', 'binding:host_id', 'binding:vif_type', 'binding:vif_details'] {{(pid=103577) _exclude_attributes_by_policy /opt/stack/neutron/neutron/pecan_wsgi/hooks/policy_enforcement.py:259}}
May 17 17:05:33.971392 dv-cinder-842149-1-smb neutron-server[103577]: INFO neutron.wsgi [req-fa56e6ba-9c0a-4014-bb2f-c7703b0d4e05 req-c9ff6760-6a53-4249-b3f0-e590db79338d tempest-DeleteServersTestJSON-233027660 tempest-DeleteServersTestJSON-233027660-project] 10.222.0.25 "GET /v2.0/ports?device_id=789211b7-c47a-4193-b43a-6dd0d540a094 HTTP/1.1" status: 200 len: 944 time: 0.4966433
May 17 17:05:33.980004 dv-cinder-842149-1-smb neutron-server[103579]: DEBUG novaclient.v2.client [-] REQ: curl -g -i --cacert "/opt/stack/data/ca-bundle.pem" -X POST http://10.222.0.25/compute/v2.1/os-server-external-events -H "Accept: application/json" -H "Content-Type: application/json" -H "User-Agent: python-novaclient" -H "X-Auth-Token: {SHA256}63698dddbef7dead52a3d1c336535b5bc0bc8a28c4d347e643d1e612d3569f4a" -H "X-OpenStack-Nova-API-Version: 2.1" -H "X-OpenStack-Request-ID: req-04c00c23-4a29-4a2c-9d9a-38a0aa2a55e1" -d '{"events": [{"server_uuid": "789211b7-c47a-4193-b43a-6dd0d540a094", "name": "network-vif-plugged", "status": "completed", "tag": "b576b3ae-22e6-4284-ad71-bd9b55786f82"}]}' {{(pid=103579) _http_log_request /usr/local/lib/python3.8/dist-packages/keystoneauth1/session.py:519}}
May 17 17:05:34.009567 dv-cinder-842149-1-smb neutron-server[103577]: INFO neutron.wsgi [req-d230865e-33bb-4e9b-beb3-c1228a2ae201 req-d23dc2bd-1891-406c-b315-0be983fe2424 tempest-AttachVolumeTestJSON-1294159769 tempest-AttachVolumeTestJSON-1294159769-project] 10.222.0.25 "GET /v2.0/ports?device_id=b2c5324e-36d3-4d36-9920-19f2ac71d473 HTTP/1.1" status: 200 len: 210 time: 0.0734937
May 17 17:05:34.106263 dv-cinder-842149-1-smb neutron-server[103577]: INFO neutron.wsgi [req-fa56e6ba-9c0a-4014-bb2f-c7703b0d4e05 req-7539845f-e23f-4e2b-a1a7-be11e9e58c8a tempest-DeleteServersTestJSON-233027660 tempest-DeleteServersTestJSON-233027660-project] 10.222.0.25 "GET /v2.0/security-groups?id=2188bc04-9be7-4f85-ab9e-38145447ef6f&fields=id&fields=name HTTP/1.1" status: 200 len: 286 time: 0.1333554
May 17 17:05:34.123455 dv-cinder-842149-1-smb neutron-server[103577]: DEBUG neutron.pecan_wsgi.hooks.policy_enforcement [req-be24feb2-6d15-4fdf-a311-a0cfd710411e req-56223e76-278e-4eed-86f8-60eb98ea4b59 tempest-AttachVolumeShelveTestJSON-1272415426 tempest-AttachVolumeShelveTestJSON-1272415426-project] Attributes excluded by policy engine: ['standard_attr_id', 'vlan_transparent', 'provider:network_type', 'provider:physical_network', 'provider:segmentation_id'] {{(pid=103577) _exclude_attributes_by_policy /opt/stack/neutron/neutron/pecan_wsgi/hooks/policy_enforcement.py:259}}
May 17 17:05:34.128015 dv-cinder-842149-1-smb neutron-server[103577]: INFO neutron.wsgi [req-be24feb2-6d15-4fdf-a311-a0cfd710411e req-56223e76-278e-4eed-86f8-60eb98ea4b59 tempest-AttachVolumeShelveTestJSON-1272415426 tempest-AttachVolumeShelveTestJSON-1272415426-project] 10.222.0.85 "GET /v2.0/networks?id=4ea06ea5-4b05-44cb-a955-94690aa93c65 HTTP/1.1" status: 200 len: 816 time: 0.6689527
May 17 17:05:34.241544 dv-cinder-842149-1-smb neutron-server[103577]: INFO neutron.wsgi [req-94196912-0a33-444b-9c11-73b65fbe4673 req-ef78668a-e778-4689-9048-dfb5dfe87c9d tempest-ServerRescueNegativeTestJSON-848207812 tempest-ServerRescueNegativeTestJSON-848207812-project] 10.222.0.25 "GET /v2.0/ports?device_id=4b5ae0d0-cc63-4462-a111-69937b35bd6f HTTP/1.1" status: 200 len: 210 time: 0.1019835
May 17 17:05:34.255969 dv-cinder-842149-1-smb neutron-server[103578]: DEBUG neutron_lib.callbacks.manager [req-135548c6-4acd-465d-844c-489bbe8b1e2e req-efc809ad-6b06-4995-a63c-4340bdb81e80 tempest-ServerRescueNegativeTestJSON-848207812 tempest-ServerRescueNegativeTestJSON-848207812-project] Publish callbacks [] for port (aaeda275-4b4a-44e3-9d53-d8d07bc43ad2), precommit_create {{(pid=103578) _notify_loop /usr/local/lib/python3.8/dist-packages/neutron_lib/callbacks/manager.py:176}}
May 17 17:05:34.309762 dv-cinder-842149-1-smb neutron-server[103577]: INFO neutron.wsgi [req-d15558de-2e28-4616-be83-012c60e9f750 req-245e98e7-5f3d-4634-9235-074bc907923b tempest-AttachVolumeShelveTestJSON-1272415426 tempest-AttachVolumeShelveTestJSON-1272415426-project] 10.222.0.25 "GET /v2.0/ports?device_id=d0e376e7-0a3b-459d-8f72-981d58766e18 HTTP/1.1" status: 200 len: 210 time: 0.0621936
May 17 17:05:34.345888 dv-cinder-842149-1-smb neutron-server[103578]: DEBUG neutron_lib.callbacks.manager [req-135548c6-4acd-465d-844c-489bbe8b1e2e req-efc809ad-6b06-4995-a63c-4340bdb81e80 tempest-ServerRescueNegativeTestJSON-848207812 tempest-ServerRescueNegativeTestJSON-848207812-project] Publish callbacks ['neutron.plugins.ml2.plugin.SecurityGroupServerNotifierRpcMixin._notify_sg_on_port_change-1948389', 'neutron.plugins.ml2.ovo_rpc._ObjectChangeHandler.handle_event-91914', 'neutron.api.rpc.agentnotifiers.dhcp_rpc_agent_api.DhcpAgentNotifyAPI._native_event_send_dhcp_notification-581965', 'neutron.db.l3_dvrscheduler_db._notify_l3_agent_new_port-8761473462101'] for port (aaeda275-4b4a-44e3-9d53-d8d07bc43ad2), after_create {{(pid=103578) _notify_loop /usr/local/lib/python3.8/dist-packages/neutron_lib/callbacks/manager.py:176}}
May 17 17:05:34.366573 dv-cinder-842149-1-smb neutron-server[103578]: DEBUG neutron.wsgi [-] (103578) accepted ('10.222.0.85', 55300) {{(pid=103578) server /usr/local/lib/python3.8/dist-packages/eventlet/wsgi.py:1004}}
May 17 17:05:34.472670 dv-cinder-842149-1-smb neutron-server[103577]: INFO neutron.wsgi [req-be24feb2-6d15-4fdf-a311-a0cfd710411e req-ad78c58d-d4a8-4478-b347-087964ea1999 tempest-AttachVolumeShelveTestJSON-1272415426 tempest-AttachVolumeShelveTestJSON-1272415426-project] 10.222.0.85 "GET /v2.0/security-groups?fields=id&fields=name&tenant_id=0916a22b975547b598e70e9ec1a3a372 HTTP/1.1" status: 200 len: 379 time: 0.3208075
May 17 17:05:34.485454 dv-cinder-842149-1-smb neutron-server[103577]: DEBUG neutron.api.v2.base [req-be24feb2-6d15-4fdf-a311-a0cfd710411e req-4fe281c6-7053-42a5-b7f7-adf378a2f23a tempest-AttachVolumeShelveTestJSON-1272415426 tempest-AttachVolumeShelveTestJSON-1272415426-project] Request body: {'port': {'device_id': 'd0e376e7-0a3b-459d-8f72-981d58766e18', 'network_id': '4ea06ea5-4b05-44cb-a955-94690aa93c65', 'admin_state_up': True, 'tenant_id': '0916a22b975547b598e70e9ec1a3a372', 'security_groups': ['95f10b16-b2ca-4ae8-88b2-a1caf5c99b48']}} {{(pid=103577) prepare_request_body /opt/stack/neutron/neutron/api/v2/base.py:730}}
May 17 17:05:34.505592 dv-cinder-842149-1-smb neutron-server[103578]: DEBUG neutron.scheduler.dhcp_agent_scheduler [req-135548c6-4acd-465d-844c-489bbe8b1e2e req-efc809ad-6b06-4995-a63c-4340bdb81e80 tempest-ServerRescueNegativeTestJSON-848207812 tempest-ServerRescueNegativeTestJSON-848207812-project] Network df9da511-b80f-4eed-9c64-1944c33e857d is already hosted by enough agents. {{(pid=103578) _get_dhcp_agents_hosting_network /opt/stack/neutron/neutron/scheduler/dhcp_agent_scheduler.py:275}}
May 17 17:05:34.549545 dv-cinder-842149-1-smb neutron-server[103578]: DEBUG neutron.scheduler.base_scheduler [req-135548c6-4acd-465d-844c-489bbe8b1e2e req-efc809ad-6b06-4995-a63c-4340bdb81e80 tempest-ServerRescueNegativeTestJSON-848207812 tempest-ServerRescueNegativeTestJSON-848207812-project] Resources bound (agent type, host, resource id): {{(pid=103578) schedule /opt/stack/neutron/neutron/scheduler/base_scheduler.py:57}}
May 17 17:05:34.586538 dv-cinder-842149-1-smb neutron-server[103578]: DEBUG neutron.db.l3_dvrscheduler_db [req-135548c6-4acd-465d-844c-489bbe8b1e2e req-efc809ad-6b06-4995-a63c-4340bdb81e80 tempest-ServerRescueNegativeTestJSON-848207812 tempest-ServerRescueNegativeTestJSON-848207812-project] Received port after_create {{(pid=103578) _notify_l3_agent_new_port /opt/stack/neutron/neutron/db/l3_dvrscheduler_db.py:536}}
May 17 17:05:34.601186 dv-cinder-842149-1-smb neutron-server[103578]: DEBUG neutron.pecan_wsgi.hooks.policy_enforcement [req-135548c6-4acd-465d-844c-489bbe8b1e2e req-efc809ad-6b06-4995-a63c-4340bdb81e80 tempest-ServerRescueNegativeTestJSON-848207812 tempest-ServerRescueNegativeTestJSON-848207812-project] Attributes excluded by policy engine: ['standard_attr_id', 'binding:profile', 'binding:host_id', 'binding:vif_type', 'binding:vif_details', 'network'] {{(pid=103578) _exclude_attributes_by_policy /opt/stack/neutron/neutron/pecan_wsgi/hooks/policy_enforcement.py:259}}
May 17 17:05:34.601977 dv-cinder-842149-1-smb neutron-server[103578]: DEBUG neutron_lib.callbacks.manager [req-135548c6-4acd-465d-844c-489bbe8b1e2e req-efc809ad-6b06-4995-a63c-4340bdb81e80 tempest-ServerRescueNegativeTestJSON-848207812 tempest-ServerRescueNegativeTestJSON-848207812-project] Publish callbacks ['neutron.notifiers.nova.Notifier._send_nova_notification-873663', 'neutron.api.rpc.agentnotifiers.dhcp_rpc_agent_api.DhcpAgentNotifyAPI._send_dhcp_notification-581987'] for port (None), before_response {{(pid=103578) _notify_loop /usr/local/lib/python3.8/dist-packages/neutron_lib/callbacks/manager.py:176}}
May 17 17:05:34.607257 dv-cinder-842149-1-smb neutron-server[103579]: DEBUG novaclient.v2.client [-] RESP: [200] Connection: close Content-Length: 183 Content-Type: application/json Date: Tue, 17 May 2022 17:05:33 GMT OpenStack-API-Version: compute 2.1 Server: Apache/2.4.41 (Ubuntu) Vary: OpenStack-API-Version,X-OpenStack-Nova-API-Version X-OpenStack-Nova-API-Version: 2.1 x-compute-request-id: req-5a5d23cd-6038-4d4c-916c-806a5d53a38a x-openstack-request-id: req-5a5d23cd-6038-4d4c-916c-806a5d53a38a {{(pid=103579) _http_log_response /usr/local/lib/python3.8/dist-packages/keystoneauth1/session.py:550}}
May 17 17:05:34.607807 dv-cinder-842149-1-smb neutron-server[103579]: DEBUG novaclient.v2.client [-] RESP BODY: {"events": [{"server_uuid": "789211b7-c47a-4193-b43a-6dd0d540a094", "name": "network-vif-plugged", "status": "completed", "tag": "b576b3ae-22e6-4284-ad71-bd9b55786f82", "code": 200}]} {{(pid=103579) _http_log_response /usr/local/lib/python3.8/dist-packages/keystoneauth1/session.py:582}}
May 17 17:05:34.608073 dv-cinder-842149-1-smb neutron-server[103579]: DEBUG novaclient.v2.client [-] POST call to compute for http://10.222.0.25/compute/v2.1/os-server-external-events used request id req-5a5d23cd-6038-4d4c-916c-806a5d53a38a {{(pid=103579) request /usr/local/lib/python3.8/dist-packages/keystoneauth1/session.py:954}}
May 17 17:05:34.608571 dv-cinder-842149-1-smb neutron-server[103579]: INFO neutron.notifiers.nova [-] Nova event matching ['req-5a5d23cd-6038-4d4c-916c-806a5d53a38a'] response: {'server_uuid': '789211b7-c47a-4193-b43a-6dd0d540a094', 'name': 'network-vif-plugged', 'status': 'completed', 'tag': 'b576b3ae-22e6-4284-ad71-bd9b55786f82', 'code': 200}
May 17 17:05:34.636835 dv-cinder-842149-1-smb neutron-server[103578]: DEBUG neutron.api.rpc.handlers.resources_rpc [None req-efc809ad-6b06-4995-a63c-4340bdb81e80 tempest-ServerRescueNegativeTestJSON-848207812 tempest-ServerRescueNegativeTestJSON-848207812-project] Pushing event updated for resources: {'Port': ['ID=aaeda275-4b4a-44e3-9d53-d8d07bc43ad2,revision_number=1']} {{(pid=103578) push /opt/stack/neutron/neutron/api/rpc/handlers/resources_rpc.py:237}}
May 17 17:05:34.753031 dv-cinder-842149-1-smb neutron-server[103578]: INFO neutron.wsgi [req-135548c6-4acd-465d-844c-489bbe8b1e2e req-efc809ad-6b06-4995-a63c-4340bdb81e80 tempest-ServerRescueNegativeTestJSON-848207812 tempest-ServerRescueNegativeTestJSON-848207812-project] 10.222.0.85 "POST /v2.0/ports HTTP/1.1" status: 201 len: 933 time: 1.6961391
May 17 17:05:34.792557 dv-cinder-842149-1-smb neutron-server[103578]: DEBUG neutron.api.v2.base [req-135548c6-4acd-465d-844c-489bbe8b1e2e req-2b03f921-0309-4123-af0c-65606a1ac76b service neutron] Request body: {'port': {'device_id': 'd6b3b332-1160-4443-9b0d-07ab9da09c65', 'device_owner': 'compute:nova', 'binding:host_id': 'hv-cinder-84214'}} {{(pid=103578) prepare_request_body /opt/stack/neutron/neutron/api/v2/base.py:730}}
May 17 17:05:34.839711 dv-cinder-842149-1-smb neutron-server[103577]: DEBUG neutron.pecan_wsgi.hooks.quota_enforcement [req-be24feb2-6d15-4fdf-a311-a0cfd710411e req-4fe281c6-7053-42a5-b7f7-adf378a2f23a tempest-AttachVolumeShelveTestJSON-1272415426 tempest-AttachVolumeShelveTestJSON-1272415426-project] Made reservation on behalf of 0916a22b975547b598e70e9ec1a3a372 for: {'port': 1} {{(pid=103577) before /opt/stack/neutron/neutron/pecan_wsgi/hooks/quota_enforcement.py:53}}
May 17 17:05:34.844640 dv-cinder-842149-1-smb neutron-server[103577]: DEBUG neutron_lib.callbacks.manager [req-be24feb2-6d15-4fdf-a311-a0cfd710411e req-4fe281c6-7053-42a5-b7f7-adf378a2f23a tempest-AttachVolumeShelveTestJSON-1272415426 tempest-AttachVolumeShelveTestJSON-1272415426-project] Publish callbacks ['neutron.plugins.ml2.plugin.SecurityGroupDbMixin._ensure_default_security_group_handler-1948235'] for port (None), before_create {{(pid=103577) _notify_loop /usr/local/lib/python3.8/dist-packages/neutron_lib/callbacks/manager.py:176}}
May 17 17:05:34.888931 dv-cinder-842149-1-smb neutron-server[103578]: DEBUG neutron.pecan_wsgi.hooks.policy_enforcement [req-75fea9a4-7c74-4600-989d-91f8faec5c66 req-4c21c3d5-d77b-4000-8196-fe97ff9221c7 tempest-AttachVolumeTestJSON-1294159769 tempest-AttachVolumeTestJSON-1294159769-project] Attributes excluded by policy engine: ['standard_attr_id', 'vlan_transparent', 'provider:network_type', 'provider:physical_network', 'provider:segmentation_id'] {{(pid=103578) _exclude_attributes_by_policy /opt/stack/neutron/neutron/pecan_wsgi/hooks/policy_enforcement.py:259}}
