May 17 17:05:40.218849 dv-cinder-842149-1-smb neutron-server[103578]: INFO neutron.wsgi [req-eda499f1-7ca0-4d23-ad8d-e7e35dca72c5 req-cd866192-4bdd-44b5-b8df-1072d54c7db5 service neutron] 10.222.0.85 "GET /v2.0/networks?id=df9da511-b80f-4eed-9c64-1944c33e857d HTTP/1.1" status: 200 len: 919 time: 0.3324659
May 17 17:05:40.232927 dv-cinder-842149-1-smb neutron-server[103577]: DEBUG neutron.pecan_wsgi.hooks.policy_enforcement [req-2e512abd-b187-4ed1-8210-1f5b2f4cfb10 req-76769b80-07ed-478e-a649-eebec5190013 tempest-AttachVolumeShelveTestJSON-1272415426 tempest-AttachVolumeShelveTestJSON-1272415426-project] Attributes excluded by policy engine: ['standard_attr_id', 'binding:profile', 'binding:host_id', 'binding:vif_type', 'binding:vif_details'] {{(pid=103577) _exclude_attributes_by_policy /opt/stack/neutron/neutron/pecan_wsgi/hooks/policy_enforcement.py:259}}
May 17 17:05:40.234041 dv-cinder-842149-1-smb neutron-server[103577]: INFO neutron.wsgi [req-2e512abd-b187-4ed1-8210-1f5b2f4cfb10 req-76769b80-07ed-478e-a649-eebec5190013 tempest-AttachVolumeShelveTestJSON-1272415426 tempest-AttachVolumeShelveTestJSON-1272415426-project] 10.222.0.25 "GET /v2.0/ports?device_id=d0e376e7-0a3b-459d-8f72-981d58766e18 HTTP/1.1" status: 200 len: 943 time: 0.1846104
May 17 17:05:40.238776 dv-cinder-842149-1-smb neutron-server[103577]: INFO neutron.wsgi [None req-d41ccf67-3510-446c-991a-acc5897428d4 admin admin] 10.222.0.25 "GET /v2.0/security-groups?tenant_id=57542f481e534e8a9f34ffc81f752fea&name=default HTTP/1.1" status: 200 len: 2996 time: 1.1960852
May 17 17:05:40.240175 dv-cinder-842149-1-smb neutron-server[103577]: DEBUG neutron.api.rpc.handlers.resources_rpc [None req-d41ccf67-3510-446c-991a-acc5897428d4 admin admin] Pushing event updated for resources: {'SecurityGroup': ['ID=e7da867c-1ccd-4fce-bbe0-9662535e56b5,revision_number=1']} {{(pid=103577) push /opt/stack/neutron/neutron/api/rpc/handlers/resources_rpc.py:237}}
May 17 17:05:40.247675 dv-cinder-842149-1-smb neutron-server[103578]: DEBUG neutron.wsgi [-] (103578) accepted ('10.222.0.25', 36658) {{(pid=103578) server /usr/local/lib/python3.8/dist-packages/eventlet/wsgi.py:1004}}
May 17 17:05:40.301379 dv-cinder-842149-1-smb neutron-server[103577]: DEBUG neutron_lib.callbacks.manager [None req-5aee53d6-1d48-48c5-b89b-e173dc54b926 admin admin] Publish callbacks [] for security_group (056592fa-8236-47d6-a306-80c39e7a442c), before_delete {{(pid=103577) _notify_loop /usr/local/lib/python3.8/dist-packages/neutron_lib/callbacks/manager.py:176}}
May 17 17:05:40.369057 dv-cinder-842149-1-smb neutron-server[103577]: DEBUG neutron_lib.callbacks.manager [None req-5aee53d6-1d48-48c5-b89b-e173dc54b926 admin admin] Publish callbacks [] for security_group (056592fa-8236-47d6-a306-80c39e7a442c), precommit_delete {{(pid=103577) _notify_loop /usr/local/lib/python3.8/dist-packages/neutron_lib/callbacks/manager.py:176}}
May 17 17:05:40.406133 dv-cinder-842149-1-smb neutron-server[103577]: INFO neutron.wsgi [req-2e512abd-b187-4ed1-8210-1f5b2f4cfb10 req-c4c46655-f18d-4d5d-ae53-630df20c4a5f tempest-AttachVolumeShelveTestJSON-1272415426 tempest-AttachVolumeShelveTestJSON-1272415426-project] 10.222.0.25 "GET /v2.0/security-groups?id=95f10b16-b2ca-4ae8-88b2-a1caf5c99b48&fields=id&fields=name HTTP/1.1" status: 200 len: 312 time: 0.1432815
May 17 17:05:40.423743 dv-cinder-842149-1-smb neutron-server[103577]: INFO neutron.wsgi [req-be24feb2-6d15-4fdf-a311-a0cfd710411e req-f35c6142-b036-4b3d-92d4-65c69ad1a687 service neutron] 10.222.0.85 "GET /v2.0/networks/4ea06ea5-4b05-44cb-a955-94690aa93c65?fields=provider%3Aphysical_network&fields=provider%3Anetwork_type HTTP/1.1" status: 200 len: 281 time: 0.2111402
May 17 17:05:40.453321 dv-cinder-842149-1-smb neutron-server[103577]: DEBUG neutron_lib.callbacks.manager [None req-5aee53d6-1d48-48c5-b89b-e173dc54b926 admin admin] Publish callbacks ['neutron.plugins.ml2.ovo_rpc._ObjectChangeHandler.handle_event-587126'] for security_group (056592fa-8236-47d6-a306-80c39e7a442c), after_delete {{(pid=103577) _notify_loop /usr/local/lib/python3.8/dist-packages/neutron_lib/callbacks/manager.py:176}}
May 17 17:05:40.456191 dv-cinder-842149-1-smb neutron-server[103577]: DEBUG neutron_lib.callbacks.manager [None req-5aee53d6-1d48-48c5-b89b-e173dc54b926 admin admin] Publish callbacks [] for security_group (None), before_response {{(pid=103577) _notify_loop /usr/local/lib/python3.8/dist-packages/neutron_lib/callbacks/manager.py:176}}
May 17 17:05:40.460257 dv-cinder-842149-1-smb neutron-server[103577]: INFO neutron.wsgi [None req-5aee53d6-1d48-48c5-b89b-e173dc54b926 admin admin] 10.222.0.25 "DELETE /v2.0/security-groups/056592fa-8236-47d6-a306-80c39e7a442c HTTP/1.1" status: 204 len: 168 time: 0.4256933
May 17 17:05:40.467920 dv-cinder-842149-1-smb neutron-server[103577]: DEBUG neutron.api.rpc.handlers.resources_rpc [None req-5aee53d6-1d48-48c5-b89b-e173dc54b926 admin admin] Pushing event deleted for resources: {'SecurityGroup': ['ID=056592fa-8236-47d6-a306-80c39e7a442c,revision_number=None']} {{(pid=103577) push /opt/stack/neutron/neutron/api/rpc/handlers/resources_rpc.py:237}}
May 17 17:05:40.506846 dv-cinder-842149-1-smb neutron-server[103578]: INFO neutron.wsgi [req-eda499f1-7ca0-4d23-ad8d-e7e35dca72c5 req-13c70c35-9bc6-4e98-b197-3ec96c7076cc service neutron] 10.222.0.85 "GET /v2.0/floatingips?fixed_ip_address=172.20.0.4&port_id=aaeda275-4b4a-44e3-9d53-d8d07bc43ad2 HTTP/1.1" status: 200 len: 217 time: 0.2615583
May 17 17:05:40.522691 dv-cinder-842149-1-smb neutron-server[103578]: DEBUG neutron.pecan_wsgi.hooks.policy_enforcement [req-67b485f0-4784-46bd-b8b5-a736ea90a270 req-d8868872-d4f7-4994-8968-ab799715ea8e service neutron] Attributes excluded by policy engine: ['standard_attr_id', 'vlan_transparent'] {{(pid=103578) _exclude_attributes_by_policy /opt/stack/neutron/neutron/pecan_wsgi/hooks/policy_enforcement.py:259}}
May 17 17:05:40.524151 dv-cinder-842149-1-smb neutron-server[103578]: INFO neutron.wsgi [req-67b485f0-4784-46bd-b8b5-a736ea90a270 req-d8868872-d4f7-4994-8968-ab799715ea8e service neutron] 10.222.0.85 "GET /v2.0/networks?tenant_id=c5c55e6402b341cb918ae708bed7fd4e&shared=False HTTP/1.1" status: 200 len: 911 time: 0.5531054
May 17 17:05:40.633982 dv-cinder-842149-1-smb neutron-server[103578]: DEBUG neutron_lib.callbacks.manager [None req-2742f1d9-fb25-4810-8bff-97b6fa9b351a admin admin] Publish callbacks [] for security_group (e7da867c-1ccd-4fce-bbe0-9662535e56b5), before_delete {{(pid=103578) _notify_loop /usr/local/lib/python3.8/dist-packages/neutron_lib/callbacks/manager.py:176}}
May 17 17:05:40.708999 dv-cinder-842149-1-smb neutron-server[103578]: DEBUG neutron_lib.callbacks.manager [None req-2742f1d9-fb25-4810-8bff-97b6fa9b351a admin admin] Publish callbacks [] for security_group (e7da867c-1ccd-4fce-bbe0-9662535e56b5), precommit_delete {{(pid=103578) _notify_loop /usr/local/lib/python3.8/dist-packages/neutron_lib/callbacks/manager.py:176}}
May 17 17:05:40.709289 dv-cinder-842149-1-smb neutron-server[103577]: DEBUG neutron.pecan_wsgi.hooks.policy_enforcement [req-40ae5254-54b0-4925-8765-75a07c879cde req-f720fd1b-508d-444e-a244-b01eb15ecfd9 tempest-ServerRescueNegativeTestJSON-848207812 tempest-ServerRescueNegativeTestJSON-848207812-project] Attributes excluded by policy engine: ['standard_attr_id', 'binding:profile', 'binding:host_id', 'binding:vif_type', 'binding:vif_details'] {{(pid=103577) _exclude_attributes_by_policy /opt/stack/neutron/neutron/pecan_wsgi/hooks/policy_enforcement.py:259}}
May 17 17:05:40.711120 dv-cinder-842149-1-smb neutron-server[103577]: INFO neutron.wsgi [req-40ae5254-54b0-4925-8765-75a07c879cde req-f720fd1b-508d-444e-a244-b01eb15ecfd9 tempest-ServerRescueNegativeTestJSON-848207812 tempest-ServerRescueNegativeTestJSON-848207812-project] 10.222.0.25 "GET /v2.0/ports?device_id=4b5ae0d0-cc63-4462-a111-69937b35bd6f HTTP/1.1" status: 200 len: 931 time: 0.0619516
May 17 17:05:40.771666 dv-cinder-842149-1-smb neutron-server[103577]: INFO neutron.wsgi [req-40ae5254-54b0-4925-8765-75a07c879cde req-692486d6-6f3b-44c9-aec5-bf8958598a2f tempest-ServerRescueNegativeTestJSON-848207812 tempest-ServerRescueNegativeTestJSON-848207812-project] 10.222.0.25 "GET /v2.0/security-groups?id=85651caa-1f29-4098-bf6e-8c223e0a5fb0&fields=id&fields=name HTTP/1.1" status: 200 len: 286 time: 0.0535460
May 17 17:05:40.779520 dv-cinder-842149-1-smb neutron-server[103577]: DEBUG neutron.wsgi [-] (103577) accepted ('10.222.0.25', 36670) {{(pid=103577) server /usr/local/lib/python3.8/dist-packages/eventlet/wsgi.py:1004}}
May 17 17:05:40.804349 dv-cinder-842149-1-smb neutron-server[103577]: DEBUG neutron_lib.callbacks.manager [None req-e1889ee5-fc39-4d8c-b65b-a0ea324fff70 admin admin] Publish callbacks [] for security_group (None), before_create {{(pid=103577) _notify_loop /usr/local/lib/python3.8/dist-packages/neutron_lib/callbacks/manager.py:176}}
May 17 17:05:40.837081 dv-cinder-842149-1-smb neutron-server[103578]: DEBUG neutron.notifiers.nova [req-fe7e2151-71d9-4881-b04f-20b4366aa247 req-8f7bb7b7-3d8d-4e17-944b-9f26d21f3e69 service neutron] Ignoring state change previous_port_status: DOWN current_port_status: DOWN port_id 67dae913-7686-4917-add1-5f1a161e2ad9 {{(pid=103578) record_port_status_changed /opt/stack/neutron/neutron/notifiers/nova.py:233}}
May 17 17:05:40.843871 dv-cinder-842149-1-smb neutron-server[103578]: DEBUG neutron_lib.callbacks.manager [None req-2742f1d9-fb25-4810-8bff-97b6fa9b351a admin admin] Publish callbacks ['neutron.plugins.ml2.ovo_rpc._ObjectChangeHandler.handle_event-587126'] for security_group (e7da867c-1ccd-4fce-bbe0-9662535e56b5), after_delete {{(pid=103578) _notify_loop /usr/local/lib/python3.8/dist-packages/neutron_lib/callbacks/manager.py:176}}
May 17 17:05:40.846457 dv-cinder-842149-1-smb neutron-server[103578]: DEBUG neutron_lib.callbacks.manager [None req-2742f1d9-fb25-4810-8bff-97b6fa9b351a admin admin] Publish callbacks [] for security_group (None), before_response {{(pid=103578) _notify_loop /usr/local/lib/python3.8/dist-packages/neutron_lib/callbacks/manager.py:176}}
May 17 17:05:40.851223 dv-cinder-842149-1-smb neutron-server[103578]: INFO neutron.wsgi [None req-2742f1d9-fb25-4810-8bff-97b6fa9b351a admin admin] 10.222.0.25 "DELETE /v2.0/security-groups/e7da867c-1ccd-4fce-bbe0-9662535e56b5 HTTP/1.1" status: 204 len: 168 time: 0.5990450
May 17 17:05:40.851223 dv-cinder-842149-1-smb neutron-server[103578]: DEBUG neutron_lib.callbacks.manager [req-fe7e2151-71d9-4881-b04f-20b4366aa247 req-8f7bb7b7-3d8d-4e17-944b-9f26d21f3e69 service neutron] Publish callbacks [] for port (67dae913-7686-4917-add1-5f1a161e2ad9), precommit_update {{(pid=103578) _notify_loop /usr/local/lib/python3.8/dist-packages/neutron_lib/callbacks/manager.py:176}}
May 17 17:05:40.883553 dv-cinder-842149-1-smb neutron-server[103578]: DEBUG neutron.api.rpc.handlers.resources_rpc [None req-2742f1d9-fb25-4810-8bff-97b6fa9b351a admin admin] Pushing event deleted for resources: {'SecurityGroup': ['ID=e7da867c-1ccd-4fce-bbe0-9662535e56b5,revision_number=None']} {{(pid=103578) push /opt/stack/neutron/neutron/api/rpc/handlers/resources_rpc.py:237}}
May 17 17:05:40.905693 dv-cinder-842149-1-smb neutron-server[103578]: DEBUG neutron.db.provisioning_blocks [req-fe7e2151-71d9-4881-b04f-20b4366aa247 req-8f7bb7b7-3d8d-4e17-944b-9f26d21f3e69 service neutron] Transition to ACTIVE for port object 67dae913-7686-4917-add1-5f1a161e2ad9 will not be triggered until provisioned by entity L2. {{(pid=103578) add_provisioning_component /opt/stack/neutron/neutron/db/provisioning_blocks.py:75}}
May 17 17:05:40.910278 dv-cinder-842149-1-smb neutron-server[103578]: DEBUG neutron_lib.callbacks.manager [req-fe7e2151-71d9-4881-b04f-20b4366aa247 req-8f7bb7b7-3d8d-4e17-944b-9f26d21f3e69 service neutron] Publish callbacks ['neutron.plugins.ml2.plugin.SecurityGroupServerNotifierRpcMixin._notify_sg_on_port_change-1948389', 'neutron.plugins.ml2.ovo_rpc._ObjectChangeHandler.handle_event-91914', 'neutron.api.rpc.agentnotifiers.dhcp_rpc_agent_api.DhcpAgentNotifyAPI._native_event_send_dhcp_notification-581965', 'neutron.db.l3_db.L3RpcNotifierMixin._notify_gateway_port_ip_changed-8761473854347', 'neutron.db.l3_dvrscheduler_db._notify_l3_agent_port_update-8761473462119', 'neutron.db.l3_hascheduler_db._notify_l3_agent_ha_port_update-8761473462137'] for port (67dae913-7686-4917-add1-5f1a161e2ad9), after_update {{(pid=103578) _notify_loop /usr/local/lib/python3.8/dist-packages/neutron_lib/callbacks/manager.py:176}}
May 17 17:05:40.924426 dv-cinder-842149-1-smb neutron-server[103577]: DEBUG neutron_lib.callbacks.manager [None req-e1889ee5-fc39-4d8c-b65b-a0ea324fff70 admin admin] Publish callbacks [] for security_group (594d5c1e-53be-45e5-9081-811d43d7f1cb), precommit_create {{(pid=103577) _notify_loop /usr/local/lib/python3.8/dist-packages/neutron_lib/callbacks/manager.py:176}}
May 17 17:05:40.935111 dv-cinder-842149-1-smb neutron-server[103577]: DEBUG neutron_lib.callbacks.manager [None req-e1889ee5-fc39-4d8c-b65b-a0ea324fff70 admin admin] Publish callbacks ['neutron.plugins.ml2.ovo_rpc._ObjectChangeHandler.handle_event-587126'] for security_group (594d5c1e-53be-45e5-9081-811d43d7f1cb), after_create {{(pid=103577) _notify_loop /usr/local/lib/python3.8/dist-packages/neutron_lib/callbacks/manager.py:176}}
May 17 17:05:40.981955 dv-cinder-842149-1-smb neutron-server[103578]: DEBUG neutron.api.rpc.handlers.resources_rpc [None req-8f7bb7b7-3d8d-4e17-944b-9f26d21f3e69 service neutron] Pushing event updated for resources: {'Port': ['ID=67dae913-7686-4917-add1-5f1a161e2ad9,revision_number=2']} {{(pid=103578) push /opt/stack/neutron/neutron/api/rpc/handlers/resources_rpc.py:237}}
May 17 17:05:40.983971 dv-cinder-842149-1-smb neutron-server[103577]: INFO neutron.wsgi [None req-e1889ee5-fc39-4d8c-b65b-a0ea324fff70 admin admin] 10.222.0.25 "GET /v2.0/security-groups?tenant_id=d36b351e077946cb8b957276428de434&name=default HTTP/1.1" status: 200 len: 2996 time: 0.2033837
May 17 17:05:40.986519 dv-cinder-842149-1-smb neutron-server[103578]: DEBUG neutron.wsgi [-] (103578) accepted ('10.222.0.25', 36690) {{(pid=103578) server /usr/local/lib/python3.8/dist-packages/eventlet/wsgi.py:1004}}
May 17 17:05:41.029753 dv-cinder-842149-1-smb neutron-server[103577]: DEBUG neutron.api.rpc.handlers.resources_rpc [None req-e1889ee5-fc39-4d8c-b65b-a0ea324fff70 admin admin] Pushing event updated for resources: {'SecurityGroup': ['ID=594d5c1e-53be-45e5-9081-811d43d7f1cb,revision_number=1']} {{(pid=103577) push /opt/stack/neutron/neutron/api/rpc/handlers/resources_rpc.py:237}}
May 17 17:05:41.090239 dv-cinder-842149-1-smb neutron-server[103578]: DEBUG neutron.plugins.ml2.managers [req-fe7e2151-71d9-4881-b04f-20b4366aa247 req-8f7bb7b7-3d8d-4e17-944b-9f26d21f3e69 service neutron] Attempting to bind port 67dae913-7686-4917-add1-5f1a161e2ad9 on host hv-cinder-84214 for vnic_type normal with profile {{(pid=103578) bind_port /opt/stack/neutron/neutron/plugins/ml2/managers.py:795}}
May 17 17:05:41.090809 dv-cinder-842149-1-smb neutron-server[103578]: DEBUG neutron.plugins.ml2.managers [req-fe7e2151-71d9-4881-b04f-20b4366aa247 req-8f7bb7b7-3d8d-4e17-944b-9f26d21f3e69 service neutron] Attempting to bind port 67dae913-7686-4917-add1-5f1a161e2ad9 by drivers openvswitch,hyperv on host hv-cinder-84214 at level 0 using segments [{'id': 'ff9e2929-38d0-4ca7-b6ed-d19b0cd4319b', 'network_type': 'vlan', 'physical_network': 'physnet1', 'segmentation_id': 284, 'network_id': 'df9da511-b80f-4eed-9c64-1944c33e857d'}] {{(pid=103578) _bind_port_level /opt/stack/neutron/neutron/plugins/ml2/managers.py:820}}
May 17 17:05:41.091284 dv-cinder-842149-1-smb neutron-server[103578]: DEBUG neutron.plugins.ml2.drivers.mech_agent [req-fe7e2151-71d9-4881-b04f-20b4366aa247 req-8f7bb7b7-3d8d-4e17-944b-9f26d21f3e69 service neutron] Attempting to bind port 67dae913-7686-4917-add1-5f1a161e2ad9 on network df9da511-b80f-4eed-9c64-1944c33e857d {{(pid=103578) bind_port /opt/stack/neutron/neutron/plugins/ml2/drivers/mech_agent.py:91}}
May 17 17:05:41.131015 dv-cinder-842149-1-smb neutron-server[103578]: DEBUG neutron_lib.callbacks.manager [None req-acc75e4b-23db-45ab-87c5-5871261c0b4c admin admin] Publish callbacks [] for security_group (594d5c1e-53be-45e5-9081-811d43d7f1cb), before_delete {{(pid=103578) _notify_loop /usr/local/lib/python3.8/dist-packages/neutron_lib/callbacks/manager.py:176}}
May 17 17:05:41.133467 dv-cinder-842149-1-smb neutron-server[103578]: DEBUG neutron.plugins.ml2.drivers.mech_agent [req-fe7e2151-71d9-4881-b04f-20b4366aa247 req-8f7bb7b7-3d8d-4e17-944b-9f26d21f3e69 service neutron] Port 67dae913-7686-4917-add1-5f1a161e2ad9 on network df9da511-b80f-4eed-9c64-1944c33e857d not bound, no agent of type Open vSwitch agent registered on host hv-cinder-84214 {{(pid=103578) bind_port /opt/stack/neutron/neutron/plugins/ml2/drivers/mech_agent.py:103}}
May 17 17:05:41.133908 dv-cinder-842149-1-smb neutron-server[103578]: DEBUG neutron.plugins.ml2.drivers.mech_agent [req-fe7e2151-71d9-4881-b04f-20b4366aa247 req-8f7bb7b7-3d8d-4e17-944b-9f26d21f3e69 service neutron] Attempting to bind port 67dae913-7686-4917-add1-5f1a161e2ad9 on network df9da511-b80f-4eed-9c64-1944c33e857d {{(pid=103578) bind_port /opt/stack/neutron/neutron/plugins/ml2/drivers/mech_agent.py:91}}
May 17 17:05:41.154015 dv-cinder-842149-1-smb neutron-server[103578]: DEBUG neutron.plugins.ml2.drivers.mech_agent [req-fe7e2151-71d9-4881-b04f-20b4366aa247 req-8f7bb7b7-3d8d-4e17-944b-9f26d21f3e69 service neutron] Checking agent: {'id': '7359a792-ebe6-45a0-a899-69d3efd51afa', 'agent_type': 'HyperV agent', 'binary': 'neutron-hyperv-agent', 'topic': 'N/A', 'host': 'hv-cinder-84214', 'admin_state_up': True, 'created_at': datetime.datetime(2022, 5, 17, 17, 3, 2), 'started_at': datetime.datetime(2022, 5, 17, 17, 3, 2), 'heartbeat_timestamp': datetime.datetime(2022, 5, 17, 17, 5, 32), 'description': None, 'resources_synced': None, 'availability_zone': None, 'alive': True, 'configurations': {'vswitch_mappings': {'physnet1$': 'br-data'}}, 'resource_versions': {}} {{(pid=103578) bind_port /opt/stack/neutron/neutron/plugins/ml2/drivers/mech_agent.py:110}}
May 17 17:05:41.156110 dv-cinder-842149-1-smb neutron-server[103578]: DEBUG neutron.plugins.ml2.drivers.mech_agent [req-fe7e2151-71d9-4881-b04f-20b4366aa247 req-8f7bb7b7-3d8d-4e17-944b-9f26d21f3e69 service neutron] Checking segment: {'id': 'ff9e2929-38d0-4ca7-b6ed-d19b0cd4319b', 'network_type': 'vlan', 'physical_network': 'physnet1', 'segmentation_id': 284, 'network_id': 'df9da511-b80f-4eed-9c64-1944c33e857d'} for mappings: {'physnet1$': 'br-data'} with network types: ['local', 'flat', 'vlan'] {{(pid=103578) check_segment_for_agent /opt/stack/neutron/neutron/plugins/ml2/drivers/mech_agent.py:373}}
May 17 17:05:41.156643 dv-cinder-842149-1-smb neutron-server[103578]: DEBUG neutron.plugins.ml2.drivers.mech_agent [req-fe7e2151-71d9-4881-b04f-20b4366aa247 req-8f7bb7b7-3d8d-4e17-944b-9f26d21f3e69 service neutron] Bound using segment: {'id': 'ff9e2929-38d0-4ca7-b6ed-d19b0cd4319b', 'network_type': 'vlan', 'physical_network': 'physnet1', 'segmentation_id': 284, 'network_id': 'df9da511-b80f-4eed-9c64-1944c33e857d'} {{(pid=103578) bind_port /opt/stack/neutron/neutron/plugins/ml2/drivers/mech_agent.py:120}}
May 17 17:05:41.157108 dv-cinder-842149-1-smb neutron-server[103578]: DEBUG neutron.plugins.ml2.managers [req-fe7e2151-71d9-4881-b04f-20b4366aa247 req-8f7bb7b7-3d8d-4e17-944b-9f26d21f3e69 service neutron] Bound port: 67dae913-7686-4917-add1-5f1a161e2ad9, host: hv-cinder-84214, vif_type: hyperv, vif_details: {"connectivity": "legacy", "port_filter": false}, binding_levels: [{'bound_driver': 'hyperv', 'bound_segment': {'id': 'ff9e2929-38d0-4ca7-b6ed-d19b0cd4319b', 'network_type': 'vlan', 'physical_network': 'physnet1', 'segmentation_id': 284, 'network_id': 'df9da511-b80f-4eed-9c64-1944c33e857d'}}] {{(pid=103578) _bind_port_level /opt/stack/neutron/neutron/plugins/ml2/managers.py:932}}
May 17 17:05:41.157479 dv-cinder-842149-1-smb neutron-server[103578]: DEBUG neutron_lib.callbacks.manager [req-fe7e2151-71d9-4881-b04f-20b4366aa247 req-8f7bb7b7-3d8d-4e17-944b-9f26d21f3e69 service neutron] Publish callbacks ['neutron.plugins.ml2.plugin.SecurityGroupDbMixin._ensure_default_security_group_handler-1948235'] for port (67dae913-7686-4917-add1-5f1a161e2ad9), before_update {{(pid=103578) _notify_loop /usr/local/lib/python3.8/dist-packages/neutron_lib/callbacks/manager.py:176}}
May 17 17:05:41.287421 dv-cinder-842149-1-smb neutron-server[103578]: DEBUG neutron.pecan_wsgi.hooks.policy_enforcement [req-eda499f1-7ca0-4d23-ad8d-e7e35dca72c5 req-8cc34a88-e287-4c5f-b309-f48fd2715ca6 service neutron] Attributes excluded by policy engine: ['standard_attr_id', 'shared'] {{(pid=103578) _exclude_attributes_by_policy /opt/stack/neutron/neutron/pecan_wsgi/hooks/policy_enforcement.py:259}}
May 17 17:05:41.289140 dv-cinder-842149-1-smb neutron-server[103578]: INFO neutron.wsgi [req-eda499f1-7ca0-4d23-ad8d-e7e35dca72c5 req-8cc34a88-e287-4c5f-b309-f48fd2715ca6 service neutron] 10.222.0.85 "GET /v2.0/subnets?id=0f480307-637a-4dc9-ab8c-d24c50aeae66 HTTP/1.1" status: 200 len: 857 time: 0.1214080
May 17 17:05:41.323608 dv-cinder-842149-1-smb neutron-server[103577]: DEBUG neutron.pecan_wsgi.hooks.policy_enforcement [req-13bc7438-e252-4516-83b1-b06ca6e6ebe4 req-861ead77-e9a5-4ecf-8f34-9316867b1e5c service neutron] Attributes excluded by policy engine: ['standard_attr_id'] {{(pid=103577) _exclude_attributes_by_policy /opt/stack/neutron/neutron/pecan_wsgi/hooks/policy_enforcement.py:259}}
May 17 17:05:41.326059 dv-cinder-842149-1-smb neutron-server[103577]: INFO neutron.wsgi [req-13bc7438-e252-4516-83b1-b06ca6e6ebe4 req-861ead77-e9a5-4ecf-8f34-9316867b1e5c service neutron] 10.222.0.85 "GET /v2.0/ports?tenant_id=0916a22b975547b598e70e9ec1a3a372&device_id=d0e376e7-0a3b-459d-8f72-981d58766e18 HTTP/1.1" status: 200 len: 1127 time: 0.1606395
May 17 17:05:41.373672 dv-cinder-842149-1-smb neutron-server[103578]: DEBUG neutron.pecan_wsgi.hooks.policy_enforcement [req-eda499f1-7ca0-4d23-ad8d-e7e35dca72c5 req-8bb02af9-384d-404e-8e5b-26511b240aa2 service neutron] Attributes excluded by policy engine: ['standard_attr_id'] {{(pid=103578) _exclude_attributes_by_policy /opt/stack/neutron/neutron/pecan_wsgi/hooks/policy_enforcement.py:259}}
May 17 17:05:41.375296 dv-cinder-842149-1-smb neutron-server[103578]: INFO neutron.wsgi [req-eda499f1-7ca0-4d23-ad8d-e7e35dca72c5 req-8bb02af9-384d-404e-8e5b-26511b240aa2 service neutron] 10.222.0.85 "GET /v2.0/ports?network_id=df9da511-b80f-4eed-9c64-1944c33e857d&device_owner=network%3Adhcp HTTP/1.1" status: 200 len: 1210 time: 0.0743680
May 17 17:05:41.454217 dv-cinder-842149-1-smb neutron-server[103578]: DEBUG neutron_lib.callbacks.manager [None req-acc75e4b-23db-45ab-87c5-5871261c0b4c admin admin] Publish callbacks [] for security_group (594d5c1e-53be-45e5-9081-811d43d7f1cb), precommit_delete {{(pid=103578) _notify_loop /usr/local/lib/python3.8/dist-packages/neutron_lib/callbacks/manager.py:176}}
May 17 17:05:41.584510 dv-cinder-842149-1-smb neutron-server[103578]: DEBUG neutron.wsgi [-] (103578) accepted ('10.222.0.25', 36726) {{(pid=103578) server /usr/local/lib/python3.8/dist-packages/eventlet/wsgi.py:1004}}
May 17 17:05:41.622960 dv-cinder-842149-1-smb neutron-server[103578]: DEBUG neutron_lib.callbacks.manager [None req-d05e6f0b-d406-4885-bfd7-9a4e240c19b0 admin admin] Publish callbacks [] for security_group (None), before_create {{(pid=103578) _notify_loop /usr/local/lib/python3.8/dist-packages/neutron_lib/callbacks/manager.py:176}}
May 17 17:05:41.635635 dv-cinder-842149-1-smb neutron-server[103577]: DEBUG neutron.pecan_wsgi.hooks.policy_enforcement [req-0af80c2d-21d0-414d-90d0-b7b98c1dfddf req-5e46e7d5-6c9e-4caa-b98e-6dc2c86c063d tempest-AttachVolumeTestJSON-1294159769 tempest-AttachVolumeTestJSON-1294159769-project] Attributes excluded by policy engine: ['standard_attr_id', 'binding:profile', 'binding:host_id', 'binding:vif_type', 'binding:vif_details'] {{(pid=103577) _exclude_attributes_by_policy /opt/stack/neutron/neutron/pecan_wsgi/hooks/policy_enforcement.py:259}}
May 17 17:05:41.647412 dv-cinder-842149-1-smb neutron-server[103577]: INFO neutron.wsgi [req-0af80c2d-21d0-414d-90d0-b7b98c1dfddf req-5e46e7d5-6c9e-4caa-b98e-6dc2c86c063d tempest-AttachVolumeTestJSON-1294159769 tempest-AttachVolumeTestJSON-1294159769-project] 10.222.0.25 "GET /v2.0/ports?device_id=b2c5324e-36d3-4d36-9920-19f2ac71d473 HTTP/1.1" status: 200 len: 944 time: 0.2905500
May 17 17:05:41.718760 dv-cinder-842149-1-smb neutron-server[103578]: DEBUG neutron.plugins.ml2.db [req-fe7e2151-71d9-4881-b04f-20b4366aa247 req-8f7bb7b7-3d8d-4e17-944b-9f26d21f3e69 service neutron] For port 67dae913-7686-4917-add1-5f1a161e2ad9, host hv-cinder-84214, cleared binding levels {{(pid=103578) clear_binding_levels /opt/stack/neutron/neutron/plugins/ml2/db.py:87}}
May 17 17:05:41.731894 dv-cinder-842149-1-smb neutron-server[103578]: DEBUG neutron.pecan_wsgi.hooks.policy_enforcement [req-67b485f0-4784-46bd-b8b5-a736ea90a270 req-84dd8b48-0001-4842-bb9f-0ab4ac759a89 service neutron] Attributes excluded by policy engine: ['standard_attr_id', 'vlan_transparent'] {{(pid=103578) _exclude_attributes_by_policy /opt/stack/neutron/neutron/pecan_wsgi/hooks/policy_enforcement.py:259}}
May 17 17:05:41.734349 dv-cinder-842149-1-smb neutron-server[103578]: INFO neutron.wsgi [req-67b485f0-4784-46bd-b8b5-a736ea90a270 req-84dd8b48-0001-4842-bb9f-0ab4ac759a89 service neutron] 10.222.0.85 "GET /v2.0/networks?shared=True HTTP/1.1" status: 200 len: 870 time: 0.5653706
May 17 17:05:41.752337 dv-cinder-842149-1-smb neutron-server[103578]: DEBUG neutron.plugins.ml2.db [req-fe7e2151-71d9-4881-b04f-20b4366aa247 req-8f7bb7b7-3d8d-4e17-944b-9f26d21f3e69 service neutron] For port 67dae913-7686-4917-add1-5f1a161e2ad9, host hv-cinder-84214, set binding levels [PortBindingLevel(driver='hyperv',host='hv-cinder-84214',level=0,port_id=67dae913-7686-4917-add1-5f1a161e2ad9,segment=NetworkSegment(ff9e2929-38d0-4ca7-b6ed-d19b0cd4319b),segment_id=ff9e2929-38d0-4ca7-b6ed-d19b0cd4319b)] {{(pid=103578) set_binding_levels /opt/stack/neutron/neutron/plugins/ml2/db.py:59}}
May 17 17:05:41.753901 dv-cinder-842149-1-smb neutron-server[103578]: DEBUG neutron_lib.callbacks.manager [None req-acc75e4b-23db-45ab-87c5-5871261c0b4c admin admin] Publish callbacks ['neutron.plugins.ml2.ovo_rpc._ObjectChangeHandler.handle_event-587126'] for security_group (594d5c1e-53be-45e5-9081-811d43d7f1cb), after_delete {{(pid=103578) _notify_loop /usr/local/lib/python3.8/dist-packages/neutron_lib/callbacks/manager.py:176}}
May 17 17:05:41.757388 dv-cinder-842149-1-smb neutron-server[103578]: DEBUG neutron_lib.callbacks.manager [None req-acc75e4b-23db-45ab-87c5-5871261c0b4c admin admin] Publish callbacks [] for security_group (None), before_response {{(pid=103578) _notify_loop /usr/local/lib/python3.8/dist-packages/neutron_lib/callbacks/manager.py:176}}
May 17 17:05:41.761166 dv-cinder-842149-1-smb neutron-server[103578]: INFO neutron.wsgi [None req-acc75e4b-23db-45ab-87c5-5871261c0b4c admin admin] 10.222.0.25 "DELETE /v2.0/security-groups/594d5c1e-53be-45e5-9081-811d43d7f1cb HTTP/1.1" status: 204 len: 168 time: 0.7736924
May 17 17:05:41.775935 dv-cinder-842149-1-smb neutron-server[103578]: INFO neutron.wsgi [req-eda499f1-7ca0-4d23-ad8d-e7e35dca72c5 req-7d22a631-d861-4fff-9ffb-dc713a9e533f service neutron] 10.222.0.85 "GET /v2.0/networks/df9da511-b80f-4eed-9c64-1944c33e857d?fields=segments HTTP/1.1" status: 200 len: 212 time: 0.3880508
May 17 17:05:41.779043 dv-cinder-842149-1-smb neutron-server[103578]: DEBUG neutron.api.rpc.handlers.resources_rpc [None req-acc75e4b-23db-45ab-87c5-5871261c0b4c admin admin] Pushing event deleted for resources: {'SecurityGroup': ['ID=594d5c1e-53be-45e5-9081-811d43d7f1cb,revision_number=None']} {{(pid=103578) push /opt/stack/neutron/neutron/api/rpc/handlers/resources_rpc.py:237}}
May 17 17:05:41.785260 dv-cinder-842149-1-smb neutron-server[103578]: DEBUG neutron_lib.callbacks.manager [req-fe7e2151-71d9-4881-b04f-20b4366aa247 req-8f7bb7b7-3d8d-4e17-944b-9f26d21f3e69 service neutron] Publish callbacks ['neutron.plugins.ml2.plugin.SecurityGroupServerNotifierRpcMixin._notify_sg_on_port_change-1948389', 'neutron.plugins.ml2.ovo_rpc._ObjectChangeHandler.handle_event-91914', 'neutron.api.rpc.agentnotifiers.dhcp_rpc_agent_api.DhcpAgentNotifyAPI._native_event_send_dhcp_notification-581965', 'neutron.db.l3_db.L3RpcNotifierMixin._notify_gateway_port_ip_changed-8761473854347', 'neutron.db.l3_dvrscheduler_db._notify_l3_agent_port_update-8761473462119', 'neutron.db.l3_hascheduler_db._notify_l3_agent_ha_port_update-8761473462137'] for port (67dae913-7686-4917-add1-5f1a161e2ad9), after_update {{(pid=103578) _notify_loop /usr/local/lib/python3.8/dist-packages/neutron_lib/callbacks/manager.py:176}}
May 17 17:05:41.835412 dv-cinder-842149-1-smb neutron-server[103578]: DEBUG neutron.pecan_wsgi.hooks.policy_enforcement [req-fe7e2151-71d9-4881-b04f-20b4366aa247 req-8f7bb7b7-3d8d-4e17-944b-9f26d21f3e69 service neutron] Attributes excluded by policy engine: ['standard_attr_id'] {{(pid=103578) _exclude_attributes_by_policy /opt/stack/neutron/neutron/pecan_wsgi/hooks/policy_enforcement.py:259}}
May 17 17:05:41.836305 dv-cinder-842149-1-smb neutron-server[103578]: DEBUG neutron_lib.callbacks.manager [req-fe7e2151-71d9-4881-b04f-20b4366aa247 req-8f7bb7b7-3d8d-4e17-944b-9f26d21f3e69 service neutron] Publish callbacks ['neutron.notifiers.nova.Notifier._send_nova_notification-873663', 'neutron.api.rpc.agentnotifiers.dhcp_rpc_agent_api.DhcpAgentNotifyAPI._send_dhcp_notification-581987'] for port (None), before_response {{(pid=103578) _notify_loop /usr/local/lib/python3.8/dist-packages/neutron_lib/callbacks/manager.py:176}}
May 17 17:05:41.838001 dv-cinder-842149-1-smb neutron-server[103578]: INFO neutron.wsgi [req-fe7e2151-71d9-4881-b04f-20b4366aa247 req-8f7bb7b7-3d8d-4e17-944b-9f26d21f3e69 service neutron] 10.222.0.85 "PUT /v2.0/ports/67dae913-7686-4917-add1-5f1a161e2ad9 HTTP/1.1" status: 200 len: 1093 time: 2.1239212
May 17 17:05:41.838603 dv-cinder-842149-1-smb neutron-server[103578]: DEBUG neutron.notifiers.nova [-] Sending events: [{'name': 'network-changed', 'server_uuid': '4b5ae0d0-cc63-4462-a111-69937b35bd6f', 'tag': '67dae913-7686-4917-add1-5f1a161e2ad9'}] {{(pid=103578) send_events /opt/stack/neutron/neutron/notifiers/nova.py:271}}
May 17 17:05:41.841124 dv-cinder-842149-1-smb neutron-server[103578]: DEBUG novaclient.v2.client [-] REQ: curl -g -i --cacert "/opt/stack/data/ca-bundle.pem" -X POST http://10.222.0.25/compute/v2.1/os-server-external-events -H "Accept: application/json" -H "Content-Type: application/json" -H "User-Agent: python-novaclient" -H "X-Auth-Token: {SHA256}687c0dc736cf3501b0c7a0ee6d0f735730e74ad9d1477253c0a11c94abb552a9" -H "X-OpenStack-Nova-API-Version: 2.1" -H "X-OpenStack-Request-ID: req-ffc92c54-637a-4ccd-8e54-d4c71c3e44c0" -d '{"events": [{"name": "network-changed", "server_uuid": "4b5ae0d0-cc63-4462-a111-69937b35bd6f", "tag": "67dae913-7686-4917-add1-5f1a161e2ad9"}]}' {{(pid=103578) _http_log_request /usr/local/lib/python3.8/dist-packages/keystoneauth1/session.py:519}}
May 17 17:05:41.900056 dv-cinder-842149-1-smb neutron-server[103577]: DEBUG neutron.pecan_wsgi.hooks.policy_enforcement [req-e713b02f-452b-43ab-a70f-efc3d7acd376 req-2fbf03bf-90ac-4fe8-aea0-0b992a761d6f tempest-AttachVolumeShelveTestJSON-1272415426 tempest-AttachVolumeShelveTestJSON-1272415426-project] Attributes excluded by policy engine: ['standard_attr_id', 'binding:profile', 'binding:host_id', 'binding:vif_type', 'binding:vif_details'] {{(pid=103577) _exclude_attributes_by_policy /opt/stack/neutron/neutron/pecan_wsgi/hooks/policy_enforcement.py:259}}
May 17 17:05:41.909813 dv-cinder-842149-1-smb neutron-server[103577]: INFO neutron.wsgi [req-e713b02f-452b-43ab-a70f-efc3d7acd376 req-2fbf03bf-90ac-4fe8-aea0-0b992a761d6f tempest-AttachVolumeShelveTestJSON-1272415426 tempest-AttachVolumeShelveTestJSON-1272415426-project] 10.222.0.25 "GET /v2.0/ports?device_id=d0e376e7-0a3b-459d-8f72-981d58766e18 HTTP/1.1" status: 200 len: 943 time: 0.2237856
May 17 17:05:41.926896 dv-cinder-842149-1-smb neutron-server[103577]: DEBUG neutron.pecan_wsgi.hooks.policy_enforcement [req-13bc7438-e252-4516-83b1-b06ca6e6ebe4 req-25d4211a-d4e7-407a-a997-73555c2dc52a service neutron] Attributes excluded by policy engine: ['standard_attr_id', 'vlan_transparent'] {{(pid=103577) _exclude_attributes_by_policy /opt/stack/neutron/neutron/pecan_wsgi/hooks/policy_enforcement.py:259}}
May 17 17:05:41.939928 dv-cinder-842149-1-smb neutron-server[103577]: INFO neutron.wsgi [req-13bc7438-e252-4516-83b1-b06ca6e6ebe4 req-25d4211a-d4e7-407a-a997-73555c2dc52a service neutron] 10.222.0.85 "GET /v2.0/networks?id=4ea06ea5-4b05-44cb-a955-94690aa93c65 HTTP/1.1" status: 200 len: 917 time: 0.6047454
May 17 17:05:41.953063 dv-cinder-842149-1-smb neutron-server[103577]: INFO neutron.wsgi [req-0af80c2d-21d0-414d-90d0-b7b98c1dfddf req-b1181396-6c6e-4106-93af-04245e7d1825 tempest-AttachVolumeTestJSON-1294159769 tempest-AttachVolumeTestJSON-1294159769-project] 10.222.0.25 "GET /v2.0/security-groups?id=67043e4c-1abe-4c13-9649-e90e96b291b7&fields=id&fields=name HTTP/1.1" status: 200 len: 313 time: 0.3041837
May 17 17:05:42.109664 dv-cinder-842149-1-smb neutron-server[103579]: DEBUG neutron.plugins.ml2.rpc [None req-36909992-746e-4e8c-86d2-5452343f22e6 None None] Device aaeda275-4b4a-44e3-9d53-d8d07bc43ad2 details requested by agent hyperv_hv-cinder-84214 with host hv-cinder-84214 {{(pid=103579) get_device_details /opt/stack/neutron/neutron/plugins/ml2/rpc.py:102}}
May 17 17:05:42.133629 dv-cinder-842149-1-smb neutron-server[103578]: DEBUG neutron.api.rpc.handlers.resources_rpc [None req-8f7bb7b7-3d8d-4e17-944b-9f26d21f3e69 service neutron] Pushing event updated for resources: {'Port': ['ID=67dae913-7686-4917-add1-5f1a161e2ad9,revision_number=3']} {{(pid=103578) push /opt/stack/neutron/neutron/api/rpc/handlers/resources_rpc.py:237}}
May 17 17:05:42.144237 dv-cinder-842149-1-smb neutron-server[103578]: DEBUG neutron_lib.callbacks.manager [None req-d05e6f0b-d406-4885-bfd7-9a4e240c19b0 admin admin] Publish callbacks [] for security_group (1558efcf-1fba-448b-8e2a-351de3defd38), precommit_create {{(pid=103578) _notify_loop /usr/local/lib/python3.8/dist-packages/neutron_lib/callbacks/manager.py:176}}
May 17 17:05:42.159365 dv-cinder-842149-1-smb neutron-server[103578]: DEBUG neutron_lib.callbacks.manager [None req-d05e6f0b-d406-4885-bfd7-9a4e240c19b0 admin admin] Publish callbacks ['neutron.plugins.ml2.ovo_rpc._ObjectChangeHandler.handle_event-587126'] for security_group (1558efcf-1fba-448b-8e2a-351de3defd38), after_create {{(pid=103578) _notify_loop /usr/local/lib/python3.8/dist-packages/neutron_lib/callbacks/manager.py:176}}
May 17 17:05:42.164607 dv-cinder-842149-1-smb neutron-server[103578]: DEBUG neutron.pecan_wsgi.hooks.policy_enforcement [req-75fea9a4-7c74-4600-989d-91f8faec5c66 req-6e9dbf1e-929a-4347-b12f-b21cf7b1ffb4 service neutron] Attributes excluded by policy engine: ['standard_attr_id'] {{(pid=103578) _exclude_attributes_by_policy /opt/stack/neutron/neutron/pecan_wsgi/hooks/policy_enforcement.py:259}}
May 17 17:05:42.166332 dv-cinder-842149-1-smb neutron-server[103578]: INFO neutron.wsgi [req-75fea9a4-7c74-4600-989d-91f8faec5c66 req-6e9dbf1e-929a-4347-b12f-b21cf7b1ffb4 service neutron] 10.222.0.85 "GET /v2.0/ports?tenant_id=c5c55e6402b341cb918ae708bed7fd4e&device_id=b2c5324e-36d3-4d36-9920-19f2ac71d473 HTTP/1.1" status: 200 len: 1128 time: 0.2508099
May 17 17:05:42.205725 dv-cinder-842149-1-smb neutron-server[103578]: DEBUG neutron.api.rpc.handlers.resources_rpc [None req-d05e6f0b-d406-4885-bfd7-9a4e240c19b0 admin admin] Pushing event updated for resources: {'SecurityGroup': ['ID=1558efcf-1fba-448b-8e2a-351de3defd38,revision_number=1']} {{(pid=103578) push /opt/stack/neutron/neutron/api/rpc/handlers/resources_rpc.py:237}}
May 17 17:05:42.219734 dv-cinder-842149-1-smb neutron-server[103578]: DEBUG neutron.pecan_wsgi.hooks.policy_enforcement [req-fe7e2151-71d9-4881-b04f-20b4366aa247 req-21c53ecf-ff2a-49ff-8cca-ef3a52d56e99 service neutron] Attributes excluded by policy engine: ['standard_attr_id'] {{(pid=103578) _exclude_attributes_by_policy /opt/stack/neutron/neutron/pecan_wsgi/hooks/policy_enforcement.py:259}}
May 17 17:05:42.221648 dv-cinder-842149-1-smb neutron-server[103578]: INFO neutron.wsgi [req-fe7e2151-71d9-4881-b04f-20b4366aa247 req-21c53ecf-ff2a-49ff-8cca-ef3a52d56e99 service neutron] 10.222.0.85 "GET /v2.0/ports?tenant_id=d2f56051041647a0bee3eaea09678899&device_id=4b5ae0d0-cc63-4462-a111-69937b35bd6f HTTP/1.1" status: 200 len: 1127 time: 0.2984574
May 17 17:05:42.229276 dv-cinder-842149-1-smb neutron-server[103577]: INFO neutron.wsgi [req-13bc7438-e252-4516-83b1-b06ca6e6ebe4 req-1cd86cdb-c1ab-4a89-a0fd-a42c5418807f service neutron] 10.222.0.85 "GET /v2.0/floatingips?fixed_ip_address=172.20.0.5&port_id=4567ebfe-6a4b-4c46-8c66-4aa739a0553a HTTP/1.1" status: 200 len: 217 time: 0.2739041
May 17 17:05:42.281026 dv-cinder-842149-1-smb neutron-server[103578]: INFO neutron.wsgi [req-75fea9a4-7c74-4600-989d-91f8faec5c66 req-3a89fa04-11eb-450c-bbb6-1e07f0dc47f9 service neutron] 10.222.0.85 "GET /v2.0/floatingips?fixed_ip_address=172.20.0.13&port_id=fe5a951e-5f85-48f5-97da-b38bcf08686c HTTP/1.1" status: 200 len: 217 time: 0.0830426
May 17 17:05:42.281292 dv-cinder-842149-1-smb neutron-server[103577]: INFO neutron.wsgi [req-e713b02f-452b-43ab-a70f-efc3d7acd376 req-411e3645-f547-4ee3-8e3b-f9e6a40055a8 tempest-AttachVolumeShelveTestJSON-1272415426 tempest-AttachVolumeShelveTestJSON-1272415426-project] 10.222.0.25 "GET /v2.0/security-groups?id=95f10b16-b2ca-4ae8-88b2-a1caf5c99b48&fields=id&fields=name HTTP/1.1" status: 200 len: 312 time: 0.3685975
May 17 17:05:42.284839 dv-cinder-842149-1-smb neutron-server[103578]: INFO neutron.wsgi [req-eda499f1-7ca0-4d23-ad8d-e7e35dca72c5 req-4cf56d9c-17e1-4142-813e-12f6e5362f20 service neutron] 10.222.0.85 "GET /v2.0/networks/df9da511-b80f-4eed-9c64-1944c33e857d?fields=provider%3Aphysical_network&fields=provider%3Anetwork_type HTTP/1.1" status: 200 len: 281 time: 0.4336350
May 17 17:05:42.288263 dv-cinder-842149-1-smb neutron-server[103578]: INFO neutron.wsgi [None req-d05e6f0b-d406-4885-bfd7-9a4e240c19b0 admin admin] 10.222.0.25 "GET /v2.0/security-groups?tenant_id=5915a85d67414591b4b7e90015b41cbf&name=default HTTP/1.1" status: 200 len: 2996 time: 0.6921079
May 17 17:05:42.291506 dv-cinder-842149-1-smb neutron-server[103578]: DEBUG neutron.wsgi [-] (103578) accepted ('10.222.0.25', 36744) {{(pid=103578) server /usr/local/lib/python3.8/dist-packages/eventlet/wsgi.py:1004}}
May 17 17:05:42.335414 dv-cinder-842149-1-smb neutron-server[103577]: DEBUG neutron.pecan_wsgi.hooks.policy_enforcement [req-7f0dd5a5-fea3-430f-b7a1-e2ba13958436 req-6f6f7a68-0fb2-4cad-bb5b-05053021dc9b tempest-ServerRescueNegativeTestJSON-848207812 tempest-ServerRescueNegativeTestJSON-848207812-project] Attributes excluded by policy engine: ['standard_attr_id', 'binding:profile', 'binding:host_id', 'binding:vif_type', 'binding:vif_details'] {{(pid=103577) _exclude_attributes_by_policy /opt/stack/neutron/neutron/pecan_wsgi/hooks/policy_enforcement.py:259}}
May 17 17:05:42.337028 dv-cinder-842149-1-smb neutron-server[103577]: INFO neutron.wsgi [req-7f0dd5a5-fea3-430f-b7a1-e2ba13958436 req-6f6f7a68-0fb2-4cad-bb5b-05053021dc9b tempest-ServerRescueNegativeTestJSON-848207812 tempest-ServerRescueNegativeTestJSON-848207812-project] 10.222.0.25 "GET /v2.0/ports?device_id=4b5ae0d0-cc63-4462-a111-69937b35bd6f HTTP/1.1" status: 200 len: 943 time: 0.1475749
May 17 17:05:42.370799 dv-cinder-842149-1-smb neutron-server[103577]: DEBUG neutron.wsgi [-] (103577) accepted ('10.222.0.25', 36750) {{(pid=103577) server /usr/local/lib/python3.8/dist-packages/eventlet/wsgi.py:1004}}
May 17 17:05:42.371401 dv-cinder-842149-1-smb neutron-server[103579]: DEBUG neutron.plugins.ml2.db [None req-36909992-746e-4e8c-86d2-5452343f22e6 None None] For port aaeda275-4b4a-44e3-9d53-d8d07bc43ad2, host hv-cinder-84214, got binding levels [PortBindingLevel(driver='hyperv',host='hv-cinder-84214',level=0,port_id=aaeda275-4b4a-44e3-9d53-d8d07bc43ad2,segment=NetworkSegment(ff9e2929-38d0-4ca7-b6ed-d19b0cd4319b),segment_id=ff9e2929-38d0-4ca7-b6ed-d19b0cd4319b)] {{(pid=103579) get_binding_level_objs /opt/stack/neutron/neutron/plugins/ml2/db.py:74}}
May 17 17:05:42.372583 dv-cinder-842149-1-smb neutron-server[103578]: DEBUG neutron_lib.callbacks.manager [None req-f265d88c-d05b-4a76-9a3e-4120c0e8f6bf admin admin] Publish callbacks [] for security_group (1558efcf-1fba-448b-8e2a-351de3defd38), before_delete {{(pid=103578) _notify_loop /usr/local/lib/python3.8/dist-packages/neutron_lib/callbacks/manager.py:176}}
May 17 17:05:42.387671 dv-cinder-842149-1-smb neutron-server[103578]: DEBUG novaclient.v2.client [-] RESP: [200] Connection: close Content-Length: 179 Content-Type: application/json Date: Tue, 17 May 2022 17:05:41 GMT OpenStack-API-Version: compute 2.1 Server: Apache/2.4.41 (Ubuntu) Vary: OpenStack-API-Version,X-OpenStack-Nova-API-Version X-OpenStack-Nova-API-Version: 2.1 x-compute-request-id: req-9ad48964-659b-45be-8ab4-bd2f30ac1fba x-openstack-request-id: req-9ad48964-659b-45be-8ab4-bd2f30ac1fba {{(pid=103578) _http_log_response /usr/local/lib/python3.8/dist-packages/keystoneauth1/session.py:550}}
May 17 17:05:42.387966 dv-cinder-842149-1-smb neutron-server[103578]: DEBUG novaclient.v2.client [-] RESP BODY: {"events": [{"name": "network-changed", "server_uuid": "4b5ae0d0-cc63-4462-a111-69937b35bd6f", "tag": "67dae913-7686-4917-add1-5f1a161e2ad9", "status": "completed", "code": 200}]} {{(pid=103578) _http_log_response /usr/local/lib/python3.8/dist-packages/keystoneauth1/session.py:582}}
May 17 17:05:42.388242 dv-cinder-842149-1-smb neutron-server[103578]: DEBUG novaclient.v2.client [-] POST call to compute for http://10.222.0.25/compute/v2.1/os-server-external-events used request id req-9ad48964-659b-45be-8ab4-bd2f30ac1fba {{(pid=103578) request /usr/local/lib/python3.8/dist-packages/keystoneauth1/session.py:954}}
May 17 17:05:42.388689 dv-cinder-842149-1-smb neutron-server[103578]: INFO neutron.notifiers.nova [-] Nova event matching ['req-9ad48964-659b-45be-8ab4-bd2f30ac1fba'] response: {'name': 'network-changed', 'server_uuid': '4b5ae0d0-cc63-4462-a111-69937b35bd6f', 'tag': '67dae913-7686-4917-add1-5f1a161e2ad9', 'status': 'completed', 'code': 200}
May 17 17:05:42.393501 dv-cinder-842149-1-smb neutron-server[103579]: DEBUG neutron.plugins.ml2.rpc [None req-36909992-746e-4e8c-86d2-5452343f22e6 None None] Returning: {'device': 'aaeda275-4b4a-44e3-9d53-d8d07bc43ad2', 'network_id': 'df9da511-b80f-4eed-9c64-1944c33e857d', 'port_id': 'aaeda275-4b4a-44e3-9d53-d8d07bc43ad2', 'mac_address': 'fa:16:3e:f4:9c:1d', 'admin_state_up': True, 'network_type': 'vlan', 'segmentation_id': 284, 'physical_network': 'physnet1', 'mtu': 1500, 'fixed_ips': [{'subnet_id': '0f480307-637a-4dc9-ab8c-d24c50aeae66', 'ip_address': '172.20.0.4'}], 'device_owner': 'compute:nova', 'allowed_address_pairs': [], 'port_security_enabled': True, 'qos_policy_id': None, 'qos_network_policy_id': None, 'profile': {}, 'propagate_uplink_status': False} {{(pid=103579) _get_device_details /opt/stack/neutron/neutron/plugins/ml2/rpc.py:184}}
May 17 17:05:42.402877 dv-cinder-842149-1-smb neutron-server[103578]: DEBUG neutron_lib.callbacks.manager [None req-f265d88c-d05b-4a76-9a3e-4120c0e8f6bf admin admin] Publish callbacks [] for security_group (1558efcf-1fba-448b-8e2a-351de3defd38), precommit_delete {{(pid=103578) _notify_loop /usr/local/lib/python3.8/dist-packages/neutron_lib/callbacks/manager.py:176}}
May 17 17:05:42.403534 dv-cinder-842149-1-smb neutron-server[103577]: DEBUG neutron_lib.callbacks.manager [None req-5e6254f3-7ff3-4098-b2ca-dba05873d5d3 admin admin] Publish callbacks [] for security_group (None), before_create {{(pid=103577) _notify_loop /usr/local/lib/python3.8/dist-packages/neutron_lib/callbacks/manager.py:176}}
May 17 17:05:42.441499 dv-cinder-842149-1-smb neutron-server[103579]: DEBUG neutron.plugins.ml2.plugin [None req-36909992-746e-4e8c-86d2-5452343f22e6 None None] Current status of the port aaeda275-4b4a-44e3-9d53-d8d07bc43ad2 is: DOWN; New status is: BUILD {{(pid=103579) _update_individual_port_db_status /opt/stack/neutron/neutron/plugins/ml2/plugin.py:2296}}
May 17 17:05:42.443112 dv-cinder-842149-1-smb neutron-server[103579]: DEBUG neutron_lib.callbacks.manager [None req-36909992-746e-4e8c-86d2-5452343f22e6 None None] Publish callbacks ['neutron.plugins.ml2.plugin.SecurityGroupDbMixin._ensure_default_security_group_handler-1948235'] for port (aaeda275-4b4a-44e3-9d53-d8d07bc43ad2), before_update {{(pid=103579) _notify_loop /usr/local/lib/python3.8/dist-packages/neutron_lib/callbacks/manager.py:176}}
May 17 17:05:42.459430 dv-cinder-842149-1-smb neutron-server[103579]: DEBUG neutron.notifiers.nova [None req-36909992-746e-4e8c-86d2-5452343f22e6 None None] Ignoring state change previous_port_status: DOWN current_port_status: BUILD port_id aaeda275-4b4a-44e3-9d53-d8d07bc43ad2 {{(pid=103579) record_port_status_changed /opt/stack/neutron/neutron/notifiers/nova.py:233}}
May 17 17:05:42.460495 dv-cinder-842149-1-smb neutron-server[103578]: DEBUG neutron_lib.callbacks.manager [None req-f265d88c-d05b-4a76-9a3e-4120c0e8f6bf admin admin] Publish callbacks ['neutron.plugins.ml2.ovo_rpc._ObjectChangeHandler.handle_event-587126'] for security_group (1558efcf-1fba-448b-8e2a-351de3defd38), after_delete {{(pid=103578) _notify_loop /usr/local/lib/python3.8/dist-packages/neutron_lib/callbacks/manager.py:176}}
May 17 17:05:42.462206 dv-cinder-842149-1-smb neutron-server[103577]: INFO neutron.wsgi [req-7f0dd5a5-fea3-430f-b7a1-e2ba13958436 req-14da0f45-85ba-41b0-a9fb-c406751a7aa5 tempest-ServerRescueNegativeTestJSON-848207812 tempest-ServerRescueNegativeTestJSON-848207812-project] 10.222.0.25 "GET /v2.0/security-groups?id=85651caa-1f29-4098-bf6e-8c223e0a5fb0&fields=id&fields=name HTTP/1.1" status: 200 len: 286 time: 0.1181815
May 17 17:05:42.464875 dv-cinder-842149-1-smb neutron-server[103578]: DEBUG neutron_lib.callbacks.manager [None req-f265d88c-d05b-4a76-9a3e-4120c0e8f6bf admin admin] Publish callbacks [] for security_group (None), before_response {{(pid=103578) _notify_loop /usr/local/lib/python3.8/dist-packages/neutron_lib/callbacks/manager.py:176}}
May 17 17:05:42.466947 dv-cinder-842149-1-smb neutron-server[103578]: INFO neutron.wsgi [None req-f265d88c-d05b-4a76-9a3e-4120c0e8f6bf admin admin] 10.222.0.25 "DELETE /v2.0/security-groups/1558efcf-1fba-448b-8e2a-351de3defd38 HTTP/1.1" status: 204 len: 168 time: 0.1743574
May 17 17:05:42.477716 dv-cinder-842149-1-smb neutron-server[103578]: DEBUG neutron.api.rpc.handlers.resources_rpc [None req-f265d88c-d05b-4a76-9a3e-4120c0e8f6bf admin admin] Pushing event deleted for resources: {'SecurityGroup': ['ID=1558efcf-1fba-448b-8e2a-351de3defd38,revision_number=None']} {{(pid=103578) push /opt/stack/neutron/neutron/api/rpc/handlers/resources_rpc.py:237}}
May 17 17:05:42.510355 dv-cinder-842149-1-smb neutron-server[103579]: DEBUG neutron.plugins.ml2.db [None req-36909992-746e-4e8c-86d2-5452343f22e6 None None] For port aaeda275-4b4a-44e3-9d53-d8d07bc43ad2, host hv-cinder-84214, got binding levels [PortBindingLevel(driver='hyperv',host='hv-cinder-84214',level=0,port_id=aaeda275-4b4a-44e3-9d53-d8d07bc43ad2,segment=NetworkSegment(ff9e2929-38d0-4ca7-b6ed-d19b0cd4319b),segment_id=ff9e2929-38d0-4ca7-b6ed-d19b0cd4319b)] {{(pid=103579) get_binding_level_objs /opt/stack/neutron/neutron/plugins/ml2/db.py:74}}
May 17 17:05:42.517970 dv-cinder-842149-1-smb neutron-server[103579]: DEBUG neutron_lib.callbacks.manager [None req-36909992-746e-4e8c-86d2-5452343f22e6 None None] Publish callbacks ['neutron.plugins.ml2.plugin.SecurityGroupServerNotifierRpcMixin._notify_sg_on_port_change-1948389', 'neutron.plugins.ml2.ovo_rpc._ObjectChangeHandler.handle_event-91914', 'neutron.api.rpc.agentnotifiers.dhcp_rpc_agent_api.DhcpAgentNotifyAPI._native_event_send_dhcp_notification-581965', 'neutron.db.l3_db.L3RpcNotifierMixin._notify_gateway_port_ip_changed-8761473854347', 'neutron.db.l3_dvrscheduler_db._notify_l3_agent_port_update-8761473462119', 'neutron.db.l3_hascheduler_db._notify_l3_agent_ha_port_update-8761473462137'] for port (aaeda275-4b4a-44e3-9d53-d8d07bc43ad2), after_update {{(pid=103579) _notify_loop /usr/local/lib/python3.8/dist-packages/neutron_lib/callbacks/manager.py:176}}
May 17 17:05:42.544712 dv-cinder-842149-1-smb neutron-server[103577]: DEBUG neutron_lib.callbacks.manager [None req-5e6254f3-7ff3-4098-b2ca-dba05873d5d3 admin admin] Publish callbacks [] for security_group (7db658fb-a047-493f-a833-0d6e1a5915fa), precommit_create {{(pid=103577) _notify_loop /usr/local/lib/python3.8/dist-packages/neutron_lib/callbacks/manager.py:176}}
May 17 17:05:42.551229 dv-cinder-842149-1-smb neutron-server[103577]: DEBUG neutron_lib.callbacks.manager [None req-5e6254f3-7ff3-4098-b2ca-dba05873d5d3 admin admin] Publish callbacks ['neutron.plugins.ml2.ovo_rpc._ObjectChangeHandler.handle_event-587126'] for security_group (7db658fb-a047-493f-a833-0d6e1a5915fa), after_create {{(pid=103577) _notify_loop /usr/local/lib/python3.8/dist-packages/neutron_lib/callbacks/manager.py:176}}
May 17 17:05:42.579866 dv-cinder-842149-1-smb neutron-server[103579]: DEBUG neutron.api.rpc.handlers.resources_rpc [None req-36909992-746e-4e8c-86d2-5452343f22e6 None None] Pushing event updated for resources: {'Port': ['ID=aaeda275-4b4a-44e3-9d53-d8d07bc43ad2,revision_number=4']} {{(pid=103579) push /opt/stack/neutron/neutron/api/rpc/handlers/resources_rpc.py:237}}
May 17 17:05:42.623882 dv-cinder-842149-1-smb neutron-server[103577]: DEBUG neutron.api.rpc.handlers.resources_rpc [None req-5e6254f3-7ff3-4098-b2ca-dba05873d5d3 admin admin] Pushing event updated for resources: {'SecurityGroup': ['ID=7db658fb-a047-493f-a833-0d6e1a5915fa,revision_number=1']} {{(pid=103577) push /opt/stack/neutron/neutron/api/rpc/handlers/resources_rpc.py:237}}
