May 17 17:20:00.689360 dv-cinder-842148-1-iscsi devstack@c-api.service[110588]: DEBUG cinder.api.openstack.wsgi [None req-eb632783-aa16-46c9-9588-f8619749745c tempest-SnapshotsActionsTest-557358634 tempest-SnapshotsActionsTest-557358634-project] Empty body provided in request {{(pid=110588) get_body /opt/stack/cinder/cinder/api/openstack/wsgi.py:715}}
May 17 17:20:00.689834 dv-cinder-842148-1-iscsi devstack@c-api.service[110588]: DEBUG cinder.api.openstack.wsgi [None req-eb632783-aa16-46c9-9588-f8619749745c tempest-SnapshotsActionsTest-557358634 tempest-SnapshotsActionsTest-557358634-project] Calling method 'delete' {{(pid=110588) _process_stack /opt/stack/cinder/cinder/api/openstack/wsgi.py:868}}
May 17 17:20:00.690128 dv-cinder-842148-1-iscsi devstack@c-api.service[110588]: INFO cinder.api.v2.snapshots [None req-eb632783-aa16-46c9-9588-f8619749745c tempest-SnapshotsActionsTest-557358634 tempest-SnapshotsActionsTest-557358634-project] Delete snapshot with id: 20a4e899-c524-40fc-9eaa-55ea445ec221
May 17 17:20:00.699304 dv-cinder-842148-1-iscsi devstack@c-api.service[110588]: INFO cinder.api.openstack.wsgi [None req-eb632783-aa16-46c9-9588-f8619749745c tempest-SnapshotsActionsTest-557358634 tempest-SnapshotsActionsTest-557358634-project] http://10.222.0.81/volume/v3/b872fb4fecb34a6898f914efe737ea9a/snapshots/20a4e899-c524-40fc-9eaa-55ea445ec221 returned with HTTP 404
May 17 17:20:00.700350 dv-cinder-842148-1-iscsi devstack@c-api.service[110588]: [pid: 110588|app: 0|req: 202/405] 10.222.0.81 () {58 vars in 1333 bytes} [Tue May 17 17:20:00 2022] DELETE /volume/v3/b872fb4fecb34a6898f914efe737ea9a/snapshots/20a4e899-c524-40fc-9eaa-55ea445ec221 => generated 111 bytes in 17 msecs (HTTP/1.1 404) 7 headers in 292 bytes (1 switches on core 0)
May 17 17:20:00.704825 dv-cinder-842148-1-iscsi devstack@c-api.service[110589]: DEBUG cinder.api.middleware.request_id [None req-1156094c-c7ee-47db-8c4d-3eb3f019944a None None] RequestId filter calling following filter/app {{(pid=110589) _context_setter /opt/stack/cinder/cinder/api/middleware/request_id.py:62}}
May 17 17:20:00.708808 dv-cinder-842148-1-iscsi devstack@c-api.service[110589]: INFO cinder.api.openstack.wsgi [None req-1156094c-c7ee-47db-8c4d-3eb3f019944a tempest-SnapshotsActionsTest-557358634 tempest-SnapshotsActionsTest-557358634-project] DELETE http://10.222.0.81/volume/v3/b872fb4fecb34a6898f914efe737ea9a/snapshots/c235e5f2-63e8-493f-8b66-0153886c3c76
May 17 17:20:00.709254 dv-cinder-842148-1-iscsi devstack@c-api.service[110589]: DEBUG cinder.api.openstack.wsgi [None req-1156094c-c7ee-47db-8c4d-3eb3f019944a tempest-SnapshotsActionsTest-557358634 tempest-SnapshotsActionsTest-557358634-project] Empty body provided in request {{(pid=110589) get_body /opt/stack/cinder/cinder/api/openstack/wsgi.py:715}}
May 17 17:20:00.709711 dv-cinder-842148-1-iscsi devstack@c-api.service[110589]: DEBUG cinder.api.openstack.wsgi [None req-1156094c-c7ee-47db-8c4d-3eb3f019944a tempest-SnapshotsActionsTest-557358634 tempest-SnapshotsActionsTest-557358634-project] Calling method 'delete' {{(pid=110589) _process_stack /opt/stack/cinder/cinder/api/openstack/wsgi.py:868}}
May 17 17:20:00.709986 dv-cinder-842148-1-iscsi devstack@c-api.service[110589]: INFO cinder.api.v2.snapshots [None req-1156094c-c7ee-47db-8c4d-3eb3f019944a tempest-SnapshotsActionsTest-557358634 tempest-SnapshotsActionsTest-557358634-project] Delete snapshot with id: c235e5f2-63e8-493f-8b66-0153886c3c76
May 17 17:20:00.719110 dv-cinder-842148-1-iscsi devstack@c-api.service[110589]: INFO cinder.api.openstack.wsgi [None req-1156094c-c7ee-47db-8c4d-3eb3f019944a tempest-SnapshotsActionsTest-557358634 tempest-SnapshotsActionsTest-557358634-project] http://10.222.0.81/volume/v3/b872fb4fecb34a6898f914efe737ea9a/snapshots/c235e5f2-63e8-493f-8b66-0153886c3c76 returned with HTTP 404
May 17 17:20:00.720064 dv-cinder-842148-1-iscsi devstack@c-api.service[110589]: [pid: 110589|app: 0|req: 204/406] 10.222.0.81 () {58 vars in 1333 bytes} [Tue May 17 17:20:00 2022] DELETE /volume/v3/b872fb4fecb34a6898f914efe737ea9a/snapshots/c235e5f2-63e8-493f-8b66-0153886c3c76 => generated 111 bytes in 16 msecs (HTTP/1.1 404) 7 headers in 292 bytes (1 switches on core 0)
May 17 17:20:00.724680 dv-cinder-842148-1-iscsi devstack@c-api.service[110588]: DEBUG cinder.api.middleware.request_id [None req-c32e41c2-9e84-420d-a98b-4cf111bf9cec None None] RequestId filter calling following filter/app {{(pid=110588) _context_setter /opt/stack/cinder/cinder/api/middleware/request_id.py:62}}
May 17 17:20:00.728731 dv-cinder-842148-1-iscsi devstack@c-api.service[110588]: INFO cinder.api.openstack.wsgi [None req-c32e41c2-9e84-420d-a98b-4cf111bf9cec tempest-SnapshotsActionsTest-557358634 tempest-SnapshotsActionsTest-557358634-project] DELETE http://10.222.0.81/volume/v3/b872fb4fecb34a6898f914efe737ea9a/snapshots/3f933208-d5ac-41f6-988f-5f6c86aae1ef
May 17 17:20:00.729230 dv-cinder-842148-1-iscsi devstack@c-api.service[110588]: DEBUG cinder.api.openstack.wsgi [None req-c32e41c2-9e84-420d-a98b-4cf111bf9cec tempest-SnapshotsActionsTest-557358634 tempest-SnapshotsActionsTest-557358634-project] Empty body provided in request {{(pid=110588) get_body /opt/stack/cinder/cinder/api/openstack/wsgi.py:715}}
May 17 17:20:00.729731 dv-cinder-842148-1-iscsi devstack@c-api.service[110588]: DEBUG cinder.api.openstack.wsgi [None req-c32e41c2-9e84-420d-a98b-4cf111bf9cec tempest-SnapshotsActionsTest-557358634 tempest-SnapshotsActionsTest-557358634-project] Calling method 'delete' {{(pid=110588) _process_stack /opt/stack/cinder/cinder/api/openstack/wsgi.py:868}}
May 17 17:20:00.730089 dv-cinder-842148-1-iscsi devstack@c-api.service[110588]: INFO cinder.api.v2.snapshots [None req-c32e41c2-9e84-420d-a98b-4cf111bf9cec tempest-SnapshotsActionsTest-557358634 tempest-SnapshotsActionsTest-557358634-project] Delete snapshot with id: 3f933208-d5ac-41f6-988f-5f6c86aae1ef
May 17 17:20:00.740208 dv-cinder-842148-1-iscsi devstack@c-api.service[110588]: /usr/local/lib/python3.8/dist-packages/oslo_context/context.py:100: DeprecationWarning: Policy enforcement is depending on the value of is_admin. This key is deprecated. Please update your policy file to use the standard policy values.
May 17 17:20:00.740208 dv-cinder-842148-1-iscsi devstack@c-api.service[110588]: warnings.warn('Policy enforcement is depending on the value of '
May 17 17:20:00.741218 dv-cinder-842148-1-iscsi devstack@c-api.service[110588]: INFO cinder.volume.api [None req-c32e41c2-9e84-420d-a98b-4cf111bf9cec tempest-SnapshotsActionsTest-557358634 tempest-SnapshotsActionsTest-557358634-project] Snapshot retrieved successfully.
May 17 17:20:00.769853 dv-cinder-842148-1-iscsi devstack@c-api.service[110588]: INFO cinder.volume.api [None req-c32e41c2-9e84-420d-a98b-4cf111bf9cec tempest-SnapshotsActionsTest-557358634 tempest-SnapshotsActionsTest-557358634-project] Snapshot delete request issued successfully.
May 17 17:20:00.770257 dv-cinder-842148-1-iscsi devstack@c-api.service[110588]: INFO cinder.api.openstack.wsgi [None req-c32e41c2-9e84-420d-a98b-4cf111bf9cec tempest-SnapshotsActionsTest-557358634 tempest-SnapshotsActionsTest-557358634-project] http://10.222.0.81/volume/v3/b872fb4fecb34a6898f914efe737ea9a/snapshots/3f933208-d5ac-41f6-988f-5f6c86aae1ef returned with HTTP 202
May 17 17:20:00.771042 dv-cinder-842148-1-iscsi devstack@c-api.service[110588]: [pid: 110588|app: 0|req: 203/407] 10.222.0.81 () {58 vars in 1333 bytes} [Tue May 17 17:20:00 2022] DELETE /volume/v3/b872fb4fecb34a6898f914efe737ea9a/snapshots/3f933208-d5ac-41f6-988f-5f6c86aae1ef => generated 0 bytes in 47 msecs (HTTP/1.1 202) 6 headers in 233 bytes (1 switches on core 0)
May 17 17:20:00.775846 dv-cinder-842148-1-iscsi devstack@c-api.service[110589]: DEBUG cinder.api.middleware.request_id [None req-037f03ff-417b-47a0-bb15-e32fc66786ba None None] RequestId filter calling following filter/app {{(pid=110589) _context_setter /opt/stack/cinder/cinder/api/middleware/request_id.py:62}}
May 17 17:20:00.780311 dv-cinder-842148-1-iscsi devstack@c-api.service[110589]: INFO cinder.api.openstack.wsgi [None req-037f03ff-417b-47a0-bb15-e32fc66786ba tempest-SnapshotsActionsTest-557358634 tempest-SnapshotsActionsTest-557358634-project] GET http://10.222.0.81/volume/v3/b872fb4fecb34a6898f914efe737ea9a/snapshots/3f933208-d5ac-41f6-988f-5f6c86aae1ef
May 17 17:20:00.780770 dv-cinder-842148-1-iscsi devstack@c-api.service[110589]: DEBUG cinder.api.openstack.wsgi [None req-037f03ff-417b-47a0-bb15-e32fc66786ba tempest-SnapshotsActionsTest-557358634 tempest-SnapshotsActionsTest-557358634-project] Empty body provided in request {{(pid=110589) get_body /opt/stack/cinder/cinder/api/openstack/wsgi.py:715}}
May 17 17:20:00.781224 dv-cinder-842148-1-iscsi devstack@c-api.service[110589]: DEBUG cinder.api.openstack.wsgi [None req-037f03ff-417b-47a0-bb15-e32fc66786ba tempest-SnapshotsActionsTest-557358634 tempest-SnapshotsActionsTest-557358634-project] Calling method 'show' {{(pid=110589) _process_stack /opt/stack/cinder/cinder/api/openstack/wsgi.py:868}}
May 17 17:20:00.790475 dv-cinder-842148-1-iscsi devstack@c-api.service[110589]: /usr/local/lib/python3.8/dist-packages/oslo_context/context.py:100: DeprecationWarning: Policy enforcement is depending on the value of is_admin. This key is deprecated. Please update your policy file to use the standard policy values.
May 17 17:20:00.790475 dv-cinder-842148-1-iscsi devstack@c-api.service[110589]: warnings.warn('Policy enforcement is depending on the value of '
May 17 17:20:00.791414 dv-cinder-842148-1-iscsi devstack@c-api.service[110589]: INFO cinder.volume.api [None req-037f03ff-417b-47a0-bb15-e32fc66786ba tempest-SnapshotsActionsTest-557358634 tempest-SnapshotsActionsTest-557358634-project] Snapshot retrieved successfully.
May 17 17:20:00.793279 dv-cinder-842148-1-iscsi devstack@c-api.service[110589]: INFO cinder.api.openstack.wsgi [None req-037f03ff-417b-47a0-bb15-e32fc66786ba tempest-SnapshotsActionsTest-557358634 tempest-SnapshotsActionsTest-557358634-project] http://10.222.0.81/volume/v3/b872fb4fecb34a6898f914efe737ea9a/snapshots/3f933208-d5ac-41f6-988f-5f6c86aae1ef returned with HTTP 200
May 17 17:20:00.794487 dv-cinder-842148-1-iscsi devstack@c-api.service[110589]: [pid: 110589|app: 0|req: 205/408] 10.222.0.81 () {58 vars in 1330 bytes} [Tue May 17 17:20:00 2022] GET /volume/v3/b872fb4fecb34a6898f914efe737ea9a/snapshots/3f933208-d5ac-41f6-988f-5f6c86aae1ef => generated 464 bytes in 20 msecs (HTTP/1.1 200) 7 headers in 285 bytes (1 switches on core 0)
May 17 17:20:01.062064 dv-cinder-842148-1-iscsi devstack@c-api.service[110588]: DEBUG cinder.api.middleware.request_id [None req-0b7f364f-b5fe-4aed-a9e9-fc15fe46d192 None None] RequestId filter calling following filter/app {{(pid=110588) _context_setter /opt/stack/cinder/cinder/api/middleware/request_id.py:62}}
May 17 17:20:01.065596 dv-cinder-842148-1-iscsi devstack@c-api.service[110588]: INFO cinder.api.openstack.wsgi [None req-0b7f364f-b5fe-4aed-a9e9-fc15fe46d192 tempest-GroupSnapshotsTest-1204934570 tempest-GroupSnapshotsTest-1204934570-project] GET http://10.222.0.81/volume/v3/2d5fa64837fe4e0eb2e92d7da40db272/volumes/1d078924-ff3f-4dd7-a31e-a3aa699a0a98
May 17 17:20:01.066066 dv-cinder-842148-1-iscsi devstack@c-api.service[110588]: DEBUG cinder.api.openstack.wsgi [None req-0b7f364f-b5fe-4aed-a9e9-fc15fe46d192 tempest-GroupSnapshotsTest-1204934570 tempest-GroupSnapshotsTest-1204934570-project] Empty body provided in request {{(pid=110588) get_body /opt/stack/cinder/cinder/api/openstack/wsgi.py:715}}
May 17 17:20:01.066511 dv-cinder-842148-1-iscsi devstack@c-api.service[110588]: DEBUG cinder.api.openstack.wsgi [None req-0b7f364f-b5fe-4aed-a9e9-fc15fe46d192 tempest-GroupSnapshotsTest-1204934570 tempest-GroupSnapshotsTest-1204934570-project] Calling method 'show' {{(pid=110588) _process_stack /opt/stack/cinder/cinder/api/openstack/wsgi.py:868}}
May 17 17:20:01.080845 dv-cinder-842148-1-iscsi devstack@c-api.service[110588]: /usr/local/lib/python3.8/dist-packages/oslo_context/context.py:100: DeprecationWarning: Policy enforcement is depending on the value of is_admin. This key is deprecated. Please update your policy file to use the standard policy values.
May 17 17:20:01.080845 dv-cinder-842148-1-iscsi devstack@c-api.service[110588]: warnings.warn('Policy enforcement is depending on the value of '
May 17 17:20:01.088597 dv-cinder-842148-1-iscsi devstack@c-api.service[110588]: INFO cinder.volume.api [None req-0b7f364f-b5fe-4aed-a9e9-fc15fe46d192 tempest-GroupSnapshotsTest-1204934570 tempest-GroupSnapshotsTest-1204934570-project] Volume info retrieved successfully.
May 17 17:20:01.089995 dv-cinder-842148-1-iscsi devstack@c-api.service[110588]: WARNING stevedore.named [None req-0b7f364f-b5fe-4aed-a9e9-fc15fe46d192 tempest-GroupSnapshotsTest-1204934570 tempest-GroupSnapshotsTest-1204934570-project] Could not load cinder.keymgr.conf_key_mgr.ConfKeyManager
May 17 17:20:01.090369 dv-cinder-842148-1-iscsi devstack@c-api.service[110588]: WARNING castellan.key_manager [None req-0b7f364f-b5fe-4aed-a9e9-fc15fe46d192 tempest-GroupSnapshotsTest-1204934570 tempest-GroupSnapshotsTest-1204934570-project] Deprecation Warning : cinder.keymgr.conf_key_mgr.ConfKeyManager is not a stevedore based driver, trying to load it as a class: stevedore.exception.NoMatches: No 'castellan.drivers' driver found, looking for 'cinder.keymgr.conf_key_mgr.ConfKeyManager'
May 17 17:20:01.097531 dv-cinder-842148-1-iscsi devstack@c-api.service[110588]: DEBUG oslo_db.sqlalchemy.engines [None req-0b7f364f-b5fe-4aed-a9e9-fc15fe46d192 tempest-GroupSnapshotsTest-1204934570 tempest-GroupSnapshotsTest-1204934570-project] MySQL server mode set to STRICT_TRANS_TABLES,STRICT_ALL_TABLES,NO_ZERO_IN_DATE,NO_ZERO_DATE,ERROR_FOR_DIVISION_BY_ZERO,TRADITIONAL,NO_ENGINE_SUBSTITUTION {{(pid=110588) _check_effective_sql_mode /usr/local/lib/python3.8/dist-packages/oslo_db/sqlalchemy/engines.py:314}}
May 17 17:20:01.103373 dv-cinder-842148-1-iscsi devstack@c-api.service[110588]: /usr/local/lib/python3.8/dist-packages/oslo_context/context.py:100: DeprecationWarning: Policy enforcement is depending on the value of is_admin. This key is deprecated. Please update your policy file to use the standard policy values.
May 17 17:20:01.103373 dv-cinder-842148-1-iscsi devstack@c-api.service[110588]: warnings.warn('Policy enforcement is depending on the value of '
May 17 17:20:01.116838 dv-cinder-842148-1-iscsi devstack@c-api.service[110588]: INFO cinder.api.openstack.wsgi [None req-0b7f364f-b5fe-4aed-a9e9-fc15fe46d192 tempest-GroupSnapshotsTest-1204934570 tempest-GroupSnapshotsTest-1204934570-project] http://10.222.0.81/volume/v3/2d5fa64837fe4e0eb2e92d7da40db272/volumes/1d078924-ff3f-4dd7-a31e-a3aa699a0a98 returned with HTTP 200
May 17 17:20:01.117567 dv-cinder-842148-1-iscsi devstack@c-api.service[110588]: [pid: 110588|app: 0|req: 204/409] 10.222.0.81 () {60 vars in 1365 bytes} [Tue May 17 17:20:01 2022] GET /volume/v3/2d5fa64837fe4e0eb2e92d7da40db272/volumes/1d078924-ff3f-4dd7-a31e-a3aa699a0a98 => generated 1000 bytes in 57 msecs (HTTP/1.1 200) 7 headers in 287 bytes (2 switches on core 0)
May 17 17:20:01.129925 dv-cinder-842148-1-iscsi devstack@c-api.service[110589]: DEBUG cinder.api.middleware.request_id [None req-65fb939b-908c-4cda-ab73-a578ba37ddf7 None None] RequestId filter calling following filter/app {{(pid=110589) _context_setter /opt/stack/cinder/cinder/api/middleware/request_id.py:62}}
May 17 17:20:01.133666 dv-cinder-842148-1-iscsi devstack@c-api.service[110589]: INFO cinder.api.openstack.wsgi [None req-65fb939b-908c-4cda-ab73-a578ba37ddf7 tempest-GroupSnapshotsTest-1204934570 tempest-GroupSnapshotsTest-1204934570-project] POST http://10.222.0.81/volume/v3/2d5fa64837fe4e0eb2e92d7da40db272/group_snapshots
May 17 17:20:01.134393 dv-cinder-842148-1-iscsi devstack@c-api.service[110589]: DEBUG cinder.api.openstack.wsgi [None req-65fb939b-908c-4cda-ab73-a578ba37ddf7 tempest-GroupSnapshotsTest-1204934570 tempest-GroupSnapshotsTest-1204934570-project] Action: 'create', calling method: version_select, body: {"group_snapshot": {"group_id": "60e599aa-ba31-4a5a-8065-9aec999540fc", "name": "tempest-group_snapshot-1715470630"}} {{(pid=110589) _process_stack /opt/stack/cinder/cinder/api/openstack/wsgi.py:866}}
May 17 17:20:01.135262 dv-cinder-842148-1-iscsi devstack@c-api.service[110589]: DEBUG cinder.api.v3.group_snapshots [None req-65fb939b-908c-4cda-ab73-a578ba37ddf7 tempest-GroupSnapshotsTest-1204934570 tempest-GroupSnapshotsTest-1204934570-project] Creating new group_snapshot {'group_snapshot': {'group_id': '60e599aa-ba31-4a5a-8065-9aec999540fc', 'name': 'tempest-group_snapshot-1715470630'}} {{(pid=110589) create /opt/stack/cinder/cinder/api/v3/group_snapshots.py:154}}
May 17 17:20:01.141554 dv-cinder-842148-1-iscsi devstack@c-api.service[110589]: /usr/local/lib/python3.8/dist-packages/oslo_context/context.py:100: DeprecationWarning: Policy enforcement is depending on the value of is_admin. This key is deprecated. Please update your policy file to use the standard policy values.
May 17 17:20:01.141554 dv-cinder-842148-1-iscsi devstack@c-api.service[110589]: warnings.warn('Policy enforcement is depending on the value of '
May 17 17:20:01.146838 dv-cinder-842148-1-iscsi devstack@c-api.service[110589]: INFO cinder.api.v3.group_snapshots [None req-65fb939b-908c-4cda-ab73-a578ba37ddf7 tempest-GroupSnapshotsTest-1204934570 tempest-GroupSnapshotsTest-1204934570-project] Creating group_snapshot tempest-group_snapshot-1715470630.
May 17 17:20:01.176005 dv-cinder-842148-1-iscsi devstack@c-api.service[110589]: /usr/local/lib/python3.8/dist-packages/oslo_context/context.py:100: DeprecationWarning: Policy enforcement is depending on the value of is_admin. This key is deprecated. Please update your policy file to use the standard policy values.
May 17 17:20:01.176005 dv-cinder-842148-1-iscsi devstack@c-api.service[110589]: warnings.warn('Policy enforcement is depending on the value of '
May 17 17:20:01.196670 dv-cinder-842148-1-iscsi devstack@c-api.service[110589]: WARNING cinder.quota [None req-65fb939b-908c-4cda-ab73-a578ba37ddf7 tempest-GroupSnapshotsTest-1204934570 tempest-GroupSnapshotsTest-1204934570-project] Deprecated: Default quota for resource: gigabytes_tempest-GroupSnapshotsTest-volume-type-134747757 is set by the default quota flag: quota_gigabytes_tempest-GroupSnapshotsTest-volume-type-134747757, it is now deprecated. Please use the default quota class for default quota.
May 17 17:20:01.197426 dv-cinder-842148-1-iscsi devstack@c-api.service[110589]: WARNING cinder.quota [None req-65fb939b-908c-4cda-ab73-a578ba37ddf7 tempest-GroupSnapshotsTest-1204934570 tempest-GroupSnapshotsTest-1204934570-project] Deprecated: Default quota for resource: snapshots_tempest-GroupSnapshotsTest-volume-type-134747757 is set by the default quota flag: quota_snapshots_tempest-GroupSnapshotsTest-volume-type-134747757, it is now deprecated. Please use the default quota class for default quota.
May 17 17:20:01.233081 dv-cinder-842148-1-iscsi devstack@c-api.service[110589]: DEBUG cinder.quota [None req-65fb939b-908c-4cda-ab73-a578ba37ddf7 tempest-GroupSnapshotsTest-1204934570 tempest-GroupSnapshotsTest-1204934570-project] Created reservations ['cef143ab-8d16-484b-9298-6a34f4968248', '7c622fdc-714e-4a13-9937-eb973faee1ec', 'fa822a7d-8def-4d6a-826b-5894affa2f6d', '1878790e-ecbe-40b7-a2d9-ab3fbf788226'] {{(pid=110589) reserve /opt/stack/cinder/cinder/quota.py:755}}
May 17 17:20:01.284650 dv-cinder-842148-1-iscsi devstack@c-api.service[110589]: INFO cinder.api.openstack.wsgi [None req-65fb939b-908c-4cda-ab73-a578ba37ddf7 tempest-GroupSnapshotsTest-1204934570 tempest-GroupSnapshotsTest-1204934570-project] http://10.222.0.81/volume/v3/2d5fa64837fe4e0eb2e92d7da40db272/group_snapshots returned with HTTP 202
May 17 17:20:01.285772 dv-cinder-842148-1-iscsi devstack@c-api.service[110589]: [pid: 110589|app: 0|req: 206/410] 10.222.0.81 () {62 vars in 1300 bytes} [Tue May 17 17:20:01 2022] POST /volume/v3/2d5fa64837fe4e0eb2e92d7da40db272/group_snapshots => generated 168 bytes in 157 msecs (HTTP/1.1 202) 7 headers in 292 bytes (1 switches on core 0)
May 17 17:20:01.292193 dv-cinder-842148-1-iscsi devstack@c-api.service[110588]: DEBUG cinder.api.middleware.request_id [None req-5b47d825-0283-4423-8967-f16ce2ac6384 None None] RequestId filter calling following filter/app {{(pid=110588) _context_setter /opt/stack/cinder/cinder/api/middleware/request_id.py:62}}
May 17 17:20:01.297390 dv-cinder-842148-1-iscsi devstack@c-api.service[110588]: INFO cinder.api.openstack.wsgi [None req-5b47d825-0283-4423-8967-f16ce2ac6384 tempest-GroupSnapshotsTest-1204934570 tempest-GroupSnapshotsTest-1204934570-project] GET http://10.222.0.81/volume/v3/2d5fa64837fe4e0eb2e92d7da40db272/group_snapshots/99411be5-ff94-48c2-9f51-63b53aa10227
May 17 17:20:01.297970 dv-cinder-842148-1-iscsi devstack@c-api.service[110588]: DEBUG cinder.api.openstack.wsgi [None req-5b47d825-0283-4423-8967-f16ce2ac6384 tempest-GroupSnapshotsTest-1204934570 tempest-GroupSnapshotsTest-1204934570-project] Empty body provided in request {{(pid=110588) get_body /opt/stack/cinder/cinder/api/openstack/wsgi.py:715}}
May 17 17:20:01.298425 dv-cinder-842148-1-iscsi devstack@c-api.service[110588]: DEBUG cinder.api.openstack.wsgi [None req-5b47d825-0283-4423-8967-f16ce2ac6384 tempest-GroupSnapshotsTest-1204934570 tempest-GroupSnapshotsTest-1204934570-project] Calling method 'version_select' {{(pid=110588) _process_stack /opt/stack/cinder/cinder/api/openstack/wsgi.py:868}}
May 17 17:20:01.298768 dv-cinder-842148-1-iscsi devstack@c-api.service[110588]: DEBUG cinder.api.v3.group_snapshots [None req-5b47d825-0283-4423-8967-f16ce2ac6384 tempest-GroupSnapshotsTest-1204934570 tempest-GroupSnapshotsTest-1204934570-project] show called for member 99411be5-ff94-48c2-9f51-63b53aa10227 {{(pid=110588) show /opt/stack/cinder/cinder/api/v3/group_snapshots.py:58}}
May 17 17:20:01.304840 dv-cinder-842148-1-iscsi devstack@c-api.service[110588]: /usr/local/lib/python3.8/dist-packages/oslo_context/context.py:100: DeprecationWarning: Policy enforcement is depending on the value of is_admin. This key is deprecated. Please update your policy file to use the standard policy values.
May 17 17:20:01.304840 dv-cinder-842148-1-iscsi devstack@c-api.service[110588]: warnings.warn('Policy enforcement is depending on the value of '
May 17 17:20:01.313198 dv-cinder-842148-1-iscsi devstack@c-api.service[110588]: INFO cinder.api.openstack.wsgi [None req-5b47d825-0283-4423-8967-f16ce2ac6384 tempest-GroupSnapshotsTest-1204934570 tempest-GroupSnapshotsTest-1204934570-project] http://10.222.0.81/volume/v3/2d5fa64837fe4e0eb2e92d7da40db272/group_snapshots/99411be5-ff94-48c2-9f51-63b53aa10227 returned with HTTP 200
May 17 17:20:01.325210 dv-cinder-842148-1-iscsi devstack@c-api.service[110588]: [pid: 110588|app: 0|req: 205/411] 10.222.0.81 () {60 vars in 1389 bytes} [Tue May 17 17:20:01 2022] GET /volume/v3/2d5fa64837fe4e0eb2e92d7da40db272/group_snapshots/99411be5-ff94-48c2-9f51-63b53aa10227 => generated 307 bytes in 25 msecs (HTTP/1.1 200) 7 headers in 286 bytes (2 switches on core 0)
May 17 17:20:01.467847 dv-cinder-842148-1-iscsi devstack@c-api.service[110589]: DEBUG cinder.api.middleware.request_id [None req-9e21d74a-02dd-4da1-8003-03de53e73414 None None] RequestId filter calling following filter/app {{(pid=110589) _context_setter /opt/stack/cinder/cinder/api/middleware/request_id.py:62}}
May 17 17:20:01.471593 dv-cinder-842148-1-iscsi devstack@c-api.service[110589]: INFO cinder.api.openstack.wsgi [None req-9e21d74a-02dd-4da1-8003-03de53e73414 tempest-VolumesActionsTest-424759248 tempest-VolumesActionsTest-424759248-project] GET http://10.222.0.81/volume/v3/33e6f25ad2424ab3ac0382dc1921fae9/volumes/06d45c20-5ad7-42f0-bea1-5825790ac018
May 17 17:20:01.472041 dv-cinder-842148-1-iscsi devstack@c-api.service[110589]: DEBUG cinder.api.openstack.wsgi [None req-9e21d74a-02dd-4da1-8003-03de53e73414 tempest-VolumesActionsTest-424759248 tempest-VolumesActionsTest-424759248-project] Empty body provided in request {{(pid=110589) get_body /opt/stack/cinder/cinder/api/openstack/wsgi.py:715}}
May 17 17:20:01.472513 dv-cinder-842148-1-iscsi devstack@c-api.service[110589]: DEBUG cinder.api.openstack.wsgi [None req-9e21d74a-02dd-4da1-8003-03de53e73414 tempest-VolumesActionsTest-424759248 tempest-VolumesActionsTest-424759248-project] Calling method 'show' {{(pid=110589) _process_stack /opt/stack/cinder/cinder/api/openstack/wsgi.py:868}}
May 17 17:20:01.487513 dv-cinder-842148-1-iscsi devstack@c-api.service[110588]: DEBUG cinder.api.middleware.request_id [None req-b34cdba1-2762-4126-af66-35438f05e5c2 None None] RequestId filter calling following filter/app {{(pid=110588) _context_setter /opt/stack/cinder/cinder/api/middleware/request_id.py:62}}
May 17 17:20:01.488663 dv-cinder-842148-1-iscsi devstack@c-api.service[110589]: /usr/local/lib/python3.8/dist-packages/oslo_context/context.py:100: DeprecationWarning: Policy enforcement is depending on the value of is_admin. This key is deprecated. Please update your policy file to use the standard policy values.
May 17 17:20:01.488663 dv-cinder-842148-1-iscsi devstack@c-api.service[110589]: warnings.warn('Policy enforcement is depending on the value of '
May 17 17:20:01.491460 dv-cinder-842148-1-iscsi devstack@c-api.service[110588]: INFO cinder.api.openstack.wsgi [None req-b34cdba1-2762-4126-af66-35438f05e5c2 tempest-GroupsTest-2022397075 tempest-GroupsTest-2022397075-project] GET http://10.222.0.81/volume/v3/f31a680bbbb646ffbee086bde26ee232/groups/3f3d1738-3d42-4f95-95b8-f0483496a358
May 17 17:20:01.491916 dv-cinder-842148-1-iscsi devstack@c-api.service[110588]: DEBUG cinder.api.openstack.wsgi [None req-b34cdba1-2762-4126-af66-35438f05e5c2 tempest-GroupsTest-2022397075 tempest-GroupsTest-2022397075-project] Empty body provided in request {{(pid=110588) get_body /opt/stack/cinder/cinder/api/openstack/wsgi.py:715}}
May 17 17:20:01.492390 dv-cinder-842148-1-iscsi devstack@c-api.service[110588]: DEBUG cinder.api.openstack.wsgi [None req-b34cdba1-2762-4126-af66-35438f05e5c2 tempest-GroupsTest-2022397075 tempest-GroupsTest-2022397075-project] Calling method 'version_select' {{(pid=110588) _process_stack /opt/stack/cinder/cinder/api/openstack/wsgi.py:868}}
May 17 17:20:01.492735 dv-cinder-842148-1-iscsi devstack@c-api.service[110588]: DEBUG cinder.api.v3.groups [None req-b34cdba1-2762-4126-af66-35438f05e5c2 tempest-GroupsTest-2022397075 tempest-GroupsTest-2022397075-project] show called for member 3f3d1738-3d42-4f95-95b8-f0483496a358 {{(pid=110588) show /opt/stack/cinder/cinder/api/v3/groups.py:58}}
May 17 17:20:01.500951 dv-cinder-842148-1-iscsi devstack@c-api.service[110589]: INFO cinder.volume.api [None req-9e21d74a-02dd-4da1-8003-03de53e73414 tempest-VolumesActionsTest-424759248 tempest-VolumesActionsTest-424759248-project] Volume info retrieved successfully.
May 17 17:20:01.501865 dv-cinder-842148-1-iscsi devstack@c-api.service[110588]: /usr/local/lib/python3.8/dist-packages/oslo_context/context.py:100: DeprecationWarning: Policy enforcement is depending on the value of is_admin. This key is deprecated. Please update your policy file to use the standard policy values.
May 17 17:20:01.501865 dv-cinder-842148-1-iscsi devstack@c-api.service[110588]: warnings.warn('Policy enforcement is depending on the value of '
May 17 17:20:01.513275 dv-cinder-842148-1-iscsi devstack@c-api.service[110589]: INFO cinder.api.openstack.wsgi [None req-9e21d74a-02dd-4da1-8003-03de53e73414 tempest-VolumesActionsTest-424759248 tempest-VolumesActionsTest-424759248-project] http://10.222.0.81/volume/v3/33e6f25ad2424ab3ac0382dc1921fae9/volumes/06d45c20-5ad7-42f0-bea1-5825790ac018 returned with HTTP 200
May 17 17:20:01.514672 dv-cinder-842148-1-iscsi devstack@c-api.service[110589]: [pid: 110589|app: 0|req: 207/412] 10.222.0.81 () {58 vars in 1324 bytes} [Tue May 17 17:20:01 2022] GET /volume/v3/33e6f25ad2424ab3ac0382dc1921fae9/volumes/06d45c20-5ad7-42f0-bea1-5825790ac018 => generated 911 bytes in 48 msecs (HTTP/1.1 200) 7 headers in 285 bytes (1 switches on core 0)
May 17 17:20:01.526440 dv-cinder-842148-1-iscsi devstack@c-api.service[110589]: DEBUG cinder.api.middleware.request_id [None req-8e5680f4-9ed4-4022-aa3a-0adb2e74e7db None None] RequestId filter calling following filter/app {{(pid=110589) _context_setter /opt/stack/cinder/cinder/api/middleware/request_id.py:62}}
May 17 17:20:01.529273 dv-cinder-842148-1-iscsi devstack@c-api.service[110588]: INFO cinder.api.openstack.wsgi [None req-b34cdba1-2762-4126-af66-35438f05e5c2 tempest-GroupsTest-2022397075 tempest-GroupsTest-2022397075-project] http://10.222.0.81/volume/v3/f31a680bbbb646ffbee086bde26ee232/groups/3f3d1738-3d42-4f95-95b8-f0483496a358 returned with HTTP 200
May 17 17:20:01.530636 dv-cinder-842148-1-iscsi devstack@c-api.service[110588]: [pid: 110588|app: 0|req: 206/413] 10.222.0.81 () {60 vars in 1362 bytes} [Tue May 17 17:20:01 2022] GET /volume/v3/f31a680bbbb646ffbee086bde26ee232/groups/3f3d1738-3d42-4f95-95b8-f0483496a358 => generated 323 bytes in 44 msecs (HTTP/1.1 200) 7 headers in 286 bytes (2 switches on core 0)
May 17 17:20:01.533680 dv-cinder-842148-1-iscsi devstack@c-api.service[110589]: INFO cinder.api.openstack.wsgi [None req-8e5680f4-9ed4-4022-aa3a-0adb2e74e7db tempest-VolumesActionsTest-1468299268 tempest-VolumesActionsTest-1468299268-project-admin] POST http://10.222.0.81/volume/v3/6a1ff562c91e464c926753054d76734c/volumes/06d45c20-5ad7-42f0-bea1-5825790ac018/action
May 17 17:20:01.534729 dv-cinder-842148-1-iscsi devstack@c-api.service[110589]: DEBUG cinder.api.openstack.wsgi [None req-8e5680f4-9ed4-4022-aa3a-0adb2e74e7db tempest-VolumesActionsTest-1468299268 tempest-VolumesActionsTest-1468299268-project-admin] Action body: b'{"os-reset_status": {"status": "maintenance"}}' {{(pid=110589) get_method /opt/stack/cinder/cinder/api/openstack/wsgi.py:983}}
May 17 17:20:01.535195 dv-cinder-842148-1-iscsi devstack@c-api.service[110589]: DEBUG cinder.api.openstack.wsgi [None req-8e5680f4-9ed4-4022-aa3a-0adb2e74e7db tempest-VolumesActionsTest-1468299268 tempest-VolumesActionsTest-1468299268-project-admin] Action: 'action', calling method: _reset_status, body: {"os-reset_status": {"status": "maintenance"}} {{(pid=110589) _process_stack /opt/stack/cinder/cinder/api/openstack/wsgi.py:866}}
May 17 17:20:01.542552 dv-cinder-842148-1-iscsi devstack@c-api.service[110588]: DEBUG cinder.api.middleware.request_id [None req-a3a05f24-a75a-4e81-a9b5-4616d6d3c5fe None None] RequestId filter calling following filter/app {{(pid=110588) _context_setter /opt/stack/cinder/cinder/api/middleware/request_id.py:62}}
May 17 17:20:01.550808 dv-cinder-842148-1-iscsi devstack@c-api.service[110588]: INFO cinder.api.openstack.wsgi [None req-a3a05f24-a75a-4e81-a9b5-4616d6d3c5fe tempest-GroupsTest-2022397075 tempest-GroupsTest-2022397075-project] POST http://10.222.0.81/volume/v3/f31a680bbbb646ffbee086bde26ee232/groups
May 17 17:20:01.550808 dv-cinder-842148-1-iscsi devstack@c-api.service[110588]: DEBUG cinder.api.openstack.wsgi [None req-a3a05f24-a75a-4e81-a9b5-4616d6d3c5fe tempest-GroupsTest-2022397075 tempest-GroupsTest-2022397075-project] Action: 'create', calling method: version_select, body: {"group": {"group_type": "920ead8b-83f7-49a5-8cd3-463c1857c1c3", "volume_types": ["6daa8969-848b-45ac-beed-ef3778e85340"], "name": "tempest-Group2-618594979"}} {{(pid=110588) _process_stack /opt/stack/cinder/cinder/api/openstack/wsgi.py:866}}
May 17 17:20:01.550808 dv-cinder-842148-1-iscsi devstack@c-api.service[110588]: DEBUG cinder.api.v3.groups [None req-a3a05f24-a75a-4e81-a9b5-4616d6d3c5fe tempest-GroupsTest-2022397075 tempest-GroupsTest-2022397075-project] Creating new group {'group': {'group_type': '920ead8b-83f7-49a5-8cd3-463c1857c1c3', 'volume_types': ['6daa8969-848b-45ac-beed-ef3778e85340'], 'name': 'tempest-Group2-618594979'}} {{(pid=110588) create /opt/stack/cinder/cinder/api/v3/groups.py:190}}
May 17 17:20:01.555882 dv-cinder-842148-1-iscsi devstack@c-api.service[110588]: INFO cinder.api.v3.groups [None req-a3a05f24-a75a-4e81-a9b5-4616d6d3c5fe tempest-GroupsTest-2022397075 tempest-GroupsTest-2022397075-project] Creating group tempest-Group2-618594979.
May 17 17:20:01.558117 dv-cinder-842148-1-iscsi devstack@c-api.service[110588]: /usr/local/lib/python3.8/dist-packages/oslo_context/context.py:100: DeprecationWarning: Policy enforcement is depending on the value of is_admin. This key is deprecated. Please update your policy file to use the standard policy values.
May 17 17:20:01.558117 dv-cinder-842148-1-iscsi devstack@c-api.service[110588]: warnings.warn('Policy enforcement is depending on the value of '
May 17 17:20:01.558928 dv-cinder-842148-1-iscsi devstack@c-api.service[110589]: /usr/local/lib/python3.8/dist-packages/oslo_context/context.py:100: DeprecationWarning: Policy enforcement is depending on the value of is_admin. This key is deprecated. Please update your policy file to use the standard policy values.
May 17 17:20:01.558928 dv-cinder-842148-1-iscsi devstack@c-api.service[110589]: warnings.warn('Policy enforcement is depending on the value of '
May 17 17:20:01.560722 dv-cinder-842148-1-iscsi devstack@c-api.service[110589]: DEBUG cinder.api.contrib.admin_actions [None req-8e5680f4-9ed4-4022-aa3a-0adb2e74e7db tempest-VolumesActionsTest-1468299268 tempest-VolumesActionsTest-1468299268-project-admin] Updating volume '06d45c20-5ad7-42f0-bea1-5825790ac018' with '{'status': 'maintenance'}' {{(pid=110589) _reset_status /opt/stack/cinder/cinder/api/contrib/admin_actions.py:200}}
May 17 17:20:01.585876 dv-cinder-842148-1-iscsi devstack@c-api.service[110588]: INFO cinder.volume.api [None req-a3a05f24-a75a-4e81-a9b5-4616d6d3c5fe tempest-GroupsTest-2022397075 tempest-GroupsTest-2022397075-project] Availability Zones retrieved successfully.
May 17 17:20:01.605450 dv-cinder-842148-1-iscsi devstack@c-api.service[110589]: INFO cinder.api.openstack.wsgi [None req-8e5680f4-9ed4-4022-aa3a-0adb2e74e7db tempest-VolumesActionsTest-1468299268 tempest-VolumesActionsTest-1468299268-project-admin] http://10.222.0.81/volume/v3/6a1ff562c91e464c926753054d76734c/volumes/06d45c20-5ad7-42f0-bea1-5825790ac018/action returned with HTTP 202
May 17 17:20:01.606886 dv-cinder-842148-1-iscsi devstack@c-api.service[110589]: [pid: 110589|app: 0|req: 208/414] 10.222.0.81 () {60 vars in 1366 bytes} [Tue May 17 17:20:01 2022] POST /volume/v3/6a1ff562c91e464c926753054d76734c/volumes/06d45c20-5ad7-42f0-bea1-5825790ac018/action => generated 0 bytes in 82 msecs (HTTP/1.1 202) 7 headers in 289 bytes (1 switches on core 0)
May 17 17:20:01.609514 dv-cinder-842148-1-iscsi devstack@c-api.service[110588]: DEBUG cinder.quota [None req-a3a05f24-a75a-4e81-a9b5-4616d6d3c5fe tempest-GroupsTest-2022397075 tempest-GroupsTest-2022397075-project] Created reservations ['25779a88-3af8-480a-895b-f8fde6b9758b'] {{(pid=110588) reserve /opt/stack/cinder/cinder/quota.py:755}}
May 17 17:20:01.620347 dv-cinder-842148-1-iscsi devstack@c-api.service[110589]: DEBUG cinder.api.middleware.request_id [None req-bdb421d3-b9d4-411b-818a-735e579a05e8 None None] RequestId filter calling following filter/app {{(pid=110589) _context_setter /opt/stack/cinder/cinder/api/middleware/request_id.py:62}}
May 17 17:20:01.633825 dv-cinder-842148-1-iscsi devstack@c-api.service[110589]: INFO cinder.api.openstack.wsgi [None req-bdb421d3-b9d4-411b-818a-735e579a05e8 tempest-VolumesActionsTest-424759248 tempest-VolumesActionsTest-424759248-project] GET http://10.222.0.81/volume/v3/33e6f25ad2424ab3ac0382dc1921fae9/volumes/06d45c20-5ad7-42f0-bea1-5825790ac018
May 17 17:20:01.634447 dv-cinder-842148-1-iscsi devstack@c-api.service[110589]: DEBUG cinder.api.openstack.wsgi [None req-bdb421d3-b9d4-411b-818a-735e579a05e8 tempest-VolumesActionsTest-424759248 tempest-VolumesActionsTest-424759248-project] Empty body provided in request {{(pid=110589) get_body /opt/stack/cinder/cinder/api/openstack/wsgi.py:715}}
May 17 17:20:01.634912 dv-cinder-842148-1-iscsi devstack@c-api.service[110589]: DEBUG cinder.api.openstack.wsgi [None req-bdb421d3-b9d4-411b-818a-735e579a05e8 tempest-VolumesActionsTest-424759248 tempest-VolumesActionsTest-424759248-project] Calling method 'show' {{(pid=110589) _process_stack /opt/stack/cinder/cinder/api/openstack/wsgi.py:868}}
May 17 17:20:01.672182 dv-cinder-842148-1-iscsi devstack@c-api.service[110589]: /usr/local/lib/python3.8/dist-packages/oslo_context/context.py:100: DeprecationWarning: Policy enforcement is depending on the value of is_admin. This key is deprecated. Please update your policy file to use the standard policy values.
May 17 17:20:01.672182 dv-cinder-842148-1-iscsi devstack@c-api.service[110589]: warnings.warn('Policy enforcement is depending on the value of '
May 17 17:20:01.675243 dv-cinder-842148-1-iscsi devstack@c-api.service[110588]: INFO cinder.api.openstack.wsgi [None req-a3a05f24-a75a-4e81-a9b5-4616d6d3c5fe tempest-GroupsTest-2022397075 tempest-GroupsTest-2022397075-project] http://10.222.0.81/volume/v3/f31a680bbbb646ffbee086bde26ee232/groups returned with HTTP 202
May 17 17:20:01.678303 dv-cinder-842148-1-iscsi devstack@c-api.service[110588]: [pid: 110588|app: 0|req: 207/415] 10.222.0.81 () {62 vars in 1273 bytes} [Tue May 17 17:20:01 2022] POST /volume/v3/f31a680bbbb646ffbee086bde26ee232/groups => generated 93 bytes in 136 msecs (HTTP/1.1 202) 7 headers in 291 bytes (2 switches on core 0)
May 17 17:20:01.682870 dv-cinder-842148-1-iscsi devstack@c-api.service[110588]: DEBUG cinder.api.middleware.request_id [None req-bca66a0c-fe3a-4f10-aaf5-37594b9797cd None None] RequestId filter calling following filter/app {{(pid=110588) _context_setter /opt/stack/cinder/cinder/api/middleware/request_id.py:62}}
May 17 17:20:01.690155 dv-cinder-842148-1-iscsi devstack@c-api.service[110589]: INFO cinder.volume.api [None req-bdb421d3-b9d4-411b-818a-735e579a05e8 tempest-VolumesActionsTest-424759248 tempest-VolumesActionsTest-424759248-project] Volume info retrieved successfully.
May 17 17:20:01.690992 dv-cinder-842148-1-iscsi devstack@c-api.service[110588]: INFO cinder.api.openstack.wsgi [None req-bca66a0c-fe3a-4f10-aaf5-37594b9797cd tempest-VolumeSnapshotQuotasNegativeTestJSON-1643716723 tempest-VolumeSnapshotQuotasNegativeTestJSON-1643716723-project] GET http://10.222.0.81/volume/v3/93f56e327e3048f29c765393b9fc0dd6/volumes/80ddac48-eebc-4565-bb44-701c9ae227d1
May 17 17:20:01.693143 dv-cinder-842148-1-iscsi devstack@c-api.service[110588]: DEBUG cinder.api.openstack.wsgi [None req-bca66a0c-fe3a-4f10-aaf5-37594b9797cd tempest-VolumeSnapshotQuotasNegativeTestJSON-1643716723 tempest-VolumeSnapshotQuotasNegativeTestJSON-1643716723-project] Empty body provided in request {{(pid=110588) get_body /opt/stack/cinder/cinder/api/openstack/wsgi.py:715}}
May 17 17:20:01.694266 dv-cinder-842148-1-iscsi devstack@c-api.service[110588]: DEBUG cinder.api.openstack.wsgi [None req-bca66a0c-fe3a-4f10-aaf5-37594b9797cd tempest-VolumeSnapshotQuotasNegativeTestJSON-1643716723 tempest-VolumeSnapshotQuotasNegativeTestJSON-1643716723-project] Calling method 'show' {{(pid=110588) _process_stack /opt/stack/cinder/cinder/api/openstack/wsgi.py:868}}
May 17 17:20:01.707847 dv-cinder-842148-1-iscsi devstack@c-api.service[110589]: INFO cinder.api.openstack.wsgi [None req-bdb421d3-b9d4-411b-818a-735e579a05e8 tempest-VolumesActionsTest-424759248 tempest-VolumesActionsTest-424759248-project] http://10.222.0.81/volume/v3/33e6f25ad2424ab3ac0382dc1921fae9/volumes/06d45c20-5ad7-42f0-bea1-5825790ac018 returned with HTTP 200
May 17 17:20:01.708749 dv-cinder-842148-1-iscsi devstack@c-api.service[110589]: [pid: 110589|app: 0|req: 209/416] 10.222.0.81 () {58 vars in 1324 bytes} [Tue May 17 17:20:01 2022] GET /volume/v3/33e6f25ad2424ab3ac0382dc1921fae9/volumes/06d45c20-5ad7-42f0-bea1-5825790ac018 => generated 913 bytes in 89 msecs (HTTP/1.1 200) 7 headers in 285 bytes (1 switches on core 0)
May 17 17:20:01.710258 dv-cinder-842148-1-iscsi devstack@c-api.service[110589]: DEBUG cinder.api.middleware.request_id [None req-b14a4128-dd4e-4068-b96c-f46e85dc540b None None] RequestId filter calling following filter/app {{(pid=110589) _context_setter /opt/stack/cinder/cinder/api/middleware/request_id.py:62}}
May 17 17:20:01.714205 dv-cinder-842148-1-iscsi devstack@c-api.service[110588]: INFO cinder.api.openstack.wsgi [None req-bca66a0c-fe3a-4f10-aaf5-37594b9797cd tempest-VolumeSnapshotQuotasNegativeTestJSON-1643716723 tempest-VolumeSnapshotQuotasNegativeTestJSON-1643716723-project] http://10.222.0.81/volume/v3/93f56e327e3048f29c765393b9fc0dd6/volumes/80ddac48-eebc-4565-bb44-701c9ae227d1 returned with HTTP 404
May 17 17:20:01.714934 dv-cinder-842148-1-iscsi devstack@c-api.service[110589]: INFO cinder.api.openstack.wsgi [None req-b14a4128-dd4e-4068-b96c-f46e85dc540b tempest-GroupsTest-2022397075 tempest-GroupsTest-2022397075-project] GET http://10.222.0.81/volume/v3/f31a680bbbb646ffbee086bde26ee232/groups/a3dc4235-3ce8-4676-8ae5-d4900d38028d
May 17 17:20:01.715421 dv-cinder-842148-1-iscsi devstack@c-api.service[110589]: DEBUG cinder.api.openstack.wsgi [None req-b14a4128-dd4e-4068-b96c-f46e85dc540b tempest-GroupsTest-2022397075 tempest-GroupsTest-2022397075-project] Empty body provided in request {{(pid=110589) get_body /opt/stack/cinder/cinder/api/openstack/wsgi.py:715}}
May 17 17:20:01.717986 dv-cinder-842148-1-iscsi devstack@c-api.service[110589]: DEBUG cinder.api.openstack.wsgi [None req-b14a4128-dd4e-4068-b96c-f46e85dc540b tempest-GroupsTest-2022397075 tempest-GroupsTest-2022397075-project] Calling method 'version_select' {{(pid=110589) _process_stack /opt/stack/cinder/cinder/api/openstack/wsgi.py:868}}
May 17 17:20:01.717986 dv-cinder-842148-1-iscsi devstack@c-api.service[110589]: DEBUG cinder.api.v3.groups [None req-b14a4128-dd4e-4068-b96c-f46e85dc540b tempest-GroupsTest-2022397075 tempest-GroupsTest-2022397075-project] show called for member a3dc4235-3ce8-4676-8ae5-d4900d38028d {{(pid=110589) show /opt/stack/cinder/cinder/api/v3/groups.py:58}}
May 17 17:20:01.722041 dv-cinder-842148-1-iscsi devstack@c-api.service[110588]: [pid: 110588|app: 0|req: 208/417] 10.222.0.81 () {58 vars in 1324 bytes} [Tue May 17 17:20:01 2022] GET /volume/v3/93f56e327e3048f29c765393b9fc0dd6/volumes/80ddac48-eebc-4565-bb44-701c9ae227d1 => generated 109 bytes in 43 msecs (HTTP/1.1 404) 7 headers in 292 bytes (1 switches on core 0)
May 17 17:20:01.723775 dv-cinder-842148-1-iscsi devstack@c-api.service[110588]: DEBUG cinder.api.middleware.request_id [None req-1590f8e1-448e-4c78-80bb-2b97dcb64854 None None] RequestId filter calling following filter/app {{(pid=110588) _context_setter /opt/stack/cinder/cinder/api/middleware/request_id.py:62}}
May 17 17:20:01.725108 dv-cinder-842148-1-iscsi devstack@c-api.service[110589]: /usr/local/lib/python3.8/dist-packages/oslo_context/context.py:100: DeprecationWarning: Policy enforcement is depending on the value of is_admin. This key is deprecated. Please update your policy file to use the standard policy values.
May 17 17:20:01.725108 dv-cinder-842148-1-iscsi devstack@c-api.service[110589]: warnings.warn('Policy enforcement is depending on the value of '
May 17 17:20:01.727982 dv-cinder-842148-1-iscsi devstack@c-api.service[110588]: INFO cinder.api.openstack.wsgi [None req-1590f8e1-448e-4c78-80bb-2b97dcb64854 tempest-VolumesActionsTest-1468299268 tempest-VolumesActionsTest-1468299268-project-admin] POST http://10.222.0.81/volume/v3/6a1ff562c91e464c926753054d76734c/volumes/06d45c20-5ad7-42f0-bea1-5825790ac018/action
May 17 17:20:01.729231 dv-cinder-842148-1-iscsi devstack@c-api.service[110588]: DEBUG cinder.api.openstack.wsgi [None req-1590f8e1-448e-4c78-80bb-2b97dcb64854 tempest-VolumesActionsTest-1468299268 tempest-VolumesActionsTest-1468299268-project-admin] Action body: b'{"os-force_delete": {}}' {{(pid=110588) get_method /opt/stack/cinder/cinder/api/openstack/wsgi.py:983}}
May 17 17:20:01.729830 dv-cinder-842148-1-iscsi devstack@c-api.service[110588]: DEBUG cinder.api.openstack.wsgi [None req-1590f8e1-448e-4c78-80bb-2b97dcb64854 tempest-VolumesActionsTest-1468299268 tempest-VolumesActionsTest-1468299268-project-admin] Action: 'action', calling method: _force_delete, body: {"os-force_delete": {}} {{(pid=110588) _process_stack /opt/stack/cinder/cinder/api/openstack/wsgi.py:866}}
May 17 17:20:01.748029 dv-cinder-842148-1-iscsi devstack@c-api.service[110588]: /usr/local/lib/python3.8/dist-packages/oslo_context/context.py:100: DeprecationWarning: Policy enforcement is depending on the value of is_admin. This key is deprecated. Please update your policy file to use the standard policy values.
May 17 17:20:01.748029 dv-cinder-842148-1-iscsi devstack@c-api.service[110588]: warnings.warn('Policy enforcement is depending on the value of '
May 17 17:20:01.749404 dv-cinder-842148-1-iscsi devstack@c-api.service[110588]: INFO cinder.volume.api [None req-1590f8e1-448e-4c78-80bb-2b97dcb64854 tempest-VolumesActionsTest-1468299268 tempest-VolumesActionsTest-1468299268-project-admin] Volume info retrieved successfully.
May 17 17:20:01.757515 dv-cinder-842148-1-iscsi devstack@c-api.service[110589]: INFO cinder.api.openstack.wsgi [None req-b14a4128-dd4e-4068-b96c-f46e85dc540b tempest-GroupsTest-2022397075 tempest-GroupsTest-2022397075-project] http://10.222.0.81/volume/v3/f31a680bbbb646ffbee086bde26ee232/groups/a3dc4235-3ce8-4676-8ae5-d4900d38028d returned with HTTP 200
May 17 17:20:01.762511 dv-cinder-842148-1-iscsi devstack@c-api.service[110589]: [pid: 110589|app: 0|req: 210/418] 10.222.0.81 () {60 vars in 1362 bytes} [Tue May 17 17:20:01 2022] GET /volume/v3/f31a680bbbb646ffbee086bde26ee232/groups/a3dc4235-3ce8-4676-8ae5-d4900d38028d => generated 321 bytes in 49 msecs (HTTP/1.1 200) 7 headers in 286 bytes (1 switches on core 0)
May 17 17:20:01.762511 dv-cinder-842148-1-iscsi devstack@c-api.service[110589]: DEBUG cinder.api.middleware.request_id [None req-113eb1ec-faba-4b20-97fd-cf71397c5012 None None] RequestId filter calling following filter/app {{(pid=110589) _context_setter /opt/stack/cinder/cinder/api/middleware/request_id.py:62}}
May 17 17:20:01.765660 dv-cinder-842148-1-iscsi devstack@c-api.service[110589]: INFO cinder.api.openstack.wsgi [None req-113eb1ec-faba-4b20-97fd-cf71397c5012 tempest-VolumeSnapshotQuotasNegativeTestJSON-535045820 tempest-VolumeSnapshotQuotasNegativeTestJSON-535045820-project-admin] PUT http://10.222.0.81/volume/v3/acde5133da0e47e3923b59e7d6eeb028/os-quota-sets/93f56e327e3048f29c765393b9fc0dd6
May 17 17:20:01.766373 dv-cinder-842148-1-iscsi devstack@c-api.service[110589]: DEBUG cinder.api.openstack.wsgi [None req-113eb1ec-faba-4b20-97fd-cf71397c5012 tempest-VolumeSnapshotQuotasNegativeTestJSON-535045820 tempest-VolumeSnapshotQuotasNegativeTestJSON-535045820-project-admin] Action: 'update', calling method: update, body: {"quota_set": {"volumes": 10, "per_volume_gigabytes": -1, "snapshots": 10, "gigabytes": 1000, "backups": 10, "backup_gigabytes": 1000}} {{(pid=110589) _process_stack /opt/stack/cinder/cinder/api/openstack/wsgi.py:866}}
May 17 17:20:01.796360 dv-cinder-842148-1-iscsi devstack@c-api.service[110588]: INFO cinder.volume.api [None req-1590f8e1-448e-4c78-80bb-2b97dcb64854 tempest-VolumesActionsTest-1468299268 tempest-VolumesActionsTest-1468299268-project-admin] Delete volume request issued successfully.
May 17 17:20:01.801654 dv-cinder-842148-1-iscsi devstack@c-api.service[110588]: INFO cinder.api.openstack.wsgi [None req-1590f8e1-448e-4c78-80bb-2b97dcb64854 tempest-VolumesActionsTest-1468299268 tempest-VolumesActionsTest-1468299268-project-admin] http://10.222.0.81/volume/v3/6a1ff562c91e464c926753054d76734c/volumes/06d45c20-5ad7-42f0-bea1-5825790ac018/action returned with HTTP 202
May 17 17:20:01.804547 dv-cinder-842148-1-iscsi devstack@c-api.service[110588]: [pid: 110588|app: 0|req: 209/419] 10.222.0.81 () {60 vars in 1366 bytes} [Tue May 17 17:20:01 2022] POST /volume/v3/6a1ff562c91e464c926753054d76734c/volumes/06d45c20-5ad7-42f0-bea1-5825790ac018/action => generated 0 bytes in 82 msecs (HTTP/1.1 202) 7 headers in 289 bytes (1 switches on core 0)
May 17 17:20:01.805921 dv-cinder-842148-1-iscsi devstack@c-api.service[110589]: /usr/local/lib/python3.8/dist-packages/oslo_context/context.py:100: DeprecationWarning: Policy enforcement is depending on the value of is_admin. This key is deprecated. Please update your policy file to use the standard policy values.
May 17 17:20:01.805921 dv-cinder-842148-1-iscsi devstack@c-api.service[110589]: warnings.warn('Policy enforcement is depending on the value of '
May 17 17:20:01.806153 dv-cinder-842148-1-iscsi devstack@c-api.service[110588]: DEBUG cinder.api.middleware.request_id [None req-e393559e-8d34-48a7-9072-88d5dd8da87f None None] RequestId filter calling following filter/app {{(pid=110588) _context_setter /opt/stack/cinder/cinder/api/middleware/request_id.py:62}}
May 17 17:20:01.810432 dv-cinder-842148-1-iscsi devstack@c-api.service[110588]: INFO cinder.api.openstack.wsgi [None req-e393559e-8d34-48a7-9072-88d5dd8da87f tempest-SnapshotsActionsTest-557358634 tempest-SnapshotsActionsTest-557358634-project] GET http://10.222.0.81/volume/v3/b872fb4fecb34a6898f914efe737ea9a/snapshots/3f933208-d5ac-41f6-988f-5f6c86aae1ef
May 17 17:20:01.810871 dv-cinder-842148-1-iscsi devstack@c-api.service[110588]: DEBUG cinder.api.openstack.wsgi [None req-e393559e-8d34-48a7-9072-88d5dd8da87f tempest-SnapshotsActionsTest-557358634 tempest-SnapshotsActionsTest-557358634-project] Empty body provided in request {{(pid=110588) get_body /opt/stack/cinder/cinder/api/openstack/wsgi.py:715}}
May 17 17:20:01.811323 dv-cinder-842148-1-iscsi devstack@c-api.service[110588]: DEBUG cinder.api.openstack.wsgi [None req-e393559e-8d34-48a7-9072-88d5dd8da87f tempest-SnapshotsActionsTest-557358634 tempest-SnapshotsActionsTest-557358634-project] Calling method 'show' {{(pid=110588) _process_stack /opt/stack/cinder/cinder/api/openstack/wsgi.py:868}}
