May 16 15:42:08.718045 dv-cinder-841889-1-smb neutron-server[108653]: DEBUG neutron.db.db_base_plugin_common [None req-115a736c-0e28-49d6-a897-122cfed4dd7b admin admin] Allocated IP 172.20.0.1 (e8cb5787-8948-4b4b-be75-9e72ece64182/4e977645-1dad-4047-82c7-88f7a031e725/b83e3f21-84b2-46e9-8d49-8f06c6f9ddc7) {{(pid=108653) _store_ip_allocation /opt/stack/neutron/neutron/db/db_base_plugin_common.py:131}}
May 16 15:42:08.758542 dv-cinder-841889-1-smb neutron-server[108654]: DEBUG neutron.api.rpc.handlers.dhcp_rpc [None req-521e82a1-301b-4e22-b9fc-750d99e5f859 None None] Network 95241834-1f72-4b46-880a-8eb6e9ccb23a requested from dv-cinder-841889-1-smb {{(pid=108654) get_network_info /opt/stack/neutron/neutron/api/rpc/handlers/dhcp_rpc.py:218}}
May 16 15:42:08.760233 dv-cinder-841889-1-smb neutron-server[108652]: DEBUG neutron.api.rpc.handlers.resources_rpc [None req-f8190eea-2db6-461c-94f5-4ad734dad266 admin admin] Pushing event updated for resources: {'Port': ['ID=af9314de-9524-475f-9b8d-37cb02ce21ae,revision_number=1']} {{(pid=108652) push /opt/stack/neutron/neutron/api/rpc/handlers/resources_rpc.py:237}}
May 16 15:42:08.841949 dv-cinder-841889-1-smb neutron-server[108652]: DEBUG neutron.scheduler.dhcp_agent_scheduler [None req-f8190eea-2db6-461c-94f5-4ad734dad266 admin admin] Network e218fb98-298b-4701-9da8-4bdf60e2f6af is already hosted by enough agents. {{(pid=108652) _get_dhcp_agents_hosting_network /opt/stack/neutron/neutron/scheduler/dhcp_agent_scheduler.py:275}}
May 16 15:42:08.842873 dv-cinder-841889-1-smb neutron-server[108652]: DEBUG neutron.wsgi [-] (108652) accepted ('10.222.0.59', 47040) {{(pid=108652) server /usr/local/lib/python3.8/dist-packages/eventlet/wsgi.py:982}}
May 16 15:42:08.852335 dv-cinder-841889-1-smb neutron-server[108652]: DEBUG neutron.scheduler.base_scheduler [None req-f8190eea-2db6-461c-94f5-4ad734dad266 admin admin] Resources bound (agent type, host, resource id): {{(pid=108652) schedule /opt/stack/neutron/neutron/scheduler/base_scheduler.py:57}}
May 16 15:42:08.884112 dv-cinder-841889-1-smb neutron-server[108652]: DEBUG neutron.db.l3_dvrscheduler_db [None req-f8190eea-2db6-461c-94f5-4ad734dad266 admin admin] Received port after_create {{(pid=108652) _notify_l3_agent_new_port /opt/stack/neutron/neutron/db/l3_dvrscheduler_db.py:536}}
May 16 15:42:09.010323 dv-cinder-841889-1-smb neutron-server[108653]: DEBUG neutron_lib.callbacks.manager [None req-115a736c-0e28-49d6-a897-122cfed4dd7b admin admin] Notify callbacks [] for port, precommit_create {{(pid=108653) _notify_loop /usr/local/lib/python3.8/dist-packages/neutron_lib/callbacks/manager.py:192}}
May 16 15:42:09.079688 dv-cinder-841889-1-smb neutron-server[108652]: INFO neutron.wsgi [req-571da25c-ed95-415a-bcc5-aae2a2dbe0e0 req-8ac1e5f4-5fcc-40ec-82b1-4b5610b7e844 tempest-DeleteServersTestJSON-615406763 tempest-DeleteServersTestJSON-615406763-project] 10.222.0.59 "GET /v2.0/ports?device_id=b0808cc9-7c3d-4436-9a65-b5aa3847363f HTTP/1.1" status: 200 len: 210 time: 0.2308986
May 16 15:42:09.092267 dv-cinder-841889-1-smb neutron-server[108655]: DEBUG neutron_lib.callbacks.manager [None req-161e123b-9a64-4b3d-b06a-9e69fe4e3762 None None] Notify callbacks [] for port, precommit_update {{(pid=108655) _notify_loop /usr/local/lib/python3.8/dist-packages/neutron_lib/callbacks/manager.py:192}}
May 16 15:42:09.123895 dv-cinder-841889-1-smb neutron-server[108655]: DEBUG neutron_lib.callbacks.manager [None req-161e123b-9a64-4b3d-b06a-9e69fe4e3762 None None] Notify callbacks ['neutron.plugins.ml2.plugin.SecurityGroupServerNotifierRpcMixin._notify_sg_on_port_change-1461282', 'neutron.plugins.ml2.ovo_rpc._ObjectChangeHandler.handle_event-223750', 'neutron.api.rpc.agentnotifiers.dhcp_rpc_agent_api.DhcpAgentNotifyAPI._native_event_send_dhcp_notification-567960', 'neutron.db.l3_db.L3RpcNotifierMixin._notify_gateway_port_ip_changed-8727359325305', 'neutron.db.l3_dvrscheduler_db._notify_l3_agent_port_update-8727358850178', 'neutron.db.l3_hascheduler_db._notify_l3_agent_ha_port_update-8727358858536'] for port, after_update {{(pid=108655) _notify_loop /usr/local/lib/python3.8/dist-packages/neutron_lib/callbacks/manager.py:192}}
May 16 15:42:09.132861 dv-cinder-841889-1-smb neutron-server[108654]: DEBUG neutron.plugins.ml2.plugin [None req-1d84dae1-1f0d-4783-869e-c266ace1ca6d None None] Current status of the port a154e49a-b33e-4c6d-aaf9-d25ca12ba821 is: DOWN; New status is: ACTIVE {{(pid=108654) _update_individual_port_db_status /opt/stack/neutron/neutron/plugins/ml2/plugin.py:2238}}
May 16 15:42:09.143224 dv-cinder-841889-1-smb neutron-server[108654]: DEBUG neutron_lib.callbacks.manager [None req-1d84dae1-1f0d-4783-869e-c266ace1ca6d None None] Notify callbacks ['neutron.plugins.ml2.plugin.SecurityGroupDbMixin._ensure_default_security_group_handler-1461349'] for port, before_update {{(pid=108654) _notify_loop /usr/local/lib/python3.8/dist-packages/neutron_lib/callbacks/manager.py:192}}
May 16 15:42:09.154459 dv-cinder-841889-1-smb neutron-server[108653]: DEBUG neutron_lib.callbacks.manager [None req-115a736c-0e28-49d6-a897-122cfed4dd7b admin admin] Notify callbacks ['neutron.plugins.ml2.plugin.SecurityGroupServerNotifierRpcMixin._notify_sg_on_port_change-1461282', 'neutron.plugins.ml2.ovo_rpc._ObjectChangeHandler.handle_event-223750', 'neutron.api.rpc.agentnotifiers.dhcp_rpc_agent_api.DhcpAgentNotifyAPI._native_event_send_dhcp_notification-567960', 'neutron.db.l3_dvrscheduler_db._notify_l3_agent_new_port-8727358850205'] for port, after_create {{(pid=108653) _notify_loop /usr/local/lib/python3.8/dist-packages/neutron_lib/callbacks/manager.py:192}}
May 16 15:42:09.172398 dv-cinder-841889-1-smb neutron-server[108654]: DEBUG neutron.db.provisioning_blocks [None req-1468026f-10f0-4f7d-adf4-af9b3ef8f8c0 None None] Provisioning complete for port a154e49a-b33e-4c6d-aaf9-d25ca12ba821 triggered by entity DHCP. {{(pid=108654) provisioning_complete /opt/stack/neutron/neutron/db/provisioning_blocks.py:139}}
May 16 15:42:09.173672 dv-cinder-841889-1-smb neutron-server[108654]: DEBUG neutron_lib.callbacks.manager [None req-1468026f-10f0-4f7d-adf4-af9b3ef8f8c0 None None] Notify callbacks ['neutron.plugins.ml2.plugin.Ml2Plugin._port_provisioned-1433817'] for port, provisioning_complete {{(pid=108654) _notify_loop /usr/local/lib/python3.8/dist-packages/neutron_lib/callbacks/manager.py:192}}
May 16 15:42:09.248677 dv-cinder-841889-1-smb neutron-server[108654]: DEBUG neutron.plugins.ml2.db [None req-1d84dae1-1f0d-4783-869e-c266ace1ca6d None None] For port a154e49a-b33e-4c6d-aaf9-d25ca12ba821, host dv-cinder-841889-1-smb, got binding levels [PortBindingLevel(driver='openvswitch',host='dv-cinder-841889-1-smb',level=0,port_id=a154e49a-b33e-4c6d-aaf9-d25ca12ba821,segment=NetworkSegment(7a9f34d0-4bf9-4993-a229-33ffcfcb6ac4),segment_id=7a9f34d0-4bf9-4993-a229-33ffcfcb6ac4)] {{(pid=108654) get_binding_level_objs /opt/stack/neutron/neutron/plugins/ml2/db.py:74}}
May 16 15:42:09.279640 dv-cinder-841889-1-smb neutron-server[108655]: DEBUG neutron.api.rpc.handlers.resources_rpc [None req-5db686ea-1e61-4c40-a482-510570227359 None None] Pushing event updated for resources: {'Port': ['ID=f395fb9e-8a21-4320-91a4-b3716fac0706,revision_number=2']} {{(pid=108655) push /opt/stack/neutron/neutron/api/rpc/handlers/resources_rpc.py:237}}
May 16 15:42:09.306995 dv-cinder-841889-1-smb neutron-server[108655]: DEBUG neutron.api.rpc.callbacks.version_manager [None req-5db686ea-1e61-4c40-a482-510570227359 None None] Version for resource type AddressGroup changed None to 1.2 on consumer Open vSwitch agent@dv-cinder-841889-1-smb {{(pid=108655) _set_version /opt/stack/neutron/neutron/api/rpc/callbacks/version_manager.py:113}}
May 16 15:42:09.307696 dv-cinder-841889-1-smb neutron-server[108655]: DEBUG neutron.api.rpc.callbacks.version_manager [None req-5db686ea-1e61-4c40-a482-510570227359 None None] Version for resource type ConntrackHelper changed None to 1.0 on consumer Open vSwitch agent@dv-cinder-841889-1-smb {{(pid=108655) _set_version /opt/stack/neutron/neutron/api/rpc/callbacks/version_manager.py:113}}
May 16 15:42:09.308196 dv-cinder-841889-1-smb neutron-server[108655]: DEBUG neutron.api.rpc.callbacks.version_manager [None req-5db686ea-1e61-4c40-a482-510570227359 None None] Version for resource type Log changed None to 1.0 on consumer Open vSwitch agent@dv-cinder-841889-1-smb {{(pid=108655) _set_version /opt/stack/neutron/neutron/api/rpc/callbacks/version_manager.py:113}}
May 16 15:42:09.308792 dv-cinder-841889-1-smb neutron-server[108655]: DEBUG neutron.api.rpc.callbacks.version_manager [None req-5db686ea-1e61-4c40-a482-510570227359 None None] Version for resource type Network changed None to 1.1 on consumer Open vSwitch agent@dv-cinder-841889-1-smb {{(pid=108655) _set_version /opt/stack/neutron/neutron/api/rpc/callbacks/version_manager.py:113}}
May 16 15:42:09.309353 dv-cinder-841889-1-smb neutron-server[108655]: DEBUG neutron.api.rpc.callbacks.version_manager [None req-5db686ea-1e61-4c40-a482-510570227359 None None] Version for resource type Port changed None to 1.7 on consumer Open vSwitch agent@dv-cinder-841889-1-smb {{(pid=108655) _set_version /opt/stack/neutron/neutron/api/rpc/callbacks/version_manager.py:113}}
May 16 15:42:09.309844 dv-cinder-841889-1-smb neutron-server[108655]: DEBUG neutron.api.rpc.callbacks.version_manager [None req-5db686ea-1e61-4c40-a482-510570227359 None None] Version for resource type PortForwarding changed None to 1.2 on consumer Open vSwitch agent@dv-cinder-841889-1-smb {{(pid=108655) _set_version /opt/stack/neutron/neutron/api/rpc/callbacks/version_manager.py:113}}
May 16 15:42:09.310635 dv-cinder-841889-1-smb neutron-server[108655]: DEBUG neutron.api.rpc.callbacks.version_manager [None req-5db686ea-1e61-4c40-a482-510570227359 None None] Version for resource type QosPolicy changed None to 1.9 on consumer Open vSwitch agent@dv-cinder-841889-1-smb {{(pid=108655) _set_version /opt/stack/neutron/neutron/api/rpc/callbacks/version_manager.py:113}}
May 16 15:42:09.311706 dv-cinder-841889-1-smb neutron-server[108655]: DEBUG neutron.api.rpc.callbacks.version_manager [None req-5db686ea-1e61-4c40-a482-510570227359 None None] Version for resource type SecurityGroup changed None to 1.4 on consumer Open vSwitch agent@dv-cinder-841889-1-smb {{(pid=108655) _set_version /opt/stack/neutron/neutron/api/rpc/callbacks/version_manager.py:113}}
May 16 15:42:09.312431 dv-cinder-841889-1-smb neutron-server[108655]: DEBUG neutron.api.rpc.callbacks.version_manager [None req-5db686ea-1e61-4c40-a482-510570227359 None None] Version for resource type SecurityGroupRule changed None to 1.2 on consumer Open vSwitch agent@dv-cinder-841889-1-smb {{(pid=108655) _set_version /opt/stack/neutron/neutron/api/rpc/callbacks/version_manager.py:113}}
May 16 15:42:09.312919 dv-cinder-841889-1-smb neutron-server[108655]: DEBUG neutron.api.rpc.callbacks.version_manager [None req-5db686ea-1e61-4c40-a482-510570227359 None None] Version for resource type SubPort changed None to 1.0 on consumer Open vSwitch agent@dv-cinder-841889-1-smb {{(pid=108655) _set_version /opt/stack/neutron/neutron/api/rpc/callbacks/version_manager.py:113}}
May 16 15:42:09.313600 dv-cinder-841889-1-smb neutron-server[108655]: DEBUG neutron.api.rpc.callbacks.version_manager [None req-5db686ea-1e61-4c40-a482-510570227359 None None] Version for resource type Subnet changed None to 1.1 on consumer Open vSwitch agent@dv-cinder-841889-1-smb {{(pid=108655) _set_version /opt/stack/neutron/neutron/api/rpc/callbacks/version_manager.py:113}}
May 16 15:42:09.314073 dv-cinder-841889-1-smb neutron-server[108655]: DEBUG neutron.api.rpc.callbacks.version_manager [None req-5db686ea-1e61-4c40-a482-510570227359 None None] Version for resource type Trunk changed None to 1.1 on consumer Open vSwitch agent@dv-cinder-841889-1-smb {{(pid=108655) _set_version /opt/stack/neutron/neutron/api/rpc/callbacks/version_manager.py:113}}
May 16 15:42:09.315758 dv-cinder-841889-1-smb neutron-server[108655]: DEBUG neutron.api.rpc.callbacks.version_manager [None req-5db686ea-1e61-4c40-a482-510570227359 None None] Tracked resource versions report:
May 16 15:42:09.315758 dv-cinder-841889-1-smb neutron-server[108655]: pushed versions:
May 16 15:42:09.315758 dv-cinder-841889-1-smb neutron-server[108655]: { 'AddressGroup': {'1.2'},
May 16 15:42:09.315758 dv-cinder-841889-1-smb neutron-server[108655]: 'ConntrackHelper': {'1.0'},
May 16 15:42:09.315758 dv-cinder-841889-1-smb neutron-server[108655]: 'Log': {'1.0'},
May 16 15:42:09.315758 dv-cinder-841889-1-smb neutron-server[108655]: 'Network': {'1.1'},
May 16 15:42:09.315758 dv-cinder-841889-1-smb neutron-server[108655]: 'Port': {'1.7'},
May 16 15:42:09.315758 dv-cinder-841889-1-smb neutron-server[108655]: 'PortForwarding': {'1.2'},
May 16 15:42:09.315758 dv-cinder-841889-1-smb neutron-server[108655]: 'QosPolicy': {'1.9'},
May 16 15:42:09.315758 dv-cinder-841889-1-smb neutron-server[108655]: 'SecurityGroup': {'1.4'},
May 16 15:42:09.315758 dv-cinder-841889-1-smb neutron-server[108655]: 'SecurityGroupRule': {'1.2'},
May 16 15:42:09.315758 dv-cinder-841889-1-smb neutron-server[108655]: 'SubPort': {'1.0'},
May 16 15:42:09.315758 dv-cinder-841889-1-smb neutron-server[108655]: 'Subnet': {'1.1'},
May 16 15:42:09.315758 dv-cinder-841889-1-smb neutron-server[108655]: 'Trunk': {'1.1'}}
May 16 15:42:09.315758 dv-cinder-841889-1-smb neutron-server[108655]: consumer versions:
May 16 15:42:09.315758 dv-cinder-841889-1-smb neutron-server[108655]: { DHCP agent@dv-cinder-841889-1-smb: {},
May 16 15:42:09.315758 dv-cinder-841889-1-smb neutron-server[108655]: HyperV agent@hv-cinder-84188: {},
May 16 15:42:09.315758 dv-cinder-841889-1-smb neutron-server[108655]: L3 agent@dv-cinder-841889-1-smb: {},
May 16 15:42:09.315758 dv-cinder-841889-1-smb neutron-server[108655]: Metadata agent@dv-cinder-841889-1-smb: {},
May 16 15:42:09.315758 dv-cinder-841889-1-smb neutron-server[108655]: Metering agent@dv-cinder-841889-1-smb: {},
May 16 15:42:09.315758 dv-cinder-841889-1-smb neutron-server[108655]: Open vSwitch agent@dv-cinder-841889-1-smb: { 'AddressGroup': '1.2',
May 16 15:42:09.315758 dv-cinder-841889-1-smb neutron-server[108655]: 'ConntrackHelper': '1.0',
May 16 15:42:09.315758 dv-cinder-841889-1-smb neutron-server[108655]: 'Log': '1.0',
May 16 15:42:09.315758 dv-cinder-841889-1-smb neutron-server[108655]: 'Network': '1.1',
May 16 15:42:09.315758 dv-cinder-841889-1-smb neutron-server[108655]: 'Port': '1.7',
May 16 15:42:09.315758 dv-cinder-841889-1-smb neutron-server[108655]: 'PortForwarding': '1.2',
May 16 15:42:09.315758 dv-cinder-841889-1-smb neutron-server[108655]: 'QosPolicy': '1.9',
May 16 15:42:09.315758 dv-cinder-841889-1-smb neutron-server[108655]: 'SecurityGroup': '1.4',
May 16 15:42:09.315758 dv-cinder-841889-1-smb neutron-server[108655]: 'SecurityGroupRule': '1.2',
May 16 15:42:09.315758 dv-cinder-841889-1-smb neutron-server[108655]: 'SubPort': '1.0',
May 16 15:42:09.315758 dv-cinder-841889-1-smb neutron-server[108655]: 'Subnet': '1.1',
May 16 15:42:09.315758 dv-cinder-841889-1-smb neutron-server[108655]: 'Trunk': '1.1'}}
May 16 15:42:09.315758 dv-cinder-841889-1-smb neutron-server[108655]: {{(pid=108655) report /opt/stack/neutron/neutron/api/rpc/callbacks/version_manager.py:175}}
May 16 15:42:09.319928 dv-cinder-841889-1-smb neutron-server[108653]: DEBUG neutron.scheduler.dhcp_agent_scheduler [None req-115a736c-0e28-49d6-a897-122cfed4dd7b admin admin] Network e8cb5787-8948-4b4b-be75-9e72ece64182 is already hosted by enough agents. {{(pid=108653) _get_dhcp_agents_hosting_network /opt/stack/neutron/neutron/scheduler/dhcp_agent_scheduler.py:275}}
May 16 15:42:09.335083 dv-cinder-841889-1-smb neutron-server[108653]: DEBUG neutron.scheduler.base_scheduler [None req-115a736c-0e28-49d6-a897-122cfed4dd7b admin admin] Resources bound (agent type, host, resource id): {{(pid=108653) schedule /opt/stack/neutron/neutron/scheduler/base_scheduler.py:57}}
May 16 15:42:09.340179 dv-cinder-841889-1-smb neutron-server[108653]: DEBUG neutron.db.l3_dvrscheduler_db [None req-115a736c-0e28-49d6-a897-122cfed4dd7b admin admin] Received port after_create {{(pid=108653) _notify_l3_agent_new_port /opt/stack/neutron/neutron/db/l3_dvrscheduler_db.py:536}}
May 16 15:42:09.340379 dv-cinder-841889-1-smb neutron-server[108653]: DEBUG neutron_lib.callbacks.manager [None req-115a736c-0e28-49d6-a897-122cfed4dd7b admin admin] Notify callbacks ['neutron.services.l3_router.l3_router_plugin.DVRResourceOperationHandler._add_csnat_on_interface_create-463109'] for router_interface, before_create {{(pid=108653) _notify_loop /usr/local/lib/python3.8/dist-packages/neutron_lib/callbacks/manager.py:192}}
May 16 15:42:09.354022 dv-cinder-841889-1-smb neutron-server[108655]: DEBUG neutron.plugins.ml2.managers [None req-161e123b-9a64-4b3d-b06a-9e69fe4e3762 None None] Attempting to bind port f395fb9e-8a21-4320-91a4-b3716fac0706 on host dv-cinder-841889-1-smb for vnic_type normal with profile {{(pid=108655) bind_port /opt/stack/neutron/neutron/plugins/ml2/managers.py:790}}
May 16 15:42:09.354417 dv-cinder-841889-1-smb neutron-server[108655]: DEBUG neutron.plugins.ml2.managers [None req-161e123b-9a64-4b3d-b06a-9e69fe4e3762 None None] Attempting to bind port f395fb9e-8a21-4320-91a4-b3716fac0706 by drivers openvswitch,hyperv on host dv-cinder-841889-1-smb at level 0 using segments [{'id': '33368721-3d2d-4761-8fd0-04c9b9ccca66', 'network_type': 'flat', 'physical_network': 'physnet1', 'segmentation_id': None, 'network_id': 'e218fb98-298b-4701-9da8-4bdf60e2f6af'}] {{(pid=108655) _bind_port_level /opt/stack/neutron/neutron/plugins/ml2/managers.py:815}}
May 16 15:42:09.354733 dv-cinder-841889-1-smb neutron-server[108655]: DEBUG neutron.plugins.ml2.drivers.mech_agent [None req-161e123b-9a64-4b3d-b06a-9e69fe4e3762 None None] Attempting to bind port f395fb9e-8a21-4320-91a4-b3716fac0706 on network e218fb98-298b-4701-9da8-4bdf60e2f6af {{(pid=108655) bind_port /opt/stack/neutron/neutron/plugins/ml2/drivers/mech_agent.py:91}}
May 16 15:42:09.361818 dv-cinder-841889-1-smb neutron-server[108655]: DEBUG neutron.plugins.ml2.drivers.mech_agent [None req-161e123b-9a64-4b3d-b06a-9e69fe4e3762 None None] Checking agent: {'id': 'f8c33eb4-f367-4c3d-80c8-c095d685c06e', 'agent_type': 'Open vSwitch agent', 'binary': 'neutron-openvswitch-agent', 'topic': 'N/A', 'host': 'dv-cinder-841889-1-smb', 'admin_state_up': True, 'created_at': datetime.datetime(2022, 5, 16, 15, 33, 12), 'started_at': datetime.datetime(2022, 5, 16, 15, 33, 42), 'heartbeat_timestamp': datetime.datetime(2022, 5, 16, 15, 41, 42), 'description': None, 'resources_synced': None, 'availability_zone': None, 'alive': True, 'configurations': {'arp_responder_enabled': False, 'baremetal_smartnic': False, 'bridge_mappings': {'physnet1': 'br-data'}, 'datapath_type': 'system', 'devices': 0, 'enable_distributed_routing': False, 'extensions': [], 'in_distributed_mode': False, 'integration_bridge': 'br-int', 'l2_population': False, 'log_agent_heartbeats': False, 'ovs_capabilities': {'datapath_types': ['netdev', 'system'], 'iface_types': ['erspan', 'geneve', 'gre', 'internal', 'ip6erspan', 'ip6gre', 'lisp', 'patch', 'stt', 'system', 'tap', 'vxlan']}, 'ovs_hybrid_plug': False, 'resource_provider_bandwidths': {}, 'resource_provider_hypervisors': {'br-data': 'dv-cinder-841889-1-smb'}, 'resource_provider_inventory_defaults': {'allocation_ratio': 1.0, 'min_unit': 1, 'step_size': 1, 'reserved': 0}, 'tunnel_types': [], 'tunneling_ip': None, 'vhostuser_socket_dir': '/var/run/openvswitch'}, 'resource_versions': {'AddressGroup': '1.2', 'ConntrackHelper': '1.0', 'Log': '1.0', 'Network': '1.1', 'Port': '1.7', 'PortForwarding': '1.2', 'QosPolicy': '1.9', 'SecurityGroup': '1.4', 'SecurityGroupRule': '1.2', 'SubPort': '1.0', 'Subnet': '1.1', 'Trunk': '1.1'}} {{(pid=108655) bind_port /opt/stack/neutron/neutron/plugins/ml2/drivers/mech_agent.py:110}}
May 16 15:42:09.362429 dv-cinder-841889-1-smb neutron-server[108655]: DEBUG neutron.plugins.ml2.drivers.mech_agent [None req-161e123b-9a64-4b3d-b06a-9e69fe4e3762 None None] Checking segment: {'id': '33368721-3d2d-4761-8fd0-04c9b9ccca66', 'network_type': 'flat', 'physical_network': 'physnet1', 'segmentation_id': None, 'network_id': 'e218fb98-298b-4701-9da8-4bdf60e2f6af'} for mappings: {'physnet1': 'br-data'} with network types: ['local', 'flat', 'vlan'] {{(pid=108655) check_segment_for_agent /opt/stack/neutron/neutron/plugins/ml2/drivers/mech_agent.py:360}}
May 16 15:42:09.362986 dv-cinder-841889-1-smb neutron-server[108655]: DEBUG neutron_lib.callbacks.manager [None req-161e123b-9a64-4b3d-b06a-9e69fe4e3762 None None] Notify callbacks [] for ovs_bridge_name, before_read {{(pid=108655) _notify_loop /usr/local/lib/python3.8/dist-packages/neutron_lib/callbacks/manager.py:192}}
May 16 15:42:09.363504 dv-cinder-841889-1-smb neutron-server[108655]: DEBUG neutron.plugins.ml2.drivers.mech_agent [None req-161e123b-9a64-4b3d-b06a-9e69fe4e3762 None None] Bound using segment: {'id': '33368721-3d2d-4761-8fd0-04c9b9ccca66', 'network_type': 'flat', 'physical_network': 'physnet1', 'segmentation_id': None, 'network_id': 'e218fb98-298b-4701-9da8-4bdf60e2f6af'} {{(pid=108655) bind_port /opt/stack/neutron/neutron/plugins/ml2/drivers/mech_agent.py:120}}
May 16 15:42:09.364121 dv-cinder-841889-1-smb neutron-server[108655]: DEBUG neutron.plugins.ml2.managers [None req-161e123b-9a64-4b3d-b06a-9e69fe4e3762 None None] Bound port: f395fb9e-8a21-4320-91a4-b3716fac0706, host: dv-cinder-841889-1-smb, vif_type: ovs, vif_details: {"connectivity": "l2", "port_filter": true, "ovs_hybrid_plug": false, "datapath_type": "system", "bridge_name": "br-int"}, binding_levels: [{'bound_driver': 'openvswitch', 'bound_segment': {'id': '33368721-3d2d-4761-8fd0-04c9b9ccca66', 'network_type': 'flat', 'physical_network': 'physnet1', 'segmentation_id': None, 'network_id': 'e218fb98-298b-4701-9da8-4bdf60e2f6af'}}] {{(pid=108655) _bind_port_level /opt/stack/neutron/neutron/plugins/ml2/managers.py:928}}
May 16 15:42:09.364709 dv-cinder-841889-1-smb neutron-server[108655]: DEBUG neutron_lib.callbacks.manager [None req-161e123b-9a64-4b3d-b06a-9e69fe4e3762 None None] Notify callbacks ['neutron.plugins.ml2.plugin.SecurityGroupDbMixin._ensure_default_security_group_handler-1461349'] for port, before_update {{(pid=108655) _notify_loop /usr/local/lib/python3.8/dist-packages/neutron_lib/callbacks/manager.py:192}}
May 16 15:42:09.375571 dv-cinder-841889-1-smb neutron-server[108654]: DEBUG neutron_lib.callbacks.manager [None req-1d84dae1-1f0d-4783-869e-c266ace1ca6d None None] Notify callbacks ['neutron.plugins.ml2.plugin.SecurityGroupServerNotifierRpcMixin._notify_sg_on_port_change-1461282', 'neutron.plugins.ml2.ovo_rpc._ObjectChangeHandler.handle_event-223750', 'neutron.api.rpc.agentnotifiers.dhcp_rpc_agent_api.DhcpAgentNotifyAPI._native_event_send_dhcp_notification-567960', 'neutron.db.l3_db.L3RpcNotifierMixin._notify_gateway_port_ip_changed-8727359325305', 'neutron.db.l3_dvrscheduler_db._notify_l3_agent_port_update-8727358850178', 'neutron.db.l3_hascheduler_db._notify_l3_agent_ha_port_update-8727358858536'] for port, after_update {{(pid=108654) _notify_loop /usr/local/lib/python3.8/dist-packages/neutron_lib/callbacks/manager.py:192}}
May 16 15:42:09.378748 dv-cinder-841889-1-smb neutron-server[108654]: DEBUG neutron.plugins.ml2.rpc [None req-1d84dae1-1f0d-4783-869e-c266ace1ca6d None None] Device f569f3a6-b257-4955-a12c-05e36fb2e9c4 up at agent ovs-agent-dv-cinder-841889-1-smb {{(pid=108654) update_device_up /opt/stack/neutron/neutron/plugins/ml2/rpc.py:296}}
May 16 15:42:09.455568 dv-cinder-841889-1-smb neutron-server[108653]: DEBUG neutron.api.rpc.handlers.resources_rpc [None req-115a736c-0e28-49d6-a897-122cfed4dd7b admin admin] Pushing event updated for resources: {'Port': ['ID=b83e3f21-84b2-46e9-8d49-8f06c6f9ddc7,revision_number=1']} {{(pid=108653) push /opt/stack/neutron/neutron/api/rpc/handlers/resources_rpc.py:237}}
May 16 15:42:09.471969 dv-cinder-841889-1-smb neutron-server[108655]: DEBUG neutron.plugins.ml2.db [None req-161e123b-9a64-4b3d-b06a-9e69fe4e3762 None None] For port f395fb9e-8a21-4320-91a4-b3716fac0706, host dv-cinder-841889-1-smb, cleared binding levels {{(pid=108655) clear_binding_levels /opt/stack/neutron/neutron/plugins/ml2/db.py:87}}
May 16 15:42:09.480727 dv-cinder-841889-1-smb neutron-server[108654]: DEBUG neutron.api.rpc.handlers.resources_rpc [None req-76446f99-f825-440a-a54c-08bdc63720a7 None None] Pushing event updated for resources: {'Port': ['ID=87c9892d-93e2-4c42-9f2a-a68fb42a769b,revision_number=2']} {{(pid=108654) push /opt/stack/neutron/neutron/api/rpc/handlers/resources_rpc.py:237}}
May 16 15:42:09.502076 dv-cinder-841889-1-smb neutron-server[108655]: DEBUG neutron.plugins.ml2.db [None req-161e123b-9a64-4b3d-b06a-9e69fe4e3762 None None] For port f395fb9e-8a21-4320-91a4-b3716fac0706, host dv-cinder-841889-1-smb, set binding levels [PortBindingLevel(driver='openvswitch',host='dv-cinder-841889-1-smb',level=0,port_id=f395fb9e-8a21-4320-91a4-b3716fac0706,segment=NetworkSegment(33368721-3d2d-4761-8fd0-04c9b9ccca66),segment_id=33368721-3d2d-4761-8fd0-04c9b9ccca66)] {{(pid=108655) set_binding_levels /opt/stack/neutron/neutron/plugins/ml2/db.py:59}}
May 16 15:42:09.512549 dv-cinder-841889-1-smb neutron-server[108655]: DEBUG neutron_lib.callbacks.manager [None req-161e123b-9a64-4b3d-b06a-9e69fe4e3762 None None] Notify callbacks ['neutron.plugins.ml2.plugin.SecurityGroupServerNotifierRpcMixin._notify_sg_on_port_change-1461282', 'neutron.plugins.ml2.ovo_rpc._ObjectChangeHandler.handle_event-223750', 'neutron.api.rpc.agentnotifiers.dhcp_rpc_agent_api.DhcpAgentNotifyAPI._native_event_send_dhcp_notification-567960', 'neutron.db.l3_db.L3RpcNotifierMixin._notify_gateway_port_ip_changed-8727359325305', 'neutron.db.l3_dvrscheduler_db._notify_l3_agent_port_update-8727358850178', 'neutron.db.l3_hascheduler_db._notify_l3_agent_ha_port_update-8727358858536'] for port, after_update {{(pid=108655) _notify_loop /usr/local/lib/python3.8/dist-packages/neutron_lib/callbacks/manager.py:192}}
May 16 15:42:09.602416 dv-cinder-841889-1-smb neutron-server[108652]: DEBUG neutron_lib.callbacks.manager [None req-f142fdbb-e354-4119-a6ba-6f7402551956 admin admin] Notify callbacks ['neutron.services.l3_router.l3_router_plugin.L3_HA_NAT_db_mixin._after_router_create-460854', 'neutron.services.l3_router.l3_router_plugin.DVRResourceOperationHandler._create_snat_interfaces_after_change-466486'] for router, after_create {{(pid=108652) _notify_loop /usr/local/lib/python3.8/dist-packages/neutron_lib/callbacks/manager.py:192}}
May 16 15:42:09.645084 dv-cinder-841889-1-smb neutron-server[108654]: DEBUG neutron_lib.callbacks.manager [None req-25dcc127-e070-4362-add1-bef49943d697 None None] Notify callbacks ['neutron.services.segments.db._update_segment_host_mapping_for_agent-8727359350806', 'neutron.plugins.ml2.plugin.Ml2Plugin._retry_binding_revived_agents-1434487'] for agent, after_update {{(pid=108654) _notify_loop /usr/local/lib/python3.8/dist-packages/neutron_lib/callbacks/manager.py:192}}
May 16 15:42:09.686713 dv-cinder-841889-1-smb neutron-server[108655]: DEBUG neutron.db.l3_dvrscheduler_db [None req-161e123b-9a64-4b3d-b06a-9e69fe4e3762 None None] Routers {'cbaed296-c0fa-45e4-9b3a-c2582536982e'} bound to L3 agent in host dv-cinder-841889-1-smb {{(pid=108655) _get_router_ids_for_agent /opt/stack/neutron/neutron/db/l3_dvrscheduler_db.py:421}}
May 16 15:42:09.687779 dv-cinder-841889-1-smb neutron-server[108655]: DEBUG neutron.db.l3_hamode_db [None req-161e123b-9a64-4b3d-b06a-9e69fe4e3762 None None] neutron.services.l3_router.l3_router_plugin.L3RouterPlugin method get_ha_sync_data_for_host called with arguments (, 'dv-cinder-841889-1-smb', Agent(admin_state_up=True,agent_type='L3 agent',availability_zone='nova',binary='neutron-l3-agent',configurations={"agent_mode": "legacy", "ex_gw_ports": 1, "extensions": [], "floating_ips": 0, "handle_internal_only_routers": true, "interface_driver": "openvswitch", "interfaces": 1, "log_agent_heartbeats": false, "routers": 1},created_at=2022-05-16T15:33:09Z,description=,heartbeat_timestamp=2022-05-16T15:42:09Z,host='dv-cinder-841889-1-smb',id=3185bc94-c900-4738-a840-25afcbc68dd2,load=0,resource_versions=,resources_synced=,started_at=2022-05-16T15:33:09Z,topic='l3_agent')) {'router_ids': ['cbaed296-c0fa-45e4-9b3a-c2582536982e'], 'active': True} {{(pid=108655) wrapper /usr/local/lib/python3.8/dist-packages/oslo_log/helpers.py:65}}
May 16 15:42:09.698288 dv-cinder-841889-1-smb neutron-server[108655]: DEBUG neutron.api.rpc.handlers.resources_rpc [None req-5db686ea-1e61-4c40-a482-510570227359 None None] Pushing event updated for resources: {'Port': ['ID=f395fb9e-8a21-4320-91a4-b3716fac0706,revision_number=3']} {{(pid=108655) push /opt/stack/neutron/neutron/api/rpc/handlers/resources_rpc.py:237}}
May 16 15:42:09.871042 dv-cinder-841889-1-smb neutron-server[108655]: DEBUG neutron.db.l3_dvr_db [None req-161e123b-9a64-4b3d-b06a-9e69fe4e3762 None None] Set router cbaed296-c0fa-45e4-9b3a-c2582536982e gateway port host: dv-cinder-841889-1-smb {{(pid=108655) _build_routers_list /opt/stack/neutron/neutron/db/l3_dvr_db.py:906}}
May 16 15:42:09.962980 dv-cinder-841889-1-smb neutron-server[108654]: DEBUG neutron.db.provisioning_blocks [None req-1d84dae1-1f0d-4783-869e-c266ace1ca6d None None] Provisioning complete for port f569f3a6-b257-4955-a12c-05e36fb2e9c4 triggered by entity L2. {{(pid=108654) provisioning_complete /opt/stack/neutron/neutron/db/provisioning_blocks.py:139}}
May 16 15:42:09.963925 dv-cinder-841889-1-smb neutron-server[108654]: DEBUG neutron_lib.callbacks.manager [None req-1d84dae1-1f0d-4783-869e-c266ace1ca6d None None] Notify callbacks ['neutron.plugins.ml2.plugin.Ml2Plugin._port_provisioned-1433817'] for port, provisioning_complete {{(pid=108654) _notify_loop /usr/local/lib/python3.8/dist-packages/neutron_lib/callbacks/manager.py:192}}
May 16 15:42:10.097413 dv-cinder-841889-1-smb neutron-server[108654]: DEBUG neutron.api.rpc.handlers.resources_rpc [None req-1d84dae1-1f0d-4783-869e-c266ace1ca6d None None] Pushing event updated for resources: {'Port': ['ID=a154e49a-b33e-4c6d-aaf9-d25ca12ba821,revision_number=3']} {{(pid=108654) push /opt/stack/neutron/neutron/api/rpc/handlers/resources_rpc.py:237}}
May 16 15:42:10.111415 dv-cinder-841889-1-smb neutron-server[108653]: DEBUG neutron_lib.callbacks.manager [None req-115a736c-0e28-49d6-a897-122cfed4dd7b admin admin] Notify callbacks ['neutron.plugins.ml2.plugin.SecurityGroupDbMixin._ensure_default_security_group_handler-1461349'] for port, before_update {{(pid=108653) _notify_loop /usr/local/lib/python3.8/dist-packages/neutron_lib/callbacks/manager.py:192}}
May 16 15:42:10.143053 dv-cinder-841889-1-smb neutron-server[108654]: DEBUG neutron.plugins.ml2.plugin [None req-1468026f-10f0-4f7d-adf4-af9b3ef8f8c0 None None] Current status of the port a154e49a-b33e-4c6d-aaf9-d25ca12ba821 is: ACTIVE; New status is: ACTIVE {{(pid=108654) _update_individual_port_db_status /opt/stack/neutron/neutron/plugins/ml2/plugin.py:2238}}
May 16 15:42:10.192901 dv-cinder-841889-1-smb neutron-server[108652]: DEBUG neutron_lib.callbacks.manager [None req-f8190eea-2db6-461c-94f5-4ad734dad266 admin admin] Notify callbacks [] for router_gateway, after_create {{(pid=108652) _notify_loop /usr/local/lib/python3.8/dist-packages/neutron_lib/callbacks/manager.py:192}}
May 16 15:42:10.246330 dv-cinder-841889-1-smb neutron-server[108654]: DEBUG neutron.plugins.ml2.plugin [None req-1d84dae1-1f0d-4783-869e-c266ace1ca6d None None] Current status of the port f569f3a6-b257-4955-a12c-05e36fb2e9c4 is: ACTIVE; New status is: ACTIVE {{(pid=108654) _update_individual_port_db_status /opt/stack/neutron/neutron/plugins/ml2/plugin.py:2238}}
May 16 15:42:10.289079 dv-cinder-841889-1-smb neutron-server[108652]: DEBUG neutron.scheduler.l3_agent_scheduler [None req-f142fdbb-e354-4119-a6ba-6f7402551956 admin admin] Router cd47cede-7546-4a70-a68a-431202cc8e07 is scheduled to L3 agent 3185bc94-c900-4738-a840-25afcbc68dd2 with binding_index 1 {{(pid=108652) bind_router /opt/stack/neutron/neutron/scheduler/l3_agent_scheduler.py:209}}
May 16 15:42:10.315454 dv-cinder-841889-1-smb neutron-server[108654]: DEBUG neutron.db.provisioning_blocks [None req-825333fc-b81f-46a4-ab6c-590391537346 None None] Provisioning complete for port b83e3f21-84b2-46e9-8d49-8f06c6f9ddc7 triggered by entity DHCP. {{(pid=108654) provisioning_complete /opt/stack/neutron/neutron/db/provisioning_blocks.py:139}}
May 16 15:42:10.315953 dv-cinder-841889-1-smb neutron-server[108654]: DEBUG neutron_lib.callbacks.manager [None req-825333fc-b81f-46a4-ab6c-590391537346 None None] Notify callbacks ['neutron.plugins.ml2.plugin.Ml2Plugin._port_provisioned-1433817'] for port, provisioning_complete {{(pid=108654) _notify_loop /usr/local/lib/python3.8/dist-packages/neutron_lib/callbacks/manager.py:192}}
May 16 15:42:10.453355 dv-cinder-841889-1-smb neutron-server[108654]: DEBUG neutron.plugins.ml2.plugin [None req-825333fc-b81f-46a4-ab6c-590391537346 None None] Port b83e3f21-84b2-46e9-8d49-8f06c6f9ddc7 cannot update to ACTIVE because it is not bound. {{(pid=108654) _port_provisioned /opt/stack/neutron/neutron/plugins/ml2/plugin.py:339}}
May 16 15:42:10.459778 dv-cinder-841889-1-smb neutron-server[108652]: INFO neutron.wsgi [req-6df6da85-a193-4bc9-89f7-8d096b86a0eb req-a54f599d-4a18-46ea-b334-06e1188d6a83 tempest-DeleteServersTestJSON-615406763 tempest-DeleteServersTestJSON-615406763-project] 10.222.0.59 "GET /v2.0/ports?device_id=b0808cc9-7c3d-4436-9a65-b5aa3847363f HTTP/1.1" status: 200 len: 210 time: 0.1717143
May 16 15:42:10.557903 dv-cinder-841889-1-smb neutron-server[108654]: DEBUG neutron_lib.callbacks.manager [None req-93e0853a-7534-4052-9d71-98427548cd94 None None] Notify callbacks ['neutron.services.segments.db._update_segment_host_mapping_for_agent-8727359350806', 'neutron.plugins.ml2.plugin.Ml2Plugin._retry_binding_revived_agents-1434487'] for agent, after_update {{(pid=108654) _notify_loop /usr/local/lib/python3.8/dist-packages/neutron_lib/callbacks/manager.py:192}}
May 16 15:42:10.649303 dv-cinder-841889-1-smb neutron-server[108655]: DEBUG neutron.db.l3_hamode_db [None req-161e123b-9a64-4b3d-b06a-9e69fe4e3762 None None] neutron.services.l3_router.l3_router_plugin.L3RouterPlugin method _process_sync_ha_data called with arguments (, [{'id': 'cbaed296-c0fa-45e4-9b3a-c2582536982e', 'name': 'tempest-AttachVolumeShelveTestJSON-1241484011-router', 'tenant_id': '825364812ebf4fc4994d31193873efe3', 'admin_state_up': True, 'status': 'ACTIVE', 'external_gateway_info': {'network_id': 'e218fb98-298b-4701-9da8-4bdf60e2f6af', 'external_fixed_ips': [{'subnet_id': '02070fbf-4593-4ebf-b870-e7e910eba738', 'ip_address': '172.28.3.70'}], 'enable_snat': True}, 'gw_port_id': 'f395fb9e-8a21-4320-91a4-b3716fac0706', 'description': '', 'availability_zones': ['nova'], 'distributed': False, 'ha': False, 'ha_vr_id': 0, 'availability_zone_hints': [], 'routes': [], 'flavor_id': None, 'tags': [], 'created_at': '2022-05-16T15:42:02Z', 'updated_at': '2022-05-16T15:42:04Z', 'revision_number': 3, 'project_id': '825364812ebf4fc4994d31193873efe3', 'gw_port': {'id': 'f395fb9e-8a21-4320-91a4-b3716fac0706', 'name': '', 'network_id': 'e218fb98-298b-4701-9da8-4bdf60e2f6af', 'tenant_id': '', 'mac_address': 'fa:16:3e:0d:f5:22', 'admin_state_up': True, 'status': 'DOWN', 'device_id': 'cbaed296-c0fa-45e4-9b3a-c2582536982e', 'device_owner': 'network:router_gateway', 'standard_attr_id': 68, 'fixed_ips': [{'subnet_id': '02070fbf-4593-4ebf-b870-e7e910eba738', 'ip_address': '172.28.3.70', 'prefixlen': 24}], 'allowed_address_pairs': [], 'extra_dhcp_opts': [], 'security_groups': [], 'description': '', 'binding:vnic_type': 'normal', 'binding:profile': {}, 'binding:host_id': 'dv-cinder-841889-1-smb', 'binding:vif_type': 'ovs', 'binding:vif_details': {'connectivity': 'l2', 'port_filter': True, 'ovs_hybrid_plug': False, 'datapath_type': 'system', 'bridge_name': 'br-int'}, 'port_security_enabled': False, 'tags': [], 'created_at': '2022-05-16T15:42:03Z', 'updated_at': '2022-05-16T15:42:09Z', 'revision_number': 3, 'project_id': '', 'subnets': [{'id': '02070fbf-4593-4ebf-b870-e7e910eba738', 'cidr': '172.28.3.0/24', 'gateway_ip': '172.28.3.1', 'dns_nameservers': [], 'ipv6_ra_mode': None, 'subnetpool_id': None}], 'extra_subnets': [], 'address_scopes': {4: None, 6: None}, 'mtu': 1500}, 'enable_snat': True, 'gw_port_host': 'dv-cinder-841889-1-smb'}], 'dv-cinder-841889-1-smb', False) {} {{(pid=108655) wrapper /usr/local/lib/python3.8/dist-packages/oslo_log/helpers.py:65}}
May 16 15:42:10.706005 dv-cinder-841889-1-smb neutron-server[108654]: DEBUG neutron.plugins.ml2.rpc [None req-1d84dae1-1f0d-4783-869e-c266ace1ca6d None None] Device a154e49a-b33e-4c6d-aaf9-d25ca12ba821 up at agent ovs-agent-dv-cinder-841889-1-smb {{(pid=108654) update_device_up /opt/stack/neutron/neutron/plugins/ml2/rpc.py:296}}
May 16 15:42:10.783119 dv-cinder-841889-1-smb neutron-server[108655]: DEBUG neutron.api.rpc.handlers.l3_rpc [None req-161e123b-9a64-4b3d-b06a-9e69fe4e3762 None None] The sync data for ids ['cbaed296-c0fa-45e4-9b3a-c2582536982e'] in dv-cinder-841889-1-smb is: [{'id': 'cbaed296-c0fa-45e4-9b3a-c2582536982e', 'name': 'tempest-AttachVolumeShelveTestJSON-1241484011-router', 'tenant_id': '825364812ebf4fc4994d31193873efe3', 'admin_state_up': True, 'status': 'ACTIVE', 'external_gateway_info': {'network_id': 'e218fb98-298b-4701-9da8-4bdf60e2f6af', 'external_fixed_ips': [{'subnet_id': '02070fbf-4593-4ebf-b870-e7e910eba738', 'ip_address': '172.28.3.70'}], 'enable_snat': True}, 'gw_port_id': 'f395fb9e-8a21-4320-91a4-b3716fac0706', 'description': '', 'availability_zones': ['nova'], 'distributed': False, 'ha': False, 'ha_vr_id': 0, 'availability_zone_hints': [], 'routes': [], 'flavor_id': None, 'tags': [], 'created_at': '2022-05-16T15:42:02Z', 'updated_at': '2022-05-16T15:42:04Z', 'revision_number': 3, 'project_id': '825364812ebf4fc4994d31193873efe3', 'gw_port': {'id': 'f395fb9e-8a21-4320-91a4-b3716fac0706', 'name': '', 'network_id': 'e218fb98-298b-4701-9da8-4bdf60e2f6af', 'tenant_id': '', 'mac_address': 'fa:16:3e:0d:f5:22', 'admin_state_up': True, 'status': 'DOWN', 'device_id': 'cbaed296-c0fa-45e4-9b3a-c2582536982e', 'device_owner': 'network:router_gateway', 'standard_attr_id': 68, 'fixed_ips': [{'subnet_id': '02070fbf-4593-4ebf-b870-e7e910eba738', 'ip_address': '172.28.3.70', 'prefixlen': 24}], 'allowed_address_pairs': [], 'extra_dhcp_opts': [], 'security_groups': [], 'description': '', 'binding:vnic_type': 'normal', 'binding:profile': {}, 'binding:host_id': 'dv-cinder-841889-1-smb', 'binding:vif_type': 'ovs', 'binding:vif_details': {'connectivity': 'l2', 'port_filter': True, 'ovs_hybrid_plug': False, 'datapath_type': 'system', 'bridge_name': 'br-int'}, 'port_security_enabled': False, 'tags': [], 'created_at': '2022-05-16T15:42:03Z', 'updated_at': '2022-05-16T15:42:09Z', 'revision_number': 3, 'project_id': '', 'subnets': [{'id': '02070fbf-4593-4ebf-b870-e7e910eba738', 'cidr': '172.28.3.0/24', 'gateway_ip': '172.28.3.1', 'dns_nameservers': [], 'ipv6_ra_mode': None, 'subnetpool_id': None}], 'extra_subnets': [], 'address_scopes': {4: None, 6: None}, 'mtu': 1500}, 'enable_snat': True, 'gw_port_host': 'dv-cinder-841889-1-smb'}] {{(pid=108655) sync_routers /opt/stack/neutron/neutron/api/rpc/handlers/l3_rpc.py:137}}
May 16 15:42:10.789888 dv-cinder-841889-1-smb neutron-server[108653]: DEBUG neutron_lib.callbacks.manager [None req-115a736c-0e28-49d6-a897-122cfed4dd7b admin admin] Notify callbacks [] for port, precommit_update {{(pid=108653) _notify_loop /usr/local/lib/python3.8/dist-packages/neutron_lib/callbacks/manager.py:192}}
May 16 15:42:10.801488 dv-cinder-841889-1-smb neutron-server[108653]: DEBUG neutron_lib.callbacks.manager [None req-115a736c-0e28-49d6-a897-122cfed4dd7b admin admin] Notify callbacks ['neutron.plugins.ml2.plugin.SecurityGroupServerNotifierRpcMixin._notify_sg_on_port_change-1461282', 'neutron.plugins.ml2.ovo_rpc._ObjectChangeHandler.handle_event-223750', 'neutron.api.rpc.agentnotifiers.dhcp_rpc_agent_api.DhcpAgentNotifyAPI._native_event_send_dhcp_notification-567960', 'neutron.db.l3_db.L3RpcNotifierMixin._notify_gateway_port_ip_changed-8727359325305', 'neutron.db.l3_dvrscheduler_db._notify_l3_agent_port_update-8727358850178', 'neutron.db.l3_hascheduler_db._notify_l3_agent_ha_port_update-8727358858536'] for port, after_update {{(pid=108653) _notify_loop /usr/local/lib/python3.8/dist-packages/neutron_lib/callbacks/manager.py:192}}
May 16 15:42:10.802815 dv-cinder-841889-1-smb neutron-server[108653]: DEBUG neutron_lib.callbacks.manager [None req-115a736c-0e28-49d6-a897-122cfed4dd7b admin admin] Notify callbacks ['neutron.api.rpc.agentnotifiers.dhcp_rpc_agent_api.DhcpAgentNotifyAPI._after_router_interface_created-567978', 'neutron.services.l3_router.l3_router_plugin.DVRResourceOperationHandler._update_snat_v6_addrs_after_intf_update-463337'] for router_interface, after_create {{(pid=108653) _notify_loop /usr/local/lib/python3.8/dist-packages/neutron_lib/callbacks/manager.py:192}}
May 16 15:42:10.812259 dv-cinder-841889-1-smb neutron-server[108652]: DEBUG neutron_lib.callbacks.manager [None req-f8190eea-2db6-461c-94f5-4ad734dad266 admin admin] Notify callbacks ['neutron.services.l3_router.l3_router_plugin.L3_HA_NAT_db_mixin._after_router_create-460854', 'neutron.services.l3_router.l3_router_plugin.DVRResourceOperationHandler._create_snat_interfaces_after_change-466486'] for router, after_create {{(pid=108652) _notify_loop /usr/local/lib/python3.8/dist-packages/neutron_lib/callbacks/manager.py:192}}
May 16 15:42:10.892347 dv-cinder-841889-1-smb neutron-server[108653]: DEBUG neutron.api.rpc.handlers.resources_rpc [None req-115a736c-0e28-49d6-a897-122cfed4dd7b admin admin] Pushing event updated for resources: {'Port': ['ID=b83e3f21-84b2-46e9-8d49-8f06c6f9ddc7,revision_number=2']} {{(pid=108653) push /opt/stack/neutron/neutron/api/rpc/handlers/resources_rpc.py:237}}
May 16 15:42:10.897161 dv-cinder-841889-1-smb neutron-server[108652]: DEBUG neutron.api.rpc.agentnotifiers.l3_rpc_agent_api [None req-f142fdbb-e354-4119-a6ba-6f7402551956 admin admin] Notify agent at l3_agent.dv-cinder-841889-1-smb the message routers_updated {{(pid=108652) _agent_notification /opt/stack/neutron/neutron/api/rpc/agentnotifiers/l3_rpc_agent_api.py:65}}
May 16 15:42:10.923621 dv-cinder-841889-1-smb neutron-server[108654]: DEBUG neutron.api.rpc.handlers.dhcp_rpc [None req-d3ae603e-8b28-49d5-8dca-30982fd729ef None None] Network f5d179ac-8a03-4d8b-8cd8-00ba991a9e8f requested from dv-cinder-841889-1-smb {{(pid=108654) get_network_info /opt/stack/neutron/neutron/api/rpc/handlers/dhcp_rpc.py:218}}
May 16 15:42:10.934076 dv-cinder-841889-1-smb neutron-server[108654]: DEBUG neutron.api.rpc.handlers.l3_rpc [None req-f2b9351e-1f59-4227-9cab-23fe4c69210d None None] Sync routers for ids ['cd47cede-7546-4a70-a68a-431202cc8e07'] in dv-cinder-841889-1-smb {{(pid=108654) sync_routers /opt/stack/neutron/neutron/api/rpc/handlers/l3_rpc.py:125}}
May 16 15:42:11.052417 dv-cinder-841889-1-smb neutron-server[108653]: DEBUG neutron.scheduler.dhcp_agent_scheduler [None req-115a736c-0e28-49d6-a897-122cfed4dd7b admin admin] Network e8cb5787-8948-4b4b-be75-9e72ece64182 is already hosted by enough agents. {{(pid=108653) _get_dhcp_agents_hosting_network /opt/stack/neutron/neutron/scheduler/dhcp_agent_scheduler.py:275}}
May 16 15:42:11.054609 dv-cinder-841889-1-smb neutron-server[108653]: DEBUG neutron.scheduler.base_scheduler [None req-115a736c-0e28-49d6-a897-122cfed4dd7b admin admin] Resources bound (agent type, host, resource id): {{(pid=108653) schedule /opt/stack/neutron/neutron/scheduler/base_scheduler.py:57}}
May 16 15:42:11.057054 dv-cinder-841889-1-smb neutron-server[108654]: DEBUG neutron.db.provisioning_blocks [None req-a0f9901b-6ec0-415c-8031-22c3d4c8e3b5 None None] Provisioning complete for port a154e49a-b33e-4c6d-aaf9-d25ca12ba821 triggered by entity DHCP. {{(pid=108654) provisioning_complete /opt/stack/neutron/neutron/db/provisioning_blocks.py:139}}
May 16 15:42:11.057421 dv-cinder-841889-1-smb neutron-server[108654]: DEBUG neutron_lib.callbacks.manager [None req-a0f9901b-6ec0-415c-8031-22c3d4c8e3b5 None None] Notify callbacks ['neutron.plugins.ml2.plugin.Ml2Plugin._port_provisioned-1433817'] for port, provisioning_complete {{(pid=108654) _notify_loop /usr/local/lib/python3.8/dist-packages/neutron_lib/callbacks/manager.py:192}}
May 16 15:42:11.093160 dv-cinder-841889-1-smb neutron-server[108652]: DEBUG neutron_lib.callbacks.manager [None req-f142fdbb-e354-4119-a6ba-6f7402551956 admin admin] Notify callbacks [] for router, before_response {{(pid=108652) _notify_loop /usr/local/lib/python3.8/dist-packages/neutron_lib/callbacks/manager.py:192}}
May 16 15:42:11.099523 dv-cinder-841889-1-smb neutron-server[108652]: INFO neutron.wsgi [None req-f142fdbb-e354-4119-a6ba-6f7402551956 admin admin] 10.222.0.59 "POST /v2.0/routers HTTP/1.1" status: 201 len: 921 time: 7.0336225
May 16 15:42:11.100184 dv-cinder-841889-1-smb neutron-server[108652]: DEBUG neutron.wsgi [-] (108652) accepted ('10.222.0.59', 47120) {{(pid=108652) server /usr/local/lib/python3.8/dist-packages/eventlet/wsgi.py:982}}
May 16 15:42:11.115629 dv-cinder-841889-1-smb neutron-server[108654]: DEBUG neutron.db.l3_dvrscheduler_db [None req-f2b9351e-1f59-4227-9cab-23fe4c69210d None None] Routers {'cd47cede-7546-4a70-a68a-431202cc8e07'} bound to L3 agent in host dv-cinder-841889-1-smb {{(pid=108654) _get_router_ids_for_agent /opt/stack/neutron/neutron/db/l3_dvrscheduler_db.py:421}}
May 16 15:42:11.116270 dv-cinder-841889-1-smb neutron-server[108654]: DEBUG neutron.db.l3_hamode_db [None req-f2b9351e-1f59-4227-9cab-23fe4c69210d None None] neutron.services.l3_router.l3_router_plugin.L3RouterPlugin method get_ha_sync_data_for_host called with arguments (, 'dv-cinder-841889-1-smb', Agent(admin_state_up=True,agent_type='L3 agent',availability_zone='nova',binary='neutron-l3-agent',configurations={"agent_mode": "legacy", "ex_gw_ports": 1, "extensions": [], "floating_ips": 0, "handle_internal_only_routers": true, "interface_driver": "openvswitch", "interfaces": 1, "log_agent_heartbeats": false, "routers": 1},created_at=2022-05-16T15:33:09Z,description=,heartbeat_timestamp=2022-05-16T15:42:09Z,host='dv-cinder-841889-1-smb',id=3185bc94-c900-4738-a840-25afcbc68dd2,load=0,resource_versions=,resources_synced=,started_at=2022-05-16T15:33:09Z,topic='l3_agent')) {'router_ids': ['cd47cede-7546-4a70-a68a-431202cc8e07'], 'active': True} {{(pid=108654) wrapper /usr/local/lib/python3.8/dist-packages/oslo_log/helpers.py:65}}
May 16 15:42:11.492314 dv-cinder-841889-1-smb neutron-server[108653]: DEBUG neutron.scheduler.l3_agent_scheduler [None req-115a736c-0e28-49d6-a897-122cfed4dd7b admin admin] Router cbaed296-c0fa-45e4-9b3a-c2582536982e has already been hosted by L3 agent 3185bc94-c900-4738-a840-25afcbc68dd2 {{(pid=108653) _get_candidates /opt/stack/neutron/neutron/scheduler/l3_agent_scheduler.py:126}}
May 16 15:42:11.673969 dv-cinder-841889-1-smb neutron-server[108654]: DEBUG neutron.db.provisioning_blocks [None req-1d84dae1-1f0d-4783-869e-c266ace1ca6d None None] Provisioning complete for port a154e49a-b33e-4c6d-aaf9-d25ca12ba821 triggered by entity L2. {{(pid=108654) provisioning_complete /opt/stack/neutron/neutron/db/provisioning_blocks.py:139}}
May 16 15:42:11.674520 dv-cinder-841889-1-smb neutron-server[108654]: DEBUG neutron_lib.callbacks.manager [None req-1d84dae1-1f0d-4783-869e-c266ace1ca6d None None] Notify callbacks ['neutron.plugins.ml2.plugin.Ml2Plugin._port_provisioned-1433817'] for port, provisioning_complete {{(pid=108654) _notify_loop /usr/local/lib/python3.8/dist-packages/neutron_lib/callbacks/manager.py:192}}
May 16 15:42:11.834125 dv-cinder-841889-1-smb neutron-server[108653]: DEBUG neutron.api.rpc.agentnotifiers.l3_rpc_agent_api [None req-115a736c-0e28-49d6-a897-122cfed4dd7b admin admin] Notify agent at l3_agent.dv-cinder-841889-1-smb the message routers_updated {{(pid=108653) _agent_notification /opt/stack/neutron/neutron/api/rpc/agentnotifiers/l3_rpc_agent_api.py:65}}
May 16 15:42:11.842893 dv-cinder-841889-1-smb neutron-server[108653]: INFO neutron.wsgi [None req-115a736c-0e28-49d6-a897-122cfed4dd7b admin admin] 10.222.0.59 "PUT /v2.0/routers/cbaed296-c0fa-45e4-9b3a-c2582536982e/add_router_interface HTTP/1.1" status: 200 len: 503 time: 5.3371375
May 16 15:42:11.911785 dv-cinder-841889-1-smb neutron-server[108654]: DEBUG neutron.db.l3_dvr_db [None req-f2b9351e-1f59-4227-9cab-23fe4c69210d None None] Set router cd47cede-7546-4a70-a68a-431202cc8e07 gateway port host: dv-cinder-841889-1-smb {{(pid=108654) _build_routers_list /opt/stack/neutron/neutron/db/l3_dvr_db.py:906}}
May 16 15:42:12.160251 dv-cinder-841889-1-smb neutron-server[108652]: INFO neutron.wsgi [req-ed30d886-a3be-43b3-89cf-7e13f3319c12 req-d37f7fd7-bbde-44b4-ab66-a2442fd962a7 tempest-DeleteServersTestJSON-615406763 tempest-DeleteServersTestJSON-615406763-project] 10.222.0.59 "GET /v2.0/ports?device_id=b0808cc9-7c3d-4436-9a65-b5aa3847363f HTTP/1.1" status: 200 len: 210 time: 0.1934958
May 16 15:42:12.322108 dv-cinder-841889-1-smb neutron-server[108652]: DEBUG neutron.scheduler.l3_agent_scheduler [None req-f8190eea-2db6-461c-94f5-4ad734dad266 admin admin] Router 48e8c0fa-dbf4-48e0-ad3a-bdac32e50688 is scheduled to L3 agent 3185bc94-c900-4738-a840-25afcbc68dd2 with binding_index 1 {{(pid=108652) bind_router /opt/stack/neutron/neutron/scheduler/l3_agent_scheduler.py:209}}
May 16 15:42:12.412666 dv-cinder-841889-1-smb neutron-server[108655]: DEBUG neutron.db.agents_db [None req-e819b8c3-b786-4686-99e8-7c560ccc899f None None] Agent healthcheck: found 6 active agents {{(pid=108655) agent_health_check /opt/stack/neutron/neutron/db/agents_db.py:317}}
May 16 15:42:12.538778 dv-cinder-841889-1-smb neutron-server[108653]: DEBUG neutron.wsgi [-] (108653) accepted ('10.222.0.59', 47190) {{(pid=108653) server /usr/local/lib/python3.8/dist-packages/eventlet/wsgi.py:982}}
