May 16 15:42:33.295354 dv-cinder-841889-1-smb devstack@c-api.service[115496]: DEBUG cinder.volume.api [None req-7e72c97a-3af3-486e-aa7b-61e982fc737a tempest-VolumeManageAdminTest-1671547707 tempest-VolumeManageAdminTest-1671547707-project-admin] Searching by: MultiDict([('all_tenants', 1)]). {{(pid=115496) get_all /opt/stack/cinder/cinder/volume/api.py:618}}
May 16 15:42:33.323290 dv-cinder-841889-1-smb devstack@c-api.service[115495]: INFO cinder.api.openstack.wsgi [None req-05aa693f-ebf7-4e19-91d2-2011d7d80918 tempest-GroupSnapshotsTest-442098088 tempest-GroupSnapshotsTest-442098088-project] http://10.222.0.59/volume/v3/6e8549e429ec46c1b610a16a5df13f88/volumes/18224505-26c8-4cf9-8727-1de78a91ffb0 returned with HTTP 200
May 16 15:42:33.324814 dv-cinder-841889-1-smb devstack@c-api.service[115495]: [pid: 115495|app: 0|req: 95/174] 10.222.0.59 () {60 vars in 1365 bytes} [Mon May 16 15:42:33 2022] GET /volume/v3/6e8549e429ec46c1b610a16a5df13f88/volumes/18224505-26c8-4cf9-8727-1de78a91ffb0 => generated 976 bytes in 187 msecs (HTTP/1.1 200) 7 headers in 286 bytes (2 switches on core 0)
May 16 15:42:33.376978 dv-cinder-841889-1-smb devstack@c-api.service[115496]: INFO cinder.volume.api [None req-7e72c97a-3af3-486e-aa7b-61e982fc737a tempest-VolumeManageAdminTest-1671547707 tempest-VolumeManageAdminTest-1671547707-project-admin] Get all volumes completed successfully.
May 16 15:42:33.378522 dv-cinder-841889-1-smb devstack@c-api.service[115496]: WARNING stevedore.named [None req-7e72c97a-3af3-486e-aa7b-61e982fc737a tempest-VolumeManageAdminTest-1671547707 tempest-VolumeManageAdminTest-1671547707-project-admin] Could not load cinder.keymgr.conf_key_mgr.ConfKeyManager
May 16 15:42:33.378906 dv-cinder-841889-1-smb devstack@c-api.service[115496]: WARNING castellan.key_manager [None req-7e72c97a-3af3-486e-aa7b-61e982fc737a tempest-VolumeManageAdminTest-1671547707 tempest-VolumeManageAdminTest-1671547707-project-admin] Deprecation Warning : cinder.keymgr.conf_key_mgr.ConfKeyManager is not a stevedore based driver, trying to load it as a class: stevedore.exception.NoMatches: No 'castellan.drivers' driver found, looking for 'cinder.keymgr.conf_key_mgr.ConfKeyManager'
May 16 15:42:33.387134 dv-cinder-841889-1-smb devstack@c-api.service[115496]: DEBUG oslo_db.sqlalchemy.engines [None req-7e72c97a-3af3-486e-aa7b-61e982fc737a tempest-VolumeManageAdminTest-1671547707 tempest-VolumeManageAdminTest-1671547707-project-admin] MySQL server mode set to STRICT_TRANS_TABLES,STRICT_ALL_TABLES,NO_ZERO_IN_DATE,NO_ZERO_DATE,ERROR_FOR_DIVISION_BY_ZERO,TRADITIONAL,NO_ENGINE_SUBSTITUTION {{(pid=115496) _check_effective_sql_mode /usr/local/lib/python3.8/dist-packages/oslo_db/sqlalchemy/engines.py:314}}
May 16 15:42:33.396065 dv-cinder-841889-1-smb devstack@c-api.service[115496]: /usr/local/lib/python3.8/dist-packages/oslo_context/context.py:105: DeprecationWarning: Policy enforcement is depending on the value of is_admin. This key is deprecated. Please update your policy file to use the standard policy values.
May 16 15:42:33.396065 dv-cinder-841889-1-smb devstack@c-api.service[115496]: warnings.warn('Policy enforcement is depending on the value of '
May 16 15:42:33.403983 dv-cinder-841889-1-smb devstack@c-api.service[115496]: WARNING stevedore.named [None req-7e72c97a-3af3-486e-aa7b-61e982fc737a tempest-VolumeManageAdminTest-1671547707 tempest-VolumeManageAdminTest-1671547707-project-admin] Could not load cinder.keymgr.conf_key_mgr.ConfKeyManager
May 16 15:42:33.404417 dv-cinder-841889-1-smb devstack@c-api.service[115496]: WARNING castellan.key_manager [None req-7e72c97a-3af3-486e-aa7b-61e982fc737a tempest-VolumeManageAdminTest-1671547707 tempest-VolumeManageAdminTest-1671547707-project-admin] Deprecation Warning : cinder.keymgr.conf_key_mgr.ConfKeyManager is not a stevedore based driver, trying to load it as a class: stevedore.exception.NoMatches: No 'castellan.drivers' driver found, looking for 'cinder.keymgr.conf_key_mgr.ConfKeyManager'
May 16 15:42:33.415032 dv-cinder-841889-1-smb devstack@c-api.service[115496]: DEBUG oslo_db.sqlalchemy.engines [None req-7e72c97a-3af3-486e-aa7b-61e982fc737a tempest-VolumeManageAdminTest-1671547707 tempest-VolumeManageAdminTest-1671547707-project-admin] MySQL server mode set to STRICT_TRANS_TABLES,STRICT_ALL_TABLES,NO_ZERO_IN_DATE,NO_ZERO_DATE,ERROR_FOR_DIVISION_BY_ZERO,TRADITIONAL,NO_ENGINE_SUBSTITUTION {{(pid=115496) _check_effective_sql_mode /usr/local/lib/python3.8/dist-packages/oslo_db/sqlalchemy/engines.py:314}}
May 16 15:42:33.422428 dv-cinder-841889-1-smb devstack@c-api.service[115496]: /usr/local/lib/python3.8/dist-packages/oslo_context/context.py:105: DeprecationWarning: Policy enforcement is depending on the value of is_admin. This key is deprecated. Please update your policy file to use the standard policy values.
May 16 15:42:33.422428 dv-cinder-841889-1-smb devstack@c-api.service[115496]: warnings.warn('Policy enforcement is depending on the value of '
May 16 15:42:33.428986 dv-cinder-841889-1-smb devstack@c-api.service[115496]: WARNING stevedore.named [None req-7e72c97a-3af3-486e-aa7b-61e982fc737a tempest-VolumeManageAdminTest-1671547707 tempest-VolumeManageAdminTest-1671547707-project-admin] Could not load cinder.keymgr.conf_key_mgr.ConfKeyManager
May 16 15:42:33.429406 dv-cinder-841889-1-smb devstack@c-api.service[115496]: WARNING castellan.key_manager [None req-7e72c97a-3af3-486e-aa7b-61e982fc737a tempest-VolumeManageAdminTest-1671547707 tempest-VolumeManageAdminTest-1671547707-project-admin] Deprecation Warning : cinder.keymgr.conf_key_mgr.ConfKeyManager is not a stevedore based driver, trying to load it as a class: stevedore.exception.NoMatches: No 'castellan.drivers' driver found, looking for 'cinder.keymgr.conf_key_mgr.ConfKeyManager'
May 16 15:42:33.438703 dv-cinder-841889-1-smb devstack@c-api.service[115496]: DEBUG oslo_db.sqlalchemy.engines [None req-7e72c97a-3af3-486e-aa7b-61e982fc737a tempest-VolumeManageAdminTest-1671547707 tempest-VolumeManageAdminTest-1671547707-project-admin] MySQL server mode set to STRICT_TRANS_TABLES,STRICT_ALL_TABLES,NO_ZERO_IN_DATE,NO_ZERO_DATE,ERROR_FOR_DIVISION_BY_ZERO,TRADITIONAL,NO_ENGINE_SUBSTITUTION {{(pid=115496) _check_effective_sql_mode /usr/local/lib/python3.8/dist-packages/oslo_db/sqlalchemy/engines.py:314}}
May 16 15:42:33.450128 dv-cinder-841889-1-smb devstack@c-api.service[115496]: /usr/local/lib/python3.8/dist-packages/oslo_context/context.py:105: DeprecationWarning: Policy enforcement is depending on the value of is_admin. This key is deprecated. Please update your policy file to use the standard policy values.
May 16 15:42:33.450128 dv-cinder-841889-1-smb devstack@c-api.service[115496]: warnings.warn('Policy enforcement is depending on the value of '
May 16 15:42:33.456486 dv-cinder-841889-1-smb devstack@c-api.service[115496]: WARNING stevedore.named [None req-7e72c97a-3af3-486e-aa7b-61e982fc737a tempest-VolumeManageAdminTest-1671547707 tempest-VolumeManageAdminTest-1671547707-project-admin] Could not load cinder.keymgr.conf_key_mgr.ConfKeyManager
May 16 15:42:33.457217 dv-cinder-841889-1-smb devstack@c-api.service[115496]: WARNING castellan.key_manager [None req-7e72c97a-3af3-486e-aa7b-61e982fc737a tempest-VolumeManageAdminTest-1671547707 tempest-VolumeManageAdminTest-1671547707-project-admin] Deprecation Warning : cinder.keymgr.conf_key_mgr.ConfKeyManager is not a stevedore based driver, trying to load it as a class: stevedore.exception.NoMatches: No 'castellan.drivers' driver found, looking for 'cinder.keymgr.conf_key_mgr.ConfKeyManager'
May 16 15:42:33.469644 dv-cinder-841889-1-smb devstack@c-api.service[115496]: DEBUG oslo_db.sqlalchemy.engines [None req-7e72c97a-3af3-486e-aa7b-61e982fc737a tempest-VolumeManageAdminTest-1671547707 tempest-VolumeManageAdminTest-1671547707-project-admin] MySQL server mode set to STRICT_TRANS_TABLES,STRICT_ALL_TABLES,NO_ZERO_IN_DATE,NO_ZERO_DATE,ERROR_FOR_DIVISION_BY_ZERO,TRADITIONAL,NO_ENGINE_SUBSTITUTION {{(pid=115496) _check_effective_sql_mode /usr/local/lib/python3.8/dist-packages/oslo_db/sqlalchemy/engines.py:314}}
May 16 15:42:33.476144 dv-cinder-841889-1-smb devstack@c-api.service[115496]: /usr/local/lib/python3.8/dist-packages/oslo_context/context.py:105: DeprecationWarning: Policy enforcement is depending on the value of is_admin. This key is deprecated. Please update your policy file to use the standard policy values.
May 16 15:42:33.476144 dv-cinder-841889-1-smb devstack@c-api.service[115496]: warnings.warn('Policy enforcement is depending on the value of '
May 16 15:42:33.493179 dv-cinder-841889-1-smb devstack@c-api.service[115496]: INFO cinder.api.openstack.wsgi [None req-7e72c97a-3af3-486e-aa7b-61e982fc737a tempest-VolumeManageAdminTest-1671547707 tempest-VolumeManageAdminTest-1671547707-project-admin] http://10.222.0.59/volume/v3/c4efafebacbe47c9a7468232d4efb387/volumes/detail?all_tenants=1 returned with HTTP 200
May 16 15:42:33.495483 dv-cinder-841889-1-smb devstack@c-api.service[115496]: [pid: 115496|app: 0|req: 80/175] 10.222.0.59 () {58 vars in 1261 bytes} [Mon May 16 15:42:33 2022] GET /volume/v3/c4efafebacbe47c9a7468232d4efb387/volumes/detail?all_tenants=1 => generated 4393 bytes in 216 msecs (HTTP/1.1 200) 7 headers in 286 bytes (1 switches on core 0)
May 16 15:42:33.519447 dv-cinder-841889-1-smb devstack@c-api.service[115495]: INFO cinder.api.openstack.wsgi [None req-0978e1d6-5d1a-482e-a0bd-3614e5223981 tempest-VolumeManageAdminTest-1671547707 tempest-VolumeManageAdminTest-1671547707-project-admin] POST http://10.222.0.59/volume/v3/c4efafebacbe47c9a7468232d4efb387/os-volume-manage
May 16 15:42:33.520273 dv-cinder-841889-1-smb devstack@c-api.service[115495]: /usr/local/lib/python3.8/dist-packages/webob/acceptparse.py:1047: DeprecationWarning: The behavior of AcceptValidHeader.best_match is currently being maintained for backward compatibility, but it will be deprecated in the future, as it does not conform to the RFC.
May 16 15:42:33.520273 dv-cinder-841889-1-smb devstack@c-api.service[115495]: warnings.warn(
May 16 15:42:33.521082 dv-cinder-841889-1-smb devstack@c-api.service[115495]: DEBUG cinder.api.openstack.wsgi [None req-0978e1d6-5d1a-482e-a0bd-3614e5223981 tempest-VolumeManageAdminTest-1671547707 tempest-VolumeManageAdminTest-1671547707-project-admin] Action: 'create', calling method: create, body: {"volume": {"name": "tempest-VolumeManageAdminTest-volume-523292843", "host": "hv-cinder-84188@wincnd#smbshare", "ref": {"source-name": "//127.0.0.1/smbshare/volume-6dd98b7a-cdb3-4814-be6b-4024800e8e3c.vhdx"}, "volume_type": "__DEFAULT__", "availability_zone": "nova"}} {{(pid=115495) _process_stack /opt/stack/cinder/cinder/api/openstack/wsgi.py:854}}
May 16 15:42:33.524960 dv-cinder-841889-1-smb devstack@c-api.service[115495]: DEBUG cinder.api.contrib.volume_manage [None req-0978e1d6-5d1a-482e-a0bd-3614e5223981 tempest-VolumeManageAdminTest-1671547707 tempest-VolumeManageAdminTest-1671547707-project-admin] Manage volume request body: {'volume': {'name': 'tempest-VolumeManageAdminTest-volume-523292843', 'host': 'hv-cinder-84188@wincnd#smbshare', 'ref': {'source-name': '//127.0.0.1/smbshare/volume-6dd98b7a-cdb3-4814-be6b-4024800e8e3c.vhdx'}, 'volume_type': '__DEFAULT__', 'availability_zone': 'nova'}} {{(pid=115495) create /opt/stack/cinder/cinder/api/contrib/volume_manage.py:113}}
May 16 15:42:33.598857 dv-cinder-841889-1-smb devstack@c-api.service[115495]: DEBUG cinder.volume.api [None req-0978e1d6-5d1a-482e-a0bd-3614e5223981 tempest-VolumeManageAdminTest-1671547707 tempest-VolumeManageAdminTest-1671547707-project-admin] Flow 'volume_manage_existing_api' (20e918fa-bc86-4cd8-ad8f-dd9603cf863f) transitioned into state 'RUNNING' from state 'PENDING' {{(pid=115495) _flow_receiver /usr/local/lib/python3.8/dist-packages/taskflow/listeners/logging.py:141}}
May 16 15:42:33.602680 dv-cinder-841889-1-smb devstack@c-api.service[115495]: DEBUG cinder.volume.api [None req-0978e1d6-5d1a-482e-a0bd-3614e5223981 tempest-VolumeManageAdminTest-1671547707 tempest-VolumeManageAdminTest-1671547707-project-admin] Task 'cinder.volume.flows.api.create_volume.QuotaReserveTask;volume:create' (319ace89-e82e-4873-9857-388b00c07363) transitioned into state 'RUNNING' from state 'PENDING' {{(pid=115495) _task_receiver /usr/local/lib/python3.8/dist-packages/taskflow/listeners/logging.py:190}}
May 16 15:42:33.715284 dv-cinder-841889-1-smb devstack@c-api.service[115495]: WARNING cinder.quota [None req-0978e1d6-5d1a-482e-a0bd-3614e5223981 tempest-VolumeManageAdminTest-1671547707 tempest-VolumeManageAdminTest-1671547707-project-admin] Deprecated: Default quota for resource: volumes___DEFAULT__ is set by the default quota flag: quota_volumes___DEFAULT__, it is now deprecated. Please use the default quota class for default quota.
May 16 15:42:33.716205 dv-cinder-841889-1-smb devstack@c-api.service[115495]: WARNING cinder.quota [None req-0978e1d6-5d1a-482e-a0bd-3614e5223981 tempest-VolumeManageAdminTest-1671547707 tempest-VolumeManageAdminTest-1671547707-project-admin] Deprecated: Default quota for resource: gigabytes___DEFAULT__ is set by the default quota flag: quota_gigabytes___DEFAULT__, it is now deprecated. Please use the default quota class for default quota.
May 16 15:42:33.866139 dv-cinder-841889-1-smb devstack@c-api.service[115495]: DEBUG cinder.quota [None req-0978e1d6-5d1a-482e-a0bd-3614e5223981 tempest-VolumeManageAdminTest-1671547707 tempest-VolumeManageAdminTest-1671547707-project-admin] Created reservations ['d44a9570-1a4e-4ee1-be29-f9325a137915', 'dac522e6-9f47-42b6-890d-43f9aac5e3f9', '1b318356-d9d4-4585-80ee-26cfc781c0dd', '601cd4c8-e247-4383-a5a3-896a0152c4ca'] {{(pid=115495) reserve /opt/stack/cinder/cinder/quota.py:755}}
May 16 15:42:33.869703 dv-cinder-841889-1-smb devstack@c-api.service[115495]: DEBUG cinder.volume.api [None req-0978e1d6-5d1a-482e-a0bd-3614e5223981 tempest-VolumeManageAdminTest-1671547707 tempest-VolumeManageAdminTest-1671547707-project-admin] Task 'cinder.volume.flows.api.create_volume.QuotaReserveTask;volume:create' (319ace89-e82e-4873-9857-388b00c07363) transitioned into state 'SUCCESS' from state 'RUNNING' with result '{'reservations': ['d44a9570-1a4e-4ee1-be29-f9325a137915', 'dac522e6-9f47-42b6-890d-43f9aac5e3f9', '1b318356-d9d4-4585-80ee-26cfc781c0dd', '601cd4c8-e247-4383-a5a3-896a0152c4ca']}' {{(pid=115495) _task_receiver /usr/local/lib/python3.8/dist-packages/taskflow/listeners/logging.py:178}}
May 16 15:42:33.873262 dv-cinder-841889-1-smb devstack@c-api.service[115495]: DEBUG cinder.volume.api [None req-0978e1d6-5d1a-482e-a0bd-3614e5223981 tempest-VolumeManageAdminTest-1671547707 tempest-VolumeManageAdminTest-1671547707-project-admin] Task 'cinder.volume.flows.api.manage_existing.EntryCreateTask;volume:manage_existing' (c5cbb1a9-b5a4-45c4-a499-be36127bac3a) transitioned into state 'RUNNING' from state 'PENDING' {{(pid=115495) _task_receiver /usr/local/lib/python3.8/dist-packages/taskflow/listeners/logging.py:190}}
May 16 15:42:33.985601 dv-cinder-841889-1-smb devstack@c-api.service[115495]: DEBUG cinder.volume.api [None req-0978e1d6-5d1a-482e-a0bd-3614e5223981 tempest-VolumeManageAdminTest-1671547707 tempest-VolumeManageAdminTest-1671547707-project-admin] Task 'cinder.volume.flows.api.manage_existing.EntryCreateTask;volume:manage_existing' (c5cbb1a9-b5a4-45c4-a499-be36127bac3a) transitioned into state 'SUCCESS' from state 'RUNNING' with result '{'volume_properties': {'size': 0, 'user_id': '9fa998c9614c4eff98e73287bb414d5a', 'project_id': 'c4efafebacbe47c9a7468232d4efb387', 'status': 'managing', 'attach_status': 'detached', 'display_description': None, 'display_name': 'tempest-VolumeManageAdminTest-volume-523292843', 'host': 'hv-cinder-84188@wincnd#smbshare', 'cluster_name': None, 'availability_zone': 'nova', 'volume_type_id': 'f707a22a-f183-44d4-bad5-5c6d61807d85', 'metadata': {}, 'bootable': False, 'multiattach': False}, 'volume': Volume(_name_id=None,admin_metadata={},attach_status='detached',availability_zone='nova',bootable=False,cluster=,cluster_name=None,consistencygroup=,consistencygroup_id=None,created_at=2022-05-16T15:42:33Z,deleted=False,deleted_at=None,display_description=None,display_name='tempest-VolumeManageAdminTest-volume-523292843',ec2_id=None,encryption_key_id=None,glance_metadata=,group=,group_id=None,host='hv-cinder-84188@wincnd#smbshare',id=6cff4782-ffdf-4f48-a2e7-2437602d486c,launched_at=None,metadata={},migration_status=None,multiattach=False,previous_status=None,project_id='c4efafebacbe47c9a7468232d4efb387',provider_auth=None,provider_geometry=None,provider_id=None,provider_location=None,replication_driver_data=None,replication_extended_status=None,replication_status=None,scheduled_at=None,service_uuid=None,shared_targets=True,size=0,snapshot_id=None,snapshots=,source_volid=None,status='managing',terminated_at=None,updated_at=None,use_quota=True,user_id='9fa998c9614c4eff98e73287bb414d5a',volume_attachment=VolumeAttachmentList,volume_type=VolumeType(f707a22a-f183-44d4-bad5-5c6d61807d85),volume_type_id=f707a22a-f183-44d4-bad5-5c6d61807d85)}' {{(pid=115495) _task_receiver /usr/local/lib/python3.8/dist-packages/taskflow/listeners/logging.py:178}}
May 16 15:42:33.987839 dv-cinder-841889-1-smb devstack@c-api.service[115495]: DEBUG cinder.volume.api [None req-0978e1d6-5d1a-482e-a0bd-3614e5223981 tempest-VolumeManageAdminTest-1671547707 tempest-VolumeManageAdminTest-1671547707-project-admin] Task 'cinder.volume.flows.api.create_volume.QuotaCommitTask;volume:create' (d202e3dc-15c4-4c46-b086-730c9f39fa0f) transitioned into state 'RUNNING' from state 'PENDING' {{(pid=115495) _task_receiver /usr/local/lib/python3.8/dist-packages/taskflow/listeners/logging.py:190}}
May 16 15:42:34.048723 dv-cinder-841889-1-smb devstack@c-api.service[115495]: DEBUG cinder.volume.api [None req-0978e1d6-5d1a-482e-a0bd-3614e5223981 tempest-VolumeManageAdminTest-1671547707 tempest-VolumeManageAdminTest-1671547707-project-admin] Task 'cinder.volume.flows.api.create_volume.QuotaCommitTask;volume:create' (d202e3dc-15c4-4c46-b086-730c9f39fa0f) transitioned into state 'SUCCESS' from state 'RUNNING' with result '{'volume_properties': {'size': 0, 'user_id': '9fa998c9614c4eff98e73287bb414d5a', 'project_id': 'c4efafebacbe47c9a7468232d4efb387', 'status': 'managing', 'attach_status': 'detached', 'display_description': None, 'display_name': 'tempest-VolumeManageAdminTest-volume-523292843', 'host': 'hv-cinder-84188@wincnd#smbshare', 'cluster_name': None, 'availability_zone': 'nova', 'volume_type_id': 'f707a22a-f183-44d4-bad5-5c6d61807d85', 'metadata': {}, 'bootable': False, 'multiattach': False}}' {{(pid=115495) _task_receiver /usr/local/lib/python3.8/dist-packages/taskflow/listeners/logging.py:178}}
May 16 15:42:34.051210 dv-cinder-841889-1-smb devstack@c-api.service[115495]: DEBUG cinder.volume.api [None req-0978e1d6-5d1a-482e-a0bd-3614e5223981 tempest-VolumeManageAdminTest-1671547707 tempest-VolumeManageAdminTest-1671547707-project-admin] Task 'cinder.volume.flows.api.manage_existing.ManageCastTask;volume:manage_existing' (dbc7dde4-59eb-46a8-bb4f-acb724073526) transitioned into state 'RUNNING' from state 'PENDING' {{(pid=115495) _task_receiver /usr/local/lib/python3.8/dist-packages/taskflow/listeners/logging.py:190}}
May 16 15:42:34.066033 dv-cinder-841889-1-smb devstack@c-api.service[115495]: DEBUG cinder.volume.api [None req-0978e1d6-5d1a-482e-a0bd-3614e5223981 tempest-VolumeManageAdminTest-1671547707 tempest-VolumeManageAdminTest-1671547707-project-admin] Task 'cinder.volume.flows.api.manage_existing.ManageCastTask;volume:manage_existing' (dbc7dde4-59eb-46a8-bb4f-acb724073526) transitioned into state 'SUCCESS' from state 'RUNNING' with result 'None' {{(pid=115495) _task_receiver /usr/local/lib/python3.8/dist-packages/taskflow/listeners/logging.py:178}}
May 16 15:42:34.075111 dv-cinder-841889-1-smb devstack@c-api.service[115495]: DEBUG cinder.volume.api [None req-0978e1d6-5d1a-482e-a0bd-3614e5223981 tempest-VolumeManageAdminTest-1671547707 tempest-VolumeManageAdminTest-1671547707-project-admin] Flow 'volume_manage_existing_api' (20e918fa-bc86-4cd8-ad8f-dd9603cf863f) transitioned into state 'SUCCESS' from state 'RUNNING' {{(pid=115495) _flow_receiver /usr/local/lib/python3.8/dist-packages/taskflow/listeners/logging.py:141}}
May 16 15:42:34.075781 dv-cinder-841889-1-smb devstack@c-api.service[115495]: INFO cinder.volume.api [None req-0978e1d6-5d1a-482e-a0bd-3614e5223981 tempest-VolumeManageAdminTest-1671547707 tempest-VolumeManageAdminTest-1671547707-project-admin] Manage volume request issued successfully.
May 16 15:42:34.094361 dv-cinder-841889-1-smb devstack@c-api.service[115495]: INFO cinder.api.openstack.wsgi [None req-0978e1d6-5d1a-482e-a0bd-3614e5223981 tempest-VolumeManageAdminTest-1671547707 tempest-VolumeManageAdminTest-1671547707-project-admin] http://10.222.0.59/volume/v3/c4efafebacbe47c9a7468232d4efb387/os-volume-manage returned with HTTP 202
May 16 15:42:34.107972 dv-cinder-841889-1-smb devstack@c-api.service[115495]: [pid: 115495|app: 0|req: 96/176] 10.222.0.59 () {60 vars in 1262 bytes} [Mon May 16 15:42:33 2022] POST /volume/v3/c4efafebacbe47c9a7468232d4efb387/os-volume-manage => generated 846 bytes in 588 msecs (HTTP/1.1 202) 7 headers in 291 bytes (1 switches on core 0)
May 16 15:42:34.113154 dv-cinder-841889-1-smb devstack@c-api.service[115496]: INFO cinder.api.openstack.wsgi [None req-aae45d35-89db-4a72-a84a-33f3605affea tempest-VolumeManageAdminTest-1671547707 tempest-VolumeManageAdminTest-1671547707-project-admin] GET http://10.222.0.59/volume/v3/c4efafebacbe47c9a7468232d4efb387/volumes/6cff4782-ffdf-4f48-a2e7-2437602d486c
May 16 15:42:34.113713 dv-cinder-841889-1-smb devstack@c-api.service[115496]: DEBUG cinder.api.openstack.wsgi [None req-aae45d35-89db-4a72-a84a-33f3605affea tempest-VolumeManageAdminTest-1671547707 tempest-VolumeManageAdminTest-1671547707-project-admin] Empty body provided in request {{(pid=115496) get_body /opt/stack/cinder/cinder/api/openstack/wsgi.py:703}}
May 16 15:42:34.113864 dv-cinder-841889-1-smb devstack@c-api.service[115496]: /usr/local/lib/python3.8/dist-packages/webob/acceptparse.py:1047: DeprecationWarning: The behavior of AcceptValidHeader.best_match is currently being maintained for backward compatibility, but it will be deprecated in the future, as it does not conform to the RFC.
May 16 15:42:34.113864 dv-cinder-841889-1-smb devstack@c-api.service[115496]: warnings.warn(
May 16 15:42:34.114557 dv-cinder-841889-1-smb devstack@c-api.service[115496]: DEBUG cinder.api.openstack.wsgi [None req-aae45d35-89db-4a72-a84a-33f3605affea tempest-VolumeManageAdminTest-1671547707 tempest-VolumeManageAdminTest-1671547707-project-admin] Calling method 'show' {{(pid=115496) _process_stack /opt/stack/cinder/cinder/api/openstack/wsgi.py:856}}
May 16 15:42:34.144830 dv-cinder-841889-1-smb devstack@c-api.service[115496]: /usr/local/lib/python3.8/dist-packages/oslo_context/context.py:105: DeprecationWarning: Policy enforcement is depending on the value of is_admin. This key is deprecated. Please update your policy file to use the standard policy values.
May 16 15:42:34.144830 dv-cinder-841889-1-smb devstack@c-api.service[115496]: warnings.warn('Policy enforcement is depending on the value of '
May 16 15:42:34.176152 dv-cinder-841889-1-smb devstack@c-api.service[115496]: INFO cinder.volume.api [None req-aae45d35-89db-4a72-a84a-33f3605affea tempest-VolumeManageAdminTest-1671547707 tempest-VolumeManageAdminTest-1671547707-project-admin] Volume info retrieved successfully.
May 16 15:42:34.195595 dv-cinder-841889-1-smb devstack@c-api.service[115496]: INFO cinder.api.openstack.wsgi [None req-aae45d35-89db-4a72-a84a-33f3605affea tempest-VolumeManageAdminTest-1671547707 tempest-VolumeManageAdminTest-1671547707-project-admin] http://10.222.0.59/volume/v3/c4efafebacbe47c9a7468232d4efb387/volumes/6cff4782-ffdf-4f48-a2e7-2437602d486c returned with HTTP 200
May 16 15:42:34.198579 dv-cinder-841889-1-smb devstack@c-api.service[115496]: [pid: 115496|app: 0|req: 81/177] 10.222.0.59 () {58 vars in 1324 bytes} [Mon May 16 15:42:34 2022] GET /volume/v3/c4efafebacbe47c9a7468232d4efb387/volumes/6cff4782-ffdf-4f48-a2e7-2437602d486c => generated 1078 bytes in 90 msecs (HTTP/1.1 200) 7 headers in 286 bytes (1 switches on core 0)
May 16 15:42:34.214352 dv-cinder-841889-1-smb devstack@c-api.service[115495]: INFO cinder.api.openstack.wsgi [None req-b1955e70-1551-46ae-8767-f606760844ec tempest-GroupsTest-598457626 tempest-GroupsTest-598457626-project] GET http://10.222.0.59/volume/v3/72e52a0c4da349488b2146645a4f07e8/volumes/8d16d046-f26f-42f4-9ad1-3a3d0cdf44d3
May 16 15:42:34.215127 dv-cinder-841889-1-smb devstack@c-api.service[115495]: DEBUG cinder.api.openstack.wsgi [None req-b1955e70-1551-46ae-8767-f606760844ec tempest-GroupsTest-598457626 tempest-GroupsTest-598457626-project] Empty body provided in request {{(pid=115495) get_body /opt/stack/cinder/cinder/api/openstack/wsgi.py:703}}
May 16 15:42:34.215592 dv-cinder-841889-1-smb devstack@c-api.service[115495]: /usr/local/lib/python3.8/dist-packages/webob/acceptparse.py:1047: DeprecationWarning: The behavior of AcceptValidHeader.best_match is currently being maintained for backward compatibility, but it will be deprecated in the future, as it does not conform to the RFC.
May 16 15:42:34.215592 dv-cinder-841889-1-smb devstack@c-api.service[115495]: warnings.warn(
May 16 15:42:34.216095 dv-cinder-841889-1-smb devstack@c-api.service[115495]: DEBUG cinder.api.openstack.wsgi [None req-b1955e70-1551-46ae-8767-f606760844ec tempest-GroupsTest-598457626 tempest-GroupsTest-598457626-project] Calling method 'show' {{(pid=115495) _process_stack /opt/stack/cinder/cinder/api/openstack/wsgi.py:856}}
May 16 15:42:34.235400 dv-cinder-841889-1-smb devstack@c-api.service[115495]: INFO cinder.api.openstack.wsgi [None req-b1955e70-1551-46ae-8767-f606760844ec tempest-GroupsTest-598457626 tempest-GroupsTest-598457626-project] http://10.222.0.59/volume/v3/72e52a0c4da349488b2146645a4f07e8/volumes/8d16d046-f26f-42f4-9ad1-3a3d0cdf44d3 returned with HTTP 404
May 16 15:42:34.236258 dv-cinder-841889-1-smb devstack@c-api.service[115495]: [pid: 115495|app: 0|req: 97/178] 10.222.0.59 () {60 vars in 1365 bytes} [Mon May 16 15:42:34 2022] GET /volume/v3/72e52a0c4da349488b2146645a4f07e8/volumes/8d16d046-f26f-42f4-9ad1-3a3d0cdf44d3 => generated 109 bytes in 27 msecs (HTTP/1.1 404) 7 headers in 293 bytes (1 switches on core 0)
May 16 15:42:34.246368 dv-cinder-841889-1-smb devstack@c-api.service[115496]: INFO cinder.api.openstack.wsgi [None req-c19450ff-0be8-45e3-9153-87ebf637be1b tempest-GroupsTest-598457626 tempest-GroupsTest-598457626-project] GET http://10.222.0.59/volume/v3/72e52a0c4da349488b2146645a4f07e8/volumes/e0c6c175-d5f3-4121-9f65-942d289633ee
May 16 15:42:34.247479 dv-cinder-841889-1-smb devstack@c-api.service[115496]: DEBUG cinder.api.openstack.wsgi [None req-c19450ff-0be8-45e3-9153-87ebf637be1b tempest-GroupsTest-598457626 tempest-GroupsTest-598457626-project] Empty body provided in request {{(pid=115496) get_body /opt/stack/cinder/cinder/api/openstack/wsgi.py:703}}
May 16 15:42:34.247820 dv-cinder-841889-1-smb devstack@c-api.service[115496]: /usr/local/lib/python3.8/dist-packages/webob/acceptparse.py:1047: DeprecationWarning: The behavior of AcceptValidHeader.best_match is currently being maintained for backward compatibility, but it will be deprecated in the future, as it does not conform to the RFC.
May 16 15:42:34.247820 dv-cinder-841889-1-smb devstack@c-api.service[115496]: warnings.warn(
May 16 15:42:34.248374 dv-cinder-841889-1-smb devstack@c-api.service[115496]: DEBUG cinder.api.openstack.wsgi [None req-c19450ff-0be8-45e3-9153-87ebf637be1b tempest-GroupsTest-598457626 tempest-GroupsTest-598457626-project] Calling method 'show' {{(pid=115496) _process_stack /opt/stack/cinder/cinder/api/openstack/wsgi.py:856}}
May 16 15:42:34.261851 dv-cinder-841889-1-smb devstack@c-api.service[115496]: INFO cinder.api.openstack.wsgi [None req-c19450ff-0be8-45e3-9153-87ebf637be1b tempest-GroupsTest-598457626 tempest-GroupsTest-598457626-project] http://10.222.0.59/volume/v3/72e52a0c4da349488b2146645a4f07e8/volumes/e0c6c175-d5f3-4121-9f65-942d289633ee returned with HTTP 404
May 16 15:42:34.268624 dv-cinder-841889-1-smb devstack@c-api.service[115496]: [pid: 115496|app: 0|req: 82/179] 10.222.0.59 () {60 vars in 1365 bytes} [Mon May 16 15:42:34 2022] GET /volume/v3/72e52a0c4da349488b2146645a4f07e8/volumes/e0c6c175-d5f3-4121-9f65-942d289633ee => generated 109 bytes in 28 msecs (HTTP/1.1 404) 7 headers in 293 bytes (1 switches on core 0)
May 16 15:42:34.283619 dv-cinder-841889-1-smb devstack@c-api.service[115495]: INFO cinder.api.openstack.wsgi [None req-ac1bfeea-0e30-4b9d-aed3-ceecfbba7d34 tempest-GroupsTest-598457626 tempest-GroupsTest-598457626-project] GET http://10.222.0.59/volume/v3/72e52a0c4da349488b2146645a4f07e8/groups/20c05ed3-77c4-46e3-8d6d-d241cdd66870
May 16 15:42:34.283851 dv-cinder-841889-1-smb devstack@c-api.service[115495]: DEBUG cinder.api.openstack.wsgi [None req-ac1bfeea-0e30-4b9d-aed3-ceecfbba7d34 tempest-GroupsTest-598457626 tempest-GroupsTest-598457626-project] Empty body provided in request {{(pid=115495) get_body /opt/stack/cinder/cinder/api/openstack/wsgi.py:703}}
May 16 15:42:34.285623 dv-cinder-841889-1-smb devstack@c-api.service[115495]: DEBUG cinder.api.openstack.wsgi [None req-ac1bfeea-0e30-4b9d-aed3-ceecfbba7d34 tempest-GroupsTest-598457626 tempest-GroupsTest-598457626-project] Calling method 'version_select' {{(pid=115495) _process_stack /opt/stack/cinder/cinder/api/openstack/wsgi.py:856}}
May 16 15:42:34.286449 dv-cinder-841889-1-smb devstack@c-api.service[115495]: DEBUG cinder.api.v3.groups [None req-ac1bfeea-0e30-4b9d-aed3-ceecfbba7d34 tempest-GroupsTest-598457626 tempest-GroupsTest-598457626-project] show called for member 20c05ed3-77c4-46e3-8d6d-d241cdd66870 {{(pid=115495) show /opt/stack/cinder/cinder/api/v3/groups.py:58}}
May 16 15:42:34.299976 dv-cinder-841889-1-smb devstack@c-api.service[115495]: INFO cinder.api.openstack.wsgi [None req-ac1bfeea-0e30-4b9d-aed3-ceecfbba7d34 tempest-GroupsTest-598457626 tempest-GroupsTest-598457626-project] http://10.222.0.59/volume/v3/72e52a0c4da349488b2146645a4f07e8/groups/20c05ed3-77c4-46e3-8d6d-d241cdd66870 returned with HTTP 404
May 16 15:42:34.302488 dv-cinder-841889-1-smb devstack@c-api.service[115495]: [pid: 115495|app: 0|req: 98/180] 10.222.0.59 () {60 vars in 1362 bytes} [Mon May 16 15:42:34 2022] GET /volume/v3/72e52a0c4da349488b2146645a4f07e8/groups/20c05ed3-77c4-46e3-8d6d-d241cdd66870 => generated 108 bytes in 28 msecs (HTTP/1.1 404) 7 headers in 293 bytes (1 switches on core 0)
May 16 15:42:34.312336 dv-cinder-841889-1-smb devstack@c-api.service[115496]: INFO cinder.api.openstack.wsgi [None req-d73c098e-e40b-4d15-83af-40cc18505afc tempest-GroupsTest-2035335242 tempest-GroupsTest-2035335242-project-admin] DELETE http://10.222.0.59/volume/v3/cae4eee216a044b1bc884d494b38d58d/group_types/938502c1-38dc-4976-9a05-0c04681bb015
May 16 15:42:34.312931 dv-cinder-841889-1-smb devstack@c-api.service[115496]: DEBUG cinder.api.openstack.wsgi [None req-d73c098e-e40b-4d15-83af-40cc18505afc tempest-GroupsTest-2035335242 tempest-GroupsTest-2035335242-project-admin] Empty body provided in request {{(pid=115496) get_body /opt/stack/cinder/cinder/api/openstack/wsgi.py:703}}
May 16 15:42:34.313491 dv-cinder-841889-1-smb devstack@c-api.service[115496]: DEBUG cinder.api.openstack.wsgi [None req-d73c098e-e40b-4d15-83af-40cc18505afc tempest-GroupsTest-2035335242 tempest-GroupsTest-2035335242-project-admin] Calling method 'version_select' {{(pid=115496) _process_stack /opt/stack/cinder/cinder/api/openstack/wsgi.py:856}}
May 16 15:42:34.339606 dv-cinder-841889-1-smb devstack@c-api.service[115495]: INFO cinder.api.openstack.wsgi [None req-de583037-d295-4c5a-bc2f-3d03fe573b1c tempest-GroupSnapshotsTest-442098088 tempest-GroupSnapshotsTest-442098088-project] GET http://10.222.0.59/volume/v3/6e8549e429ec46c1b610a16a5df13f88/volumes/18224505-26c8-4cf9-8727-1de78a91ffb0
May 16 15:42:34.340912 dv-cinder-841889-1-smb devstack@c-api.service[115495]: DEBUG cinder.api.openstack.wsgi [None req-de583037-d295-4c5a-bc2f-3d03fe573b1c tempest-GroupSnapshotsTest-442098088 tempest-GroupSnapshotsTest-442098088-project] Empty body provided in request {{(pid=115495) get_body /opt/stack/cinder/cinder/api/openstack/wsgi.py:703}}
May 16 15:42:34.341415 dv-cinder-841889-1-smb devstack@c-api.service[115495]: DEBUG cinder.api.openstack.wsgi [None req-de583037-d295-4c5a-bc2f-3d03fe573b1c tempest-GroupSnapshotsTest-442098088 tempest-GroupSnapshotsTest-442098088-project] Calling method 'show' {{(pid=115495) _process_stack /opt/stack/cinder/cinder/api/openstack/wsgi.py:856}}
May 16 15:42:34.356371 dv-cinder-841889-1-smb devstack@c-api.service[115496]: INFO cinder.api.openstack.wsgi [None req-d73c098e-e40b-4d15-83af-40cc18505afc tempest-GroupsTest-2035335242 tempest-GroupsTest-2035335242-project-admin] http://10.222.0.59/volume/v3/cae4eee216a044b1bc884d494b38d58d/group_types/938502c1-38dc-4976-9a05-0c04681bb015 returned with HTTP 202
May 16 15:42:34.363112 dv-cinder-841889-1-smb devstack@c-api.service[115496]: [pid: 115496|app: 0|req: 83/181] 10.222.0.59 () {60 vars in 1380 bytes} [Mon May 16 15:42:34 2022] DELETE /volume/v3/cae4eee216a044b1bc884d494b38d58d/group_types/938502c1-38dc-4976-9a05-0c04681bb015 => generated 0 bytes in 57 msecs (HTTP/1.1 202) 6 headers in 234 bytes (1 switches on core 0)
May 16 15:42:34.373564 dv-cinder-841889-1-smb devstack@c-api.service[115496]: INFO cinder.api.openstack.wsgi [None req-aa414c7d-dbd5-4064-a0f6-784e74e1e380 tempest-GroupsTest-598457626 tempest-GroupsTest-598457626-project] DELETE http://10.222.0.59/volume/v3/72e52a0c4da349488b2146645a4f07e8/volumes/8d16d046-f26f-42f4-9ad1-3a3d0cdf44d3
May 16 15:42:34.375682 dv-cinder-841889-1-smb devstack@c-api.service[115496]: DEBUG cinder.api.openstack.wsgi [None req-aa414c7d-dbd5-4064-a0f6-784e74e1e380 tempest-GroupsTest-598457626 tempest-GroupsTest-598457626-project] Empty body provided in request {{(pid=115496) get_body /opt/stack/cinder/cinder/api/openstack/wsgi.py:703}}
May 16 15:42:34.376106 dv-cinder-841889-1-smb devstack@c-api.service[115496]: DEBUG cinder.api.openstack.wsgi [None req-aa414c7d-dbd5-4064-a0f6-784e74e1e380 tempest-GroupsTest-598457626 tempest-GroupsTest-598457626-project] Calling method 'delete' {{(pid=115496) _process_stack /opt/stack/cinder/cinder/api/openstack/wsgi.py:856}}
May 16 15:42:34.380376 dv-cinder-841889-1-smb devstack@c-api.service[115495]: /usr/local/lib/python3.8/dist-packages/oslo_context/context.py:105: DeprecationWarning: Policy enforcement is depending on the value of is_admin. This key is deprecated. Please update your policy file to use the standard policy values.
May 16 15:42:34.380376 dv-cinder-841889-1-smb devstack@c-api.service[115495]: warnings.warn('Policy enforcement is depending on the value of '
May 16 15:42:34.380672 dv-cinder-841889-1-smb devstack@c-api.service[115496]: INFO cinder.api.v3.volumes [None req-aa414c7d-dbd5-4064-a0f6-784e74e1e380 tempest-GroupsTest-598457626 tempest-GroupsTest-598457626-project] Delete volume with id: 8d16d046-f26f-42f4-9ad1-3a3d0cdf44d3
May 16 15:42:34.402531 dv-cinder-841889-1-smb devstack@c-api.service[115495]: INFO cinder.volume.api [None req-de583037-d295-4c5a-bc2f-3d03fe573b1c tempest-GroupSnapshotsTest-442098088 tempest-GroupSnapshotsTest-442098088-project] Volume info retrieved successfully.
May 16 15:42:34.407008 dv-cinder-841889-1-smb devstack@c-api.service[115496]: INFO cinder.api.openstack.wsgi [None req-aa414c7d-dbd5-4064-a0f6-784e74e1e380 tempest-GroupsTest-598457626 tempest-GroupsTest-598457626-project] http://10.222.0.59/volume/v3/72e52a0c4da349488b2146645a4f07e8/volumes/8d16d046-f26f-42f4-9ad1-3a3d0cdf44d3 returned with HTTP 404
May 16 15:42:34.407721 dv-cinder-841889-1-smb devstack@c-api.service[115495]: WARNING stevedore.named [None req-de583037-d295-4c5a-bc2f-3d03fe573b1c tempest-GroupSnapshotsTest-442098088 tempest-GroupSnapshotsTest-442098088-project] Could not load cinder.keymgr.conf_key_mgr.ConfKeyManager
May 16 15:42:34.408744 dv-cinder-841889-1-smb devstack@c-api.service[115495]: WARNING castellan.key_manager [None req-de583037-d295-4c5a-bc2f-3d03fe573b1c tempest-GroupSnapshotsTest-442098088 tempest-GroupSnapshotsTest-442098088-project] Deprecation Warning : cinder.keymgr.conf_key_mgr.ConfKeyManager is not a stevedore based driver, trying to load it as a class: stevedore.exception.NoMatches: No 'castellan.drivers' driver found, looking for 'cinder.keymgr.conf_key_mgr.ConfKeyManager'
May 16 15:42:34.415073 dv-cinder-841889-1-smb devstack@c-api.service[115496]: [pid: 115496|app: 0|req: 84/182] 10.222.0.59 () {60 vars in 1368 bytes} [Mon May 16 15:42:34 2022] DELETE /volume/v3/72e52a0c4da349488b2146645a4f07e8/volumes/8d16d046-f26f-42f4-9ad1-3a3d0cdf44d3 => generated 109 bytes in 50 msecs (HTTP/1.1 404) 7 headers in 293 bytes (1 switches on core 0)
May 16 15:42:34.438055 dv-cinder-841889-1-smb devstack@c-api.service[115496]: INFO cinder.api.openstack.wsgi [None req-d24beb71-1108-43c1-9a69-97b523dbb494 tempest-GroupsTest-598457626 tempest-GroupsTest-598457626-project] DELETE http://10.222.0.59/volume/v3/72e52a0c4da349488b2146645a4f07e8/volumes/e0c6c175-d5f3-4121-9f65-942d289633ee
May 16 15:42:34.439885 dv-cinder-841889-1-smb devstack@c-api.service[115496]: DEBUG cinder.api.openstack.wsgi [None req-d24beb71-1108-43c1-9a69-97b523dbb494 tempest-GroupsTest-598457626 tempest-GroupsTest-598457626-project] Empty body provided in request {{(pid=115496) get_body /opt/stack/cinder/cinder/api/openstack/wsgi.py:703}}
May 16 15:42:34.440368 dv-cinder-841889-1-smb devstack@c-api.service[115496]: DEBUG cinder.api.openstack.wsgi [None req-d24beb71-1108-43c1-9a69-97b523dbb494 tempest-GroupsTest-598457626 tempest-GroupsTest-598457626-project] Calling method 'delete' {{(pid=115496) _process_stack /opt/stack/cinder/cinder/api/openstack/wsgi.py:856}}
May 16 15:42:34.441723 dv-cinder-841889-1-smb devstack@c-api.service[115495]: DEBUG oslo_db.sqlalchemy.engines [None req-de583037-d295-4c5a-bc2f-3d03fe573b1c tempest-GroupSnapshotsTest-442098088 tempest-GroupSnapshotsTest-442098088-project] MySQL server mode set to STRICT_TRANS_TABLES,STRICT_ALL_TABLES,NO_ZERO_IN_DATE,NO_ZERO_DATE,ERROR_FOR_DIVISION_BY_ZERO,TRADITIONAL,NO_ENGINE_SUBSTITUTION {{(pid=115495) _check_effective_sql_mode /usr/local/lib/python3.8/dist-packages/oslo_db/sqlalchemy/engines.py:314}}
May 16 15:42:34.442359 dv-cinder-841889-1-smb devstack@c-api.service[115496]: INFO cinder.api.v3.volumes [None req-d24beb71-1108-43c1-9a69-97b523dbb494 tempest-GroupsTest-598457626 tempest-GroupsTest-598457626-project] Delete volume with id: e0c6c175-d5f3-4121-9f65-942d289633ee
May 16 15:42:34.466834 dv-cinder-841889-1-smb devstack@c-api.service[115495]: /usr/local/lib/python3.8/dist-packages/oslo_context/context.py:105: DeprecationWarning: Policy enforcement is depending on the value of is_admin. This key is deprecated. Please update your policy file to use the standard policy values.
May 16 15:42:34.466834 dv-cinder-841889-1-smb devstack@c-api.service[115495]: warnings.warn('Policy enforcement is depending on the value of '
May 16 15:42:34.496324 dv-cinder-841889-1-smb devstack@c-api.service[115496]: INFO cinder.api.openstack.wsgi [None req-d24beb71-1108-43c1-9a69-97b523dbb494 tempest-GroupsTest-598457626 tempest-GroupsTest-598457626-project] http://10.222.0.59/volume/v3/72e52a0c4da349488b2146645a4f07e8/volumes/e0c6c175-d5f3-4121-9f65-942d289633ee returned with HTTP 404
May 16 15:42:34.504284 dv-cinder-841889-1-smb devstack@c-api.service[115496]: [pid: 115496|app: 0|req: 85/183] 10.222.0.59 () {60 vars in 1368 bytes} [Mon May 16 15:42:34 2022] DELETE /volume/v3/72e52a0c4da349488b2146645a4f07e8/volumes/e0c6c175-d5f3-4121-9f65-942d289633ee => generated 109 bytes in 89 msecs (HTTP/1.1 404) 7 headers in 293 bytes (1 switches on core 0)
May 16 15:42:34.523696 dv-cinder-841889-1-smb devstack@c-api.service[115496]: INFO cinder.api.openstack.wsgi [None req-3866a774-c9c8-40f6-88d1-cc822679d716 tempest-GroupsTest-2035335242 tempest-GroupsTest-2035335242-project-admin] DELETE http://10.222.0.59/volume/v3/cae4eee216a044b1bc884d494b38d58d/types/b80bf65b-e93c-432f-a75e-2b788baad532
May 16 15:42:34.524169 dv-cinder-841889-1-smb devstack@c-api.service[115496]: DEBUG cinder.api.openstack.wsgi [None req-3866a774-c9c8-40f6-88d1-cc822679d716 tempest-GroupsTest-2035335242 tempest-GroupsTest-2035335242-project-admin] Empty body provided in request {{(pid=115496) get_body /opt/stack/cinder/cinder/api/openstack/wsgi.py:703}}
May 16 15:42:34.524623 dv-cinder-841889-1-smb devstack@c-api.service[115496]: DEBUG cinder.api.openstack.wsgi [None req-3866a774-c9c8-40f6-88d1-cc822679d716 tempest-GroupsTest-2035335242 tempest-GroupsTest-2035335242-project-admin] Calling method '_delete' {{(pid=115496) _process_stack /opt/stack/cinder/cinder/api/openstack/wsgi.py:856}}
May 16 15:42:34.552918 dv-cinder-841889-1-smb devstack@c-api.service[115495]: INFO cinder.api.openstack.wsgi [None req-de583037-d295-4c5a-bc2f-3d03fe573b1c tempest-GroupSnapshotsTest-442098088 tempest-GroupSnapshotsTest-442098088-project] http://10.222.0.59/volume/v3/6e8549e429ec46c1b610a16a5df13f88/volumes/18224505-26c8-4cf9-8727-1de78a91ffb0 returned with HTTP 200
May 16 15:42:34.557352 dv-cinder-841889-1-smb devstack@c-api.service[115495]: [pid: 115495|app: 0|req: 99/184] 10.222.0.59 () {60 vars in 1365 bytes} [Mon May 16 15:42:34 2022] GET /volume/v3/6e8549e429ec46c1b610a16a5df13f88/volumes/18224505-26c8-4cf9-8727-1de78a91ffb0 => generated 1001 bytes in 222 msecs (HTTP/1.1 200) 7 headers in 287 bytes (1 switches on core 0)
May 16 15:42:34.578128 dv-cinder-841889-1-smb devstack@c-api.service[115495]: INFO cinder.api.openstack.wsgi [None req-58372278-fb3d-4924-9b70-90edfbe1f9a6 tempest-GroupSnapshotsTest-442098088 tempest-GroupSnapshotsTest-442098088-project] PUT http://10.222.0.59/volume/v3/6e8549e429ec46c1b610a16a5df13f88/groups/cd1ac621-6654-4c38-903f-f7ac3bec5710
May 16 15:42:34.579108 dv-cinder-841889-1-smb devstack@c-api.service[115495]: /usr/local/lib/python3.8/dist-packages/webob/acceptparse.py:1047: DeprecationWarning: The behavior of AcceptValidHeader.best_match is currently being maintained for backward compatibility, but it will be deprecated in the future, as it does not conform to the RFC.
May 16 15:42:34.579108 dv-cinder-841889-1-smb devstack@c-api.service[115495]: warnings.warn(
May 16 15:42:34.581277 dv-cinder-841889-1-smb devstack@c-api.service[115495]: DEBUG cinder.api.openstack.wsgi [None req-58372278-fb3d-4924-9b70-90edfbe1f9a6 tempest-GroupSnapshotsTest-442098088 tempest-GroupSnapshotsTest-442098088-project] Action: 'update', calling method: version_select, body: {"group": {"remove_volumes": "a22f3ef5-64ab-4d74-8482-ca4de09e4480"}} {{(pid=115495) _process_stack /opt/stack/cinder/cinder/api/openstack/wsgi.py:854}}
May 16 15:42:34.585801 dv-cinder-841889-1-smb devstack@c-api.service[115495]: DEBUG cinder.api.v3.groups [None req-58372278-fb3d-4924-9b70-90edfbe1f9a6 tempest-GroupSnapshotsTest-442098088 tempest-GroupSnapshotsTest-442098088-project] Update called for group cd1ac621-6654-4c38-903f-f7ac3bec5710. {{(pid=115495) update /opt/stack/cinder/cinder/api/v3/groups.py:302}}
May 16 15:42:34.589916 dv-cinder-841889-1-smb devstack@c-api.service[115495]: INFO cinder.api.v3.groups [None req-58372278-fb3d-4924-9b70-90edfbe1f9a6 tempest-GroupSnapshotsTest-442098088 tempest-GroupSnapshotsTest-442098088-project] Updating group cd1ac621-6654-4c38-903f-f7ac3bec5710 with name None description: None add_volumes: None remove_volumes: a22f3ef5-64ab-4d74-8482-ca4de09e4480.
May 16 15:42:34.606699 dv-cinder-841889-1-smb devstack@c-api.service[115495]: /usr/local/lib/python3.8/dist-packages/oslo_context/context.py:105: DeprecationWarning: Policy enforcement is depending on the value of is_admin. This key is deprecated. Please update your policy file to use the standard policy values.
May 16 15:42:34.606699 dv-cinder-841889-1-smb devstack@c-api.service[115495]: warnings.warn('Policy enforcement is depending on the value of '
May 16 15:42:34.625833 dv-cinder-841889-1-smb devstack@c-api.service[115496]: INFO cinder.api.openstack.wsgi [None req-3866a774-c9c8-40f6-88d1-cc822679d716 tempest-GroupsTest-2035335242 tempest-GroupsTest-2035335242-project-admin] http://10.222.0.59/volume/v3/cae4eee216a044b1bc884d494b38d58d/types/b80bf65b-e93c-432f-a75e-2b788baad532 returned with HTTP 202
May 16 15:42:34.626927 dv-cinder-841889-1-smb devstack@c-api.service[115496]: [pid: 115496|app: 0|req: 86/185] 10.222.0.59 () {58 vars in 1321 bytes} [Mon May 16 15:42:34 2022] DELETE /volume/v3/cae4eee216a044b1bc884d494b38d58d/types/b80bf65b-e93c-432f-a75e-2b788baad532 => generated 0 bytes in 118 msecs (HTTP/1.1 202) 6 headers in 233 bytes (1 switches on core 0)
May 16 15:42:34.634133 dv-cinder-841889-1-smb devstack@c-api.service[115496]: INFO cinder.api.openstack.wsgi [None req-0b8a5a62-949f-40e0-b5ce-41d2edfe38b4 tempest-GroupsTest-2035335242 tempest-GroupsTest-2035335242-project-admin] GET http://10.222.0.59/volume/v3/cae4eee216a044b1bc884d494b38d58d/types/b80bf65b-e93c-432f-a75e-2b788baad532
May 16 15:42:34.634661 dv-cinder-841889-1-smb devstack@c-api.service[115496]: DEBUG cinder.api.openstack.wsgi [None req-0b8a5a62-949f-40e0-b5ce-41d2edfe38b4 tempest-GroupsTest-2035335242 tempest-GroupsTest-2035335242-project-admin] Empty body provided in request {{(pid=115496) get_body /opt/stack/cinder/cinder/api/openstack/wsgi.py:703}}
May 16 15:42:34.637538 dv-cinder-841889-1-smb devstack@c-api.service[115496]: DEBUG cinder.api.openstack.wsgi [None req-0b8a5a62-949f-40e0-b5ce-41d2edfe38b4 tempest-GroupsTest-2035335242 tempest-GroupsTest-2035335242-project-admin] Calling method 'show' {{(pid=115496) _process_stack /opt/stack/cinder/cinder/api/openstack/wsgi.py:856}}
May 16 15:42:34.651502 dv-cinder-841889-1-smb devstack@c-api.service[115496]: INFO cinder.api.openstack.wsgi [None req-0b8a5a62-949f-40e0-b5ce-41d2edfe38b4 tempest-GroupsTest-2035335242 tempest-GroupsTest-2035335242-project-admin] http://10.222.0.59/volume/v3/cae4eee216a044b1bc884d494b38d58d/types/b80bf65b-e93c-432f-a75e-2b788baad532 returned with HTTP 404
May 16 15:42:34.652459 dv-cinder-841889-1-smb devstack@c-api.service[115496]: [pid: 115496|app: 0|req: 87/186] 10.222.0.59 () {58 vars in 1318 bytes} [Mon May 16 15:42:34 2022] GET /volume/v3/cae4eee216a044b1bc884d494b38d58d/types/b80bf65b-e93c-432f-a75e-2b788baad532 => generated 114 bytes in 22 msecs (HTTP/1.1 404) 7 headers in 292 bytes (2 switches on core 0)
May 16 15:42:34.663199 dv-cinder-841889-1-smb devstack@c-api.service[115496]: INFO cinder.api.openstack.wsgi [None req-75a60007-50d9-418b-b903-6f012a395cd5 tempest-GroupsTest-2035335242 tempest-GroupsTest-2035335242-project-admin] DELETE http://10.222.0.59/volume/v3/cae4eee216a044b1bc884d494b38d58d/types/8bfda8c1-d377-4515-8f04-0beaa84c2aaf
May 16 15:42:34.663675 dv-cinder-841889-1-smb devstack@c-api.service[115496]: DEBUG cinder.api.openstack.wsgi [None req-75a60007-50d9-418b-b903-6f012a395cd5 tempest-GroupsTest-2035335242 tempest-GroupsTest-2035335242-project-admin] Empty body provided in request {{(pid=115496) get_body /opt/stack/cinder/cinder/api/openstack/wsgi.py:703}}
May 16 15:42:34.664041 dv-cinder-841889-1-smb devstack@c-api.service[115496]: DEBUG cinder.api.openstack.wsgi [None req-75a60007-50d9-418b-b903-6f012a395cd5 tempest-GroupsTest-2035335242 tempest-GroupsTest-2035335242-project-admin] Calling method '_delete' {{(pid=115496) _process_stack /opt/stack/cinder/cinder/api/openstack/wsgi.py:856}}
May 16 15:42:34.675573 dv-cinder-841889-1-smb devstack@c-api.service[115495]: INFO cinder.api.openstack.wsgi [None req-58372278-fb3d-4924-9b70-90edfbe1f9a6 tempest-GroupSnapshotsTest-442098088 tempest-GroupSnapshotsTest-442098088-project] http://10.222.0.59/volume/v3/6e8549e429ec46c1b610a16a5df13f88/groups/cd1ac621-6654-4c38-903f-f7ac3bec5710 returned with HTTP 202
May 16 15:42:34.676462 dv-cinder-841889-1-smb devstack@c-api.service[115495]: [pid: 115495|app: 0|req: 100/187] 10.222.0.59 () {62 vars in 1382 bytes} [Mon May 16 15:42:34 2022] PUT /volume/v3/6e8549e429ec46c1b610a16a5df13f88/groups/cd1ac621-6654-4c38-903f-f7ac3bec5710 => generated 0 bytes in 108 msecs (HTTP/1.1 202) 6 headers in 234 bytes (2 switches on core 0)
May 16 15:42:34.687190 dv-cinder-841889-1-smb devstack@c-api.service[115495]: INFO cinder.api.openstack.wsgi [None req-f8c62b06-d47c-4bf2-bab0-0743beee74de tempest-GroupSnapshotsTest-442098088 tempest-GroupSnapshotsTest-442098088-project] GET http://10.222.0.59/volume/v3/6e8549e429ec46c1b610a16a5df13f88/groups/cd1ac621-6654-4c38-903f-f7ac3bec5710
May 16 15:42:34.687848 dv-cinder-841889-1-smb devstack@c-api.service[115495]: DEBUG cinder.api.openstack.wsgi [None req-f8c62b06-d47c-4bf2-bab0-0743beee74de tempest-GroupSnapshotsTest-442098088 tempest-GroupSnapshotsTest-442098088-project] Empty body provided in request {{(pid=115495) get_body /opt/stack/cinder/cinder/api/openstack/wsgi.py:703}}
May 16 15:42:34.688101 dv-cinder-841889-1-smb devstack@c-api.service[115495]: /usr/local/lib/python3.8/dist-packages/webob/acceptparse.py:1047: DeprecationWarning: The behavior of AcceptValidHeader.best_match is currently being maintained for backward compatibility, but it will be deprecated in the future, as it does not conform to the RFC.
May 16 15:42:34.688101 dv-cinder-841889-1-smb devstack@c-api.service[115495]: warnings.warn(
May 16 15:42:34.688530 dv-cinder-841889-1-smb devstack@c-api.service[115495]: DEBUG cinder.api.openstack.wsgi [None req-f8c62b06-d47c-4bf2-bab0-0743beee74de tempest-GroupSnapshotsTest-442098088 tempest-GroupSnapshotsTest-442098088-project] Calling method 'version_select' {{(pid=115495) _process_stack /opt/stack/cinder/cinder/api/openstack/wsgi.py:856}}
