May 13 13:56:22.322382 dv-cinder-841753-1-iscsi devstack@c-api.service[116641]: /usr/local/lib/python3.8/dist-packages/oslo_context/context.py:100: DeprecationWarning: Policy enforcement is depending on the value of is_admin. This key is deprecated. Please update your policy file to use the standard policy values.
May 13 13:56:22.322382 dv-cinder-841753-1-iscsi devstack@c-api.service[116641]: warnings.warn('Policy enforcement is depending on the value of '
May 13 13:56:22.324913 dv-cinder-841753-1-iscsi devstack@c-api.service[116641]: INFO cinder.volume.api [None req-a395965b-a0c0-4333-82f6-afe10cf86151 tempest-GroupSnapshotsTest-1491382343 tempest-GroupSnapshotsTest-1491382343-project] Availability Zones retrieved successfully.
May 13 13:56:22.447759 dv-cinder-841753-1-iscsi devstack@c-api.service[116641]: DEBUG cinder.volume.api [None req-a395965b-a0c0-4333-82f6-afe10cf86151 tempest-GroupSnapshotsTest-1491382343 tempest-GroupSnapshotsTest-1491382343-project] Flow 'volume_create_api' (b707fca7-0657-4d82-96b0-d19ad7083cb3) transitioned into state 'RUNNING' from state 'PENDING' {{(pid=116641) _flow_receiver /usr/local/lib/python3.8/dist-packages/taskflow/listeners/logging.py:141}}
May 13 13:56:22.456177 dv-cinder-841753-1-iscsi devstack@c-api.service[116641]: DEBUG cinder.volume.api [None req-a395965b-a0c0-4333-82f6-afe10cf86151 tempest-GroupSnapshotsTest-1491382343 tempest-GroupSnapshotsTest-1491382343-project] Task 'cinder.volume.flows.api.create_volume.ExtractVolumeRequestTask;volume:create' (f12bfbac-d14e-4d6f-ac39-16d632082495) transitioned into state 'RUNNING' from state 'PENDING' {{(pid=116641) _task_receiver /usr/local/lib/python3.8/dist-packages/taskflow/listeners/logging.py:190}}
May 13 13:56:22.461655 dv-cinder-841753-1-iscsi devstack@c-api.service[116641]: DEBUG cinder.volume.flows.api.create_volume [None req-a395965b-a0c0-4333-82f6-afe10cf86151 tempest-GroupSnapshotsTest-1491382343 tempest-GroupSnapshotsTest-1491382343-project] Validating volume size '1' using validate_int, validate_snap_size {{(pid=116641) _extract_size /opt/stack/cinder/cinder/volume/flows/api/create_volume.py:225}}
May 13 13:56:22.538658 dv-cinder-841753-1-iscsi devstack@c-api.service[116641]: DEBUG cinder.volume.api [None req-a395965b-a0c0-4333-82f6-afe10cf86151 tempest-GroupSnapshotsTest-1491382343 tempest-GroupSnapshotsTest-1491382343-project] Task 'cinder.volume.flows.api.create_volume.ExtractVolumeRequestTask;volume:create' (f12bfbac-d14e-4d6f-ac39-16d632082495) transitioned into state 'SUCCESS' from state 'RUNNING' with result '{'size': 1, 'snapshot_id': 'c4a07dd2-c84c-40e1-aade-a5de8364a72e', 'source_volid': None, 'volume_type': VolumeType(created_at=2022-05-13T13:56:11Z,deleted=False,deleted_at=None,description=None,extra_specs={},id=8e078af5-c48d-4d0d-81d3-d08591577ef5,is_public=True,name='tempest-GroupSnapshotsTest-volume-type-628755359',projects=[],qos_specs=,qos_specs_id=None,updated_at=None), 'volume_type_id': '8e078af5-c48d-4d0d-81d3-d08591577ef5', 'encryption_key_id': None, 'qos_specs': None, 'consistencygroup_id': None, 'cgsnapshot_id': None, 'group_id': '8fdaa3a3-0937-44f2-81f7-d67c4b675ec5', 'replication_status': 'disabled', 'refresh_az': False, 'backup_id': None, 'multiattach': False, 'availability_zones': ['nova']}' {{(pid=116641) _task_receiver /usr/local/lib/python3.8/dist-packages/taskflow/listeners/logging.py:178}}
May 13 13:56:22.541911 dv-cinder-841753-1-iscsi devstack@c-api.service[116641]: DEBUG cinder.volume.api [None req-a395965b-a0c0-4333-82f6-afe10cf86151 tempest-GroupSnapshotsTest-1491382343 tempest-GroupSnapshotsTest-1491382343-project] Task 'cinder.volume.flows.api.create_volume.QuotaReserveTask;volume:create' (98166868-6ed6-45fd-9ede-8e1b6272fcbd) transitioned into state 'RUNNING' from state 'PENDING' {{(pid=116641) _task_receiver /usr/local/lib/python3.8/dist-packages/taskflow/listeners/logging.py:190}}
May 13 13:56:22.591777 dv-cinder-841753-1-iscsi devstack@c-api.service[116641]: WARNING cinder.quota [None req-a395965b-a0c0-4333-82f6-afe10cf86151 tempest-GroupSnapshotsTest-1491382343 tempest-GroupSnapshotsTest-1491382343-project] Deprecated: Default quota for resource: volumes_tempest-GroupSnapshotsTest-volume-type-628755359 is set by the default quota flag: quota_volumes_tempest-GroupSnapshotsTest-volume-type-628755359, it is now deprecated. Please use the default quota class for default quota.
May 13 13:56:22.621914 dv-cinder-841753-1-iscsi devstack@c-api.service[116641]: DEBUG cinder.quota [None req-a395965b-a0c0-4333-82f6-afe10cf86151 tempest-GroupSnapshotsTest-1491382343 tempest-GroupSnapshotsTest-1491382343-project] Created reservations ['255c434b-3c88-41f2-8e3a-4cdd22aab82b', '4adff573-a044-4066-8384-89129713e707'] {{(pid=116641) reserve /opt/stack/cinder/cinder/quota.py:755}}
May 13 13:56:22.624809 dv-cinder-841753-1-iscsi devstack@c-api.service[116641]: DEBUG cinder.volume.api [None req-a395965b-a0c0-4333-82f6-afe10cf86151 tempest-GroupSnapshotsTest-1491382343 tempest-GroupSnapshotsTest-1491382343-project] Task 'cinder.volume.flows.api.create_volume.QuotaReserveTask;volume:create' (98166868-6ed6-45fd-9ede-8e1b6272fcbd) transitioned into state 'SUCCESS' from state 'RUNNING' with result '{'reservations': ['255c434b-3c88-41f2-8e3a-4cdd22aab82b', '4adff573-a044-4066-8384-89129713e707']}' {{(pid=116641) _task_receiver /usr/local/lib/python3.8/dist-packages/taskflow/listeners/logging.py:178}}
May 13 13:56:22.627573 dv-cinder-841753-1-iscsi devstack@c-api.service[116641]: DEBUG cinder.volume.api [None req-a395965b-a0c0-4333-82f6-afe10cf86151 tempest-GroupSnapshotsTest-1491382343 tempest-GroupSnapshotsTest-1491382343-project] Task 'cinder.volume.flows.api.create_volume.EntryCreateTask;volume:create' (418b8229-1f75-4ebc-889d-4694c5dfbaae) transitioned into state 'RUNNING' from state 'PENDING' {{(pid=116641) _task_receiver /usr/local/lib/python3.8/dist-packages/taskflow/listeners/logging.py:190}}
May 13 13:56:22.643355 dv-cinder-841753-1-iscsi devstack@c-api.service[116640]: DEBUG cinder.api.middleware.request_id [None req-5389889c-8c15-4f67-8d86-f31c5a87a55e None None] RequestId filter calling following filter/app {{(pid=116640) _context_setter /opt/stack/cinder/cinder/api/middleware/request_id.py:62}}
May 13 13:56:22.746771 dv-cinder-841753-1-iscsi devstack@c-api.service[116641]: DEBUG cinder.volume.api [None req-a395965b-a0c0-4333-82f6-afe10cf86151 tempest-GroupSnapshotsTest-1491382343 tempest-GroupSnapshotsTest-1491382343-project] Task 'cinder.volume.flows.api.create_volume.EntryCreateTask;volume:create' (418b8229-1f75-4ebc-889d-4694c5dfbaae) transitioned into state 'SUCCESS' from state 'RUNNING' with result '{'volume_id': '51fcabc4-56fd-4f63-92e5-7337c35920d5', 'volume_properties': VolumeProperties(attach_status='detached',availability_zone='nova',cgsnapshot_id=None,consistencygroup_id=None,display_description=None,display_name=None,encryption_key_id=None,group_id=8fdaa3a3-0937-44f2-81f7-d67c4b675ec5,group_type_id=,metadata={},multiattach=False,project_id='31a154cba8db4ed58594e81e7028648e',qos_specs=None,replication_status=,reservations=['255c434b-3c88-41f2-8e3a-4cdd22aab82b','4adff573-a044-4066-8384-89129713e707'],size=1,snapshot_id=c4a07dd2-c84c-40e1-aade-a5de8364a72e,source_replicaid=,source_volid=None,status='creating',user_id='b0cbbded7575465f9576def2948e12de',volume_type_id=8e078af5-c48d-4d0d-81d3-d08591577ef5), 'volume': Volume(_name_id=None,admin_metadata=,attach_status='detached',availability_zone='nova',bootable=False,cluster=,cluster_name=None,consistencygroup=,consistencygroup_id=None,created_at=2022-05-13T13:56:22Z,deleted=False,deleted_at=None,display_description=None,display_name=None,ec2_id=None,encryption_key_id=None,glance_metadata=,group=,group_id=8fdaa3a3-0937-44f2-81f7-d67c4b675ec5,host=None,id=51fcabc4-56fd-4f63-92e5-7337c35920d5,launched_at=None,metadata={},migration_status=None,multiattach=False,previous_status=None,project_id='31a154cba8db4ed58594e81e7028648e',provider_auth=None,provider_geometry=None,provider_id=None,provider_location=None,replication_driver_data=None,replication_extended_status=None,replication_status=None,scheduled_at=None,service_uuid=None,shared_targets=True,size=1,snapshot_id=c4a07dd2-c84c-40e1-aade-a5de8364a72e,snapshots=,source_volid=None,status='creating',terminated_at=None,updated_at=None,use_quota=True,user_id='b0cbbded7575465f9576def2948e12de',volume_attachment=VolumeAttachmentList,volume_type=VolumeType(8e078af5-c48d-4d0d-81d3-d08591577ef5),volume_type_id=8e078af5-c48d-4d0d-81d3-d08591577ef5)}' {{(pid=116641) _task_receiver /usr/local/lib/python3.8/dist-packages/taskflow/listeners/logging.py:178}}
May 13 13:56:22.754541 dv-cinder-841753-1-iscsi devstack@c-api.service[116641]: DEBUG cinder.volume.api [None req-a395965b-a0c0-4333-82f6-afe10cf86151 tempest-GroupSnapshotsTest-1491382343 tempest-GroupSnapshotsTest-1491382343-project] Task 'cinder.volume.flows.api.create_volume.QuotaCommitTask;volume:create' (b293d6bb-8412-43e5-bf21-ab3abf056edb) transitioned into state 'RUNNING' from state 'PENDING' {{(pid=116641) _task_receiver /usr/local/lib/python3.8/dist-packages/taskflow/listeners/logging.py:190}}
May 13 13:56:22.839063 dv-cinder-841753-1-iscsi devstack@c-api.service[116641]: DEBUG cinder.volume.api [None req-a395965b-a0c0-4333-82f6-afe10cf86151 tempest-GroupSnapshotsTest-1491382343 tempest-GroupSnapshotsTest-1491382343-project] Task 'cinder.volume.flows.api.create_volume.QuotaCommitTask;volume:create' (b293d6bb-8412-43e5-bf21-ab3abf056edb) transitioned into state 'SUCCESS' from state 'RUNNING' with result '{'volume_properties': VolumeProperties(attach_status='detached',availability_zone='nova',cgsnapshot_id=None,consistencygroup_id=None,display_description=None,display_name=None,encryption_key_id=None,group_id=8fdaa3a3-0937-44f2-81f7-d67c4b675ec5,group_type_id=,metadata={},multiattach=False,project_id='31a154cba8db4ed58594e81e7028648e',qos_specs=None,replication_status=,reservations=['255c434b-3c88-41f2-8e3a-4cdd22aab82b','4adff573-a044-4066-8384-89129713e707'],size=1,snapshot_id=c4a07dd2-c84c-40e1-aade-a5de8364a72e,source_replicaid=,source_volid=None,status='creating',user_id='b0cbbded7575465f9576def2948e12de',volume_type_id=8e078af5-c48d-4d0d-81d3-d08591577ef5)}' {{(pid=116641) _task_receiver /usr/local/lib/python3.8/dist-packages/taskflow/listeners/logging.py:178}}
May 13 13:56:22.842321 dv-cinder-841753-1-iscsi devstack@c-api.service[116641]: DEBUG cinder.volume.api [None req-a395965b-a0c0-4333-82f6-afe10cf86151 tempest-GroupSnapshotsTest-1491382343 tempest-GroupSnapshotsTest-1491382343-project] Flow 'volume_create_api' (b707fca7-0657-4d82-96b0-d19ad7083cb3) transitioned into state 'SUCCESS' from state 'RUNNING' {{(pid=116641) _flow_receiver /usr/local/lib/python3.8/dist-packages/taskflow/listeners/logging.py:141}}
May 13 13:56:22.843830 dv-cinder-841753-1-iscsi devstack@c-api.service[116641]: INFO cinder.volume.api [None req-a395965b-a0c0-4333-82f6-afe10cf86151 tempest-GroupSnapshotsTest-1491382343 tempest-GroupSnapshotsTest-1491382343-project] Create volume request issued successfully.
May 13 13:56:22.919418 dv-cinder-841753-1-iscsi devstack@c-api.service[116641]: INFO cinder.api.openstack.wsgi [None req-a395965b-a0c0-4333-82f6-afe10cf86151 tempest-GroupSnapshotsTest-1491382343 tempest-GroupSnapshotsTest-1491382343-project] http://10.222.0.79/volume/v3/31a154cba8db4ed58594e81e7028648e/groups/action returned with HTTP 202
May 13 13:56:22.926163 dv-cinder-841753-1-iscsi devstack@c-api.service[116641]: [pid: 116641|app: 0|req: 35/67] 10.222.0.79 () {62 vars in 1294 bytes} [Fri May 13 13:56:21 2022] POST /volume/v3/31a154cba8db4ed58594e81e7028648e/groups/action => generated 103 bytes in 1005 msecs (HTTP/1.1 202) 7 headers in 292 bytes (1 switches on core 0)
May 13 13:56:22.928244 dv-cinder-841753-1-iscsi devstack@c-api.service[116641]: DEBUG cinder.api.middleware.request_id [None req-ce204800-dd67-4b67-b7e1-ba6f7e34fd9c None None] RequestId filter calling following filter/app {{(pid=116641) _context_setter /opt/stack/cinder/cinder/api/middleware/request_id.py:62}}
May 13 13:56:22.933550 dv-cinder-841753-1-iscsi devstack@c-api.service[116641]: INFO cinder.api.openstack.wsgi [None req-ce204800-dd67-4b67-b7e1-ba6f7e34fd9c tempest-GroupSnapshotsTest-1491382343 tempest-GroupSnapshotsTest-1491382343-project] GET http://10.222.0.79/volume/v3/31a154cba8db4ed58594e81e7028648e/volumes/detail
May 13 13:56:22.934211 dv-cinder-841753-1-iscsi devstack@c-api.service[116641]: DEBUG cinder.api.openstack.wsgi [None req-ce204800-dd67-4b67-b7e1-ba6f7e34fd9c tempest-GroupSnapshotsTest-1491382343 tempest-GroupSnapshotsTest-1491382343-project] Empty body provided in request {{(pid=116641) get_body /opt/stack/cinder/cinder/api/openstack/wsgi.py:715}}
May 13 13:56:22.935133 dv-cinder-841753-1-iscsi devstack@c-api.service[116641]: DEBUG cinder.api.openstack.wsgi [None req-ce204800-dd67-4b67-b7e1-ba6f7e34fd9c tempest-GroupSnapshotsTest-1491382343 tempest-GroupSnapshotsTest-1491382343-project] Calling method 'detail' {{(pid=116641) _process_stack /opt/stack/cinder/cinder/api/openstack/wsgi.py:868}}
May 13 13:56:22.936524 dv-cinder-841753-1-iscsi devstack@c-api.service[116641]: DEBUG cinder.api.api_utils [None req-ce204800-dd67-4b67-b7e1-ba6f7e34fd9c tempest-GroupSnapshotsTest-1491382343 tempest-GroupSnapshotsTest-1491382343-project] Removing options '' from query. {{(pid=116641) remove_invalid_filter_options /opt/stack/cinder/cinder/api/api_utils.py:73}}
May 13 13:56:22.937651 dv-cinder-841753-1-iscsi devstack@c-api.service[116641]: /usr/local/lib/python3.8/dist-packages/oslo_context/context.py:100: DeprecationWarning: Policy enforcement is depending on the value of is_admin. This key is deprecated. Please update your policy file to use the standard policy values.
May 13 13:56:22.937651 dv-cinder-841753-1-iscsi devstack@c-api.service[116641]: warnings.warn('Policy enforcement is depending on the value of '
May 13 13:56:22.959221 dv-cinder-841753-1-iscsi devstack@c-api.service[116640]: INFO cinder.api.openstack.wsgi [None req-5389889c-8c15-4f67-8d86-f31c5a87a55e tempest-VolumeTypesExtraSpecsTest-611839466 tempest-VolumeTypesExtraSpecsTest-611839466-project-admin] POST http://10.222.0.79/volume/v3/a0a7556849be4e80a1e56245a04d0749/types
May 13 13:56:22.960418 dv-cinder-841753-1-iscsi devstack@c-api.service[116640]: DEBUG cinder.api.openstack.wsgi [None req-5389889c-8c15-4f67-8d86-f31c5a87a55e tempest-VolumeTypesExtraSpecsTest-611839466 tempest-VolumeTypesExtraSpecsTest-611839466-project-admin] Action: 'create', calling method: _create, body: {"volume_type": {"name": "tempest-VolumeTypesExtraSpecsTest-volume-type-66100730"}} {{(pid=116640) _process_stack /opt/stack/cinder/cinder/api/openstack/wsgi.py:866}}
May 13 13:56:22.960548 dv-cinder-841753-1-iscsi devstack@c-api.service[116641]: DEBUG cinder.volume.api [None req-ce204800-dd67-4b67-b7e1-ba6f7e34fd9c tempest-GroupSnapshotsTest-1491382343 tempest-GroupSnapshotsTest-1491382343-project] Searching by: MultiDict([('no_migration_targets', True)]). {{(pid=116641) get_all /opt/stack/cinder/cinder/volume/api.py:663}}
May 13 13:56:23.041793 dv-cinder-841753-1-iscsi devstack@c-api.service[116640]: INFO cinder.api.openstack.wsgi [None req-5389889c-8c15-4f67-8d86-f31c5a87a55e tempest-VolumeTypesExtraSpecsTest-611839466 tempest-VolumeTypesExtraSpecsTest-611839466-project-admin] http://10.222.0.79/volume/v3/a0a7556849be4e80a1e56245a04d0749/types returned with HTTP 200
May 13 13:56:23.044209 dv-cinder-841753-1-iscsi devstack@c-api.service[116640]: [pid: 116640|app: 0|req: 33/68] 10.222.0.79 () {60 vars in 1228 bytes} [Fri May 13 13:56:22 2022] POST /volume/v3/a0a7556849be4e80a1e56245a04d0749/types => generated 229 bytes in 401 msecs (HTTP/1.1 200) 7 headers in 285 bytes (1 switches on core 0)
May 13 13:56:23.050826 dv-cinder-841753-1-iscsi devstack@c-api.service[116640]: DEBUG cinder.api.middleware.request_id [None req-7ce2785a-4bce-4382-986a-48d1e6e6d049 None None] RequestId filter calling following filter/app {{(pid=116640) _context_setter /opt/stack/cinder/cinder/api/middleware/request_id.py:62}}
May 13 13:56:23.060337 dv-cinder-841753-1-iscsi devstack@c-api.service[116640]: INFO cinder.api.openstack.wsgi [None req-7ce2785a-4bce-4382-986a-48d1e6e6d049 tempest-VolumeTypesExtraSpecsTest-611839466 tempest-VolumeTypesExtraSpecsTest-611839466-project-admin] POST http://10.222.0.79/volume/v3/a0a7556849be4e80a1e56245a04d0749/types/29dda8d0-cb29-47fa-b08f-277b848b017a/extra_specs
May 13 13:56:23.061438 dv-cinder-841753-1-iscsi devstack@c-api.service[116640]: DEBUG cinder.api.openstack.wsgi [None req-7ce2785a-4bce-4382-986a-48d1e6e6d049 tempest-VolumeTypesExtraSpecsTest-611839466 tempest-VolumeTypesExtraSpecsTest-611839466-project-admin] Action: 'create', calling method: create, body: {"extra_specs": {"spec3": "val1"}} {{(pid=116640) _process_stack /opt/stack/cinder/cinder/api/openstack/wsgi.py:866}}
May 13 13:56:23.114774 dv-cinder-841753-1-iscsi devstack@c-api.service[116641]: INFO cinder.volume.api [None req-ce204800-dd67-4b67-b7e1-ba6f7e34fd9c tempest-GroupSnapshotsTest-1491382343 tempest-GroupSnapshotsTest-1491382343-project] Get all volumes completed successfully.
May 13 13:56:23.121007 dv-cinder-841753-1-iscsi devstack@c-api.service[116641]: WARNING stevedore.named [None req-ce204800-dd67-4b67-b7e1-ba6f7e34fd9c tempest-GroupSnapshotsTest-1491382343 tempest-GroupSnapshotsTest-1491382343-project] Could not load cinder.keymgr.conf_key_mgr.ConfKeyManager
May 13 13:56:23.121534 dv-cinder-841753-1-iscsi devstack@c-api.service[116641]: WARNING castellan.key_manager [None req-ce204800-dd67-4b67-b7e1-ba6f7e34fd9c tempest-GroupSnapshotsTest-1491382343 tempest-GroupSnapshotsTest-1491382343-project] Deprecation Warning : cinder.keymgr.conf_key_mgr.ConfKeyManager is not a stevedore based driver, trying to load it as a class: stevedore.exception.NoMatches: No 'castellan.drivers' driver found, looking for 'cinder.keymgr.conf_key_mgr.ConfKeyManager'
May 13 13:56:23.140230 dv-cinder-841753-1-iscsi devstack@c-api.service[116641]: DEBUG oslo_db.sqlalchemy.engines [None req-ce204800-dd67-4b67-b7e1-ba6f7e34fd9c tempest-GroupSnapshotsTest-1491382343 tempest-GroupSnapshotsTest-1491382343-project] MySQL server mode set to STRICT_TRANS_TABLES,STRICT_ALL_TABLES,NO_ZERO_IN_DATE,NO_ZERO_DATE,ERROR_FOR_DIVISION_BY_ZERO,TRADITIONAL,NO_ENGINE_SUBSTITUTION {{(pid=116641) _check_effective_sql_mode /usr/local/lib/python3.8/dist-packages/oslo_db/sqlalchemy/engines.py:314}}
May 13 13:56:23.151994 dv-cinder-841753-1-iscsi devstack@c-api.service[116641]: /usr/local/lib/python3.8/dist-packages/oslo_context/context.py:100: DeprecationWarning: Policy enforcement is depending on the value of is_admin. This key is deprecated. Please update your policy file to use the standard policy values.
May 13 13:56:23.151994 dv-cinder-841753-1-iscsi devstack@c-api.service[116641]: warnings.warn('Policy enforcement is depending on the value of '
May 13 13:56:23.160137 dv-cinder-841753-1-iscsi devstack@c-api.service[116640]: INFO cinder.api.openstack.wsgi [None req-7ce2785a-4bce-4382-986a-48d1e6e6d049 tempest-VolumeTypesExtraSpecsTest-611839466 tempest-VolumeTypesExtraSpecsTest-611839466-project-admin] http://10.222.0.79/volume/v3/a0a7556849be4e80a1e56245a04d0749/types/29dda8d0-cb29-47fa-b08f-277b848b017a/extra_specs returned with HTTP 200
May 13 13:56:23.162917 dv-cinder-841753-1-iscsi devstack@c-api.service[116640]: [pid: 116640|app: 0|req: 34/69] 10.222.0.79 () {60 vars in 1375 bytes} [Fri May 13 13:56:23 2022] POST /volume/v3/a0a7556849be4e80a1e56245a04d0749/types/29dda8d0-cb29-47fa-b08f-277b848b017a/extra_specs => generated 34 bytes in 113 msecs (HTTP/1.1 200) 7 headers in 284 bytes (1 switches on core 0)
May 13 13:56:23.166748 dv-cinder-841753-1-iscsi devstack@c-api.service[116641]: WARNING stevedore.named [None req-ce204800-dd67-4b67-b7e1-ba6f7e34fd9c tempest-GroupSnapshotsTest-1491382343 tempest-GroupSnapshotsTest-1491382343-project] Could not load cinder.keymgr.conf_key_mgr.ConfKeyManager
May 13 13:56:23.167653 dv-cinder-841753-1-iscsi devstack@c-api.service[116641]: WARNING castellan.key_manager [None req-ce204800-dd67-4b67-b7e1-ba6f7e34fd9c tempest-GroupSnapshotsTest-1491382343 tempest-GroupSnapshotsTest-1491382343-project] Deprecation Warning : cinder.keymgr.conf_key_mgr.ConfKeyManager is not a stevedore based driver, trying to load it as a class: stevedore.exception.NoMatches: No 'castellan.drivers' driver found, looking for 'cinder.keymgr.conf_key_mgr.ConfKeyManager'
May 13 13:56:23.170766 dv-cinder-841753-1-iscsi devstack@c-api.service[116640]: DEBUG cinder.api.middleware.request_id [None req-7887bc29-2398-4ec3-85a9-0c154d200cab None None] RequestId filter calling following filter/app {{(pid=116640) _context_setter /opt/stack/cinder/cinder/api/middleware/request_id.py:62}}
May 13 13:56:23.180166 dv-cinder-841753-1-iscsi devstack@c-api.service[116640]: INFO cinder.api.openstack.wsgi [None req-7887bc29-2398-4ec3-85a9-0c154d200cab tempest-VolumeTypesExtraSpecsTest-611839466 tempest-VolumeTypesExtraSpecsTest-611839466-project-admin] GET http://10.222.0.79/volume/v3/a0a7556849be4e80a1e56245a04d0749/types/29dda8d0-cb29-47fa-b08f-277b848b017a/extra_specs/spec3
May 13 13:56:23.181442 dv-cinder-841753-1-iscsi devstack@c-api.service[116640]: DEBUG cinder.api.openstack.wsgi [None req-7887bc29-2398-4ec3-85a9-0c154d200cab tempest-VolumeTypesExtraSpecsTest-611839466 tempest-VolumeTypesExtraSpecsTest-611839466-project-admin] Empty body provided in request {{(pid=116640) get_body /opt/stack/cinder/cinder/api/openstack/wsgi.py:715}}
May 13 13:56:23.184542 dv-cinder-841753-1-iscsi devstack@c-api.service[116640]: DEBUG cinder.api.openstack.wsgi [None req-7887bc29-2398-4ec3-85a9-0c154d200cab tempest-VolumeTypesExtraSpecsTest-611839466 tempest-VolumeTypesExtraSpecsTest-611839466-project-admin] Calling method 'show' {{(pid=116640) _process_stack /opt/stack/cinder/cinder/api/openstack/wsgi.py:868}}
May 13 13:56:23.191458 dv-cinder-841753-1-iscsi devstack@c-api.service[116641]: DEBUG oslo_db.sqlalchemy.engines [None req-ce204800-dd67-4b67-b7e1-ba6f7e34fd9c tempest-GroupSnapshotsTest-1491382343 tempest-GroupSnapshotsTest-1491382343-project] MySQL server mode set to STRICT_TRANS_TABLES,STRICT_ALL_TABLES,NO_ZERO_IN_DATE,NO_ZERO_DATE,ERROR_FOR_DIVISION_BY_ZERO,TRADITIONAL,NO_ENGINE_SUBSTITUTION {{(pid=116641) _check_effective_sql_mode /usr/local/lib/python3.8/dist-packages/oslo_db/sqlalchemy/engines.py:314}}
May 13 13:56:23.208436 dv-cinder-841753-1-iscsi devstack@c-api.service[116641]: /usr/local/lib/python3.8/dist-packages/oslo_context/context.py:100: DeprecationWarning: Policy enforcement is depending on the value of is_admin. This key is deprecated. Please update your policy file to use the standard policy values.
May 13 13:56:23.208436 dv-cinder-841753-1-iscsi devstack@c-api.service[116641]: warnings.warn('Policy enforcement is depending on the value of '
May 13 13:56:23.249157 dv-cinder-841753-1-iscsi devstack@c-api.service[116640]: INFO cinder.api.openstack.wsgi [None req-7887bc29-2398-4ec3-85a9-0c154d200cab tempest-VolumeTypesExtraSpecsTest-611839466 tempest-VolumeTypesExtraSpecsTest-611839466-project-admin] http://10.222.0.79/volume/v3/a0a7556849be4e80a1e56245a04d0749/types/29dda8d0-cb29-47fa-b08f-277b848b017a/extra_specs/spec3 returned with HTTP 200
May 13 13:56:23.259577 dv-cinder-841753-1-iscsi devstack@c-api.service[116640]: [pid: 116640|app: 0|req: 35/70] 10.222.0.79 () {58 vars in 1372 bytes} [Fri May 13 13:56:23 2022] GET /volume/v3/a0a7556849be4e80a1e56245a04d0749/types/29dda8d0-cb29-47fa-b08f-277b848b017a/extra_specs/spec3 => generated 17 bytes in 90 msecs (HTTP/1.1 200) 7 headers in 284 bytes (2 switches on core 0)
May 13 13:56:23.268134 dv-cinder-841753-1-iscsi devstack@c-api.service[116641]: INFO cinder.api.openstack.wsgi [None req-ce204800-dd67-4b67-b7e1-ba6f7e34fd9c tempest-GroupSnapshotsTest-1491382343 tempest-GroupSnapshotsTest-1491382343-project] http://10.222.0.79/volume/v3/31a154cba8db4ed58594e81e7028648e/volumes/detail returned with HTTP 200
May 13 13:56:23.268950 dv-cinder-841753-1-iscsi devstack@c-api.service[116640]: DEBUG cinder.api.middleware.request_id [None req-ade20590-a899-4615-9350-b50148ed8d4b None None] RequestId filter calling following filter/app {{(pid=116640) _context_setter /opt/stack/cinder/cinder/api/middleware/request_id.py:62}}
May 13 13:56:23.271556 dv-cinder-841753-1-iscsi devstack@c-api.service[116641]: [pid: 116641|app: 0|req: 36/71] 10.222.0.79 () {60 vars in 1275 bytes} [Fri May 13 13:56:22 2022] GET /volume/v3/31a154cba8db4ed58594e81e7028648e/volumes/detail => generated 1983 bytes in 345 msecs (HTTP/1.1 200) 7 headers in 287 bytes (1 switches on core 0)
May 13 13:56:23.298699 dv-cinder-841753-1-iscsi devstack@c-api.service[116641]: DEBUG cinder.api.middleware.request_id [None req-2fcf008d-b2d7-43ca-8a82-882b019eb0d8 None None] RequestId filter calling following filter/app {{(pid=116641) _context_setter /opt/stack/cinder/cinder/api/middleware/request_id.py:62}}
May 13 13:56:23.303555 dv-cinder-841753-1-iscsi devstack@c-api.service[116641]: INFO cinder.api.openstack.wsgi [None req-2fcf008d-b2d7-43ca-8a82-882b019eb0d8 tempest-GroupSnapshotsTest-1491382343 tempest-GroupSnapshotsTest-1491382343-project] GET http://10.222.0.79/volume/v3/31a154cba8db4ed58594e81e7028648e/volumes/51fcabc4-56fd-4f63-92e5-7337c35920d5
May 13 13:56:23.304512 dv-cinder-841753-1-iscsi devstack@c-api.service[116641]: DEBUG cinder.api.openstack.wsgi [None req-2fcf008d-b2d7-43ca-8a82-882b019eb0d8 tempest-GroupSnapshotsTest-1491382343 tempest-GroupSnapshotsTest-1491382343-project] Empty body provided in request {{(pid=116641) get_body /opt/stack/cinder/cinder/api/openstack/wsgi.py:715}}
May 13 13:56:23.305354 dv-cinder-841753-1-iscsi devstack@c-api.service[116641]: DEBUG cinder.api.openstack.wsgi [None req-2fcf008d-b2d7-43ca-8a82-882b019eb0d8 tempest-GroupSnapshotsTest-1491382343 tempest-GroupSnapshotsTest-1491382343-project] Calling method 'show' {{(pid=116641) _process_stack /opt/stack/cinder/cinder/api/openstack/wsgi.py:868}}
May 13 13:56:23.307169 dv-cinder-841753-1-iscsi devstack@c-api.service[116640]: INFO cinder.api.openstack.wsgi [None req-ade20590-a899-4615-9350-b50148ed8d4b tempest-VolumeTypesExtraSpecsTest-611839466 tempest-VolumeTypesExtraSpecsTest-611839466-project-admin] DELETE http://10.222.0.79/volume/v3/a0a7556849be4e80a1e56245a04d0749/types/29dda8d0-cb29-47fa-b08f-277b848b017a/extra_specs/spec3
May 13 13:56:23.310024 dv-cinder-841753-1-iscsi devstack@c-api.service[116640]: DEBUG cinder.api.openstack.wsgi [None req-ade20590-a899-4615-9350-b50148ed8d4b tempest-VolumeTypesExtraSpecsTest-611839466 tempest-VolumeTypesExtraSpecsTest-611839466-project-admin] Empty body provided in request {{(pid=116640) get_body /opt/stack/cinder/cinder/api/openstack/wsgi.py:715}}
May 13 13:56:23.311759 dv-cinder-841753-1-iscsi devstack@c-api.service[116640]: DEBUG cinder.api.openstack.wsgi [None req-ade20590-a899-4615-9350-b50148ed8d4b tempest-VolumeTypesExtraSpecsTest-611839466 tempest-VolumeTypesExtraSpecsTest-611839466-project-admin] Calling method 'delete' {{(pid=116640) _process_stack /opt/stack/cinder/cinder/api/openstack/wsgi.py:868}}
May 13 13:56:23.335451 dv-cinder-841753-1-iscsi devstack@c-api.service[116641]: /usr/local/lib/python3.8/dist-packages/oslo_context/context.py:100: DeprecationWarning: Policy enforcement is depending on the value of is_admin. This key is deprecated. Please update your policy file to use the standard policy values.
May 13 13:56:23.335451 dv-cinder-841753-1-iscsi devstack@c-api.service[116641]: warnings.warn('Policy enforcement is depending on the value of '
May 13 13:56:23.377263 dv-cinder-841753-1-iscsi devstack@c-api.service[116641]: INFO cinder.volume.api [None req-2fcf008d-b2d7-43ca-8a82-882b019eb0d8 tempest-GroupSnapshotsTest-1491382343 tempest-GroupSnapshotsTest-1491382343-project] Volume info retrieved successfully.
May 13 13:56:23.379469 dv-cinder-841753-1-iscsi devstack@c-api.service[116641]: WARNING stevedore.named [None req-2fcf008d-b2d7-43ca-8a82-882b019eb0d8 tempest-GroupSnapshotsTest-1491382343 tempest-GroupSnapshotsTest-1491382343-project] Could not load cinder.keymgr.conf_key_mgr.ConfKeyManager
May 13 13:56:23.379879 dv-cinder-841753-1-iscsi devstack@c-api.service[116641]: WARNING castellan.key_manager [None req-2fcf008d-b2d7-43ca-8a82-882b019eb0d8 tempest-GroupSnapshotsTest-1491382343 tempest-GroupSnapshotsTest-1491382343-project] Deprecation Warning : cinder.keymgr.conf_key_mgr.ConfKeyManager is not a stevedore based driver, trying to load it as a class: stevedore.exception.NoMatches: No 'castellan.drivers' driver found, looking for 'cinder.keymgr.conf_key_mgr.ConfKeyManager'
May 13 13:56:23.399936 dv-cinder-841753-1-iscsi devstack@c-api.service[116641]: DEBUG oslo_db.sqlalchemy.engines [None req-2fcf008d-b2d7-43ca-8a82-882b019eb0d8 tempest-GroupSnapshotsTest-1491382343 tempest-GroupSnapshotsTest-1491382343-project] MySQL server mode set to STRICT_TRANS_TABLES,STRICT_ALL_TABLES,NO_ZERO_IN_DATE,NO_ZERO_DATE,ERROR_FOR_DIVISION_BY_ZERO,TRADITIONAL,NO_ENGINE_SUBSTITUTION {{(pid=116641) _check_effective_sql_mode /usr/local/lib/python3.8/dist-packages/oslo_db/sqlalchemy/engines.py:314}}
May 13 13:56:23.409593 dv-cinder-841753-1-iscsi devstack@c-api.service[116640]: INFO cinder.api.openstack.wsgi [None req-ade20590-a899-4615-9350-b50148ed8d4b tempest-VolumeTypesExtraSpecsTest-611839466 tempest-VolumeTypesExtraSpecsTest-611839466-project-admin] http://10.222.0.79/volume/v3/a0a7556849be4e80a1e56245a04d0749/types/29dda8d0-cb29-47fa-b08f-277b848b017a/extra_specs/spec3 returned with HTTP 202
May 13 13:56:23.409906 dv-cinder-841753-1-iscsi devstack@c-api.service[116641]: /usr/local/lib/python3.8/dist-packages/oslo_context/context.py:100: DeprecationWarning: Policy enforcement is depending on the value of is_admin. This key is deprecated. Please update your policy file to use the standard policy values.
May 13 13:56:23.409906 dv-cinder-841753-1-iscsi devstack@c-api.service[116641]: warnings.warn('Policy enforcement is depending on the value of '
May 13 13:56:23.413321 dv-cinder-841753-1-iscsi devstack@c-api.service[116640]: [pid: 116640|app: 0|req: 36/72] 10.222.0.79 () {58 vars in 1375 bytes} [Fri May 13 13:56:23 2022] DELETE /volume/v3/a0a7556849be4e80a1e56245a04d0749/types/29dda8d0-cb29-47fa-b08f-277b848b017a/extra_specs/spec3 => generated 0 bytes in 146 msecs (HTTP/1.1 202) 7 headers in 289 bytes (2 switches on core 0)
May 13 13:56:23.424312 dv-cinder-841753-1-iscsi devstack@c-api.service[116640]: DEBUG cinder.api.middleware.request_id [None req-d14501ba-ff9f-4506-af91-e5490c19869b None None] RequestId filter calling following filter/app {{(pid=116640) _context_setter /opt/stack/cinder/cinder/api/middleware/request_id.py:62}}
May 13 13:56:23.441452 dv-cinder-841753-1-iscsi devstack@c-api.service[116641]: INFO cinder.api.openstack.wsgi [None req-2fcf008d-b2d7-43ca-8a82-882b019eb0d8 tempest-GroupSnapshotsTest-1491382343 tempest-GroupSnapshotsTest-1491382343-project] http://10.222.0.79/volume/v3/31a154cba8db4ed58594e81e7028648e/volumes/51fcabc4-56fd-4f63-92e5-7337c35920d5 returned with HTTP 200
May 13 13:56:23.444468 dv-cinder-841753-1-iscsi devstack@c-api.service[116640]: INFO cinder.api.openstack.wsgi [None req-d14501ba-ff9f-4506-af91-e5490c19869b tempest-VolumeTypesExtraSpecsTest-611839466 tempest-VolumeTypesExtraSpecsTest-611839466-project-admin] GET http://10.222.0.79/volume/v3/a0a7556849be4e80a1e56245a04d0749/types/29dda8d0-cb29-47fa-b08f-277b848b017a/extra_specs/spec3
May 13 13:56:23.446894 dv-cinder-841753-1-iscsi devstack@c-api.service[116640]: DEBUG cinder.api.openstack.wsgi [None req-d14501ba-ff9f-4506-af91-e5490c19869b tempest-VolumeTypesExtraSpecsTest-611839466 tempest-VolumeTypesExtraSpecsTest-611839466-project-admin] Empty body provided in request {{(pid=116640) get_body /opt/stack/cinder/cinder/api/openstack/wsgi.py:715}}
May 13 13:56:23.447616 dv-cinder-841753-1-iscsi devstack@c-api.service[116640]: DEBUG cinder.api.openstack.wsgi [None req-d14501ba-ff9f-4506-af91-e5490c19869b tempest-VolumeTypesExtraSpecsTest-611839466 tempest-VolumeTypesExtraSpecsTest-611839466-project-admin] Calling method 'show' {{(pid=116640) _process_stack /opt/stack/cinder/cinder/api/openstack/wsgi.py:868}}
May 13 13:56:23.462052 dv-cinder-841753-1-iscsi devstack@c-api.service[116641]: [pid: 116641|app: 0|req: 37/73] 10.222.0.79 () {60 vars in 1365 bytes} [Fri May 13 13:56:23 2022] GET /volume/v3/31a154cba8db4ed58594e81e7028648e/volumes/51fcabc4-56fd-4f63-92e5-7337c35920d5 => generated 992 bytes in 152 msecs (HTTP/1.1 200) 7 headers in 286 bytes (1 switches on core 0)
May 13 13:56:23.464472 dv-cinder-841753-1-iscsi devstack@c-api.service[116641]: DEBUG cinder.api.middleware.request_id [None req-ac4d8815-e9d3-436e-a993-81e344948639 None None] RequestId filter calling following filter/app {{(pid=116641) _context_setter /opt/stack/cinder/cinder/api/middleware/request_id.py:62}}
May 13 13:56:23.468958 dv-cinder-841753-1-iscsi devstack@c-api.service[116641]: INFO cinder.api.openstack.wsgi [None req-ac4d8815-e9d3-436e-a993-81e344948639 tempest-GroupSnapshotsTest-1491382343 tempest-GroupSnapshotsTest-1491382343-project] GET http://10.222.0.79/volume/v3/31a154cba8db4ed58594e81e7028648e/groups/8fdaa3a3-0937-44f2-81f7-d67c4b675ec5
May 13 13:56:23.469471 dv-cinder-841753-1-iscsi devstack@c-api.service[116641]: DEBUG cinder.api.openstack.wsgi [None req-ac4d8815-e9d3-436e-a993-81e344948639 tempest-GroupSnapshotsTest-1491382343 tempest-GroupSnapshotsTest-1491382343-project] Empty body provided in request {{(pid=116641) get_body /opt/stack/cinder/cinder/api/openstack/wsgi.py:715}}
May 13 13:56:23.469933 dv-cinder-841753-1-iscsi devstack@c-api.service[116641]: DEBUG cinder.api.openstack.wsgi [None req-ac4d8815-e9d3-436e-a993-81e344948639 tempest-GroupSnapshotsTest-1491382343 tempest-GroupSnapshotsTest-1491382343-project] Calling method 'version_select' {{(pid=116641) _process_stack /opt/stack/cinder/cinder/api/openstack/wsgi.py:868}}
May 13 13:56:23.470287 dv-cinder-841753-1-iscsi devstack@c-api.service[116641]: DEBUG cinder.api.v3.groups [None req-ac4d8815-e9d3-436e-a993-81e344948639 tempest-GroupSnapshotsTest-1491382343 tempest-GroupSnapshotsTest-1491382343-project] show called for member 8fdaa3a3-0937-44f2-81f7-d67c4b675ec5 {{(pid=116641) show /opt/stack/cinder/cinder/api/v3/groups.py:58}}
May 13 13:56:23.483324 dv-cinder-841753-1-iscsi devstack@c-api.service[116641]: /usr/local/lib/python3.8/dist-packages/oslo_context/context.py:100: DeprecationWarning: Policy enforcement is depending on the value of is_admin. This key is deprecated. Please update your policy file to use the standard policy values.
May 13 13:56:23.483324 dv-cinder-841753-1-iscsi devstack@c-api.service[116641]: warnings.warn('Policy enforcement is depending on the value of '
May 13 13:56:23.508463 dv-cinder-841753-1-iscsi devstack@c-api.service[116640]: INFO cinder.api.openstack.wsgi [None req-d14501ba-ff9f-4506-af91-e5490c19869b tempest-VolumeTypesExtraSpecsTest-611839466 tempest-VolumeTypesExtraSpecsTest-611839466-project-admin] http://10.222.0.79/volume/v3/a0a7556849be4e80a1e56245a04d0749/types/29dda8d0-cb29-47fa-b08f-277b848b017a/extra_specs/spec3 returned with HTTP 404
May 13 13:56:23.514535 dv-cinder-841753-1-iscsi devstack@c-api.service[116640]: [pid: 116640|app: 0|req: 37/74] 10.222.0.79 () {58 vars in 1372 bytes} [Fri May 13 13:56:23 2022] GET /volume/v3/a0a7556849be4e80a1e56245a04d0749/types/29dda8d0-cb29-47fa-b08f-277b848b017a/extra_specs/spec3 => generated 129 bytes in 97 msecs (HTTP/1.1 404) 7 headers in 292 bytes (1 switches on core 0)
May 13 13:56:23.522428 dv-cinder-841753-1-iscsi devstack@c-api.service[116641]: INFO cinder.api.openstack.wsgi [None req-ac4d8815-e9d3-436e-a993-81e344948639 tempest-GroupSnapshotsTest-1491382343 tempest-GroupSnapshotsTest-1491382343-project] http://10.222.0.79/volume/v3/31a154cba8db4ed58594e81e7028648e/groups/8fdaa3a3-0937-44f2-81f7-d67c4b675ec5 returned with HTTP 200
May 13 13:56:23.523011 dv-cinder-841753-1-iscsi devstack@c-api.service[116640]: DEBUG cinder.api.middleware.request_id [None req-7650ddba-1b2f-44bd-96f6-71dd972388d1 None None] RequestId filter calling following filter/app {{(pid=116640) _context_setter /opt/stack/cinder/cinder/api/middleware/request_id.py:62}}
May 13 13:56:23.523350 dv-cinder-841753-1-iscsi devstack@c-api.service[116641]: [pid: 116641|app: 0|req: 38/75] 10.222.0.79 () {60 vars in 1362 bytes} [Fri May 13 13:56:23 2022] GET /volume/v3/31a154cba8db4ed58594e81e7028648e/groups/8fdaa3a3-0937-44f2-81f7-d67c4b675ec5 => generated 418 bytes in 60 msecs (HTTP/1.1 200) 7 headers in 286 bytes (2 switches on core 0)
May 13 13:56:23.532381 dv-cinder-841753-1-iscsi devstack@c-api.service[116641]: DEBUG cinder.api.middleware.request_id [None req-66357f3f-f253-484b-9e8a-cee50af3972c None None] RequestId filter calling following filter/app {{(pid=116641) _context_setter /opt/stack/cinder/cinder/api/middleware/request_id.py:62}}
May 13 13:56:23.534287 dv-cinder-841753-1-iscsi devstack@c-api.service[116640]: INFO cinder.api.openstack.wsgi [None req-7650ddba-1b2f-44bd-96f6-71dd972388d1 tempest-VolumeTypesExtraSpecsTest-611839466 tempest-VolumeTypesExtraSpecsTest-611839466-project-admin] POST http://10.222.0.79/volume/v3/a0a7556849be4e80a1e56245a04d0749/types/29dda8d0-cb29-47fa-b08f-277b848b017a/extra_specs
May 13 13:56:23.536202 dv-cinder-841753-1-iscsi devstack@c-api.service[116640]: DEBUG cinder.api.openstack.wsgi [None req-7650ddba-1b2f-44bd-96f6-71dd972388d1 tempest-VolumeTypesExtraSpecsTest-611839466 tempest-VolumeTypesExtraSpecsTest-611839466-project-admin] Action: 'create', calling method: create, body: {"extra_specs": {"spec1": "val1"}} {{(pid=116640) _process_stack /opt/stack/cinder/cinder/api/openstack/wsgi.py:866}}
May 13 13:56:23.536453 dv-cinder-841753-1-iscsi devstack@c-api.service[116641]: INFO cinder.api.openstack.wsgi [None req-66357f3f-f253-484b-9e8a-cee50af3972c tempest-GroupSnapshotsTest-1491382343 tempest-GroupSnapshotsTest-1491382343-project] GET http://10.222.0.79/volume/v3/31a154cba8db4ed58594e81e7028648e/volumes/detail
May 13 13:56:23.536867 dv-cinder-841753-1-iscsi devstack@c-api.service[116641]: DEBUG cinder.api.openstack.wsgi [None req-66357f3f-f253-484b-9e8a-cee50af3972c tempest-GroupSnapshotsTest-1491382343 tempest-GroupSnapshotsTest-1491382343-project] Empty body provided in request {{(pid=116641) get_body /opt/stack/cinder/cinder/api/openstack/wsgi.py:715}}
May 13 13:56:23.537338 dv-cinder-841753-1-iscsi devstack@c-api.service[116641]: DEBUG cinder.api.openstack.wsgi [None req-66357f3f-f253-484b-9e8a-cee50af3972c tempest-GroupSnapshotsTest-1491382343 tempest-GroupSnapshotsTest-1491382343-project] Calling method 'detail' {{(pid=116641) _process_stack /opt/stack/cinder/cinder/api/openstack/wsgi.py:868}}
May 13 13:56:23.538034 dv-cinder-841753-1-iscsi devstack@c-api.service[116641]: DEBUG cinder.api.api_utils [None req-66357f3f-f253-484b-9e8a-cee50af3972c tempest-GroupSnapshotsTest-1491382343 tempest-GroupSnapshotsTest-1491382343-project] Removing options '' from query. {{(pid=116641) remove_invalid_filter_options /opt/stack/cinder/cinder/api/api_utils.py:73}}
May 13 13:56:23.538993 dv-cinder-841753-1-iscsi devstack@c-api.service[116641]: /usr/local/lib/python3.8/dist-packages/oslo_context/context.py:100: DeprecationWarning: Policy enforcement is depending on the value of is_admin. This key is deprecated. Please update your policy file to use the standard policy values.
May 13 13:56:23.538993 dv-cinder-841753-1-iscsi devstack@c-api.service[116641]: warnings.warn('Policy enforcement is depending on the value of '
May 13 13:56:23.540115 dv-cinder-841753-1-iscsi devstack@c-api.service[116641]: DEBUG cinder.volume.api [None req-66357f3f-f253-484b-9e8a-cee50af3972c tempest-GroupSnapshotsTest-1491382343 tempest-GroupSnapshotsTest-1491382343-project] Searching by: MultiDict([('no_migration_targets', True)]). {{(pid=116641) get_all /opt/stack/cinder/cinder/volume/api.py:663}}
May 13 13:56:23.660218 dv-cinder-841753-1-iscsi devstack@c-api.service[116640]: INFO cinder.api.openstack.wsgi [None req-7650ddba-1b2f-44bd-96f6-71dd972388d1 tempest-VolumeTypesExtraSpecsTest-611839466 tempest-VolumeTypesExtraSpecsTest-611839466-project-admin] http://10.222.0.79/volume/v3/a0a7556849be4e80a1e56245a04d0749/types/29dda8d0-cb29-47fa-b08f-277b848b017a/extra_specs returned with HTTP 200
May 13 13:56:23.661042 dv-cinder-841753-1-iscsi devstack@c-api.service[116640]: [pid: 116640|app: 0|req: 38/76] 10.222.0.79 () {60 vars in 1375 bytes} [Fri May 13 13:56:23 2022] POST /volume/v3/a0a7556849be4e80a1e56245a04d0749/types/29dda8d0-cb29-47fa-b08f-277b848b017a/extra_specs => generated 34 bytes in 141 msecs (HTTP/1.1 200) 7 headers in 284 bytes (1 switches on core 0)
May 13 13:56:23.670979 dv-cinder-841753-1-iscsi devstack@c-api.service[116640]: DEBUG cinder.api.middleware.request_id [None req-da9071bc-b3f3-4666-a7e0-983b645a0554 None None] RequestId filter calling following filter/app {{(pid=116640) _context_setter /opt/stack/cinder/cinder/api/middleware/request_id.py:62}}
May 13 13:56:23.679884 dv-cinder-841753-1-iscsi devstack@c-api.service[116640]: INFO cinder.api.openstack.wsgi [None req-da9071bc-b3f3-4666-a7e0-983b645a0554 tempest-VolumeTypesExtraSpecsTest-611839466 tempest-VolumeTypesExtraSpecsTest-611839466-project-admin] GET http://10.222.0.79/volume/v3/a0a7556849be4e80a1e56245a04d0749/types/29dda8d0-cb29-47fa-b08f-277b848b017a/extra_specs
May 13 13:56:23.680623 dv-cinder-841753-1-iscsi devstack@c-api.service[116640]: DEBUG cinder.api.openstack.wsgi [None req-da9071bc-b3f3-4666-a7e0-983b645a0554 tempest-VolumeTypesExtraSpecsTest-611839466 tempest-VolumeTypesExtraSpecsTest-611839466-project-admin] Empty body provided in request {{(pid=116640) get_body /opt/stack/cinder/cinder/api/openstack/wsgi.py:715}}
May 13 13:56:23.681301 dv-cinder-841753-1-iscsi devstack@c-api.service[116640]: DEBUG cinder.api.openstack.wsgi [None req-da9071bc-b3f3-4666-a7e0-983b645a0554 tempest-VolumeTypesExtraSpecsTest-611839466 tempest-VolumeTypesExtraSpecsTest-611839466-project-admin] Calling method 'index' {{(pid=116640) _process_stack /opt/stack/cinder/cinder/api/openstack/wsgi.py:868}}
May 13 13:56:23.697476 dv-cinder-841753-1-iscsi devstack@c-api.service[116640]: INFO cinder.api.openstack.wsgi [None req-da9071bc-b3f3-4666-a7e0-983b645a0554 tempest-VolumeTypesExtraSpecsTest-611839466 tempest-VolumeTypesExtraSpecsTest-611839466-project-admin] http://10.222.0.79/volume/v3/a0a7556849be4e80a1e56245a04d0749/types/29dda8d0-cb29-47fa-b08f-277b848b017a/extra_specs returned with HTTP 200
May 13 13:56:23.697820 dv-cinder-841753-1-iscsi devstack@c-api.service[116641]: INFO cinder.volume.api [None req-66357f3f-f253-484b-9e8a-cee50af3972c tempest-GroupSnapshotsTest-1491382343 tempest-GroupSnapshotsTest-1491382343-project] Get all volumes completed successfully.
May 13 13:56:23.699760 dv-cinder-841753-1-iscsi devstack@c-api.service[116641]: WARNING stevedore.named [None req-66357f3f-f253-484b-9e8a-cee50af3972c tempest-GroupSnapshotsTest-1491382343 tempest-GroupSnapshotsTest-1491382343-project] Could not load cinder.keymgr.conf_key_mgr.ConfKeyManager
May 13 13:56:23.700174 dv-cinder-841753-1-iscsi devstack@c-api.service[116640]: [pid: 116640|app: 0|req: 39/77] 10.222.0.79 () {58 vars in 1354 bytes} [Fri May 13 13:56:23 2022] GET /volume/v3/a0a7556849be4e80a1e56245a04d0749/types/29dda8d0-cb29-47fa-b08f-277b848b017a/extra_specs => generated 34 bytes in 34 msecs (HTTP/1.1 200) 7 headers in 284 bytes (1 switches on core 0)
May 13 13:56:23.704299 dv-cinder-841753-1-iscsi devstack@c-api.service[116641]: WARNING castellan.key_manager [None req-66357f3f-f253-484b-9e8a-cee50af3972c tempest-GroupSnapshotsTest-1491382343 tempest-GroupSnapshotsTest-1491382343-project] Deprecation Warning : cinder.keymgr.conf_key_mgr.ConfKeyManager is not a stevedore based driver, trying to load it as a class: stevedore.exception.NoMatches: No 'castellan.drivers' driver found, looking for 'cinder.keymgr.conf_key_mgr.ConfKeyManager'
May 13 13:56:23.707866 dv-cinder-841753-1-iscsi devstack@c-api.service[116640]: DEBUG cinder.api.middleware.request_id [None req-040d65ff-eb18-494d-87fa-aed055d4aa94 None None] RequestId filter calling following filter/app {{(pid=116640) _context_setter /opt/stack/cinder/cinder/api/middleware/request_id.py:62}}
May 13 13:56:23.719967 dv-cinder-841753-1-iscsi devstack@c-api.service[116641]: DEBUG oslo_db.sqlalchemy.engines [None req-66357f3f-f253-484b-9e8a-cee50af3972c tempest-GroupSnapshotsTest-1491382343 tempest-GroupSnapshotsTest-1491382343-project] MySQL server mode set to STRICT_TRANS_TABLES,STRICT_ALL_TABLES,NO_ZERO_IN_DATE,NO_ZERO_DATE,ERROR_FOR_DIVISION_BY_ZERO,TRADITIONAL,NO_ENGINE_SUBSTITUTION {{(pid=116641) _check_effective_sql_mode /usr/local/lib/python3.8/dist-packages/oslo_db/sqlalchemy/engines.py:314}}
May 13 13:56:23.720386 dv-cinder-841753-1-iscsi devstack@c-api.service[116640]: INFO cinder.api.openstack.wsgi [None req-040d65ff-eb18-494d-87fa-aed055d4aa94 tempest-VolumeTypesExtraSpecsTest-611839466 tempest-VolumeTypesExtraSpecsTest-611839466-project-admin] POST http://10.222.0.79/volume/v3/a0a7556849be4e80a1e56245a04d0749/types/29dda8d0-cb29-47fa-b08f-277b848b017a/extra_specs
May 13 13:56:23.721378 dv-cinder-841753-1-iscsi devstack@c-api.service[116640]: DEBUG cinder.api.openstack.wsgi [None req-040d65ff-eb18-494d-87fa-aed055d4aa94 tempest-VolumeTypesExtraSpecsTest-611839466 tempest-VolumeTypesExtraSpecsTest-611839466-project-admin] Action: 'create', calling method: create, body: {"extra_specs": {"spec2": "val1"}} {{(pid=116640) _process_stack /opt/stack/cinder/cinder/api/openstack/wsgi.py:866}}
May 13 13:56:23.727889 dv-cinder-841753-1-iscsi devstack@c-api.service[116641]: /usr/local/lib/python3.8/dist-packages/oslo_context/context.py:100: DeprecationWarning: Policy enforcement is depending on the value of is_admin. This key is deprecated. Please update your policy file to use the standard policy values.
May 13 13:56:23.727889 dv-cinder-841753-1-iscsi devstack@c-api.service[116641]: warnings.warn('Policy enforcement is depending on the value of '
May 13 13:56:23.736887 dv-cinder-841753-1-iscsi devstack@c-api.service[116641]: WARNING stevedore.named [None req-66357f3f-f253-484b-9e8a-cee50af3972c tempest-GroupSnapshotsTest-1491382343 tempest-GroupSnapshotsTest-1491382343-project] Could not load cinder.keymgr.conf_key_mgr.ConfKeyManager
May 13 13:56:23.737166 dv-cinder-841753-1-iscsi devstack@c-api.service[116641]: WARNING castellan.key_manager [None req-66357f3f-f253-484b-9e8a-cee50af3972c tempest-GroupSnapshotsTest-1491382343 tempest-GroupSnapshotsTest-1491382343-project] Deprecation Warning : cinder.keymgr.conf_key_mgr.ConfKeyManager is not a stevedore based driver, trying to load it as a class: stevedore.exception.NoMatches: No 'castellan.drivers' driver found, looking for 'cinder.keymgr.conf_key_mgr.ConfKeyManager'
May 13 13:56:23.757066 dv-cinder-841753-1-iscsi devstack@c-api.service[116641]: DEBUG oslo_db.sqlalchemy.engines [None req-66357f3f-f253-484b-9e8a-cee50af3972c tempest-GroupSnapshotsTest-1491382343 tempest-GroupSnapshotsTest-1491382343-project] MySQL server mode set to STRICT_TRANS_TABLES,STRICT_ALL_TABLES,NO_ZERO_IN_DATE,NO_ZERO_DATE,ERROR_FOR_DIVISION_BY_ZERO,TRADITIONAL,NO_ENGINE_SUBSTITUTION {{(pid=116641) _check_effective_sql_mode /usr/local/lib/python3.8/dist-packages/oslo_db/sqlalchemy/engines.py:314}}
May 13 13:56:23.768504 dv-cinder-841753-1-iscsi devstack@c-api.service[116641]: /usr/local/lib/python3.8/dist-packages/oslo_context/context.py:100: DeprecationWarning: Policy enforcement is depending on the value of is_admin. This key is deprecated. Please update your policy file to use the standard policy values.
May 13 13:56:23.768504 dv-cinder-841753-1-iscsi devstack@c-api.service[116641]: warnings.warn('Policy enforcement is depending on the value of '
May 13 13:56:23.802453 dv-cinder-841753-1-iscsi devstack@c-api.service[116641]: INFO cinder.api.openstack.wsgi [None req-66357f3f-f253-484b-9e8a-cee50af3972c tempest-GroupSnapshotsTest-1491382343 tempest-GroupSnapshotsTest-1491382343-project] http://10.222.0.79/volume/v3/31a154cba8db4ed58594e81e7028648e/volumes/detail returned with HTTP 200
May 13 13:56:23.804105 dv-cinder-841753-1-iscsi devstack@c-api.service[116640]: INFO cinder.api.openstack.wsgi [None req-040d65ff-eb18-494d-87fa-aed055d4aa94 tempest-VolumeTypesExtraSpecsTest-611839466 tempest-VolumeTypesExtraSpecsTest-611839466-project-admin] http://10.222.0.79/volume/v3/a0a7556849be4e80a1e56245a04d0749/types/29dda8d0-cb29-47fa-b08f-277b848b017a/extra_specs returned with HTTP 200
May 13 13:56:23.804754 dv-cinder-841753-1-iscsi devstack@c-api.service[116641]: [pid: 116641|app: 0|req: 39/78] 10.222.0.79 () {60 vars in 1275 bytes} [Fri May 13 13:56:23 2022] GET /volume/v3/31a154cba8db4ed58594e81e7028648e/volumes/detail => generated 1984 bytes in 274 msecs (HTTP/1.1 200) 7 headers in 287 bytes (2 switches on core 0)
May 13 13:56:23.810984 dv-cinder-841753-1-iscsi devstack@c-api.service[116640]: [pid: 116640|app: 0|req: 40/79] 10.222.0.79 () {60 vars in 1375 bytes} [Fri May 13 13:56:23 2022] POST /volume/v3/a0a7556849be4e80a1e56245a04d0749/types/29dda8d0-cb29-47fa-b08f-277b848b017a/extra_specs => generated 34 bytes in 104 msecs (HTTP/1.1 200) 7 headers in 284 bytes (1 switches on core 0)
May 13 13:56:23.813235 dv-cinder-841753-1-iscsi devstack@c-api.service[116641]: DEBUG cinder.api.middleware.request_id [None req-af53ed22-3c9b-4ddd-9b56-03faccabbf3b None None] RequestId filter calling following filter/app {{(pid=116641) _context_setter /opt/stack/cinder/cinder/api/middleware/request_id.py:62}}
