May 14 17:08:21.006517 dv-cinder-841745-1-smb devstack@c-api.service[110864]: DEBUG cinder.api.openstack.wsgi [None req-e23b79b4-75b6-4512-ab27-fe72cd3e9ccb tempest-VolumesTransfersV355Test-220958098 tempest-VolumesTransfersV355Test-220958098-project-admin] Calling method 'delete' {{(pid=110864) _process_stack /opt/stack/cinder/cinder/api/openstack/wsgi.py:868}}
May 14 17:08:21.007749 dv-cinder-841745-1-smb devstack@c-api.service[110864]: INFO cinder.api.v3.volumes [None req-e23b79b4-75b6-4512-ab27-fe72cd3e9ccb tempest-VolumesTransfersV355Test-220958098 tempest-VolumesTransfersV355Test-220958098-project-admin] Delete volume with id: 011e7995-f97d-4873-b9f2-2cf6b6087789 
May 14 17:08:21.009775 dv-cinder-841745-1-smb devstack@c-api.service[110867]: DEBUG cinder.api.middleware.request_id [None req-2db7c677-880f-4de2-b3c5-6f9da8f2d3f8 None None] RequestId filter calling following filter/app {{(pid=110867) _context_setter /opt/stack/cinder/cinder/api/middleware/request_id.py:62}}
May 14 17:08:21.014410 dv-cinder-841745-1-smb devstack@c-api.service[110867]: INFO cinder.api.openstack.wsgi [None req-2db7c677-880f-4de2-b3c5-6f9da8f2d3f8 tempest-VolumesCloneTest-1299868002 tempest-VolumesCloneTest-1299868002-project] GET http://10.222.0.13/volume/v3/cbdb7ada45f84c8189c42749fba758ab/volumes/4b648c26-bba5-4235-be5d-dd074cd5cb0c
May 14 17:08:21.014874 dv-cinder-841745-1-smb devstack@c-api.service[110867]: DEBUG cinder.api.openstack.wsgi [None req-2db7c677-880f-4de2-b3c5-6f9da8f2d3f8 tempest-VolumesCloneTest-1299868002 tempest-VolumesCloneTest-1299868002-project] Empty body provided in request {{(pid=110867) get_body /opt/stack/cinder/cinder/api/openstack/wsgi.py:715}}
May 14 17:08:21.015403 dv-cinder-841745-1-smb devstack@c-api.service[110867]: DEBUG cinder.api.openstack.wsgi [None req-2db7c677-880f-4de2-b3c5-6f9da8f2d3f8 tempest-VolumesCloneTest-1299868002 tempest-VolumesCloneTest-1299868002-project] Calling method 'show' {{(pid=110867) _process_stack /opt/stack/cinder/cinder/api/openstack/wsgi.py:868}}
May 14 17:08:21.022336 dv-cinder-841745-1-smb devstack@c-api.service[110864]: /usr/local/lib/python3.8/dist-packages/oslo_context/context.py:100: DeprecationWarning: Policy enforcement is depending on the value of is_admin. This key is deprecated. Please update your policy file to use the standard policy values.
May 14 17:08:21.022336 dv-cinder-841745-1-smb devstack@c-api.service[110864]:   warnings.warn('Policy enforcement is depending on the value of '
May 14 17:08:21.023062 dv-cinder-841745-1-smb devstack@c-api.service[110864]: INFO cinder.volume.api [None req-e23b79b4-75b6-4512-ab27-fe72cd3e9ccb tempest-VolumesTransfersV355Test-220958098 tempest-VolumesTransfersV355Test-220958098-project-admin] Volume info retrieved successfully.
May 14 17:08:21.028872 dv-cinder-841745-1-smb devstack@c-api.service[110867]: /usr/local/lib/python3.8/dist-packages/oslo_context/context.py:100: DeprecationWarning: Policy enforcement is depending on the value of is_admin. This key is deprecated. Please update your policy file to use the standard policy values.
May 14 17:08:21.028872 dv-cinder-841745-1-smb devstack@c-api.service[110867]:   warnings.warn('Policy enforcement is depending on the value of '
May 14 17:08:21.036520 dv-cinder-841745-1-smb devstack@c-api.service[110867]: INFO cinder.volume.api [None req-2db7c677-880f-4de2-b3c5-6f9da8f2d3f8 tempest-VolumesCloneTest-1299868002 tempest-VolumesCloneTest-1299868002-project] Volume info retrieved successfully.
May 14 17:08:21.046828 dv-cinder-841745-1-smb devstack@c-api.service[110867]: INFO cinder.api.openstack.wsgi [None req-2db7c677-880f-4de2-b3c5-6f9da8f2d3f8 tempest-VolumesCloneTest-1299868002 tempest-VolumesCloneTest-1299868002-project] http://10.222.0.13/volume/v3/cbdb7ada45f84c8189c42749fba758ab/volumes/4b648c26-bba5-4235-be5d-dd074cd5cb0c returned with HTTP 200
May 14 17:08:21.047789 dv-cinder-841745-1-smb devstack@c-api.service[110867]: [pid: 110867|app: 0|req: 207/421] 10.222.0.13 () {58 vars in 1324 bytes} [Sat May 14 17:08:21 2022] GET /volume/v3/cbdb7ada45f84c8189c42749fba758ab/volumes/4b648c26-bba5-4235-be5d-dd074cd5cb0c => generated 907 bytes in 39 msecs (HTTP/1.1 200) 7 headers in 285 bytes (2 switches on core 0)
May 14 17:08:21.189507 dv-cinder-841745-1-smb devstack@c-api.service[110864]: INFO cinder.volume.api [None req-e23b79b4-75b6-4512-ab27-fe72cd3e9ccb tempest-VolumesTransfersV355Test-220958098 tempest-VolumesTransfersV355Test-220958098-project-admin] Delete volume request issued successfully.
May 14 17:08:21.190490 dv-cinder-841745-1-smb devstack@c-api.service[110864]: INFO cinder.api.openstack.wsgi [None req-e23b79b4-75b6-4512-ab27-fe72cd3e9ccb tempest-VolumesTransfersV355Test-220958098 tempest-VolumesTransfersV355Test-220958098-project-admin] http://10.222.0.13/volume/v3/f57915ebc63c41178c9080ad8c47a678/volumes/011e7995-f97d-4873-b9f2-2cf6b6087789 returned with HTTP 202
May 14 17:08:21.191694 dv-cinder-841745-1-smb devstack@c-api.service[110864]: [pid: 110864|app: 0|req: 215/422] 10.222.0.13 () {60 vars in 1368 bytes} [Sat May 14 17:08:20 2022] DELETE /volume/v3/f57915ebc63c41178c9080ad8c47a678/volumes/011e7995-f97d-4873-b9f2-2cf6b6087789 => generated 0 bytes in 192 msecs (HTTP/1.1 202) 6 headers in 234 bytes (1 switches on core 0)
May 14 17:08:21.196091 dv-cinder-841745-1-smb devstack@c-api.service[110867]: DEBUG cinder.api.middleware.request_id [None req-76c99afd-ca4d-48dc-8170-c7ba1e03d875 None None] RequestId filter calling following filter/app {{(pid=110867) _context_setter /opt/stack/cinder/cinder/api/middleware/request_id.py:62}}
May 14 17:08:21.199796 dv-cinder-841745-1-smb devstack@c-api.service[110867]: INFO cinder.api.openstack.wsgi [None req-76c99afd-ca4d-48dc-8170-c7ba1e03d875 tempest-VolumesTransfersV355Test-220958098 tempest-VolumesTransfersV355Test-220958098-project-admin] GET http://10.222.0.13/volume/v3/f57915ebc63c41178c9080ad8c47a678/volumes/011e7995-f97d-4873-b9f2-2cf6b6087789
May 14 17:08:21.200459 dv-cinder-841745-1-smb devstack@c-api.service[110867]: DEBUG cinder.api.openstack.wsgi [None req-76c99afd-ca4d-48dc-8170-c7ba1e03d875 tempest-VolumesTransfersV355Test-220958098 tempest-VolumesTransfersV355Test-220958098-project-admin] Empty body provided in request {{(pid=110867) get_body /opt/stack/cinder/cinder/api/openstack/wsgi.py:715}}
May 14 17:08:21.201076 dv-cinder-841745-1-smb devstack@c-api.service[110867]: DEBUG cinder.api.openstack.wsgi [None req-76c99afd-ca4d-48dc-8170-c7ba1e03d875 tempest-VolumesTransfersV355Test-220958098 tempest-VolumesTransfersV355Test-220958098-project-admin] Calling method 'show' {{(pid=110867) _process_stack /opt/stack/cinder/cinder/api/openstack/wsgi.py:868}}
May 14 17:08:21.216798 dv-cinder-841745-1-smb devstack@c-api.service[110867]: /usr/local/lib/python3.8/dist-packages/oslo_context/context.py:100: DeprecationWarning: Policy enforcement is depending on the value of is_admin. This key is deprecated. Please update your policy file to use the standard policy values.
May 14 17:08:21.216798 dv-cinder-841745-1-smb devstack@c-api.service[110867]:   warnings.warn('Policy enforcement is depending on the value of '
May 14 17:08:21.224384 dv-cinder-841745-1-smb devstack@c-api.service[110867]: INFO cinder.volume.api [None req-76c99afd-ca4d-48dc-8170-c7ba1e03d875 tempest-VolumesTransfersV355Test-220958098 tempest-VolumesTransfersV355Test-220958098-project-admin] Volume info retrieved successfully.
May 14 17:08:21.232647 dv-cinder-841745-1-smb devstack@c-api.service[110867]: INFO cinder.api.openstack.wsgi [None req-76c99afd-ca4d-48dc-8170-c7ba1e03d875 tempest-VolumesTransfersV355Test-220958098 tempest-VolumesTransfersV355Test-220958098-project-admin] http://10.222.0.13/volume/v3/f57915ebc63c41178c9080ad8c47a678/volumes/011e7995-f97d-4873-b9f2-2cf6b6087789 returned with HTTP 200
May 14 17:08:21.233368 dv-cinder-841745-1-smb devstack@c-api.service[110867]: [pid: 110867|app: 0|req: 208/423] 10.222.0.13 () {60 vars in 1365 bytes} [Sat May 14 17:08:21 2022] GET /volume/v3/f57915ebc63c41178c9080ad8c47a678/volumes/011e7995-f97d-4873-b9f2-2cf6b6087789 => generated 1202 bytes in 38 msecs (HTTP/1.1 200) 7 headers in 287 bytes (1 switches on core 0)
May 14 17:08:22.060520 dv-cinder-841745-1-smb devstack@c-api.service[110864]: DEBUG cinder.api.middleware.request_id [None req-0bf3a09f-41a1-4675-a5e0-e04bcb40ed6a None None] RequestId filter calling following filter/app {{(pid=110864) _context_setter /opt/stack/cinder/cinder/api/middleware/request_id.py:62}}
May 14 17:08:22.064861 dv-cinder-841745-1-smb devstack@c-api.service[110864]: INFO cinder.api.openstack.wsgi [None req-0bf3a09f-41a1-4675-a5e0-e04bcb40ed6a tempest-VolumesCloneTest-1299868002 tempest-VolumesCloneTest-1299868002-project] GET http://10.222.0.13/volume/v3/cbdb7ada45f84c8189c42749fba758ab/volumes/4b648c26-bba5-4235-be5d-dd074cd5cb0c
May 14 17:08:22.065309 dv-cinder-841745-1-smb devstack@c-api.service[110864]: DEBUG cinder.api.openstack.wsgi [None req-0bf3a09f-41a1-4675-a5e0-e04bcb40ed6a tempest-VolumesCloneTest-1299868002 tempest-VolumesCloneTest-1299868002-project] Empty body provided in request {{(pid=110864) get_body /opt/stack/cinder/cinder/api/openstack/wsgi.py:715}}
May 14 17:08:22.065756 dv-cinder-841745-1-smb devstack@c-api.service[110864]: DEBUG cinder.api.openstack.wsgi [None req-0bf3a09f-41a1-4675-a5e0-e04bcb40ed6a tempest-VolumesCloneTest-1299868002 tempest-VolumesCloneTest-1299868002-project] Calling method 'show' {{(pid=110864) _process_stack /opt/stack/cinder/cinder/api/openstack/wsgi.py:868}}
May 14 17:08:22.079603 dv-cinder-841745-1-smb devstack@c-api.service[110864]: /usr/local/lib/python3.8/dist-packages/oslo_context/context.py:100: DeprecationWarning: Policy enforcement is depending on the value of is_admin. This key is deprecated. Please update your policy file to use the standard policy values.
May 14 17:08:22.079603 dv-cinder-841745-1-smb devstack@c-api.service[110864]:   warnings.warn('Policy enforcement is depending on the value of '
May 14 17:08:22.087025 dv-cinder-841745-1-smb devstack@c-api.service[110864]: INFO cinder.volume.api [None req-0bf3a09f-41a1-4675-a5e0-e04bcb40ed6a tempest-VolumesCloneTest-1299868002 tempest-VolumesCloneTest-1299868002-project] Volume info retrieved successfully.
May 14 17:08:22.095329 dv-cinder-841745-1-smb devstack@c-api.service[110864]: INFO cinder.api.openstack.wsgi [None req-0bf3a09f-41a1-4675-a5e0-e04bcb40ed6a tempest-VolumesCloneTest-1299868002 tempest-VolumesCloneTest-1299868002-project] http://10.222.0.13/volume/v3/cbdb7ada45f84c8189c42749fba758ab/volumes/4b648c26-bba5-4235-be5d-dd074cd5cb0c returned with HTTP 200
May 14 17:08:22.096026 dv-cinder-841745-1-smb devstack@c-api.service[110864]: [pid: 110864|app: 0|req: 216/424] 10.222.0.13 () {58 vars in 1324 bytes} [Sat May 14 17:08:22 2022] GET /volume/v3/cbdb7ada45f84c8189c42749fba758ab/volumes/4b648c26-bba5-4235-be5d-dd074cd5cb0c => generated 907 bytes in 37 msecs (HTTP/1.1 200) 7 headers in 285 bytes (1 switches on core 0)
May 14 17:08:22.245385 dv-cinder-841745-1-smb devstack@c-api.service[110867]: DEBUG cinder.api.middleware.request_id [None req-a567d89c-9dc5-4887-b034-40c6262d941b None None] RequestId filter calling following filter/app {{(pid=110867) _context_setter /opt/stack/cinder/cinder/api/middleware/request_id.py:62}}
May 14 17:08:22.249486 dv-cinder-841745-1-smb devstack@c-api.service[110867]: INFO cinder.api.openstack.wsgi [None req-a567d89c-9dc5-4887-b034-40c6262d941b tempest-VolumesTransfersV355Test-220958098 tempest-VolumesTransfersV355Test-220958098-project-admin] GET http://10.222.0.13/volume/v3/f57915ebc63c41178c9080ad8c47a678/volumes/011e7995-f97d-4873-b9f2-2cf6b6087789
May 14 17:08:22.250023 dv-cinder-841745-1-smb devstack@c-api.service[110867]: DEBUG cinder.api.openstack.wsgi [None req-a567d89c-9dc5-4887-b034-40c6262d941b tempest-VolumesTransfersV355Test-220958098 tempest-VolumesTransfersV355Test-220958098-project-admin] Empty body provided in request {{(pid=110867) get_body /opt/stack/cinder/cinder/api/openstack/wsgi.py:715}}
May 14 17:08:22.250480 dv-cinder-841745-1-smb devstack@c-api.service[110867]: DEBUG cinder.api.openstack.wsgi [None req-a567d89c-9dc5-4887-b034-40c6262d941b tempest-VolumesTransfersV355Test-220958098 tempest-VolumesTransfersV355Test-220958098-project-admin] Calling method 'show' {{(pid=110867) _process_stack /opt/stack/cinder/cinder/api/openstack/wsgi.py:868}}
May 14 17:08:22.261955 dv-cinder-841745-1-smb devstack@c-api.service[110867]: INFO cinder.api.openstack.wsgi [None req-a567d89c-9dc5-4887-b034-40c6262d941b tempest-VolumesTransfersV355Test-220958098 tempest-VolumesTransfersV355Test-220958098-project-admin] http://10.222.0.13/volume/v3/f57915ebc63c41178c9080ad8c47a678/volumes/011e7995-f97d-4873-b9f2-2cf6b6087789 returned with HTTP 404
May 14 17:08:22.263100 dv-cinder-841745-1-smb devstack@c-api.service[110867]: [pid: 110867|app: 0|req: 209/425] 10.222.0.13 () {60 vars in 1365 bytes} [Sat May 14 17:08:22 2022] GET /volume/v3/f57915ebc63c41178c9080ad8c47a678/volumes/011e7995-f97d-4873-b9f2-2cf6b6087789 => generated 109 bytes in 19 msecs (HTTP/1.1 404) 7 headers in 293 bytes (2 switches on core 0)
May 14 17:08:22.269067 dv-cinder-841745-1-smb devstack@c-api.service[110864]: DEBUG cinder.api.middleware.request_id [None req-ec01ab16-1a5d-4aa8-96e3-67955f7f3807 None None] RequestId filter calling following filter/app {{(pid=110864) _context_setter /opt/stack/cinder/cinder/api/middleware/request_id.py:62}}
May 14 17:08:22.272884 dv-cinder-841745-1-smb devstack@c-api.service[110864]: INFO cinder.api.openstack.wsgi [None req-ec01ab16-1a5d-4aa8-96e3-67955f7f3807 tempest-VolumesTransfersV355Test-1216297147 tempest-VolumesTransfersV355Test-1216297147-project] DELETE http://10.222.0.13/volume/v3/f128e243aacc4007abcc6bbbcd6ce562/volumes/011e7995-f97d-4873-b9f2-2cf6b6087789
May 14 17:08:22.273396 dv-cinder-841745-1-smb devstack@c-api.service[110864]: DEBUG cinder.api.openstack.wsgi [None req-ec01ab16-1a5d-4aa8-96e3-67955f7f3807 tempest-VolumesTransfersV355Test-1216297147 tempest-VolumesTransfersV355Test-1216297147-project] Empty body provided in request {{(pid=110864) get_body /opt/stack/cinder/cinder/api/openstack/wsgi.py:715}}
May 14 17:08:22.273842 dv-cinder-841745-1-smb devstack@c-api.service[110864]: DEBUG cinder.api.openstack.wsgi [None req-ec01ab16-1a5d-4aa8-96e3-67955f7f3807 tempest-VolumesTransfersV355Test-1216297147 tempest-VolumesTransfersV355Test-1216297147-project] Calling method 'delete' {{(pid=110864) _process_stack /opt/stack/cinder/cinder/api/openstack/wsgi.py:868}}
May 14 17:08:22.274278 dv-cinder-841745-1-smb devstack@c-api.service[110864]: INFO cinder.api.v3.volumes [None req-ec01ab16-1a5d-4aa8-96e3-67955f7f3807 tempest-VolumesTransfersV355Test-1216297147 tempest-VolumesTransfersV355Test-1216297147-project] Delete volume with id: 011e7995-f97d-4873-b9f2-2cf6b6087789 
May 14 17:08:22.285165 dv-cinder-841745-1-smb devstack@c-api.service[110864]: INFO cinder.api.openstack.wsgi [None req-ec01ab16-1a5d-4aa8-96e3-67955f7f3807 tempest-VolumesTransfersV355Test-1216297147 tempest-VolumesTransfersV355Test-1216297147-project] http://10.222.0.13/volume/v3/f128e243aacc4007abcc6bbbcd6ce562/volumes/011e7995-f97d-4873-b9f2-2cf6b6087789 returned with HTTP 404
May 14 17:08:22.286114 dv-cinder-841745-1-smb devstack@c-api.service[110864]: [pid: 110864|app: 0|req: 217/426] 10.222.0.13 () {60 vars in 1368 bytes} [Sat May 14 17:08:22 2022] DELETE /volume/v3/f128e243aacc4007abcc6bbbcd6ce562/volumes/011e7995-f97d-4873-b9f2-2cf6b6087789 => generated 109 bytes in 18 msecs (HTTP/1.1 404) 7 headers in 293 bytes (1 switches on core 0)
May 14 17:08:22.290747 dv-cinder-841745-1-smb devstack@c-api.service[110867]: DEBUG cinder.api.middleware.request_id [None req-94adfeca-3a2a-4ec9-806c-1689d4bdcadc None None] RequestId filter calling following filter/app {{(pid=110867) _context_setter /opt/stack/cinder/cinder/api/middleware/request_id.py:62}}
May 14 17:08:22.294261 dv-cinder-841745-1-smb devstack@c-api.service[110867]: INFO cinder.api.openstack.wsgi [None req-94adfeca-3a2a-4ec9-806c-1689d4bdcadc tempest-VolumesTransfersV355Test-1216297147 tempest-VolumesTransfersV355Test-1216297147-project] DELETE http://10.222.0.13/volume/v3/f128e243aacc4007abcc6bbbcd6ce562/volumes/6fe7f330-1f98-4dd7-97be-b4991b9cfa0d
May 14 17:08:22.294745 dv-cinder-841745-1-smb devstack@c-api.service[110867]: DEBUG cinder.api.openstack.wsgi [None req-94adfeca-3a2a-4ec9-806c-1689d4bdcadc tempest-VolumesTransfersV355Test-1216297147 tempest-VolumesTransfersV355Test-1216297147-project] Empty body provided in request {{(pid=110867) get_body /opt/stack/cinder/cinder/api/openstack/wsgi.py:715}}
May 14 17:08:22.295192 dv-cinder-841745-1-smb devstack@c-api.service[110867]: DEBUG cinder.api.openstack.wsgi [None req-94adfeca-3a2a-4ec9-806c-1689d4bdcadc tempest-VolumesTransfersV355Test-1216297147 tempest-VolumesTransfersV355Test-1216297147-project] Calling method 'delete' {{(pid=110867) _process_stack /opt/stack/cinder/cinder/api/openstack/wsgi.py:868}}
May 14 17:08:22.295602 dv-cinder-841745-1-smb devstack@c-api.service[110867]: INFO cinder.api.v3.volumes [None req-94adfeca-3a2a-4ec9-806c-1689d4bdcadc tempest-VolumesTransfersV355Test-1216297147 tempest-VolumesTransfersV355Test-1216297147-project] Delete volume with id: 6fe7f330-1f98-4dd7-97be-b4991b9cfa0d 
May 14 17:08:22.307062 dv-cinder-841745-1-smb devstack@c-api.service[110867]: INFO cinder.api.openstack.wsgi [None req-94adfeca-3a2a-4ec9-806c-1689d4bdcadc tempest-VolumesTransfersV355Test-1216297147 tempest-VolumesTransfersV355Test-1216297147-project] http://10.222.0.13/volume/v3/f128e243aacc4007abcc6bbbcd6ce562/volumes/6fe7f330-1f98-4dd7-97be-b4991b9cfa0d returned with HTTP 404
May 14 17:08:22.307906 dv-cinder-841745-1-smb devstack@c-api.service[110867]: [pid: 110867|app: 0|req: 210/427] 10.222.0.13 () {60 vars in 1368 bytes} [Sat May 14 17:08:22 2022] DELETE /volume/v3/f128e243aacc4007abcc6bbbcd6ce562/volumes/6fe7f330-1f98-4dd7-97be-b4991b9cfa0d => generated 109 bytes in 18 msecs (HTTP/1.1 404) 7 headers in 293 bytes (1 switches on core 0)
May 14 17:08:23.109479 dv-cinder-841745-1-smb devstack@c-api.service[110864]: DEBUG cinder.api.middleware.request_id [None req-3bf49bee-973b-49d6-9f3f-6fcce98e6034 None None] RequestId filter calling following filter/app {{(pid=110864) _context_setter /opt/stack/cinder/cinder/api/middleware/request_id.py:62}}
May 14 17:08:23.117716 dv-cinder-841745-1-smb devstack@c-api.service[110864]: INFO cinder.api.openstack.wsgi [None req-3bf49bee-973b-49d6-9f3f-6fcce98e6034 tempest-VolumesCloneTest-1299868002 tempest-VolumesCloneTest-1299868002-project] GET http://10.222.0.13/volume/v3/cbdb7ada45f84c8189c42749fba758ab/volumes/4b648c26-bba5-4235-be5d-dd074cd5cb0c
May 14 17:08:23.118327 dv-cinder-841745-1-smb devstack@c-api.service[110864]: DEBUG cinder.api.openstack.wsgi [None req-3bf49bee-973b-49d6-9f3f-6fcce98e6034 tempest-VolumesCloneTest-1299868002 tempest-VolumesCloneTest-1299868002-project] Empty body provided in request {{(pid=110864) get_body /opt/stack/cinder/cinder/api/openstack/wsgi.py:715}}
May 14 17:08:23.118848 dv-cinder-841745-1-smb devstack@c-api.service[110864]: DEBUG cinder.api.openstack.wsgi [None req-3bf49bee-973b-49d6-9f3f-6fcce98e6034 tempest-VolumesCloneTest-1299868002 tempest-VolumesCloneTest-1299868002-project] Calling method 'show' {{(pid=110864) _process_stack /opt/stack/cinder/cinder/api/openstack/wsgi.py:868}}
May 14 17:08:23.134451 dv-cinder-841745-1-smb devstack@c-api.service[110864]: /usr/local/lib/python3.8/dist-packages/oslo_context/context.py:100: DeprecationWarning: Policy enforcement is depending on the value of is_admin. This key is deprecated. Please update your policy file to use the standard policy values.
May 14 17:08:23.134451 dv-cinder-841745-1-smb devstack@c-api.service[110864]:   warnings.warn('Policy enforcement is depending on the value of '
May 14 17:08:23.147549 dv-cinder-841745-1-smb devstack@c-api.service[110864]: INFO cinder.volume.api [None req-3bf49bee-973b-49d6-9f3f-6fcce98e6034 tempest-VolumesCloneTest-1299868002 tempest-VolumesCloneTest-1299868002-project] Volume info retrieved successfully.
May 14 17:08:23.166431 dv-cinder-841745-1-smb devstack@c-api.service[110864]: INFO cinder.api.openstack.wsgi [None req-3bf49bee-973b-49d6-9f3f-6fcce98e6034 tempest-VolumesCloneTest-1299868002 tempest-VolumesCloneTest-1299868002-project] http://10.222.0.13/volume/v3/cbdb7ada45f84c8189c42749fba758ab/volumes/4b648c26-bba5-4235-be5d-dd074cd5cb0c returned with HTTP 200
May 14 17:08:23.167629 dv-cinder-841745-1-smb devstack@c-api.service[110864]: [pid: 110864|app: 0|req: 218/428] 10.222.0.13 () {58 vars in 1324 bytes} [Sat May 14 17:08:23 2022] GET /volume/v3/cbdb7ada45f84c8189c42749fba758ab/volumes/4b648c26-bba5-4235-be5d-dd074cd5cb0c => generated 907 bytes in 59 msecs (HTTP/1.1 200) 7 headers in 285 bytes (1 switches on core 0)
May 14 17:08:24.179712 dv-cinder-841745-1-smb devstack@c-api.service[110867]: DEBUG cinder.api.middleware.request_id [None req-d430b8d6-6ab0-486e-97f0-e10131900475 None None] RequestId filter calling following filter/app {{(pid=110867) _context_setter /opt/stack/cinder/cinder/api/middleware/request_id.py:62}}
May 14 17:08:24.191444 dv-cinder-841745-1-smb devstack@c-api.service[110867]: INFO cinder.api.openstack.wsgi [None req-d430b8d6-6ab0-486e-97f0-e10131900475 tempest-VolumesCloneTest-1299868002 tempest-VolumesCloneTest-1299868002-project] GET http://10.222.0.13/volume/v3/cbdb7ada45f84c8189c42749fba758ab/volumes/4b648c26-bba5-4235-be5d-dd074cd5cb0c
May 14 17:08:24.191903 dv-cinder-841745-1-smb devstack@c-api.service[110867]: DEBUG cinder.api.openstack.wsgi [None req-d430b8d6-6ab0-486e-97f0-e10131900475 tempest-VolumesCloneTest-1299868002 tempest-VolumesCloneTest-1299868002-project] Empty body provided in request {{(pid=110867) get_body /opt/stack/cinder/cinder/api/openstack/wsgi.py:715}}
May 14 17:08:24.192356 dv-cinder-841745-1-smb devstack@c-api.service[110867]: DEBUG cinder.api.openstack.wsgi [None req-d430b8d6-6ab0-486e-97f0-e10131900475 tempest-VolumesCloneTest-1299868002 tempest-VolumesCloneTest-1299868002-project] Calling method 'show' {{(pid=110867) _process_stack /opt/stack/cinder/cinder/api/openstack/wsgi.py:868}}
May 14 17:08:24.206536 dv-cinder-841745-1-smb devstack@c-api.service[110867]: /usr/local/lib/python3.8/dist-packages/oslo_context/context.py:100: DeprecationWarning: Policy enforcement is depending on the value of is_admin. This key is deprecated. Please update your policy file to use the standard policy values.
May 14 17:08:24.206536 dv-cinder-841745-1-smb devstack@c-api.service[110867]:   warnings.warn('Policy enforcement is depending on the value of '
May 14 17:08:24.214539 dv-cinder-841745-1-smb devstack@c-api.service[110867]: INFO cinder.volume.api [None req-d430b8d6-6ab0-486e-97f0-e10131900475 tempest-VolumesCloneTest-1299868002 tempest-VolumesCloneTest-1299868002-project] Volume info retrieved successfully.
May 14 17:08:24.223931 dv-cinder-841745-1-smb devstack@c-api.service[110867]: INFO cinder.api.openstack.wsgi [None req-d430b8d6-6ab0-486e-97f0-e10131900475 tempest-VolumesCloneTest-1299868002 tempest-VolumesCloneTest-1299868002-project] http://10.222.0.13/volume/v3/cbdb7ada45f84c8189c42749fba758ab/volumes/4b648c26-bba5-4235-be5d-dd074cd5cb0c returned with HTTP 200
May 14 17:08:24.225098 dv-cinder-841745-1-smb devstack@c-api.service[110867]: [pid: 110867|app: 0|req: 211/429] 10.222.0.13 () {58 vars in 1324 bytes} [Sat May 14 17:08:24 2022] GET /volume/v3/cbdb7ada45f84c8189c42749fba758ab/volumes/4b648c26-bba5-4235-be5d-dd074cd5cb0c => generated 907 bytes in 46 msecs (HTTP/1.1 200) 7 headers in 285 bytes (1 switches on core 0)
May 14 17:08:24.669839 dv-cinder-841745-1-smb devstack@c-api.service[110864]: DEBUG cinder.api.middleware.request_id [None req-06af2688-4457-43a5-b57f-e645803defdc None None] RequestId filter calling following filter/app {{(pid=110864) _context_setter /opt/stack/cinder/cinder/api/middleware/request_id.py:62}}
May 14 17:08:24.781006 dv-cinder-841745-1-smb devstack@c-api.service[110864]: INFO cinder.api.openstack.wsgi [None req-06af2688-4457-43a5-b57f-e645803defdc tempest-GroupsV320Test-353091287 tempest-GroupsV320Test-353091287-project-admin] POST http://10.222.0.13/volume/v3/66fb8fc05564493e913642a1da550d53/types
May 14 17:08:24.781840 dv-cinder-841745-1-smb devstack@c-api.service[110864]: DEBUG cinder.api.openstack.wsgi [None req-06af2688-4457-43a5-b57f-e645803defdc tempest-GroupsV320Test-353091287 tempest-GroupsV320Test-353091287-project-admin] Action: 'create', calling method: _create, body: {"volume_type": {"name": "tempest-GroupsV320Test-volume-type-916370411"}} {{(pid=110864) _process_stack /opt/stack/cinder/cinder/api/openstack/wsgi.py:866}}
May 14 17:08:24.946120 dv-cinder-841745-1-smb devstack@c-api.service[110864]: INFO cinder.api.openstack.wsgi [None req-06af2688-4457-43a5-b57f-e645803defdc tempest-GroupsV320Test-353091287 tempest-GroupsV320Test-353091287-project-admin] http://10.222.0.13/volume/v3/66fb8fc05564493e913642a1da550d53/types returned with HTTP 200
May 14 17:08:24.946896 dv-cinder-841745-1-smb devstack@c-api.service[110864]: [pid: 110864|app: 0|req: 219/430] 10.222.0.13 () {60 vars in 1228 bytes} [Sat May 14 17:08:24 2022] POST /volume/v3/66fb8fc05564493e913642a1da550d53/types => generated 219 bytes in 278 msecs (HTTP/1.1 200) 7 headers in 285 bytes (1 switches on core 0)
May 14 17:08:24.953710 dv-cinder-841745-1-smb devstack@c-api.service[110867]: DEBUG cinder.api.middleware.request_id [None req-2522b9fe-5989-4721-8561-559e05c14a74 None None] RequestId filter calling following filter/app {{(pid=110867) _context_setter /opt/stack/cinder/cinder/api/middleware/request_id.py:62}}
May 14 17:08:24.957745 dv-cinder-841745-1-smb devstack@c-api.service[110867]: INFO cinder.api.openstack.wsgi [None req-2522b9fe-5989-4721-8561-559e05c14a74 tempest-GroupsV320Test-353091287 tempest-GroupsV320Test-353091287-project-admin] POST http://10.222.0.13/volume/v3/66fb8fc05564493e913642a1da550d53/group_types
May 14 17:08:24.958510 dv-cinder-841745-1-smb devstack@c-api.service[110867]: DEBUG cinder.api.openstack.wsgi [None req-2522b9fe-5989-4721-8561-559e05c14a74 tempest-GroupsV320Test-353091287 tempest-GroupsV320Test-353091287-project-admin] Action: 'create', calling method: version_select, body: {"group_type": {"name": "tempest-GroupsV320Test-group-type-422262305"}} {{(pid=110867) _process_stack /opt/stack/cinder/cinder/api/openstack/wsgi.py:866}}
May 14 17:08:25.097166 dv-cinder-841745-1-smb devstack@c-api.service[110867]: INFO cinder.api.openstack.wsgi [None req-2522b9fe-5989-4721-8561-559e05c14a74 tempest-GroupsV320Test-353091287 tempest-GroupsV320Test-353091287-project-admin] http://10.222.0.13/volume/v3/66fb8fc05564493e913642a1da550d53/group_types returned with HTTP 202
May 14 17:08:25.097896 dv-cinder-841745-1-smb devstack@c-api.service[110867]: [pid: 110867|app: 0|req: 212/431] 10.222.0.13 () {62 vars in 1287 bytes} [Sat May 14 17:08:24 2022] POST /volume/v3/66fb8fc05564493e913642a1da550d53/group_types => generated 176 bytes in 145 msecs (HTTP/1.1 202) 7 headers in 292 bytes (1 switches on core 0)
May 14 17:08:25.104923 dv-cinder-841745-1-smb devstack@c-api.service[110864]: DEBUG cinder.api.middleware.request_id [None req-84036e62-ad8e-461d-bd34-1ee50d816bff None None] RequestId filter calling following filter/app {{(pid=110864) _context_setter /opt/stack/cinder/cinder/api/middleware/request_id.py:62}}
May 14 17:08:25.237872 dv-cinder-841745-1-smb devstack@c-api.service[110867]: DEBUG cinder.api.middleware.request_id [None req-8a1c273c-0330-40e4-9b7d-854bc10cc4b3 None None] RequestId filter calling following filter/app {{(pid=110867) _context_setter /opt/stack/cinder/cinder/api/middleware/request_id.py:62}}
May 14 17:08:25.242687 dv-cinder-841745-1-smb devstack@c-api.service[110867]: INFO cinder.api.openstack.wsgi [None req-8a1c273c-0330-40e4-9b7d-854bc10cc4b3 tempest-VolumesCloneTest-1299868002 tempest-VolumesCloneTest-1299868002-project] GET http://10.222.0.13/volume/v3/cbdb7ada45f84c8189c42749fba758ab/volumes/4b648c26-bba5-4235-be5d-dd074cd5cb0c
May 14 17:08:25.243133 dv-cinder-841745-1-smb devstack@c-api.service[110867]: DEBUG cinder.api.openstack.wsgi [None req-8a1c273c-0330-40e4-9b7d-854bc10cc4b3 tempest-VolumesCloneTest-1299868002 tempest-VolumesCloneTest-1299868002-project] Empty body provided in request {{(pid=110867) get_body /opt/stack/cinder/cinder/api/openstack/wsgi.py:715}}
May 14 17:08:25.243641 dv-cinder-841745-1-smb devstack@c-api.service[110867]: DEBUG cinder.api.openstack.wsgi [None req-8a1c273c-0330-40e4-9b7d-854bc10cc4b3 tempest-VolumesCloneTest-1299868002 tempest-VolumesCloneTest-1299868002-project] Calling method 'show' {{(pid=110867) _process_stack /opt/stack/cinder/cinder/api/openstack/wsgi.py:868}}
May 14 17:08:25.257848 dv-cinder-841745-1-smb devstack@c-api.service[110867]: /usr/local/lib/python3.8/dist-packages/oslo_context/context.py:100: DeprecationWarning: Policy enforcement is depending on the value of is_admin. This key is deprecated. Please update your policy file to use the standard policy values.
May 14 17:08:25.257848 dv-cinder-841745-1-smb devstack@c-api.service[110867]:   warnings.warn('Policy enforcement is depending on the value of '
May 14 17:08:25.264137 dv-cinder-841745-1-smb devstack@c-api.service[110864]: INFO cinder.api.openstack.wsgi [None req-84036e62-ad8e-461d-bd34-1ee50d816bff tempest-GroupsV320Test-529786724 tempest-GroupsV320Test-529786724-project] POST http://10.222.0.13/volume/v3/335bd2ffddf64357a34e6aaa744d89b5/groups
May 14 17:08:25.265551 dv-cinder-841745-1-smb devstack@c-api.service[110864]: DEBUG cinder.api.openstack.wsgi [None req-84036e62-ad8e-461d-bd34-1ee50d816bff tempest-GroupsV320Test-529786724 tempest-GroupsV320Test-529786724-project] Action: 'create', calling method: version_select, body: {"group": {"group_type": "817a8da2-536a-43d5-ab43-98bab0923854", "volume_types": ["a0ba596f-4890-4991-8100-04078bd30b5e"], "name": "tempest-GroupsV320Test-Group-1188912762"}} {{(pid=110864) _process_stack /opt/stack/cinder/cinder/api/openstack/wsgi.py:866}}
May 14 17:08:25.265864 dv-cinder-841745-1-smb devstack@c-api.service[110864]: DEBUG cinder.api.v3.groups [None req-84036e62-ad8e-461d-bd34-1ee50d816bff tempest-GroupsV320Test-529786724 tempest-GroupsV320Test-529786724-project] Creating new group {'group': {'group_type': '817a8da2-536a-43d5-ab43-98bab0923854', 'volume_types': ['a0ba596f-4890-4991-8100-04078bd30b5e'], 'name': 'tempest-GroupsV320Test-Group-1188912762'}} {{(pid=110864) create /opt/stack/cinder/cinder/api/v3/groups.py:190}}
May 14 17:08:25.269976 dv-cinder-841745-1-smb devstack@c-api.service[110867]: INFO cinder.volume.api [None req-8a1c273c-0330-40e4-9b7d-854bc10cc4b3 tempest-VolumesCloneTest-1299868002 tempest-VolumesCloneTest-1299868002-project] Volume info retrieved successfully.
May 14 17:08:25.271536 dv-cinder-841745-1-smb devstack@c-api.service[110864]: INFO cinder.api.v3.groups [None req-84036e62-ad8e-461d-bd34-1ee50d816bff tempest-GroupsV320Test-529786724 tempest-GroupsV320Test-529786724-project] Creating group tempest-GroupsV320Test-Group-1188912762.
May 14 17:08:25.278822 dv-cinder-841745-1-smb devstack@c-api.service[110867]: INFO cinder.api.openstack.wsgi [None req-8a1c273c-0330-40e4-9b7d-854bc10cc4b3 tempest-VolumesCloneTest-1299868002 tempest-VolumesCloneTest-1299868002-project] http://10.222.0.13/volume/v3/cbdb7ada45f84c8189c42749fba758ab/volumes/4b648c26-bba5-4235-be5d-dd074cd5cb0c returned with HTTP 200
May 14 17:08:25.279530 dv-cinder-841745-1-smb devstack@c-api.service[110867]: [pid: 110867|app: 0|req: 213/432] 10.222.0.13 () {58 vars in 1324 bytes} [Sat May 14 17:08:25 2022] GET /volume/v3/cbdb7ada45f84c8189c42749fba758ab/volumes/4b648c26-bba5-4235-be5d-dd074cd5cb0c => generated 907 bytes in 43 msecs (HTTP/1.1 200) 7 headers in 285 bytes (2 switches on core 0)
May 14 17:08:25.283012 dv-cinder-841745-1-smb devstack@c-api.service[110864]: INFO cinder.volume.api [None req-84036e62-ad8e-461d-bd34-1ee50d816bff tempest-GroupsV320Test-529786724 tempest-GroupsV320Test-529786724-project] Availability Zones retrieved successfully.
May 14 17:08:25.519427 dv-cinder-841745-1-smb devstack@c-api.service[110864]: DEBUG cinder.quota [None req-84036e62-ad8e-461d-bd34-1ee50d816bff tempest-GroupsV320Test-529786724 tempest-GroupsV320Test-529786724-project] Created reservations ['b7c6b3a7-4a1f-4f66-a3d7-bbcda1ea0485'] {{(pid=110864) reserve /opt/stack/cinder/cinder/quota.py:755}}
May 14 17:08:25.672255 dv-cinder-841745-1-smb devstack@c-api.service[110864]: INFO cinder.api.openstack.wsgi [None req-84036e62-ad8e-461d-bd34-1ee50d816bff tempest-GroupsV320Test-529786724 tempest-GroupsV320Test-529786724-project] http://10.222.0.13/volume/v3/335bd2ffddf64357a34e6aaa744d89b5/groups returned with HTTP 202
May 14 17:08:25.673017 dv-cinder-841745-1-smb devstack@c-api.service[110864]: [pid: 110864|app: 0|req: 220/433] 10.222.0.13 () {62 vars in 1273 bytes} [Sat May 14 17:08:25 2022] POST /volume/v3/335bd2ffddf64357a34e6aaa744d89b5/groups => generated 108 bytes in 569 msecs (HTTP/1.1 202) 7 headers in 292 bytes (1 switches on core 0)
May 14 17:08:25.679616 dv-cinder-841745-1-smb devstack@c-api.service[110864]: DEBUG cinder.api.middleware.request_id [None req-e2ba73d7-f085-48af-874c-6d56129e8715 None None] RequestId filter calling following filter/app {{(pid=110864) _context_setter /opt/stack/cinder/cinder/api/middleware/request_id.py:62}}
May 14 17:08:25.680056 dv-cinder-841745-1-smb devstack@c-api.service[110867]: DEBUG cinder.api.middleware.request_id [None req-2180f0c5-8a80-40fd-9cb4-cafd8f322017 None None] RequestId filter calling following filter/app {{(pid=110867) _context_setter /opt/stack/cinder/cinder/api/middleware/request_id.py:62}}
May 14 17:08:25.683566 dv-cinder-841745-1-smb devstack@c-api.service[110864]: INFO cinder.api.openstack.wsgi [None req-e2ba73d7-f085-48af-874c-6d56129e8715 tempest-VolumesActionsTest-69756531 tempest-VolumesActionsTest-69756531-project] POST http://10.222.0.13/volume/v3/79b022b216a044608d2f6efdd774148f/volumes
May 14 17:08:25.684167 dv-cinder-841745-1-smb devstack@c-api.service[110864]: DEBUG cinder.api.openstack.wsgi [None req-e2ba73d7-f085-48af-874c-6d56129e8715 tempest-VolumesActionsTest-69756531 tempest-VolumesActionsTest-69756531-project] Action: 'create', calling method: create, body: {"volume": {"size": 1, "name": "tempest-VolumesActionsTest-Volume-38586411"}} {{(pid=110864) _process_stack /opt/stack/cinder/cinder/api/openstack/wsgi.py:866}}
May 14 17:08:25.684704 dv-cinder-841745-1-smb devstack@c-api.service[110867]: INFO cinder.api.openstack.wsgi [None req-2180f0c5-8a80-40fd-9cb4-cafd8f322017 tempest-GroupsV320Test-529786724 tempest-GroupsV320Test-529786724-project] GET http://10.222.0.13/volume/v3/335bd2ffddf64357a34e6aaa744d89b5/groups/37a58e1d-d3f3-4bc2-91e2-091e0a73e0fe
May 14 17:08:25.685146 dv-cinder-841745-1-smb devstack@c-api.service[110867]: DEBUG cinder.api.openstack.wsgi [None req-2180f0c5-8a80-40fd-9cb4-cafd8f322017 tempest-GroupsV320Test-529786724 tempest-GroupsV320Test-529786724-project] Empty body provided in request {{(pid=110867) get_body /opt/stack/cinder/cinder/api/openstack/wsgi.py:715}}
May 14 17:08:25.685458 dv-cinder-841745-1-smb devstack@c-api.service[110864]: DEBUG cinder.api.v3.volumes [None req-e2ba73d7-f085-48af-874c-6d56129e8715 tempest-VolumesActionsTest-69756531 tempest-VolumesActionsTest-69756531-project] Create volume request body: {'volume': {'size': 1, 'name': 'tempest-VolumesActionsTest-Volume-38586411'}} {{(pid=110864) create /opt/stack/cinder/cinder/api/v3/volumes.py:298}}
May 14 17:08:25.685595 dv-cinder-841745-1-smb devstack@c-api.service[110867]: DEBUG cinder.api.openstack.wsgi [None req-2180f0c5-8a80-40fd-9cb4-cafd8f322017 tempest-GroupsV320Test-529786724 tempest-GroupsV320Test-529786724-project] Calling method 'version_select' {{(pid=110867) _process_stack /opt/stack/cinder/cinder/api/openstack/wsgi.py:868}}
May 14 17:08:25.685920 dv-cinder-841745-1-smb devstack@c-api.service[110864]: INFO cinder.api.v3.volumes [None req-e2ba73d7-f085-48af-874c-6d56129e8715 tempest-VolumesActionsTest-69756531 tempest-VolumesActionsTest-69756531-project] Create volume of 1 GB
May 14 17:08:25.689572 dv-cinder-841745-1-smb devstack@c-api.service[110867]: DEBUG cinder.api.v3.groups [None req-2180f0c5-8a80-40fd-9cb4-cafd8f322017 tempest-GroupsV320Test-529786724 tempest-GroupsV320Test-529786724-project] show called for member 37a58e1d-d3f3-4bc2-91e2-091e0a73e0fe {{(pid=110867) show /opt/stack/cinder/cinder/api/v3/groups.py:58}}
May 14 17:08:25.689770 dv-cinder-841745-1-smb devstack@c-api.service[110864]: /usr/local/lib/python3.8/dist-packages/oslo_context/context.py:100: DeprecationWarning: Policy enforcement is depending on the value of is_admin. This key is deprecated. Please update your policy file to use the standard policy values.
May 14 17:08:25.689770 dv-cinder-841745-1-smb devstack@c-api.service[110864]:   warnings.warn('Policy enforcement is depending on the value of '
May 14 17:08:25.692626 dv-cinder-841745-1-smb devstack@c-api.service[110867]: /usr/local/lib/python3.8/dist-packages/oslo_context/context.py:100: DeprecationWarning: Policy enforcement is depending on the value of is_admin. This key is deprecated. Please update your policy file to use the standard policy values.
May 14 17:08:25.692626 dv-cinder-841745-1-smb devstack@c-api.service[110867]:   warnings.warn('Policy enforcement is depending on the value of '
May 14 17:08:25.694704 dv-cinder-841745-1-smb devstack@c-api.service[110864]: INFO cinder.volume.api [None req-e2ba73d7-f085-48af-874c-6d56129e8715 tempest-VolumesActionsTest-69756531 tempest-VolumesActionsTest-69756531-project] Availability Zones retrieved successfully.
May 14 17:08:25.712486 dv-cinder-841745-1-smb devstack@c-api.service[110864]: DEBUG cinder.volume.api [None req-e2ba73d7-f085-48af-874c-6d56129e8715 tempest-VolumesActionsTest-69756531 tempest-VolumesActionsTest-69756531-project] Flow 'volume_create_api' (5627c90c-4ea3-4b8e-8461-c208a3147596) transitioned into state 'RUNNING' from state 'PENDING' {{(pid=110864) _flow_receiver /usr/local/lib/python3.8/dist-packages/taskflow/listeners/logging.py:141}}
May 14 17:08:25.714055 dv-cinder-841745-1-smb devstack@c-api.service[110867]: INFO cinder.api.openstack.wsgi [None req-2180f0c5-8a80-40fd-9cb4-cafd8f322017 tempest-GroupsV320Test-529786724 tempest-GroupsV320Test-529786724-project] http://10.222.0.13/volume/v3/335bd2ffddf64357a34e6aaa744d89b5/groups/37a58e1d-d3f3-4bc2-91e2-091e0a73e0fe returned with HTTP 200
May 14 17:08:25.715020 dv-cinder-841745-1-smb devstack@c-api.service[110867]: [pid: 110867|app: 0|req: 214/434] 10.222.0.13 () {60 vars in 1362 bytes} [Sat May 14 17:08:25 2022] GET /volume/v3/335bd2ffddf64357a34e6aaa744d89b5/groups/37a58e1d-d3f3-4bc2-91e2-091e0a73e0fe => generated 388 bytes in 37 msecs (HTTP/1.1 200) 7 headers in 286 bytes (2 switches on core 0)
May 14 17:08:25.715546 dv-cinder-841745-1-smb devstack@c-api.service[110864]: DEBUG cinder.volume.api [None req-e2ba73d7-f085-48af-874c-6d56129e8715 tempest-VolumesActionsTest-69756531 tempest-VolumesActionsTest-69756531-project] Task 'cinder.volume.flows.api.create_volume.ExtractVolumeRequestTask;volume:create' (d729c877-72a2-43f0-9b5e-b15cfde08065) transitioned into state 'RUNNING' from state 'PENDING' {{(pid=110864) _task_receiver /usr/local/lib/python3.8/dist-packages/taskflow/listeners/logging.py:190}}
May 14 17:08:25.718430 dv-cinder-841745-1-smb devstack@c-api.service[110864]: DEBUG cinder.volume.flows.api.create_volume [None req-e2ba73d7-f085-48af-874c-6d56129e8715 tempest-VolumesActionsTest-69756531 tempest-VolumesActionsTest-69756531-project] Validating volume size '1' using validate_int {{(pid=110864) _extract_size /opt/stack/cinder/cinder/volume/flows/api/create_volume.py:225}}
May 14 17:08:25.749678 dv-cinder-841745-1-smb devstack@c-api.service[110864]: DEBUG cinder.volume.api [None req-e2ba73d7-f085-48af-874c-6d56129e8715 tempest-VolumesActionsTest-69756531 tempest-VolumesActionsTest-69756531-project] Task 'cinder.volume.flows.api.create_volume.ExtractVolumeRequestTask;volume:create' (d729c877-72a2-43f0-9b5e-b15cfde08065) transitioned into state 'SUCCESS' from state 'RUNNING' with result '{'size': 1, 'snapshot_id': None, 'source_volid': None, 'volume_type': VolumeType(created_at=2022-05-14T16:50:26Z,deleted=False,deleted_at=None,description='Default Volume Type',extra_specs={},id=d66aa7ff-beb1-460b-b9db-a0c82ee93766,is_public=True,name='__DEFAULT__',projects=[],qos_specs=<?>,qos_specs_id=None,updated_at=2022-05-14T16:50:26Z), 'volume_type_id': 'd66aa7ff-beb1-460b-b9db-a0c82ee93766', 'encryption_key_id': None, 'qos_specs': None, 'consistencygroup_id': None, 'cgsnapshot_id': None, 'group_id': None, 'replication_status': 'disabled', 'refresh_az': False, 'backup_id': None, 'multiattach': False, 'availability_zones': ['nova']}' {{(pid=110864) _task_receiver /usr/local/lib/python3.8/dist-packages/taskflow/listeners/logging.py:178}}
May 14 17:08:25.751854 dv-cinder-841745-1-smb devstack@c-api.service[110864]: DEBUG cinder.volume.api [None req-e2ba73d7-f085-48af-874c-6d56129e8715 tempest-VolumesActionsTest-69756531 tempest-VolumesActionsTest-69756531-project] Task 'cinder.volume.flows.api.create_volume.QuotaReserveTask;volume:create' (2dccbc99-54be-478d-99ea-2a7a4e4979cc) transitioned into state 'RUNNING' from state 'PENDING' {{(pid=110864) _task_receiver /usr/local/lib/python3.8/dist-packages/taskflow/listeners/logging.py:190}}
May 14 17:08:26.120012 dv-cinder-841745-1-smb devstack@c-api.service[110864]: DEBUG cinder.quota [None req-e2ba73d7-f085-48af-874c-6d56129e8715 tempest-VolumesActionsTest-69756531 tempest-VolumesActionsTest-69756531-project] Created reservations ['11e6638e-2824-41da-b95e-d6309ba9a94a', 'c90d191b-3af4-4f21-ac26-ae5896ce116c', 'b1a19ed6-c22f-4efc-8415-3924bd9627a0', '2230a557-14a5-4c88-8854-c741a8677509'] {{(pid=110864) reserve /opt/stack/cinder/cinder/quota.py:755}}
May 14 17:08:26.126143 dv-cinder-841745-1-smb devstack@c-api.service[110864]: DEBUG cinder.volume.api [None req-e2ba73d7-f085-48af-874c-6d56129e8715 tempest-VolumesActionsTest-69756531 tempest-VolumesActionsTest-69756531-project] Task 'cinder.volume.flows.api.create_volume.QuotaReserveTask;volume:create' (2dccbc99-54be-478d-99ea-2a7a4e4979cc) transitioned into state 'SUCCESS' from state 'RUNNING' with result '{'reservations': ['11e6638e-2824-41da-b95e-d6309ba9a94a', 'c90d191b-3af4-4f21-ac26-ae5896ce116c', 'b1a19ed6-c22f-4efc-8415-3924bd9627a0', '2230a557-14a5-4c88-8854-c741a8677509']}' {{(pid=110864) _task_receiver /usr/local/lib/python3.8/dist-packages/taskflow/listeners/logging.py:178}}
May 14 17:08:26.126143 dv-cinder-841745-1-smb devstack@c-api.service[110864]: DEBUG cinder.volume.api [None req-e2ba73d7-f085-48af-874c-6d56129e8715 tempest-VolumesActionsTest-69756531 tempest-VolumesActionsTest-69756531-project] Task 'cinder.volume.flows.api.create_volume.EntryCreateTask;volume:create' (a299a446-b9b9-4690-ab8d-87775f148ef8) transitioned into state 'RUNNING' from state 'PENDING' {{(pid=110864) _task_receiver /usr/local/lib/python3.8/dist-packages/taskflow/listeners/logging.py:190}}
May 14 17:08:26.292306 dv-cinder-841745-1-smb devstack@c-api.service[110867]: DEBUG cinder.api.middleware.request_id [None req-1647307e-1199-4b99-9b77-23f6b6898c57 None None] RequestId filter calling following filter/app {{(pid=110867) _context_setter /opt/stack/cinder/cinder/api/middleware/request_id.py:62}}
May 14 17:08:26.295757 dv-cinder-841745-1-smb devstack@c-api.service[110867]: INFO cinder.api.openstack.wsgi [None req-1647307e-1199-4b99-9b77-23f6b6898c57 tempest-VolumesCloneTest-1299868002 tempest-VolumesCloneTest-1299868002-project] GET http://10.222.0.13/volume/v3/cbdb7ada45f84c8189c42749fba758ab/volumes/4b648c26-bba5-4235-be5d-dd074cd5cb0c
May 14 17:08:26.296197 dv-cinder-841745-1-smb devstack@c-api.service[110867]: DEBUG cinder.api.openstack.wsgi [None req-1647307e-1199-4b99-9b77-23f6b6898c57 tempest-VolumesCloneTest-1299868002 tempest-VolumesCloneTest-1299868002-project] Empty body provided in request {{(pid=110867) get_body /opt/stack/cinder/cinder/api/openstack/wsgi.py:715}}
May 14 17:08:26.296641 dv-cinder-841745-1-smb devstack@c-api.service[110867]: DEBUG cinder.api.openstack.wsgi [None req-1647307e-1199-4b99-9b77-23f6b6898c57 tempest-VolumesCloneTest-1299868002 tempest-VolumesCloneTest-1299868002-project] Calling method 'show' {{(pid=110867) _process_stack /opt/stack/cinder/cinder/api/openstack/wsgi.py:868}}
May 14 17:08:26.310625 dv-cinder-841745-1-smb devstack@c-api.service[110867]: /usr/local/lib/python3.8/dist-packages/oslo_context/context.py:100: DeprecationWarning: Policy enforcement is depending on the value of is_admin. This key is deprecated. Please update your policy file to use the standard policy values.
May 14 17:08:26.310625 dv-cinder-841745-1-smb devstack@c-api.service[110867]:   warnings.warn('Policy enforcement is depending on the value of '
May 14 17:08:26.317225 dv-cinder-841745-1-smb devstack@c-api.service[110867]: INFO cinder.volume.api [None req-1647307e-1199-4b99-9b77-23f6b6898c57 tempest-VolumesCloneTest-1299868002 tempest-VolumesCloneTest-1299868002-project] Volume info retrieved successfully.
May 14 17:08:26.325798 dv-cinder-841745-1-smb devstack@c-api.service[110867]: INFO cinder.api.openstack.wsgi [None req-1647307e-1199-4b99-9b77-23f6b6898c57 tempest-VolumesCloneTest-1299868002 tempest-VolumesCloneTest-1299868002-project] http://10.222.0.13/volume/v3/cbdb7ada45f84c8189c42749fba758ab/volumes/4b648c26-bba5-4235-be5d-dd074cd5cb0c returned with HTTP 200
May 14 17:08:26.326509 dv-cinder-841745-1-smb devstack@c-api.service[110867]: [pid: 110867|app: 0|req: 215/435] 10.222.0.13 () {58 vars in 1324 bytes} [Sat May 14 17:08:26 2022] GET /volume/v3/cbdb7ada45f84c8189c42749fba758ab/volumes/4b648c26-bba5-4235-be5d-dd074cd5cb0c => generated 907 bytes in 35 msecs (HTTP/1.1 200) 7 headers in 285 bytes (2 switches on core 0)
May 14 17:08:26.396584 dv-cinder-841745-1-smb devstack@c-api.service[110864]: DEBUG cinder.volume.api [None req-e2ba73d7-f085-48af-874c-6d56129e8715 tempest-VolumesActionsTest-69756531 tempest-VolumesActionsTest-69756531-project] Task 'cinder.volume.flows.api.create_volume.EntryCreateTask;volume:create' (a299a446-b9b9-4690-ab8d-87775f148ef8) transitioned into state 'SUCCESS' from state 'RUNNING' with result '{'volume_id': '2918ba1c-c7f5-43ea-8bed-62ce8a798040', 'volume_properties': VolumeProperties(attach_status='detached',availability_zone='nova',cgsnapshot_id=None,consistencygroup_id=None,display_description=None,display_name='tempest-VolumesActionsTest-Volume-38586411',encryption_key_id=None,group_id=None,group_type_id=<?>,metadata={},multiattach=False,project_id='79b022b216a044608d2f6efdd774148f',qos_specs=None,replication_status=<?>,reservations=['11e6638e-2824-41da-b95e-d6309ba9a94a','c90d191b-3af4-4f21-ac26-ae5896ce116c','b1a19ed6-c22f-4efc-8415-3924bd9627a0','2230a557-14a5-4c88-8854-c741a8677509'],size=1,snapshot_id=None,source_replicaid=<?>,source_volid=None,status='creating',user_id='5d39bc7f8d884f7bb7611b98e5f94ddf',volume_type_id=d66aa7ff-beb1-460b-b9db-a0c82ee93766), 'volume': Volume(_name_id=None,admin_metadata=<?>,attach_status='detached',availability_zone='nova',bootable=False,cluster=<?>,cluster_name=None,consistencygroup=<?>,consistencygroup_id=None,created_at=2022-05-14T17:08:26Z,deleted=False,deleted_at=None,display_description=None,display_name='tempest-VolumesActionsTest-Volume-38586411',ec2_id=None,encryption_key_id=None,glance_metadata=<?>,group=<?>,group_id=None,host=None,id=2918ba1c-c7f5-43ea-8bed-62ce8a798040,launched_at=None,metadata={},migration_status=None,multiattach=False,previous_status=None,project_id='79b022b216a044608d2f6efdd774148f',provider_auth=None,provider_geometry=None,provider_id=None,provider_location=None,replication_driver_data=None,replication_extended_status=None,replication_status=None,scheduled_at=None,service_uuid=None,shared_targets=True,size=1,snapshot_id=None,snapshots=<?>,source_volid=None,status='creating',terminated_at=None,updated_at=None,use_quota=True,user_id='5d39bc7f8d884f7bb7611b98e5f94ddf',volume_attachment=VolumeAttachmentList,volume_type=VolumeType(d66aa7ff-beb1-460b-b9db-a0c82ee93766),volume_type_id=d66aa7ff-beb1-460b-b9db-a0c82ee93766)}' {{(pid=110864) _task_receiver /usr/local/lib/python3.8/dist-packages/taskflow/listeners/logging.py:178}}
May 14 17:08:26.398730 dv-cinder-841745-1-smb devstack@c-api.service[110864]: DEBUG cinder.volume.api [None req-e2ba73d7-f085-48af-874c-6d56129e8715 tempest-VolumesActionsTest-69756531 tempest-VolumesActionsTest-69756531-project] Task 'cinder.volume.flows.api.create_volume.QuotaCommitTask;volume:create' (0bc39214-03f9-484c-a120-37a80d0bb8a8) transitioned into state 'RUNNING' from state 'PENDING' {{(pid=110864) _task_receiver /usr/local/lib/python3.8/dist-packages/taskflow/listeners/logging.py:190}}
