May 13 12:54:02.039109 dv-cinder-841644-1-smb devstack@c-api.service[116532]: DEBUG cinder.volume.api [None req-af728486-de7d-48ee-b74e-c03d37b00fd1 tempest-VolumesTestJSON-2000722189 tempest-VolumesTestJSON-2000722189-project] Task 'cinder.volume.flows.api.create_volume.QuotaReserveTask;volume:create' (e8d3bb23-8c85-467e-b6e8-8cdc98541dd2) transitioned into state 'SUCCESS' from state 'RUNNING' with result '{'reservations': ['dab9fa68-3f76-4210-aeb6-e880f1ca5063', '9d3a5b00-3739-4218-8800-e4af27109787', 'a75a2721-86d0-4463-ac8b-23c3745a7a97', '9566aceb-d7a0-4845-bafb-daa7a0304c52']}' {{(pid=116532) _task_receiver /usr/local/lib/python3.8/dist-packages/taskflow/listeners/logging.py:178}}
May 13 12:54:02.045792 dv-cinder-841644-1-smb devstack@c-api.service[116532]: DEBUG cinder.volume.api [None req-af728486-de7d-48ee-b74e-c03d37b00fd1 tempest-VolumesTestJSON-2000722189 tempest-VolumesTestJSON-2000722189-project] Task 'cinder.volume.flows.api.create_volume.EntryCreateTask;volume:create' (aa069d44-df19-48a0-a6a6-defdb4d6b6eb) transitioned into state 'RUNNING' from state 'PENDING' {{(pid=116532) _task_receiver /usr/local/lib/python3.8/dist-packages/taskflow/listeners/logging.py:190}}
May 13 12:54:02.053511 dv-cinder-841644-1-smb devstack@c-api.service[116531]: /usr/local/lib/python3.8/dist-packages/oslo_context/context.py:100: DeprecationWarning: Policy enforcement is depending on the value of is_admin. This key is deprecated. Please update your policy file to use the standard policy values.
May 13 12:54:02.053511 dv-cinder-841644-1-smb devstack@c-api.service[116531]: warnings.warn('Policy enforcement is depending on the value of '
May 13 12:54:02.067526 dv-cinder-841644-1-smb devstack@c-api.service[116531]: INFO cinder.volume.api [req-1bbc6c61-091c-4312-b137-e3a2cf1acc7b req-eb0c748f-bdac-47ba-8a22-6588bdbca829 tempest-VolumesGetTestJSON-965450099 tempest-VolumesGetTestJSON-965450099-project] Volume info retrieved successfully.
May 13 12:54:02.093623 dv-cinder-841644-1-smb devstack@c-api.service[116531]: INFO cinder.api.openstack.wsgi [req-1bbc6c61-091c-4312-b137-e3a2cf1acc7b req-eb0c748f-bdac-47ba-8a22-6588bdbca829 tempest-VolumesGetTestJSON-965450099 tempest-VolumesGetTestJSON-965450099-project] http://10.222.0.59/volume/v3/60da80dd02c142acb0e203708edc3e8a/volumes/e3eae434-542e-4a28-97df-620cfc4f99d0 returned with HTTP 200
May 13 12:54:02.097240 dv-cinder-841644-1-smb devstack@c-api.service[116531]: [pid: 116531|app: 0|req: 12/22] 10.222.0.59 () {60 vars in 1578 bytes} [Fri May 13 12:54:01 2022] GET /volume/v3/60da80dd02c142acb0e203708edc3e8a/volumes/e3eae434-542e-4a28-97df-620cfc4f99d0 => generated 923 bytes in 104 msecs (HTTP/1.1 200) 7 headers in 285 bytes (1 switches on core 0)
May 13 12:54:02.100161 dv-cinder-841644-1-smb devstack@c-api.service[116532]: DEBUG cinder.volume.api [None req-af728486-de7d-48ee-b74e-c03d37b00fd1 tempest-VolumesTestJSON-2000722189 tempest-VolumesTestJSON-2000722189-project] Task 'cinder.volume.flows.api.create_volume.EntryCreateTask;volume:create' (aa069d44-df19-48a0-a6a6-defdb4d6b6eb) transitioned into state 'SUCCESS' from state 'RUNNING' with result '{'volume_id': 'ae4227b4-94e7-4648-b9b3-d05d75040f8b', 'volume_properties': VolumeProperties(attach_status='detached',availability_zone='nova',cgsnapshot_id=None,consistencygroup_id=None,display_description=None,display_name='tempest-VolumesTestJSON-volume-455086339',encryption_key_id=None,group_id=None,group_type_id=,metadata={Type='work'},multiattach=False,project_id='366c4a6fe9474e4a81bf663a1174337c',qos_specs=None,replication_status=,reservations=['dab9fa68-3f76-4210-aeb6-e880f1ca5063','9d3a5b00-3739-4218-8800-e4af27109787','a75a2721-86d0-4463-ac8b-23c3745a7a97','9566aceb-d7a0-4845-bafb-daa7a0304c52'],size=1,snapshot_id=None,source_replicaid=,source_volid=None,status='creating',user_id='ae1f3892c0f64dbeab470acbde95ed27',volume_type_id=d4d7641f-cb0b-4550-b12c-20f089fbfadf), 'volume': Volume(_name_id=None,admin_metadata=,attach_status='detached',availability_zone='nova',bootable=False,cluster=,cluster_name=None,consistencygroup=,consistencygroup_id=None,created_at=2022-05-13T12:54:02Z,deleted=False,deleted_at=None,display_description=None,display_name='tempest-VolumesTestJSON-volume-455086339',ec2_id=None,encryption_key_id=None,glance_metadata=,group=,group_id=None,host=None,id=ae4227b4-94e7-4648-b9b3-d05d75040f8b,launched_at=None,metadata={Type='work'},migration_status=None,multiattach=False,previous_status=None,project_id='366c4a6fe9474e4a81bf663a1174337c',provider_auth=None,provider_geometry=None,provider_id=None,provider_location=None,replication_driver_data=None,replication_extended_status=None,replication_status=None,scheduled_at=None,service_uuid=None,shared_targets=True,size=1,snapshot_id=None,snapshots=,source_volid=None,status='creating',terminated_at=None,updated_at=None,use_quota=True,user_id='ae1f3892c0f64dbeab470acbde95ed27',volume_attachment=VolumeAttachmentList,volume_type=VolumeType(d4d7641f-cb0b-4550-b12c-20f089fbfadf),volume_type_id=d4d7641f-cb0b-4550-b12c-20f089fbfadf)}' {{(pid=116532) _task_receiver /usr/local/lib/python3.8/dist-packages/taskflow/listeners/logging.py:178}}
May 13 12:54:02.106662 dv-cinder-841644-1-smb devstack@c-api.service[116531]: DEBUG cinder.api.middleware.request_id [req-22277397-b98e-479c-ac32-5756933af375 req-c8ccf5b5-65ac-49b7-a9ef-2d9c6f1210d5 None None] RequestId filter calling following filter/app {{(pid=116531) _context_setter /opt/stack/cinder/cinder/api/middleware/request_id.py:62}}
May 13 12:54:02.106808 dv-cinder-841644-1-smb devstack@c-api.service[116532]: DEBUG cinder.volume.api [None req-af728486-de7d-48ee-b74e-c03d37b00fd1 tempest-VolumesTestJSON-2000722189 tempest-VolumesTestJSON-2000722189-project] Task 'cinder.volume.flows.api.create_volume.QuotaCommitTask;volume:create' (c51aa682-78e6-44b6-9081-59894f4892f4) transitioned into state 'RUNNING' from state 'PENDING' {{(pid=116532) _task_receiver /usr/local/lib/python3.8/dist-packages/taskflow/listeners/logging.py:190}}
May 13 12:54:02.113779 dv-cinder-841644-1-smb devstack@c-api.service[116531]: INFO cinder.api.openstack.wsgi [req-22277397-b98e-479c-ac32-5756933af375 req-c8ccf5b5-65ac-49b7-a9ef-2d9c6f1210d5 tempest-VolumesSnapshotsTestJSON-1713733623 tempest-VolumesSnapshotsTestJSON-1713733623-project] GET http://10.222.0.59/volume/v3/6944ace62e2e47448fe8ded932adbad5/snapshots/cf8e6412-8fca-4829-833e-2d9958a18c82
May 13 12:54:02.114248 dv-cinder-841644-1-smb devstack@c-api.service[116531]: DEBUG cinder.api.openstack.wsgi [req-22277397-b98e-479c-ac32-5756933af375 req-c8ccf5b5-65ac-49b7-a9ef-2d9c6f1210d5 tempest-VolumesSnapshotsTestJSON-1713733623 tempest-VolumesSnapshotsTestJSON-1713733623-project] Empty body provided in request {{(pid=116531) get_body /opt/stack/cinder/cinder/api/openstack/wsgi.py:715}}
May 13 12:54:02.116893 dv-cinder-841644-1-smb devstack@c-api.service[116531]: DEBUG cinder.api.openstack.wsgi [req-22277397-b98e-479c-ac32-5756933af375 req-c8ccf5b5-65ac-49b7-a9ef-2d9c6f1210d5 tempest-VolumesSnapshotsTestJSON-1713733623 tempest-VolumesSnapshotsTestJSON-1713733623-project] Calling method 'show' {{(pid=116531) _process_stack /opt/stack/cinder/cinder/api/openstack/wsgi.py:868}}
May 13 12:54:02.138189 dv-cinder-841644-1-smb devstack@c-api.service[116531]: /usr/local/lib/python3.8/dist-packages/oslo_context/context.py:100: DeprecationWarning: Policy enforcement is depending on the value of is_admin. This key is deprecated. Please update your policy file to use the standard policy values.
May 13 12:54:02.138189 dv-cinder-841644-1-smb devstack@c-api.service[116531]: warnings.warn('Policy enforcement is depending on the value of '
May 13 12:54:02.138754 dv-cinder-841644-1-smb devstack@c-api.service[116532]: DEBUG cinder.volume.api [None req-af728486-de7d-48ee-b74e-c03d37b00fd1 tempest-VolumesTestJSON-2000722189 tempest-VolumesTestJSON-2000722189-project] Task 'cinder.volume.flows.api.create_volume.QuotaCommitTask;volume:create' (c51aa682-78e6-44b6-9081-59894f4892f4) transitioned into state 'SUCCESS' from state 'RUNNING' with result '{'volume_properties': VolumeProperties(attach_status='detached',availability_zone='nova',cgsnapshot_id=None,consistencygroup_id=None,display_description=None,display_name='tempest-VolumesTestJSON-volume-455086339',encryption_key_id=None,group_id=None,group_type_id=,metadata={Type='work'},multiattach=False,project_id='366c4a6fe9474e4a81bf663a1174337c',qos_specs=None,replication_status=,reservations=['dab9fa68-3f76-4210-aeb6-e880f1ca5063','9d3a5b00-3739-4218-8800-e4af27109787','a75a2721-86d0-4463-ac8b-23c3745a7a97','9566aceb-d7a0-4845-bafb-daa7a0304c52'],size=1,snapshot_id=None,source_replicaid=,source_volid=None,status='creating',user_id='ae1f3892c0f64dbeab470acbde95ed27',volume_type_id=d4d7641f-cb0b-4550-b12c-20f089fbfadf)}' {{(pid=116532) _task_receiver /usr/local/lib/python3.8/dist-packages/taskflow/listeners/logging.py:178}}
May 13 12:54:02.139152 dv-cinder-841644-1-smb devstack@c-api.service[116531]: INFO cinder.volume.api [req-22277397-b98e-479c-ac32-5756933af375 req-c8ccf5b5-65ac-49b7-a9ef-2d9c6f1210d5 tempest-VolumesSnapshotsTestJSON-1713733623 tempest-VolumesSnapshotsTestJSON-1713733623-project] Snapshot retrieved successfully.
May 13 12:54:02.141947 dv-cinder-841644-1-smb devstack@c-api.service[116532]: DEBUG cinder.volume.api [None req-af728486-de7d-48ee-b74e-c03d37b00fd1 tempest-VolumesTestJSON-2000722189 tempest-VolumesTestJSON-2000722189-project] Task 'cinder.volume.flows.api.create_volume.VolumeCastTask;volume:create' (b07d4311-66d1-456b-8b14-4ab3d0497c9d) transitioned into state 'RUNNING' from state 'PENDING' {{(pid=116532) _task_receiver /usr/local/lib/python3.8/dist-packages/taskflow/listeners/logging.py:190}}
May 13 12:54:02.149982 dv-cinder-841644-1-smb devstack@c-api.service[116531]: INFO cinder.api.openstack.wsgi [req-22277397-b98e-479c-ac32-5756933af375 req-c8ccf5b5-65ac-49b7-a9ef-2d9c6f1210d5 tempest-VolumesSnapshotsTestJSON-1713733623 tempest-VolumesSnapshotsTestJSON-1713733623-project] http://10.222.0.59/volume/v3/6944ace62e2e47448fe8ded932adbad5/snapshots/cf8e6412-8fca-4829-833e-2d9958a18c82 returned with HTTP 200
May 13 12:54:02.151016 dv-cinder-841644-1-smb devstack@c-api.service[116531]: [pid: 116531|app: 0|req: 13/23] 10.222.0.59 () {60 vars in 1584 bytes} [Fri May 13 12:54:02 2022] GET /volume/v3/6944ace62e2e47448fe8ded932adbad5/snapshots/cf8e6412-8fca-4829-833e-2d9958a18c82 => generated 442 bytes in 53 msecs (HTTP/1.1 200) 7 headers in 285 bytes (1 switches on core 0)
May 13 12:54:02.189995 dv-cinder-841644-1-smb devstack@c-api.service[116531]: DEBUG cinder.api.middleware.request_id [req-80056ed3-3303-4c15-b90d-874f30396c14 req-5c0dd514-3128-4c5b-bc86-b2b8df4e1264 None None] RequestId filter calling following filter/app {{(pid=116531) _context_setter /opt/stack/cinder/cinder/api/middleware/request_id.py:62}}
May 13 12:54:02.195678 dv-cinder-841644-1-smb devstack@c-api.service[116531]: INFO cinder.api.openstack.wsgi [req-80056ed3-3303-4c15-b90d-874f30396c14 req-5c0dd514-3128-4c5b-bc86-b2b8df4e1264 tempest-VolumesSnapshotsTestJSON-1713733623 tempest-VolumesSnapshotsTestJSON-1713733623-project] GET http://10.222.0.59/volume/v3/6944ace62e2e47448fe8ded932adbad5/snapshots/detail
May 13 12:54:02.195990 dv-cinder-841644-1-smb devstack@c-api.service[116531]: DEBUG cinder.api.openstack.wsgi [req-80056ed3-3303-4c15-b90d-874f30396c14 req-5c0dd514-3128-4c5b-bc86-b2b8df4e1264 tempest-VolumesSnapshotsTestJSON-1713733623 tempest-VolumesSnapshotsTestJSON-1713733623-project] Empty body provided in request {{(pid=116531) get_body /opt/stack/cinder/cinder/api/openstack/wsgi.py:715}}
May 13 12:54:02.196369 dv-cinder-841644-1-smb devstack@c-api.service[116531]: DEBUG cinder.api.openstack.wsgi [req-80056ed3-3303-4c15-b90d-874f30396c14 req-5c0dd514-3128-4c5b-bc86-b2b8df4e1264 tempest-VolumesSnapshotsTestJSON-1713733623 tempest-VolumesSnapshotsTestJSON-1713733623-project] Calling method 'detail' {{(pid=116531) _process_stack /opt/stack/cinder/cinder/api/openstack/wsgi.py:868}}
May 13 12:54:02.196992 dv-cinder-841644-1-smb devstack@c-api.service[116531]: DEBUG cinder.api.api_utils [req-80056ed3-3303-4c15-b90d-874f30396c14 req-5c0dd514-3128-4c5b-bc86-b2b8df4e1264 tempest-VolumesSnapshotsTestJSON-1713733623 tempest-VolumesSnapshotsTestJSON-1713733623-project] Removing options '' from query. {{(pid=116531) remove_invalid_filter_options /opt/stack/cinder/cinder/api/api_utils.py:73}}
May 13 12:54:02.199133 dv-cinder-841644-1-smb devstack@c-api.service[116531]: DEBUG cinder.db.sqlalchemy.api [req-80056ed3-3303-4c15-b90d-874f30396c14 req-5c0dd514-3128-4c5b-bc86-b2b8df4e1264 tempest-VolumesSnapshotsTestJSON-1713733623 tempest-VolumesSnapshotsTestJSON-1713733623-project] Building query based on filter {{(pid=116531) _process_snaps_filters /opt/stack/cinder/cinder/db/sqlalchemy/api.py:3550}}
May 13 12:54:02.208462 dv-cinder-841644-1-smb devstack@c-api.service[116532]: DEBUG cinder.volume.api [None req-af728486-de7d-48ee-b74e-c03d37b00fd1 tempest-VolumesTestJSON-2000722189 tempest-VolumesTestJSON-2000722189-project] Task 'cinder.volume.flows.api.create_volume.VolumeCastTask;volume:create' (b07d4311-66d1-456b-8b14-4ab3d0497c9d) transitioned into state 'SUCCESS' from state 'RUNNING' with result 'None' {{(pid=116532) _task_receiver /usr/local/lib/python3.8/dist-packages/taskflow/listeners/logging.py:178}}
May 13 12:54:02.220457 dv-cinder-841644-1-smb devstack@c-api.service[116532]: DEBUG cinder.volume.api [None req-af728486-de7d-48ee-b74e-c03d37b00fd1 tempest-VolumesTestJSON-2000722189 tempest-VolumesTestJSON-2000722189-project] Flow 'volume_create_api' (b7c4bbf3-40d3-4521-aa42-a7a4f69b28a5) transitioned into state 'SUCCESS' from state 'RUNNING' {{(pid=116532) _flow_receiver /usr/local/lib/python3.8/dist-packages/taskflow/listeners/logging.py:141}}
May 13 12:54:02.221419 dv-cinder-841644-1-smb devstack@c-api.service[116532]: INFO cinder.volume.api [None req-af728486-de7d-48ee-b74e-c03d37b00fd1 tempest-VolumesTestJSON-2000722189 tempest-VolumesTestJSON-2000722189-project] Create volume request issued successfully.
May 13 12:54:02.223535 dv-cinder-841644-1-smb devstack@c-api.service[116532]: INFO cinder.api.openstack.wsgi [None req-af728486-de7d-48ee-b74e-c03d37b00fd1 tempest-VolumesTestJSON-2000722189 tempest-VolumesTestJSON-2000722189-project] http://10.222.0.59/volume/v3/366c4a6fe9474e4a81bf663a1174337c/volumes returned with HTTP 202
May 13 12:54:02.234444 dv-cinder-841644-1-smb devstack@c-api.service[116532]: [pid: 116532|app: 0|req: 11/24] 10.222.0.59 () {60 vars in 1235 bytes} [Fri May 13 12:54:01 2022] POST /volume/v3/366c4a6fe9474e4a81bf663a1174337c/volumes => generated 828 bytes in 383 msecs (HTTP/1.1 202) 7 headers in 291 bytes (1 switches on core 0)
May 13 12:54:02.242163 dv-cinder-841644-1-smb devstack@c-api.service[116532]: DEBUG cinder.api.middleware.request_id [None req-1879f315-cd7c-48cb-8451-2ef941e5391d None None] RequestId filter calling following filter/app {{(pid=116532) _context_setter /opt/stack/cinder/cinder/api/middleware/request_id.py:62}}
May 13 12:54:02.247095 dv-cinder-841644-1-smb devstack@c-api.service[116532]: INFO cinder.api.openstack.wsgi [None req-1879f315-cd7c-48cb-8451-2ef941e5391d tempest-VolumesTestJSON-2000722189 tempest-VolumesTestJSON-2000722189-project] GET http://10.222.0.59/volume/v3/366c4a6fe9474e4a81bf663a1174337c/volumes/ae4227b4-94e7-4648-b9b3-d05d75040f8b
May 13 12:54:02.247600 dv-cinder-841644-1-smb devstack@c-api.service[116532]: DEBUG cinder.api.openstack.wsgi [None req-1879f315-cd7c-48cb-8451-2ef941e5391d tempest-VolumesTestJSON-2000722189 tempest-VolumesTestJSON-2000722189-project] Empty body provided in request {{(pid=116532) get_body /opt/stack/cinder/cinder/api/openstack/wsgi.py:715}}
May 13 12:54:02.248056 dv-cinder-841644-1-smb devstack@c-api.service[116532]: DEBUG cinder.api.openstack.wsgi [None req-1879f315-cd7c-48cb-8451-2ef941e5391d tempest-VolumesTestJSON-2000722189 tempest-VolumesTestJSON-2000722189-project] Calling method 'show' {{(pid=116532) _process_stack /opt/stack/cinder/cinder/api/openstack/wsgi.py:868}}
May 13 12:54:02.264316 dv-cinder-841644-1-smb devstack@c-api.service[116531]: INFO cinder.volume.api [req-80056ed3-3303-4c15-b90d-874f30396c14 req-5c0dd514-3128-4c5b-bc86-b2b8df4e1264 tempest-VolumesSnapshotsTestJSON-1713733623 tempest-VolumesSnapshotsTestJSON-1713733623-project] Get all snapshots completed successfully.
May 13 12:54:02.269370 dv-cinder-841644-1-smb devstack@c-api.service[116531]: /usr/local/lib/python3.8/dist-packages/oslo_context/context.py:100: DeprecationWarning: Policy enforcement is depending on the value of is_admin. This key is deprecated. Please update your policy file to use the standard policy values.
May 13 12:54:02.269370 dv-cinder-841644-1-smb devstack@c-api.service[116531]: warnings.warn('Policy enforcement is depending on the value of '
May 13 12:54:02.273604 dv-cinder-841644-1-smb devstack@c-api.service[116531]: INFO cinder.api.openstack.wsgi [req-80056ed3-3303-4c15-b90d-874f30396c14 req-5c0dd514-3128-4c5b-bc86-b2b8df4e1264 tempest-VolumesSnapshotsTestJSON-1713733623 tempest-VolumesSnapshotsTestJSON-1713733623-project] http://10.222.0.59/volume/v3/6944ace62e2e47448fe8ded932adbad5/snapshots/detail returned with HTTP 200
May 13 12:54:02.281818 dv-cinder-841644-1-smb devstack@c-api.service[116531]: [pid: 116531|app: 0|req: 14/25] 10.222.0.59 () {60 vars in 1494 bytes} [Fri May 13 12:54:02 2022] GET /volume/v3/6944ace62e2e47448fe8ded932adbad5/snapshots/detail => generated 535 bytes in 92 msecs (HTTP/1.1 200) 7 headers in 285 bytes (1 switches on core 0)
May 13 12:54:02.288111 dv-cinder-841644-1-smb devstack@c-api.service[116532]: /usr/local/lib/python3.8/dist-packages/oslo_context/context.py:100: DeprecationWarning: Policy enforcement is depending on the value of is_admin. This key is deprecated. Please update your policy file to use the standard policy values.
May 13 12:54:02.288111 dv-cinder-841644-1-smb devstack@c-api.service[116532]: warnings.warn('Policy enforcement is depending on the value of '
May 13 12:54:02.301578 dv-cinder-841644-1-smb devstack@c-api.service[116532]: INFO cinder.volume.api [None req-1879f315-cd7c-48cb-8451-2ef941e5391d tempest-VolumesTestJSON-2000722189 tempest-VolumesTestJSON-2000722189-project] Volume info retrieved successfully.
May 13 12:54:02.316011 dv-cinder-841644-1-smb devstack@c-api.service[116531]: DEBUG cinder.api.middleware.request_id [req-61765f34-dd2d-4a4a-8cbd-264d5b4098dc req-e40aa071-8590-4dc1-bbb2-1e9ebb5e684a None None] RequestId filter calling following filter/app {{(pid=116531) _context_setter /opt/stack/cinder/cinder/api/middleware/request_id.py:62}}
May 13 12:54:02.329299 dv-cinder-841644-1-smb devstack@c-api.service[116531]: INFO cinder.api.openstack.wsgi [req-61765f34-dd2d-4a4a-8cbd-264d5b4098dc req-e40aa071-8590-4dc1-bbb2-1e9ebb5e684a tempest-VolumesSnapshotsTestJSON-1713733623 tempest-VolumesSnapshotsTestJSON-1713733623-project] GET http://10.222.0.59/volume/v3/6944ace62e2e47448fe8ded932adbad5/snapshots/cf8e6412-8fca-4829-833e-2d9958a18c82
May 13 12:54:02.329760 dv-cinder-841644-1-smb devstack@c-api.service[116531]: DEBUG cinder.api.openstack.wsgi [req-61765f34-dd2d-4a4a-8cbd-264d5b4098dc req-e40aa071-8590-4dc1-bbb2-1e9ebb5e684a tempest-VolumesSnapshotsTestJSON-1713733623 tempest-VolumesSnapshotsTestJSON-1713733623-project] Empty body provided in request {{(pid=116531) get_body /opt/stack/cinder/cinder/api/openstack/wsgi.py:715}}
May 13 12:54:02.330011 dv-cinder-841644-1-smb devstack@c-api.service[116532]: INFO cinder.api.openstack.wsgi [None req-1879f315-cd7c-48cb-8451-2ef941e5391d tempest-VolumesTestJSON-2000722189 tempest-VolumesTestJSON-2000722189-project] http://10.222.0.59/volume/v3/366c4a6fe9474e4a81bf663a1174337c/volumes/ae4227b4-94e7-4648-b9b3-d05d75040f8b returned with HTTP 200
May 13 12:54:02.330215 dv-cinder-841644-1-smb devstack@c-api.service[116531]: DEBUG cinder.api.openstack.wsgi [req-61765f34-dd2d-4a4a-8cbd-264d5b4098dc req-e40aa071-8590-4dc1-bbb2-1e9ebb5e684a tempest-VolumesSnapshotsTestJSON-1713733623 tempest-VolumesSnapshotsTestJSON-1713733623-project] Calling method 'show' {{(pid=116531) _process_stack /opt/stack/cinder/cinder/api/openstack/wsgi.py:868}}
May 13 12:54:02.332053 dv-cinder-841644-1-smb devstack@c-api.service[116532]: [pid: 116532|app: 0|req: 12/26] 10.222.0.59 () {58 vars in 1324 bytes} [Fri May 13 12:54:02 2022] GET /volume/v3/366c4a6fe9474e4a81bf663a1174337c/volumes/ae4227b4-94e7-4648-b9b3-d05d75040f8b => generated 896 bytes in 91 msecs (HTTP/1.1 200) 7 headers in 285 bytes (1 switches on core 0)
May 13 12:54:02.359827 dv-cinder-841644-1-smb devstack@c-api.service[116531]: /usr/local/lib/python3.8/dist-packages/oslo_context/context.py:100: DeprecationWarning: Policy enforcement is depending on the value of is_admin. This key is deprecated. Please update your policy file to use the standard policy values.
May 13 12:54:02.359827 dv-cinder-841644-1-smb devstack@c-api.service[116531]: warnings.warn('Policy enforcement is depending on the value of '
May 13 12:54:02.364687 dv-cinder-841644-1-smb devstack@c-api.service[116531]: INFO cinder.volume.api [req-61765f34-dd2d-4a4a-8cbd-264d5b4098dc req-e40aa071-8590-4dc1-bbb2-1e9ebb5e684a tempest-VolumesSnapshotsTestJSON-1713733623 tempest-VolumesSnapshotsTestJSON-1713733623-project] Snapshot retrieved successfully.
May 13 12:54:02.370732 dv-cinder-841644-1-smb devstack@c-api.service[116531]: INFO cinder.api.openstack.wsgi [req-61765f34-dd2d-4a4a-8cbd-264d5b4098dc req-e40aa071-8590-4dc1-bbb2-1e9ebb5e684a tempest-VolumesSnapshotsTestJSON-1713733623 tempest-VolumesSnapshotsTestJSON-1713733623-project] http://10.222.0.59/volume/v3/6944ace62e2e47448fe8ded932adbad5/snapshots/cf8e6412-8fca-4829-833e-2d9958a18c82 returned with HTTP 200
May 13 12:54:02.375793 dv-cinder-841644-1-smb devstack@c-api.service[116531]: [pid: 116531|app: 0|req: 15/27] 10.222.0.59 () {60 vars in 1584 bytes} [Fri May 13 12:54:02 2022] GET /volume/v3/6944ace62e2e47448fe8ded932adbad5/snapshots/cf8e6412-8fca-4829-833e-2d9958a18c82 => generated 535 bytes in 64 msecs (HTTP/1.1 200) 7 headers in 285 bytes (1 switches on core 0)
May 13 12:54:02.405184 dv-cinder-841644-1-smb devstack@c-api.service[116532]: DEBUG cinder.api.middleware.request_id [req-472c2d35-d14b-4ded-a003-eb91b2e8c70e req-d358c1a8-2753-4b57-af8e-74218b88742e None None] RequestId filter calling following filter/app {{(pid=116532) _context_setter /opt/stack/cinder/cinder/api/middleware/request_id.py:62}}
May 13 12:54:02.422017 dv-cinder-841644-1-smb devstack@c-api.service[116532]: INFO cinder.api.openstack.wsgi [req-472c2d35-d14b-4ded-a003-eb91b2e8c70e req-d358c1a8-2753-4b57-af8e-74218b88742e tempest-VolumesSnapshotsTestJSON-1713733623 tempest-VolumesSnapshotsTestJSON-1713733623-project] DELETE http://10.222.0.59/volume/v3/6944ace62e2e47448fe8ded932adbad5/snapshots/cf8e6412-8fca-4829-833e-2d9958a18c82
May 13 12:54:02.422337 dv-cinder-841644-1-smb devstack@c-api.service[116532]: DEBUG cinder.api.openstack.wsgi [req-472c2d35-d14b-4ded-a003-eb91b2e8c70e req-d358c1a8-2753-4b57-af8e-74218b88742e tempest-VolumesSnapshotsTestJSON-1713733623 tempest-VolumesSnapshotsTestJSON-1713733623-project] Empty body provided in request {{(pid=116532) get_body /opt/stack/cinder/cinder/api/openstack/wsgi.py:715}}
May 13 12:54:02.423159 dv-cinder-841644-1-smb devstack@c-api.service[116532]: DEBUG cinder.api.openstack.wsgi [req-472c2d35-d14b-4ded-a003-eb91b2e8c70e req-d358c1a8-2753-4b57-af8e-74218b88742e tempest-VolumesSnapshotsTestJSON-1713733623 tempest-VolumesSnapshotsTestJSON-1713733623-project] Calling method 'delete' {{(pid=116532) _process_stack /opt/stack/cinder/cinder/api/openstack/wsgi.py:868}}
May 13 12:54:02.423606 dv-cinder-841644-1-smb devstack@c-api.service[116532]: INFO cinder.api.v2.snapshots [req-472c2d35-d14b-4ded-a003-eb91b2e8c70e req-d358c1a8-2753-4b57-af8e-74218b88742e tempest-VolumesSnapshotsTestJSON-1713733623 tempest-VolumesSnapshotsTestJSON-1713733623-project] Delete snapshot with id: cf8e6412-8fca-4829-833e-2d9958a18c82
May 13 12:54:02.487910 dv-cinder-841644-1-smb devstack@c-api.service[116532]: /usr/local/lib/python3.8/dist-packages/oslo_context/context.py:100: DeprecationWarning: Policy enforcement is depending on the value of is_admin. This key is deprecated. Please update your policy file to use the standard policy values.
May 13 12:54:02.487910 dv-cinder-841644-1-smb devstack@c-api.service[116532]: warnings.warn('Policy enforcement is depending on the value of '
May 13 12:54:02.489134 dv-cinder-841644-1-smb devstack@c-api.service[116532]: INFO cinder.volume.api [req-472c2d35-d14b-4ded-a003-eb91b2e8c70e req-d358c1a8-2753-4b57-af8e-74218b88742e tempest-VolumesSnapshotsTestJSON-1713733623 tempest-VolumesSnapshotsTestJSON-1713733623-project] Snapshot retrieved successfully.
May 13 12:54:02.537513 dv-cinder-841644-1-smb devstack@c-api.service[116532]: INFO cinder.volume.api [req-472c2d35-d14b-4ded-a003-eb91b2e8c70e req-d358c1a8-2753-4b57-af8e-74218b88742e tempest-VolumesSnapshotsTestJSON-1713733623 tempest-VolumesSnapshotsTestJSON-1713733623-project] Snapshot delete request issued successfully.
May 13 12:54:02.539359 dv-cinder-841644-1-smb devstack@c-api.service[116532]: INFO cinder.api.openstack.wsgi [req-472c2d35-d14b-4ded-a003-eb91b2e8c70e req-d358c1a8-2753-4b57-af8e-74218b88742e tempest-VolumesSnapshotsTestJSON-1713733623 tempest-VolumesSnapshotsTestJSON-1713733623-project] http://10.222.0.59/volume/v3/6944ace62e2e47448fe8ded932adbad5/snapshots/cf8e6412-8fca-4829-833e-2d9958a18c82 returned with HTTP 202
May 13 12:54:02.540123 dv-cinder-841644-1-smb devstack@c-api.service[116532]: [pid: 116532|app: 0|req: 13/28] 10.222.0.59 () {62 vars in 1606 bytes} [Fri May 13 12:54:02 2022] DELETE /volume/v3/6944ace62e2e47448fe8ded932adbad5/snapshots/cf8e6412-8fca-4829-833e-2d9958a18c82 => generated 0 bytes in 136 msecs (HTTP/1.1 202) 6 headers in 233 bytes (1 switches on core 0)
May 13 12:54:02.569217 dv-cinder-841644-1-smb devstack@c-api.service[116531]: DEBUG cinder.api.middleware.request_id [req-a493514c-7cec-46b9-9b3d-d58d81fde752 req-eba0305e-a90c-4d33-80e1-709f0ea6c351 None None] RequestId filter calling following filter/app {{(pid=116531) _context_setter /opt/stack/cinder/cinder/api/middleware/request_id.py:62}}
May 13 12:54:02.574333 dv-cinder-841644-1-smb devstack@c-api.service[116531]: INFO cinder.api.openstack.wsgi [req-a493514c-7cec-46b9-9b3d-d58d81fde752 req-eba0305e-a90c-4d33-80e1-709f0ea6c351 tempest-VolumesSnapshotsTestJSON-1713733623 tempest-VolumesSnapshotsTestJSON-1713733623-project] GET http://10.222.0.59/volume/v3/6944ace62e2e47448fe8ded932adbad5/snapshots/cf8e6412-8fca-4829-833e-2d9958a18c82
May 13 12:54:02.575388 dv-cinder-841644-1-smb devstack@c-api.service[116531]: DEBUG cinder.api.openstack.wsgi [req-a493514c-7cec-46b9-9b3d-d58d81fde752 req-eba0305e-a90c-4d33-80e1-709f0ea6c351 tempest-VolumesSnapshotsTestJSON-1713733623 tempest-VolumesSnapshotsTestJSON-1713733623-project] Empty body provided in request {{(pid=116531) get_body /opt/stack/cinder/cinder/api/openstack/wsgi.py:715}}
May 13 12:54:02.575822 dv-cinder-841644-1-smb devstack@c-api.service[116531]: DEBUG cinder.api.openstack.wsgi [req-a493514c-7cec-46b9-9b3d-d58d81fde752 req-eba0305e-a90c-4d33-80e1-709f0ea6c351 tempest-VolumesSnapshotsTestJSON-1713733623 tempest-VolumesSnapshotsTestJSON-1713733623-project] Calling method 'show' {{(pid=116531) _process_stack /opt/stack/cinder/cinder/api/openstack/wsgi.py:868}}
May 13 12:54:02.589626 dv-cinder-841644-1-smb devstack@c-api.service[116531]: /usr/local/lib/python3.8/dist-packages/oslo_context/context.py:100: DeprecationWarning: Policy enforcement is depending on the value of is_admin. This key is deprecated. Please update your policy file to use the standard policy values.
May 13 12:54:02.589626 dv-cinder-841644-1-smb devstack@c-api.service[116531]: warnings.warn('Policy enforcement is depending on the value of '
May 13 12:54:02.591813 dv-cinder-841644-1-smb devstack@c-api.service[116531]: INFO cinder.volume.api [req-a493514c-7cec-46b9-9b3d-d58d81fde752 req-eba0305e-a90c-4d33-80e1-709f0ea6c351 tempest-VolumesSnapshotsTestJSON-1713733623 tempest-VolumesSnapshotsTestJSON-1713733623-project] Snapshot retrieved successfully.
May 13 12:54:02.594229 dv-cinder-841644-1-smb devstack@c-api.service[116531]: INFO cinder.api.openstack.wsgi [req-a493514c-7cec-46b9-9b3d-d58d81fde752 req-eba0305e-a90c-4d33-80e1-709f0ea6c351 tempest-VolumesSnapshotsTestJSON-1713733623 tempest-VolumesSnapshotsTestJSON-1713733623-project] http://10.222.0.59/volume/v3/6944ace62e2e47448fe8ded932adbad5/snapshots/cf8e6412-8fca-4829-833e-2d9958a18c82 returned with HTTP 200
May 13 12:54:02.603021 dv-cinder-841644-1-smb devstack@c-api.service[116531]: [pid: 116531|app: 0|req: 16/29] 10.222.0.59 () {60 vars in 1584 bytes} [Fri May 13 12:54:02 2022] GET /volume/v3/6944ace62e2e47448fe8ded932adbad5/snapshots/cf8e6412-8fca-4829-833e-2d9958a18c82 => generated 534 bytes in 35 msecs (HTTP/1.1 200) 7 headers in 285 bytes (1 switches on core 0)
May 13 12:54:02.757972 dv-cinder-841644-1-smb devstack@c-api.service[116532]: DEBUG cinder.api.middleware.request_id [None req-b89562f7-e01e-466e-b162-bf0465ac6373 None None] RequestId filter calling following filter/app {{(pid=116532) _context_setter /opt/stack/cinder/cinder/api/middleware/request_id.py:62}}
May 13 12:54:02.765838 dv-cinder-841644-1-smb devstack@c-api.service[116532]: INFO cinder.api.openstack.wsgi [None req-b89562f7-e01e-466e-b162-bf0465ac6373 tempest-GroupSnapshotsTest-1846057301 tempest-GroupSnapshotsTest-1846057301-project] GET http://10.222.0.59/volume/v3/ebe5c06d5e2e474b905ce96abc32ce09/groups/6bd6fd08-85f1-4caa-853a-88e1a91c2343
May 13 12:54:02.766701 dv-cinder-841644-1-smb devstack@c-api.service[116532]: DEBUG cinder.api.openstack.wsgi [None req-b89562f7-e01e-466e-b162-bf0465ac6373 tempest-GroupSnapshotsTest-1846057301 tempest-GroupSnapshotsTest-1846057301-project] Empty body provided in request {{(pid=116532) get_body /opt/stack/cinder/cinder/api/openstack/wsgi.py:715}}
May 13 12:54:02.767814 dv-cinder-841644-1-smb devstack@c-api.service[116532]: DEBUG cinder.api.openstack.wsgi [None req-b89562f7-e01e-466e-b162-bf0465ac6373 tempest-GroupSnapshotsTest-1846057301 tempest-GroupSnapshotsTest-1846057301-project] Calling method 'version_select' {{(pid=116532) _process_stack /opt/stack/cinder/cinder/api/openstack/wsgi.py:868}}
May 13 12:54:02.768481 dv-cinder-841644-1-smb devstack@c-api.service[116532]: DEBUG cinder.api.v3.groups [None req-b89562f7-e01e-466e-b162-bf0465ac6373 tempest-GroupSnapshotsTest-1846057301 tempest-GroupSnapshotsTest-1846057301-project] show called for member 6bd6fd08-85f1-4caa-853a-88e1a91c2343 {{(pid=116532) show /opt/stack/cinder/cinder/api/v3/groups.py:58}}
May 13 12:54:02.775210 dv-cinder-841644-1-smb devstack@c-api.service[116532]: /usr/local/lib/python3.8/dist-packages/oslo_context/context.py:100: DeprecationWarning: Policy enforcement is depending on the value of is_admin. This key is deprecated. Please update your policy file to use the standard policy values.
May 13 12:54:02.775210 dv-cinder-841644-1-smb devstack@c-api.service[116532]: warnings.warn('Policy enforcement is depending on the value of '
May 13 12:54:02.826740 dv-cinder-841644-1-smb devstack@c-api.service[116532]: INFO cinder.api.openstack.wsgi [None req-b89562f7-e01e-466e-b162-bf0465ac6373 tempest-GroupSnapshotsTest-1846057301 tempest-GroupSnapshotsTest-1846057301-project] http://10.222.0.59/volume/v3/ebe5c06d5e2e474b905ce96abc32ce09/groups/6bd6fd08-85f1-4caa-853a-88e1a91c2343 returned with HTTP 200
May 13 12:54:02.828707 dv-cinder-841644-1-smb devstack@c-api.service[116532]: [pid: 116532|app: 0|req: 14/30] 10.222.0.59 () {60 vars in 1362 bytes} [Fri May 13 12:54:02 2022] GET /volume/v3/ebe5c06d5e2e474b905ce96abc32ce09/groups/6bd6fd08-85f1-4caa-853a-88e1a91c2343 => generated 393 bytes in 72 msecs (HTTP/1.1 200) 7 headers in 286 bytes (1 switches on core 0)
May 13 12:54:02.836613 dv-cinder-841644-1-smb devstack@c-api.service[116531]: DEBUG cinder.api.middleware.request_id [None req-0e967992-6ac4-4ea3-b616-f1b7de8f4d1f None None] RequestId filter calling following filter/app {{(pid=116531) _context_setter /opt/stack/cinder/cinder/api/middleware/request_id.py:62}}
May 13 12:54:02.842507 dv-cinder-841644-1-smb devstack@c-api.service[116531]: INFO cinder.api.openstack.wsgi [None req-0e967992-6ac4-4ea3-b616-f1b7de8f4d1f tempest-GroupSnapshotsTest-1846057301 tempest-GroupSnapshotsTest-1846057301-project] POST http://10.222.0.59/volume/v3/ebe5c06d5e2e474b905ce96abc32ce09/volumes
May 13 12:54:02.844399 dv-cinder-841644-1-smb devstack@c-api.service[116531]: DEBUG cinder.api.openstack.wsgi [None req-0e967992-6ac4-4ea3-b616-f1b7de8f4d1f tempest-GroupSnapshotsTest-1846057301 tempest-GroupSnapshotsTest-1846057301-project] Action: 'create', calling method: create, body: {"volume": {"volume_type": "0d6e5c19-016c-4597-bf9f-5054aa05aefe", "group_id": "6bd6fd08-85f1-4caa-853a-88e1a91c2343", "size": 1, "name": "tempest-GroupSnapshotsTest-Volume-1891130448"}} {{(pid=116531) _process_stack /opt/stack/cinder/cinder/api/openstack/wsgi.py:866}}
May 13 12:54:02.845629 dv-cinder-841644-1-smb devstack@c-api.service[116531]: DEBUG cinder.api.v3.volumes [None req-0e967992-6ac4-4ea3-b616-f1b7de8f4d1f tempest-GroupSnapshotsTest-1846057301 tempest-GroupSnapshotsTest-1846057301-project] Create volume request body: {'volume': {'volume_type': '0d6e5c19-016c-4597-bf9f-5054aa05aefe', 'group_id': '6bd6fd08-85f1-4caa-853a-88e1a91c2343', 'size': 1, 'name': 'tempest-GroupSnapshotsTest-Volume-1891130448'}} {{(pid=116531) create /opt/stack/cinder/cinder/api/v3/volumes.py:298}}
May 13 12:54:02.875581 dv-cinder-841644-1-smb devstack@c-api.service[116531]: /usr/local/lib/python3.8/dist-packages/oslo_context/context.py:100: DeprecationWarning: Policy enforcement is depending on the value of is_admin. This key is deprecated. Please update your policy file to use the standard policy values.
May 13 12:54:02.875581 dv-cinder-841644-1-smb devstack@c-api.service[116531]: warnings.warn('Policy enforcement is depending on the value of '
May 13 12:54:02.879708 dv-cinder-841644-1-smb devstack@c-api.service[116531]: INFO cinder.api.v3.volumes [None req-0e967992-6ac4-4ea3-b616-f1b7de8f4d1f tempest-GroupSnapshotsTest-1846057301 tempest-GroupSnapshotsTest-1846057301-project] Create volume of 1 GB
May 13 12:54:02.911542 dv-cinder-841644-1-smb devstack@c-api.service[116531]: INFO cinder.volume.api [None req-0e967992-6ac4-4ea3-b616-f1b7de8f4d1f tempest-GroupSnapshotsTest-1846057301 tempest-GroupSnapshotsTest-1846057301-project] Availability Zones retrieved successfully.
May 13 12:54:02.941526 dv-cinder-841644-1-smb devstack@c-api.service[116531]: DEBUG cinder.volume.api [None req-0e967992-6ac4-4ea3-b616-f1b7de8f4d1f tempest-GroupSnapshotsTest-1846057301 tempest-GroupSnapshotsTest-1846057301-project] Flow 'volume_create_api' (d6f94f99-039a-4b85-8c43-d154c41b5bd0) transitioned into state 'RUNNING' from state 'PENDING' {{(pid=116531) _flow_receiver /usr/local/lib/python3.8/dist-packages/taskflow/listeners/logging.py:141}}
May 13 12:54:02.946730 dv-cinder-841644-1-smb devstack@c-api.service[116531]: DEBUG cinder.volume.api [None req-0e967992-6ac4-4ea3-b616-f1b7de8f4d1f tempest-GroupSnapshotsTest-1846057301 tempest-GroupSnapshotsTest-1846057301-project] Task 'cinder.volume.flows.api.create_volume.ExtractVolumeRequestTask;volume:create' (55dc8ab1-d6eb-4117-8576-369a25fa61fc) transitioned into state 'RUNNING' from state 'PENDING' {{(pid=116531) _task_receiver /usr/local/lib/python3.8/dist-packages/taskflow/listeners/logging.py:190}}
May 13 12:54:02.950607 dv-cinder-841644-1-smb devstack@c-api.service[116531]: /usr/local/lib/python3.8/dist-packages/oslo_context/context.py:100: DeprecationWarning: Policy enforcement is depending on the value of is_admin. This key is deprecated. Please update your policy file to use the standard policy values.
May 13 12:54:02.950607 dv-cinder-841644-1-smb devstack@c-api.service[116531]: warnings.warn('Policy enforcement is depending on the value of '
May 13 12:54:02.954264 dv-cinder-841644-1-smb devstack@c-api.service[116531]: DEBUG cinder.volume.flows.api.create_volume [None req-0e967992-6ac4-4ea3-b616-f1b7de8f4d1f tempest-GroupSnapshotsTest-1846057301 tempest-GroupSnapshotsTest-1846057301-project] Validating volume size '1' using validate_int {{(pid=116531) _extract_size /opt/stack/cinder/cinder/volume/flows/api/create_volume.py:225}}
May 13 12:54:02.995769 dv-cinder-841644-1-smb devstack@c-api.service[116531]: DEBUG cinder.volume.api [None req-0e967992-6ac4-4ea3-b616-f1b7de8f4d1f tempest-GroupSnapshotsTest-1846057301 tempest-GroupSnapshotsTest-1846057301-project] Task 'cinder.volume.flows.api.create_volume.ExtractVolumeRequestTask;volume:create' (55dc8ab1-d6eb-4117-8576-369a25fa61fc) transitioned into state 'SUCCESS' from state 'RUNNING' with result '{'size': 1, 'snapshot_id': None, 'source_volid': None, 'volume_type': VolumeType(created_at=2022-05-13T12:54:01Z,deleted=False,deleted_at=None,description=None,extra_specs={},id=0d6e5c19-016c-4597-bf9f-5054aa05aefe,is_public=True,name='tempest-GroupSnapshotsTest-volume-type-731169295',projects=[],qos_specs=,qos_specs_id=None,updated_at=None), 'volume_type_id': '0d6e5c19-016c-4597-bf9f-5054aa05aefe', 'encryption_key_id': None, 'qos_specs': None, 'consistencygroup_id': None, 'cgsnapshot_id': None, 'group_id': '6bd6fd08-85f1-4caa-853a-88e1a91c2343', 'replication_status': 'disabled', 'refresh_az': False, 'backup_id': None, 'multiattach': False, 'availability_zones': ['nova']}' {{(pid=116531) _task_receiver /usr/local/lib/python3.8/dist-packages/taskflow/listeners/logging.py:178}}
May 13 12:54:03.000072 dv-cinder-841644-1-smb devstack@c-api.service[116531]: DEBUG cinder.volume.api [None req-0e967992-6ac4-4ea3-b616-f1b7de8f4d1f tempest-GroupSnapshotsTest-1846057301 tempest-GroupSnapshotsTest-1846057301-project] Task 'cinder.volume.flows.api.create_volume.QuotaReserveTask;volume:create' (5c55c5a7-8ff9-41a2-9a88-4ca3488ac15c) transitioned into state 'RUNNING' from state 'PENDING' {{(pid=116531) _task_receiver /usr/local/lib/python3.8/dist-packages/taskflow/listeners/logging.py:190}}
May 13 12:54:03.044627 dv-cinder-841644-1-smb devstack@c-api.service[116531]: WARNING cinder.quota [None req-0e967992-6ac4-4ea3-b616-f1b7de8f4d1f tempest-GroupSnapshotsTest-1846057301 tempest-GroupSnapshotsTest-1846057301-project] Deprecated: Default quota for resource: volumes_tempest-GroupSnapshotsTest-volume-type-731169295 is set by the default quota flag: quota_volumes_tempest-GroupSnapshotsTest-volume-type-731169295, it is now deprecated. Please use the default quota class for default quota.
May 13 12:54:03.047570 dv-cinder-841644-1-smb devstack@c-api.service[116531]: WARNING cinder.quota [None req-0e967992-6ac4-4ea3-b616-f1b7de8f4d1f tempest-GroupSnapshotsTest-1846057301 tempest-GroupSnapshotsTest-1846057301-project] Deprecated: Default quota for resource: gigabytes_tempest-GroupSnapshotsTest-volume-type-731169295 is set by the default quota flag: quota_gigabytes_tempest-GroupSnapshotsTest-volume-type-731169295, it is now deprecated. Please use the default quota class for default quota.
May 13 12:54:03.131030 dv-cinder-841644-1-smb devstack@c-api.service[116532]: DEBUG cinder.api.middleware.request_id [req-5cc639ed-38a4-4d28-93e3-885574331549 req-f18825bf-ec34-42e0-a392-f8aa4cce4e64 None None] RequestId filter calling following filter/app {{(pid=116532) _context_setter /opt/stack/cinder/cinder/api/middleware/request_id.py:62}}
May 13 12:54:03.137324 dv-cinder-841644-1-smb devstack@c-api.service[116532]: INFO cinder.api.openstack.wsgi [req-5cc639ed-38a4-4d28-93e3-885574331549 req-f18825bf-ec34-42e0-a392-f8aa4cce4e64 tempest-VolumesGetTestJSON-965450099 tempest-VolumesGetTestJSON-965450099-project] GET http://10.222.0.59/volume/v3/60da80dd02c142acb0e203708edc3e8a/volumes/e3eae434-542e-4a28-97df-620cfc4f99d0
May 13 12:54:03.137926 dv-cinder-841644-1-smb devstack@c-api.service[116532]: DEBUG cinder.api.openstack.wsgi [req-5cc639ed-38a4-4d28-93e3-885574331549 req-f18825bf-ec34-42e0-a392-f8aa4cce4e64 tempest-VolumesGetTestJSON-965450099 tempest-VolumesGetTestJSON-965450099-project] Empty body provided in request {{(pid=116532) get_body /opt/stack/cinder/cinder/api/openstack/wsgi.py:715}}
May 13 12:54:03.138918 dv-cinder-841644-1-smb devstack@c-api.service[116532]: DEBUG cinder.api.openstack.wsgi [req-5cc639ed-38a4-4d28-93e3-885574331549 req-f18825bf-ec34-42e0-a392-f8aa4cce4e64 tempest-VolumesGetTestJSON-965450099 tempest-VolumesGetTestJSON-965450099-project] Calling method 'show' {{(pid=116532) _process_stack /opt/stack/cinder/cinder/api/openstack/wsgi.py:868}}
May 13 12:54:03.172087 dv-cinder-841644-1-smb devstack@c-api.service[116532]: /usr/local/lib/python3.8/dist-packages/oslo_context/context.py:100: DeprecationWarning: Policy enforcement is depending on the value of is_admin. This key is deprecated. Please update your policy file to use the standard policy values.
May 13 12:54:03.172087 dv-cinder-841644-1-smb devstack@c-api.service[116532]: warnings.warn('Policy enforcement is depending on the value of '
May 13 12:54:03.175238 dv-cinder-841644-1-smb devstack@c-api.service[116531]: DEBUG cinder.quota [None req-0e967992-6ac4-4ea3-b616-f1b7de8f4d1f tempest-GroupSnapshotsTest-1846057301 tempest-GroupSnapshotsTest-1846057301-project] Created reservations ['5afb1cc9-b747-45d1-8650-580c30173fc5', '4042e2e5-1623-4c11-b7ce-fb5db19cb208', 'ec34a64c-4db2-44ad-ab54-9b07a19d30b5', 'e0b44fa2-1436-46d7-ba36-4f6b27d6aa90'] {{(pid=116531) reserve /opt/stack/cinder/cinder/quota.py:755}}
May 13 12:54:03.177631 dv-cinder-841644-1-smb devstack@c-api.service[116531]: DEBUG cinder.volume.api [None req-0e967992-6ac4-4ea3-b616-f1b7de8f4d1f tempest-GroupSnapshotsTest-1846057301 tempest-GroupSnapshotsTest-1846057301-project] Task 'cinder.volume.flows.api.create_volume.QuotaReserveTask;volume:create' (5c55c5a7-8ff9-41a2-9a88-4ca3488ac15c) transitioned into state 'SUCCESS' from state 'RUNNING' with result '{'reservations': ['5afb1cc9-b747-45d1-8650-580c30173fc5', '4042e2e5-1623-4c11-b7ce-fb5db19cb208', 'ec34a64c-4db2-44ad-ab54-9b07a19d30b5', 'e0b44fa2-1436-46d7-ba36-4f6b27d6aa90']}' {{(pid=116531) _task_receiver /usr/local/lib/python3.8/dist-packages/taskflow/listeners/logging.py:178}}
May 13 12:54:03.182434 dv-cinder-841644-1-smb devstack@c-api.service[116531]: DEBUG cinder.volume.api [None req-0e967992-6ac4-4ea3-b616-f1b7de8f4d1f tempest-GroupSnapshotsTest-1846057301 tempest-GroupSnapshotsTest-1846057301-project] Task 'cinder.volume.flows.api.create_volume.EntryCreateTask;volume:create' (aacf9060-9c51-418e-8850-430cea2e26e9) transitioned into state 'RUNNING' from state 'PENDING' {{(pid=116531) _task_receiver /usr/local/lib/python3.8/dist-packages/taskflow/listeners/logging.py:190}}
May 13 12:54:03.192483 dv-cinder-841644-1-smb devstack@c-api.service[116532]: INFO cinder.volume.api [req-5cc639ed-38a4-4d28-93e3-885574331549 req-f18825bf-ec34-42e0-a392-f8aa4cce4e64 tempest-VolumesGetTestJSON-965450099 tempest-VolumesGetTestJSON-965450099-project] Volume info retrieved successfully.
May 13 12:54:03.213921 dv-cinder-841644-1-smb devstack@c-api.service[116532]: INFO cinder.api.openstack.wsgi [req-5cc639ed-38a4-4d28-93e3-885574331549 req-f18825bf-ec34-42e0-a392-f8aa4cce4e64 tempest-VolumesGetTestJSON-965450099 tempest-VolumesGetTestJSON-965450099-project] http://10.222.0.59/volume/v3/60da80dd02c142acb0e203708edc3e8a/volumes/e3eae434-542e-4a28-97df-620cfc4f99d0 returned with HTTP 200
May 13 12:54:03.216058 dv-cinder-841644-1-smb devstack@c-api.service[116532]: [pid: 116532|app: 0|req: 15/31] 10.222.0.59 () {60 vars in 1578 bytes} [Fri May 13 12:54:03 2022] GET /volume/v3/60da80dd02c142acb0e203708edc3e8a/volumes/e3eae434-542e-4a28-97df-620cfc4f99d0 => generated 924 bytes in 87 msecs (HTTP/1.1 200) 7 headers in 285 bytes (2 switches on core 0)
May 13 12:54:03.234009 dv-cinder-841644-1-smb devstack@c-api.service[116531]: DEBUG cinder.volume.api [None req-0e967992-6ac4-4ea3-b616-f1b7de8f4d1f tempest-GroupSnapshotsTest-1846057301 tempest-GroupSnapshotsTest-1846057301-project] Task 'cinder.volume.flows.api.create_volume.EntryCreateTask;volume:create' (aacf9060-9c51-418e-8850-430cea2e26e9) transitioned into state 'SUCCESS' from state 'RUNNING' with result '{'volume_id': '4e30219d-947d-4894-b6ec-aa6ccf78f036', 'volume_properties': VolumeProperties(attach_status='detached',availability_zone='nova',cgsnapshot_id=None,consistencygroup_id=None,display_description=None,display_name='tempest-GroupSnapshotsTest-Volume-1891130448',encryption_key_id=None,group_id=6bd6fd08-85f1-4caa-853a-88e1a91c2343,group_type_id=,metadata={},multiattach=False,project_id='ebe5c06d5e2e474b905ce96abc32ce09',qos_specs=None,replication_status=,reservations=['5afb1cc9-b747-45d1-8650-580c30173fc5','4042e2e5-1623-4c11-b7ce-fb5db19cb208','ec34a64c-4db2-44ad-ab54-9b07a19d30b5','e0b44fa2-1436-46d7-ba36-4f6b27d6aa90'],size=1,snapshot_id=None,source_replicaid=,source_volid=None,status='creating',user_id='3632c4a9c4dc49c5b735b4d0879da519',volume_type_id=0d6e5c19-016c-4597-bf9f-5054aa05aefe), 'volume': Volume(_name_id=None,admin_metadata=,attach_status='detached',availability_zone='nova',bootable=False,cluster=,cluster_name=None,consistencygroup=,consistencygroup_id=None,created_at=2022-05-13T12:54:03Z,deleted=False,deleted_at=None,display_description=None,display_name='tempest-GroupSnapshotsTest-Volume-1891130448',ec2_id=None,encryption_key_id=None,glance_metadata=,group=,group_id=6bd6fd08-85f1-4caa-853a-88e1a91c2343,host=None,id=4e30219d-947d-4894-b6ec-aa6ccf78f036,launched_at=None,metadata={},migration_status=None,multiattach=False,previous_status=None,project_id='ebe5c06d5e2e474b905ce96abc32ce09',provider_auth=None,provider_geometry=None,provider_id=None,provider_location=None,replication_driver_data=None,replication_extended_status=None,replication_status=None,scheduled_at=None,service_uuid=None,shared_targets=True,size=1,snapshot_id=None,snapshots=,source_volid=None,status='creating',terminated_at=None,updated_at=None,use_quota=True,user_id='3632c4a9c4dc49c5b735b4d0879da519',volume_attachment=VolumeAttachmentList,volume_type=VolumeType(0d6e5c19-016c-4597-bf9f-5054aa05aefe),volume_type_id=0d6e5c19-016c-4597-bf9f-5054aa05aefe)}' {{(pid=116531) _task_receiver /usr/local/lib/python3.8/dist-packages/taskflow/listeners/logging.py:178}}
May 13 12:54:03.235897 dv-cinder-841644-1-smb devstack@c-api.service[116531]: DEBUG cinder.volume.api [None req-0e967992-6ac4-4ea3-b616-f1b7de8f4d1f tempest-GroupSnapshotsTest-1846057301 tempest-GroupSnapshotsTest-1846057301-project] Task 'cinder.volume.flows.api.create_volume.QuotaCommitTask;volume:create' (6e9ac9de-9775-4ec1-995f-a90469b1dc8f) transitioned into state 'RUNNING' from state 'PENDING' {{(pid=116531) _task_receiver /usr/local/lib/python3.8/dist-packages/taskflow/listeners/logging.py:190}}
May 13 12:54:03.251217 dv-cinder-841644-1-smb devstack@c-api.service[116532]: DEBUG cinder.api.middleware.request_id [req-39bb00c2-fcbb-4140-8c9d-be1e67f4f1c6 req-3bff1e39-bdb6-44a2-84e5-95aafbbdbc78 None None] RequestId filter calling following filter/app {{(pid=116532) _context_setter /opt/stack/cinder/cinder/api/middleware/request_id.py:62}}
May 13 12:54:03.258113 dv-cinder-841644-1-smb devstack@c-api.service[116532]: INFO cinder.api.openstack.wsgi [req-39bb00c2-fcbb-4140-8c9d-be1e67f4f1c6 req-3bff1e39-bdb6-44a2-84e5-95aafbbdbc78 tempest-VolumesGetTestJSON-965450099 tempest-VolumesGetTestJSON-965450099-project] GET http://10.222.0.59/volume/v3/60da80dd02c142acb0e203708edc3e8a/volumes/e3eae434-542e-4a28-97df-620cfc4f99d0
May 13 12:54:03.259248 dv-cinder-841644-1-smb devstack@c-api.service[116532]: DEBUG cinder.api.openstack.wsgi [req-39bb00c2-fcbb-4140-8c9d-be1e67f4f1c6 req-3bff1e39-bdb6-44a2-84e5-95aafbbdbc78 tempest-VolumesGetTestJSON-965450099 tempest-VolumesGetTestJSON-965450099-project] Empty body provided in request {{(pid=116532) get_body /opt/stack/cinder/cinder/api/openstack/wsgi.py:715}}
May 13 12:54:03.261260 dv-cinder-841644-1-smb devstack@c-api.service[116532]: DEBUG cinder.api.openstack.wsgi [req-39bb00c2-fcbb-4140-8c9d-be1e67f4f1c6 req-3bff1e39-bdb6-44a2-84e5-95aafbbdbc78 tempest-VolumesGetTestJSON-965450099 tempest-VolumesGetTestJSON-965450099-project] Calling method 'show' {{(pid=116532) _process_stack /opt/stack/cinder/cinder/api/openstack/wsgi.py:868}}
May 13 12:54:03.266276 dv-cinder-841644-1-smb devstack@c-api.service[116531]: DEBUG cinder.volume.api [None req-0e967992-6ac4-4ea3-b616-f1b7de8f4d1f tempest-GroupSnapshotsTest-1846057301 tempest-GroupSnapshotsTest-1846057301-project] Task 'cinder.volume.flows.api.create_volume.QuotaCommitTask;volume:create' (6e9ac9de-9775-4ec1-995f-a90469b1dc8f) transitioned into state 'SUCCESS' from state 'RUNNING' with result '{'volume_properties': VolumeProperties(attach_status='detached',availability_zone='nova',cgsnapshot_id=None,consistencygroup_id=None,display_description=None,display_name='tempest-GroupSnapshotsTest-Volume-1891130448',encryption_key_id=None,group_id=6bd6fd08-85f1-4caa-853a-88e1a91c2343,group_type_id=,metadata={},multiattach=False,project_id='ebe5c06d5e2e474b905ce96abc32ce09',qos_specs=None,replication_status=,reservations=['5afb1cc9-b747-45d1-8650-580c30173fc5','4042e2e5-1623-4c11-b7ce-fb5db19cb208','ec34a64c-4db2-44ad-ab54-9b07a19d30b5','e0b44fa2-1436-46d7-ba36-4f6b27d6aa90'],size=1,snapshot_id=None,source_replicaid=,source_volid=None,status='creating',user_id='3632c4a9c4dc49c5b735b4d0879da519',volume_type_id=0d6e5c19-016c-4597-bf9f-5054aa05aefe)}' {{(pid=116531) _task_receiver /usr/local/lib/python3.8/dist-packages/taskflow/listeners/logging.py:178}}
