May 13 12:54:52.733293 dv-cinder-841644-1-iscsi devstack@c-api.service[116554]: DEBUG cinder.api.openstack.wsgi [None req-826111b2-c3a4-4b5d-83eb-582d50339514 tempest-QosSpecsTestJSON-1948227342 tempest-QosSpecsTestJSON-1948227342-project-admin] Empty body provided in request {{(pid=116554) get_body /opt/stack/cinder/cinder/api/openstack/wsgi.py:715}}
May 13 12:54:52.736073 dv-cinder-841644-1-iscsi devstack@c-api.service[116554]: DEBUG cinder.api.openstack.wsgi [None req-826111b2-c3a4-4b5d-83eb-582d50339514 tempest-QosSpecsTestJSON-1948227342 tempest-QosSpecsTestJSON-1948227342-project-admin] Calling method 'associate' {{(pid=116554) _process_stack /opt/stack/cinder/cinder/api/openstack/wsgi.py:868}}
May 13 12:54:52.740159 dv-cinder-841644-1-iscsi devstack@c-api.service[116554]: DEBUG cinder.api.contrib.qos_specs_manage [None req-826111b2-c3a4-4b5d-83eb-582d50339514 tempest-QosSpecsTestJSON-1948227342 tempest-QosSpecsTestJSON-1948227342-project-admin] Associate qos_spec: f1352b1e-1435-4375-a6bd-7853e2328405 with type: 30639a9a-14f1-4eb2-933b-433b6f3a5b63 {{(pid=116554) associate /opt/stack/cinder/cinder/api/contrib/qos_specs_manage.py:275}}
May 13 12:54:52.780888 dv-cinder-841644-1-iscsi devstack@c-api.service[116555]: INFO cinder.api.openstack.wsgi [None req-34ab51a1-0cae-4b10-9f4d-d53c3a0053d3 tempest-VolumeSnapshotQuotasNegativeTestJSON-2063823998 tempest-VolumeSnapshotQuotasNegativeTestJSON-2063823998-project] POST http://10.222.0.49/volume/v3/877f12f680e44a2c9f48482d2e957675/volumes
May 13 12:54:52.782434 dv-cinder-841644-1-iscsi devstack@c-api.service[116555]: DEBUG cinder.api.openstack.wsgi [None req-34ab51a1-0cae-4b10-9f4d-d53c3a0053d3 tempest-VolumeSnapshotQuotasNegativeTestJSON-2063823998 tempest-VolumeSnapshotQuotasNegativeTestJSON-2063823998-project] Action: 'create', calling method: create, body: {"volume": {"size": 1, "name": "tempest-VolumeSnapshotQuotasNegativeTestJSON-Volume-762224790"}} {{(pid=116555) _process_stack /opt/stack/cinder/cinder/api/openstack/wsgi.py:866}}
May 13 12:54:52.784416 dv-cinder-841644-1-iscsi devstack@c-api.service[116555]: DEBUG cinder.api.v3.volumes [None req-34ab51a1-0cae-4b10-9f4d-d53c3a0053d3 tempest-VolumeSnapshotQuotasNegativeTestJSON-2063823998 tempest-VolumeSnapshotQuotasNegativeTestJSON-2063823998-project] Create volume request body: {'volume': {'size': 1, 'name': 'tempest-VolumeSnapshotQuotasNegativeTestJSON-Volume-762224790'}} {{(pid=116555) create /opt/stack/cinder/cinder/api/v3/volumes.py:298}}
May 13 12:54:52.789925 dv-cinder-841644-1-iscsi devstack@c-api.service[116555]: INFO cinder.api.v3.volumes [None req-34ab51a1-0cae-4b10-9f4d-d53c3a0053d3 tempest-VolumeSnapshotQuotasNegativeTestJSON-2063823998 tempest-VolumeSnapshotQuotasNegativeTestJSON-2063823998-project] Create volume of 1 GB
May 13 12:54:52.803663 dv-cinder-841644-1-iscsi devstack@c-api.service[116554]: INFO cinder.api.openstack.wsgi [None req-826111b2-c3a4-4b5d-83eb-582d50339514 tempest-QosSpecsTestJSON-1948227342 tempest-QosSpecsTestJSON-1948227342-project-admin] http://10.222.0.49/volume/v3/42b8335cfd42431b89a83fcf03789a4a/qos-specs/f1352b1e-1435-4375-a6bd-7853e2328405/associate?vol_type_id=30639a9a-14f1-4eb2-933b-433b6f3a5b63 returned with HTTP 202
May 13 12:54:52.805086 dv-cinder-841644-1-iscsi devstack@c-api.service[116554]: [pid: 116554|app: 0|req: 57/107] 10.222.0.49 () {58 vars in 1457 bytes} [Fri May 13 12:54:52 2022] GET /volume/v3/42b8335cfd42431b89a83fcf03789a4a/qos-specs/f1352b1e-1435-4375-a6bd-7853e2328405/associate?vol_type_id=30639a9a-14f1-4eb2-933b-433b6f3a5b63 => generated 0 bytes in 84 msecs (HTTP/1.1 202) 6 headers in 233 bytes (1 switches on core 0)
May 13 12:54:52.816666 dv-cinder-841644-1-iscsi devstack@c-api.service[116554]: DEBUG cinder.api.middleware.request_id [None req-2c3e57ac-e46d-419f-a522-98178a66d089 None None] RequestId filter calling following filter/app {{(pid=116554) _context_setter /opt/stack/cinder/cinder/api/middleware/request_id.py:62}}
May 13 12:54:52.840691 dv-cinder-841644-1-iscsi devstack@c-api.service[116555]: INFO cinder.volume.api [None req-34ab51a1-0cae-4b10-9f4d-d53c3a0053d3 tempest-VolumeSnapshotQuotasNegativeTestJSON-2063823998 tempest-VolumeSnapshotQuotasNegativeTestJSON-2063823998-project] Availability Zones retrieved successfully.
May 13 12:54:52.857392 dv-cinder-841644-1-iscsi devstack@c-api.service[116554]: INFO cinder.api.openstack.wsgi [None req-2c3e57ac-e46d-419f-a522-98178a66d089 tempest-QosSpecsTestJSON-1948227342 tempest-QosSpecsTestJSON-1948227342-project-admin] GET http://10.222.0.49/volume/v3/42b8335cfd42431b89a83fcf03789a4a/qos-specs/f1352b1e-1435-4375-a6bd-7853e2328405/associate?vol_type_id=66921bc8-575b-48ab-ae1a-98663354ac15
May 13 12:54:52.857865 dv-cinder-841644-1-iscsi devstack@c-api.service[116554]: DEBUG cinder.api.openstack.wsgi [None req-2c3e57ac-e46d-419f-a522-98178a66d089 tempest-QosSpecsTestJSON-1948227342 tempest-QosSpecsTestJSON-1948227342-project-admin] Empty body provided in request {{(pid=116554) get_body /opt/stack/cinder/cinder/api/openstack/wsgi.py:715}}
May 13 12:54:52.858521 dv-cinder-841644-1-iscsi devstack@c-api.service[116554]: DEBUG cinder.api.openstack.wsgi [None req-2c3e57ac-e46d-419f-a522-98178a66d089 tempest-QosSpecsTestJSON-1948227342 tempest-QosSpecsTestJSON-1948227342-project-admin] Calling method 'associate' {{(pid=116554) _process_stack /opt/stack/cinder/cinder/api/openstack/wsgi.py:868}}
May 13 12:54:52.873635 dv-cinder-841644-1-iscsi devstack@c-api.service[116554]: /usr/local/lib/python3.8/dist-packages/oslo_context/context.py:100: DeprecationWarning: Policy enforcement is depending on the value of is_admin. This key is deprecated. Please update your policy file to use the standard policy values.
May 13 12:54:52.873635 dv-cinder-841644-1-iscsi devstack@c-api.service[116554]: warnings.warn('Policy enforcement is depending on the value of '
May 13 12:54:52.877593 dv-cinder-841644-1-iscsi devstack@c-api.service[116554]: DEBUG cinder.api.contrib.qos_specs_manage [None req-2c3e57ac-e46d-419f-a522-98178a66d089 tempest-QosSpecsTestJSON-1948227342 tempest-QosSpecsTestJSON-1948227342-project-admin] Associate qos_spec: f1352b1e-1435-4375-a6bd-7853e2328405 with type: 66921bc8-575b-48ab-ae1a-98663354ac15 {{(pid=116554) associate /opt/stack/cinder/cinder/api/contrib/qos_specs_manage.py:275}}
May 13 12:54:52.916624 dv-cinder-841644-1-iscsi devstack@c-api.service[116555]: DEBUG cinder.volume.api [None req-34ab51a1-0cae-4b10-9f4d-d53c3a0053d3 tempest-VolumeSnapshotQuotasNegativeTestJSON-2063823998 tempest-VolumeSnapshotQuotasNegativeTestJSON-2063823998-project] Flow 'volume_create_api' (5ddcfe8b-f1c4-4537-904f-49e86ca98315) transitioned into state 'RUNNING' from state 'PENDING' {{(pid=116555) _flow_receiver /usr/local/lib/python3.8/dist-packages/taskflow/listeners/logging.py:141}}
May 13 12:54:52.929295 dv-cinder-841644-1-iscsi devstack@c-api.service[116555]: DEBUG cinder.volume.api [None req-34ab51a1-0cae-4b10-9f4d-d53c3a0053d3 tempest-VolumeSnapshotQuotasNegativeTestJSON-2063823998 tempest-VolumeSnapshotQuotasNegativeTestJSON-2063823998-project] Task 'cinder.volume.flows.api.create_volume.ExtractVolumeRequestTask;volume:create' (cde52af2-4039-4a2f-b6aa-6e2a0b90fbdb) transitioned into state 'RUNNING' from state 'PENDING' {{(pid=116555) _task_receiver /usr/local/lib/python3.8/dist-packages/taskflow/listeners/logging.py:190}}
May 13 12:54:52.934548 dv-cinder-841644-1-iscsi devstack@c-api.service[116555]: DEBUG cinder.volume.flows.api.create_volume [None req-34ab51a1-0cae-4b10-9f4d-d53c3a0053d3 tempest-VolumeSnapshotQuotasNegativeTestJSON-2063823998 tempest-VolumeSnapshotQuotasNegativeTestJSON-2063823998-project] Validating volume size '1' using validate_int {{(pid=116555) _extract_size /opt/stack/cinder/cinder/volume/flows/api/create_volume.py:225}}
May 13 12:54:52.939386 dv-cinder-841644-1-iscsi devstack@c-api.service[116554]: INFO cinder.api.openstack.wsgi [None req-2c3e57ac-e46d-419f-a522-98178a66d089 tempest-QosSpecsTestJSON-1948227342 tempest-QosSpecsTestJSON-1948227342-project-admin] http://10.222.0.49/volume/v3/42b8335cfd42431b89a83fcf03789a4a/qos-specs/f1352b1e-1435-4375-a6bd-7853e2328405/associate?vol_type_id=66921bc8-575b-48ab-ae1a-98663354ac15 returned with HTTP 202
May 13 12:54:52.941699 dv-cinder-841644-1-iscsi devstack@c-api.service[116554]: [pid: 116554|app: 0|req: 58/108] 10.222.0.49 () {58 vars in 1457 bytes} [Fri May 13 12:54:52 2022] GET /volume/v3/42b8335cfd42431b89a83fcf03789a4a/qos-specs/f1352b1e-1435-4375-a6bd-7853e2328405/associate?vol_type_id=66921bc8-575b-48ab-ae1a-98663354ac15 => generated 0 bytes in 133 msecs (HTTP/1.1 202) 6 headers in 233 bytes (1 switches on core 0)
May 13 12:54:52.946173 dv-cinder-841644-1-iscsi devstack@c-api.service[116554]: DEBUG cinder.api.middleware.request_id [None req-6d7168af-9c87-49f5-97f6-64c4fb4211a6 None None] RequestId filter calling following filter/app {{(pid=116554) _context_setter /opt/stack/cinder/cinder/api/middleware/request_id.py:62}}
May 13 12:54:52.953441 dv-cinder-841644-1-iscsi devstack@c-api.service[116554]: INFO cinder.api.openstack.wsgi [None req-6d7168af-9c87-49f5-97f6-64c4fb4211a6 tempest-QosSpecsTestJSON-1948227342 tempest-QosSpecsTestJSON-1948227342-project-admin] GET http://10.222.0.49/volume/v3/42b8335cfd42431b89a83fcf03789a4a/qos-specs/f1352b1e-1435-4375-a6bd-7853e2328405/associate?vol_type_id=e2c65768-76e9-4fbf-bf7e-857b701984bd
May 13 12:54:52.955955 dv-cinder-841644-1-iscsi devstack@c-api.service[116554]: DEBUG cinder.api.openstack.wsgi [None req-6d7168af-9c87-49f5-97f6-64c4fb4211a6 tempest-QosSpecsTestJSON-1948227342 tempest-QosSpecsTestJSON-1948227342-project-admin] Empty body provided in request {{(pid=116554) get_body /opt/stack/cinder/cinder/api/openstack/wsgi.py:715}}
May 13 12:54:52.960154 dv-cinder-841644-1-iscsi devstack@c-api.service[116554]: DEBUG cinder.api.openstack.wsgi [None req-6d7168af-9c87-49f5-97f6-64c4fb4211a6 tempest-QosSpecsTestJSON-1948227342 tempest-QosSpecsTestJSON-1948227342-project-admin] Calling method 'associate' {{(pid=116554) _process_stack /opt/stack/cinder/cinder/api/openstack/wsgi.py:868}}
May 13 12:54:52.963479 dv-cinder-841644-1-iscsi devstack@c-api.service[116554]: /usr/local/lib/python3.8/dist-packages/oslo_context/context.py:100: DeprecationWarning: Policy enforcement is depending on the value of is_admin. This key is deprecated. Please update your policy file to use the standard policy values.
May 13 12:54:52.963479 dv-cinder-841644-1-iscsi devstack@c-api.service[116554]: warnings.warn('Policy enforcement is depending on the value of '
May 13 12:54:52.965325 dv-cinder-841644-1-iscsi devstack@c-api.service[116554]: DEBUG cinder.api.contrib.qos_specs_manage [None req-6d7168af-9c87-49f5-97f6-64c4fb4211a6 tempest-QosSpecsTestJSON-1948227342 tempest-QosSpecsTestJSON-1948227342-project-admin] Associate qos_spec: f1352b1e-1435-4375-a6bd-7853e2328405 with type: e2c65768-76e9-4fbf-bf7e-857b701984bd {{(pid=116554) associate /opt/stack/cinder/cinder/api/contrib/qos_specs_manage.py:275}}
May 13 12:54:53.009103 dv-cinder-841644-1-iscsi devstack@c-api.service[116555]: DEBUG cinder.volume.api [None req-34ab51a1-0cae-4b10-9f4d-d53c3a0053d3 tempest-VolumeSnapshotQuotasNegativeTestJSON-2063823998 tempest-VolumeSnapshotQuotasNegativeTestJSON-2063823998-project] Task 'cinder.volume.flows.api.create_volume.ExtractVolumeRequestTask;volume:create' (cde52af2-4039-4a2f-b6aa-6e2a0b90fbdb) transitioned into state 'SUCCESS' from state 'RUNNING' with result '{'size': 1, 'snapshot_id': None, 'source_volid': None, 'volume_type': VolumeType(created_at=2022-05-13T12:44:01Z,deleted=False,deleted_at=None,description='Default Volume Type',extra_specs={},id=3a88b73d-e7bf-481b-b2e6-ba18f0940312,is_public=True,name='__DEFAULT__',projects=[],qos_specs=,qos_specs_id=None,updated_at=2022-05-13T12:44:01Z), 'volume_type_id': '3a88b73d-e7bf-481b-b2e6-ba18f0940312', 'encryption_key_id': None, 'qos_specs': None, 'consistencygroup_id': None, 'cgsnapshot_id': None, 'group_id': None, 'replication_status': 'disabled', 'refresh_az': False, 'backup_id': None, 'multiattach': False, 'availability_zones': ['nova']}' {{(pid=116555) _task_receiver /usr/local/lib/python3.8/dist-packages/taskflow/listeners/logging.py:178}}
May 13 12:54:53.012817 dv-cinder-841644-1-iscsi devstack@c-api.service[116555]: DEBUG cinder.volume.api [None req-34ab51a1-0cae-4b10-9f4d-d53c3a0053d3 tempest-VolumeSnapshotQuotasNegativeTestJSON-2063823998 tempest-VolumeSnapshotQuotasNegativeTestJSON-2063823998-project] Task 'cinder.volume.flows.api.create_volume.QuotaReserveTask;volume:create' (5c4028a1-7660-44ba-b6c8-4a0d01ff0a09) transitioned into state 'RUNNING' from state 'PENDING' {{(pid=116555) _task_receiver /usr/local/lib/python3.8/dist-packages/taskflow/listeners/logging.py:190}}
May 13 12:54:53.052827 dv-cinder-841644-1-iscsi devstack@c-api.service[116554]: INFO cinder.api.openstack.wsgi [None req-6d7168af-9c87-49f5-97f6-64c4fb4211a6 tempest-QosSpecsTestJSON-1948227342 tempest-QosSpecsTestJSON-1948227342-project-admin] http://10.222.0.49/volume/v3/42b8335cfd42431b89a83fcf03789a4a/qos-specs/f1352b1e-1435-4375-a6bd-7853e2328405/associate?vol_type_id=e2c65768-76e9-4fbf-bf7e-857b701984bd returned with HTTP 202
May 13 12:54:53.054330 dv-cinder-841644-1-iscsi devstack@c-api.service[116554]: [pid: 116554|app: 0|req: 59/109] 10.222.0.49 () {58 vars in 1457 bytes} [Fri May 13 12:54:52 2022] GET /volume/v3/42b8335cfd42431b89a83fcf03789a4a/qos-specs/f1352b1e-1435-4375-a6bd-7853e2328405/associate?vol_type_id=e2c65768-76e9-4fbf-bf7e-857b701984bd => generated 0 bytes in 109 msecs (HTTP/1.1 202) 6 headers in 233 bytes (1 switches on core 0)
May 13 12:54:53.058828 dv-cinder-841644-1-iscsi devstack@c-api.service[116554]: DEBUG cinder.api.middleware.request_id [None req-771c0f3f-63bc-4c23-84f6-61f4838ea682 None None] RequestId filter calling following filter/app {{(pid=116554) _context_setter /opt/stack/cinder/cinder/api/middleware/request_id.py:62}}
May 13 12:54:53.065019 dv-cinder-841644-1-iscsi devstack@c-api.service[116554]: INFO cinder.api.openstack.wsgi [None req-771c0f3f-63bc-4c23-84f6-61f4838ea682 tempest-QosSpecsTestJSON-1948227342 tempest-QosSpecsTestJSON-1948227342-project-admin] GET http://10.222.0.49/volume/v3/42b8335cfd42431b89a83fcf03789a4a/qos-specs/f1352b1e-1435-4375-a6bd-7853e2328405/associations
May 13 12:54:53.065789 dv-cinder-841644-1-iscsi devstack@c-api.service[116554]: DEBUG cinder.api.openstack.wsgi [None req-771c0f3f-63bc-4c23-84f6-61f4838ea682 tempest-QosSpecsTestJSON-1948227342 tempest-QosSpecsTestJSON-1948227342-project-admin] Empty body provided in request {{(pid=116554) get_body /opt/stack/cinder/cinder/api/openstack/wsgi.py:715}}
May 13 12:54:53.066465 dv-cinder-841644-1-iscsi devstack@c-api.service[116554]: DEBUG cinder.api.openstack.wsgi [None req-771c0f3f-63bc-4c23-84f6-61f4838ea682 tempest-QosSpecsTestJSON-1948227342 tempest-QosSpecsTestJSON-1948227342-project-admin] Calling method 'associations' {{(pid=116554) _process_stack /opt/stack/cinder/cinder/api/openstack/wsgi.py:868}}
May 13 12:54:53.068579 dv-cinder-841644-1-iscsi devstack@c-api.service[116554]: /usr/local/lib/python3.8/dist-packages/oslo_context/context.py:100: DeprecationWarning: Policy enforcement is depending on the value of is_admin. This key is deprecated. Please update your policy file to use the standard policy values.
May 13 12:54:53.068579 dv-cinder-841644-1-iscsi devstack@c-api.service[116554]: warnings.warn('Policy enforcement is depending on the value of '
May 13 12:54:53.069776 dv-cinder-841644-1-iscsi devstack@c-api.service[116554]: DEBUG cinder.api.contrib.qos_specs_manage [None req-771c0f3f-63bc-4c23-84f6-61f4838ea682 tempest-QosSpecsTestJSON-1948227342 tempest-QosSpecsTestJSON-1948227342-project-admin] Get associations for qos_spec id: f1352b1e-1435-4375-a6bd-7853e2328405 {{(pid=116554) associations /opt/stack/cinder/cinder/api/contrib/qos_specs_manage.py:233}}
May 13 12:54:53.103294 dv-cinder-841644-1-iscsi devstack@c-api.service[116554]: INFO cinder.api.openstack.wsgi [None req-771c0f3f-63bc-4c23-84f6-61f4838ea682 tempest-QosSpecsTestJSON-1948227342 tempest-QosSpecsTestJSON-1948227342-project-admin] http://10.222.0.49/volume/v3/42b8335cfd42431b89a83fcf03789a4a/qos-specs/f1352b1e-1435-4375-a6bd-7853e2328405/associations returned with HTTP 200
May 13 12:54:53.105104 dv-cinder-841644-1-iscsi devstack@c-api.service[116554]: [pid: 116554|app: 0|req: 60/110] 10.222.0.49 () {58 vars in 1369 bytes} [Fri May 13 12:54:53 2022] GET /volume/v3/42b8335cfd42431b89a83fcf03789a4a/qos-specs/f1352b1e-1435-4375-a6bd-7853e2328405/associations => generated 447 bytes in 47 msecs (HTTP/1.1 200) 7 headers in 285 bytes (1 switches on core 0)
May 13 12:54:53.111670 dv-cinder-841644-1-iscsi devstack@c-api.service[116554]: DEBUG cinder.api.middleware.request_id [None req-c9e442fb-0ac6-4878-a4aa-5808df87ad4f None None] RequestId filter calling following filter/app {{(pid=116554) _context_setter /opt/stack/cinder/cinder/api/middleware/request_id.py:62}}
May 13 12:54:53.118934 dv-cinder-841644-1-iscsi devstack@c-api.service[116554]: INFO cinder.api.openstack.wsgi [None req-c9e442fb-0ac6-4878-a4aa-5808df87ad4f tempest-QosSpecsTestJSON-1948227342 tempest-QosSpecsTestJSON-1948227342-project-admin] GET http://10.222.0.49/volume/v3/42b8335cfd42431b89a83fcf03789a4a/qos-specs/f1352b1e-1435-4375-a6bd-7853e2328405/disassociate?vol_type_id=30639a9a-14f1-4eb2-933b-433b6f3a5b63
May 13 12:54:53.121074 dv-cinder-841644-1-iscsi devstack@c-api.service[116554]: DEBUG cinder.api.openstack.wsgi [None req-c9e442fb-0ac6-4878-a4aa-5808df87ad4f tempest-QosSpecsTestJSON-1948227342 tempest-QosSpecsTestJSON-1948227342-project-admin] Empty body provided in request {{(pid=116554) get_body /opt/stack/cinder/cinder/api/openstack/wsgi.py:715}}
May 13 12:54:53.121805 dv-cinder-841644-1-iscsi devstack@c-api.service[116554]: DEBUG cinder.api.openstack.wsgi [None req-c9e442fb-0ac6-4878-a4aa-5808df87ad4f tempest-QosSpecsTestJSON-1948227342 tempest-QosSpecsTestJSON-1948227342-project-admin] Calling method 'disassociate' {{(pid=116554) _process_stack /opt/stack/cinder/cinder/api/openstack/wsgi.py:868}}
May 13 12:54:53.122813 dv-cinder-841644-1-iscsi devstack@c-api.service[116554]: /usr/local/lib/python3.8/dist-packages/oslo_context/context.py:100: DeprecationWarning: Policy enforcement is depending on the value of is_admin. This key is deprecated. Please update your policy file to use the standard policy values.
May 13 12:54:53.122813 dv-cinder-841644-1-iscsi devstack@c-api.service[116554]: warnings.warn('Policy enforcement is depending on the value of '
May 13 12:54:53.124117 dv-cinder-841644-1-iscsi devstack@c-api.service[116554]: DEBUG cinder.api.contrib.qos_specs_manage [None req-c9e442fb-0ac6-4878-a4aa-5808df87ad4f tempest-QosSpecsTestJSON-1948227342 tempest-QosSpecsTestJSON-1948227342-project-admin] Disassociate qos_spec: f1352b1e-1435-4375-a6bd-7853e2328405 from type: 30639a9a-14f1-4eb2-933b-433b6f3a5b63 {{(pid=116554) disassociate /opt/stack/cinder/cinder/api/contrib/qos_specs_manage.py:327}}
May 13 12:54:53.151214 dv-cinder-841644-1-iscsi devstack@c-api.service[116554]: INFO cinder.api.openstack.wsgi [None req-c9e442fb-0ac6-4878-a4aa-5808df87ad4f tempest-QosSpecsTestJSON-1948227342 tempest-QosSpecsTestJSON-1948227342-project-admin] http://10.222.0.49/volume/v3/42b8335cfd42431b89a83fcf03789a4a/qos-specs/f1352b1e-1435-4375-a6bd-7853e2328405/disassociate?vol_type_id=30639a9a-14f1-4eb2-933b-433b6f3a5b63 returned with HTTP 202
May 13 12:54:53.158103 dv-cinder-841644-1-iscsi devstack@c-api.service[116554]: [pid: 116554|app: 0|req: 61/111] 10.222.0.49 () {58 vars in 1466 bytes} [Fri May 13 12:54:53 2022] GET /volume/v3/42b8335cfd42431b89a83fcf03789a4a/qos-specs/f1352b1e-1435-4375-a6bd-7853e2328405/disassociate?vol_type_id=30639a9a-14f1-4eb2-933b-433b6f3a5b63 => generated 0 bytes in 47 msecs (HTTP/1.1 202) 6 headers in 233 bytes (2 switches on core 0)
May 13 12:54:53.160189 dv-cinder-841644-1-iscsi devstack@c-api.service[116554]: DEBUG cinder.api.middleware.request_id [None req-12c96817-0157-4696-9857-9d6ded769df1 None None] RequestId filter calling following filter/app {{(pid=116554) _context_setter /opt/stack/cinder/cinder/api/middleware/request_id.py:62}}
May 13 12:54:53.176322 dv-cinder-841644-1-iscsi devstack@c-api.service[116554]: INFO cinder.api.openstack.wsgi [None req-12c96817-0157-4696-9857-9d6ded769df1 tempest-QosSpecsTestJSON-1948227342 tempest-QosSpecsTestJSON-1948227342-project-admin] GET http://10.222.0.49/volume/v3/42b8335cfd42431b89a83fcf03789a4a/qos-specs/f1352b1e-1435-4375-a6bd-7853e2328405/associations
May 13 12:54:53.177307 dv-cinder-841644-1-iscsi devstack@c-api.service[116554]: DEBUG cinder.api.openstack.wsgi [None req-12c96817-0157-4696-9857-9d6ded769df1 tempest-QosSpecsTestJSON-1948227342 tempest-QosSpecsTestJSON-1948227342-project-admin] Empty body provided in request {{(pid=116554) get_body /opt/stack/cinder/cinder/api/openstack/wsgi.py:715}}
May 13 12:54:53.181121 dv-cinder-841644-1-iscsi devstack@c-api.service[116554]: DEBUG cinder.api.openstack.wsgi [None req-12c96817-0157-4696-9857-9d6ded769df1 tempest-QosSpecsTestJSON-1948227342 tempest-QosSpecsTestJSON-1948227342-project-admin] Calling method 'associations' {{(pid=116554) _process_stack /opt/stack/cinder/cinder/api/openstack/wsgi.py:868}}
May 13 12:54:53.182271 dv-cinder-841644-1-iscsi devstack@c-api.service[116554]: /usr/local/lib/python3.8/dist-packages/oslo_context/context.py:100: DeprecationWarning: Policy enforcement is depending on the value of is_admin. This key is deprecated. Please update your policy file to use the standard policy values.
May 13 12:54:53.182271 dv-cinder-841644-1-iscsi devstack@c-api.service[116554]: warnings.warn('Policy enforcement is depending on the value of '
May 13 12:54:53.183868 dv-cinder-841644-1-iscsi devstack@c-api.service[116554]: DEBUG cinder.api.contrib.qos_specs_manage [None req-12c96817-0157-4696-9857-9d6ded769df1 tempest-QosSpecsTestJSON-1948227342 tempest-QosSpecsTestJSON-1948227342-project-admin] Get associations for qos_spec id: f1352b1e-1435-4375-a6bd-7853e2328405 {{(pid=116554) associations /opt/stack/cinder/cinder/api/contrib/qos_specs_manage.py:233}}
May 13 12:54:53.207568 dv-cinder-841644-1-iscsi devstack@c-api.service[116555]: DEBUG cinder.quota [None req-34ab51a1-0cae-4b10-9f4d-d53c3a0053d3 tempest-VolumeSnapshotQuotasNegativeTestJSON-2063823998 tempest-VolumeSnapshotQuotasNegativeTestJSON-2063823998-project] Created reservations ['f2a03e49-cd14-4ab6-8576-809e033fe600', '29c945d5-5f1c-4fd4-989b-f8d327c19eee', 'ce031677-98b1-4d30-b082-12f53853308b', 'c115cffe-d5bc-49d8-8686-50bc7173e3b1'] {{(pid=116555) reserve /opt/stack/cinder/cinder/quota.py:755}}
May 13 12:54:53.209970 dv-cinder-841644-1-iscsi devstack@c-api.service[116555]: DEBUG cinder.volume.api [None req-34ab51a1-0cae-4b10-9f4d-d53c3a0053d3 tempest-VolumeSnapshotQuotasNegativeTestJSON-2063823998 tempest-VolumeSnapshotQuotasNegativeTestJSON-2063823998-project] Task 'cinder.volume.flows.api.create_volume.QuotaReserveTask;volume:create' (5c4028a1-7660-44ba-b6c8-4a0d01ff0a09) transitioned into state 'SUCCESS' from state 'RUNNING' with result '{'reservations': ['f2a03e49-cd14-4ab6-8576-809e033fe600', '29c945d5-5f1c-4fd4-989b-f8d327c19eee', 'ce031677-98b1-4d30-b082-12f53853308b', 'c115cffe-d5bc-49d8-8686-50bc7173e3b1']}' {{(pid=116555) _task_receiver /usr/local/lib/python3.8/dist-packages/taskflow/listeners/logging.py:178}}
May 13 12:54:53.215829 dv-cinder-841644-1-iscsi devstack@c-api.service[116554]: INFO cinder.api.openstack.wsgi [None req-12c96817-0157-4696-9857-9d6ded769df1 tempest-QosSpecsTestJSON-1948227342 tempest-QosSpecsTestJSON-1948227342-project-admin] http://10.222.0.49/volume/v3/42b8335cfd42431b89a83fcf03789a4a/qos-specs/f1352b1e-1435-4375-a6bd-7853e2328405/associations returned with HTTP 200
May 13 12:54:53.216117 dv-cinder-841644-1-iscsi devstack@c-api.service[116555]: DEBUG cinder.volume.api [None req-34ab51a1-0cae-4b10-9f4d-d53c3a0053d3 tempest-VolumeSnapshotQuotasNegativeTestJSON-2063823998 tempest-VolumeSnapshotQuotasNegativeTestJSON-2063823998-project] Task 'cinder.volume.flows.api.create_volume.EntryCreateTask;volume:create' (0d5f7611-e491-4501-9c24-e209d0362eeb) transitioned into state 'RUNNING' from state 'PENDING' {{(pid=116555) _task_receiver /usr/local/lib/python3.8/dist-packages/taskflow/listeners/logging.py:190}}
May 13 12:54:53.228806 dv-cinder-841644-1-iscsi devstack@c-api.service[116554]: [pid: 116554|app: 0|req: 62/112] 10.222.0.49 () {58 vars in 1369 bytes} [Fri May 13 12:54:53 2022] GET /volume/v3/42b8335cfd42431b89a83fcf03789a4a/qos-specs/f1352b1e-1435-4375-a6bd-7853e2328405/associations => generated 306 bytes in 70 msecs (HTTP/1.1 200) 7 headers in 285 bytes (1 switches on core 0)
May 13 12:54:53.235581 dv-cinder-841644-1-iscsi devstack@c-api.service[116554]: DEBUG cinder.api.middleware.request_id [None req-9ae623ef-fbcf-430f-afb9-3cdbfad1beeb None None] RequestId filter calling following filter/app {{(pid=116554) _context_setter /opt/stack/cinder/cinder/api/middleware/request_id.py:62}}
May 13 12:54:53.241451 dv-cinder-841644-1-iscsi devstack@c-api.service[116554]: INFO cinder.api.openstack.wsgi [None req-9ae623ef-fbcf-430f-afb9-3cdbfad1beeb tempest-QosSpecsTestJSON-1948227342 tempest-QosSpecsTestJSON-1948227342-project-admin] GET http://10.222.0.49/volume/v3/42b8335cfd42431b89a83fcf03789a4a/qos-specs/f1352b1e-1435-4375-a6bd-7853e2328405/disassociate_all
May 13 12:54:53.242220 dv-cinder-841644-1-iscsi devstack@c-api.service[116554]: DEBUG cinder.api.openstack.wsgi [None req-9ae623ef-fbcf-430f-afb9-3cdbfad1beeb tempest-QosSpecsTestJSON-1948227342 tempest-QosSpecsTestJSON-1948227342-project-admin] Empty body provided in request {{(pid=116554) get_body /opt/stack/cinder/cinder/api/openstack/wsgi.py:715}}
May 13 12:54:53.242848 dv-cinder-841644-1-iscsi devstack@c-api.service[116554]: DEBUG cinder.api.openstack.wsgi [None req-9ae623ef-fbcf-430f-afb9-3cdbfad1beeb tempest-QosSpecsTestJSON-1948227342 tempest-QosSpecsTestJSON-1948227342-project-admin] Calling method 'disassociate_all' {{(pid=116554) _process_stack /opt/stack/cinder/cinder/api/openstack/wsgi.py:868}}
May 13 12:54:53.244025 dv-cinder-841644-1-iscsi devstack@c-api.service[116554]: /usr/local/lib/python3.8/dist-packages/oslo_context/context.py:100: DeprecationWarning: Policy enforcement is depending on the value of is_admin. This key is deprecated. Please update your policy file to use the standard policy values.
May 13 12:54:53.244025 dv-cinder-841644-1-iscsi devstack@c-api.service[116554]: warnings.warn('Policy enforcement is depending on the value of '
May 13 12:54:53.244962 dv-cinder-841644-1-iscsi devstack@c-api.service[116554]: DEBUG cinder.api.contrib.qos_specs_manage [None req-9ae623ef-fbcf-430f-afb9-3cdbfad1beeb tempest-QosSpecsTestJSON-1948227342 tempest-QosSpecsTestJSON-1948227342-project-admin] Disassociate qos_spec: f1352b1e-1435-4375-a6bd-7853e2328405 from all. {{(pid=116554) disassociate_all /opt/stack/cinder/cinder/api/contrib/qos_specs_manage.py:361}}
May 13 12:54:53.261865 dv-cinder-841644-1-iscsi devstack@c-api.service[116555]: DEBUG cinder.volume.api [None req-34ab51a1-0cae-4b10-9f4d-d53c3a0053d3 tempest-VolumeSnapshotQuotasNegativeTestJSON-2063823998 tempest-VolumeSnapshotQuotasNegativeTestJSON-2063823998-project] Task 'cinder.volume.flows.api.create_volume.EntryCreateTask;volume:create' (0d5f7611-e491-4501-9c24-e209d0362eeb) transitioned into state 'SUCCESS' from state 'RUNNING' with result '{'volume_id': '6b72b762-b06f-4b74-b057-bdf316fc9bb2', 'volume_properties': VolumeProperties(attach_status='detached',availability_zone='nova',cgsnapshot_id=None,consistencygroup_id=None,display_description=None,display_name='tempest-VolumeSnapshotQuotasNegativeTestJSON-Volume-762224790',encryption_key_id=None,group_id=None,group_type_id=,metadata={},multiattach=False,project_id='877f12f680e44a2c9f48482d2e957675',qos_specs=None,replication_status=,reservations=['f2a03e49-cd14-4ab6-8576-809e033fe600','29c945d5-5f1c-4fd4-989b-f8d327c19eee','ce031677-98b1-4d30-b082-12f53853308b','c115cffe-d5bc-49d8-8686-50bc7173e3b1'],size=1,snapshot_id=None,source_replicaid=,source_volid=None,status='creating',user_id='482ec568f9f748beb145e3de076748a4',volume_type_id=3a88b73d-e7bf-481b-b2e6-ba18f0940312), 'volume': Volume(_name_id=None,admin_metadata=,attach_status='detached',availability_zone='nova',bootable=False,cluster=,cluster_name=None,consistencygroup=,consistencygroup_id=None,created_at=2022-05-13T12:54:53Z,deleted=False,deleted_at=None,display_description=None,display_name='tempest-VolumeSnapshotQuotasNegativeTestJSON-Volume-762224790',ec2_id=None,encryption_key_id=None,glance_metadata=,group=,group_id=None,host=None,id=6b72b762-b06f-4b74-b057-bdf316fc9bb2,launched_at=None,metadata={},migration_status=None,multiattach=False,previous_status=None,project_id='877f12f680e44a2c9f48482d2e957675',provider_auth=None,provider_geometry=None,provider_id=None,provider_location=None,replication_driver_data=None,replication_extended_status=None,replication_status=None,scheduled_at=None,service_uuid=None,shared_targets=True,size=1,snapshot_id=None,snapshots=,source_volid=None,status='creating',terminated_at=None,updated_at=None,use_quota=True,user_id='482ec568f9f748beb145e3de076748a4',volume_attachment=VolumeAttachmentList,volume_type=VolumeType(3a88b73d-e7bf-481b-b2e6-ba18f0940312),volume_type_id=3a88b73d-e7bf-481b-b2e6-ba18f0940312)}' {{(pid=116555) _task_receiver /usr/local/lib/python3.8/dist-packages/taskflow/listeners/logging.py:178}}
May 13 12:54:53.264196 dv-cinder-841644-1-iscsi devstack@c-api.service[116555]: DEBUG cinder.volume.api [None req-34ab51a1-0cae-4b10-9f4d-d53c3a0053d3 tempest-VolumeSnapshotQuotasNegativeTestJSON-2063823998 tempest-VolumeSnapshotQuotasNegativeTestJSON-2063823998-project] Task 'cinder.volume.flows.api.create_volume.QuotaCommitTask;volume:create' (cc072aba-a2f5-4145-8f2b-cec31bbc1447) transitioned into state 'RUNNING' from state 'PENDING' {{(pid=116555) _task_receiver /usr/local/lib/python3.8/dist-packages/taskflow/listeners/logging.py:190}}
May 13 12:54:53.278431 dv-cinder-841644-1-iscsi devstack@c-api.service[116554]: INFO cinder.api.openstack.wsgi [None req-9ae623ef-fbcf-430f-afb9-3cdbfad1beeb tempest-QosSpecsTestJSON-1948227342 tempest-QosSpecsTestJSON-1948227342-project-admin] http://10.222.0.49/volume/v3/42b8335cfd42431b89a83fcf03789a4a/qos-specs/f1352b1e-1435-4375-a6bd-7853e2328405/disassociate_all returned with HTTP 202
May 13 12:54:53.285907 dv-cinder-841644-1-iscsi devstack@c-api.service[116554]: [pid: 116554|app: 0|req: 63/113] 10.222.0.49 () {58 vars in 1381 bytes} [Fri May 13 12:54:53 2022] GET /volume/v3/42b8335cfd42431b89a83fcf03789a4a/qos-specs/f1352b1e-1435-4375-a6bd-7853e2328405/disassociate_all => generated 0 bytes in 53 msecs (HTTP/1.1 202) 6 headers in 233 bytes (1 switches on core 0)
May 13 12:54:53.288175 dv-cinder-841644-1-iscsi devstack@c-api.service[116554]: DEBUG cinder.api.middleware.request_id [None req-19c4433e-79d1-496f-8f68-ebb3d5fc1a29 None None] RequestId filter calling following filter/app {{(pid=116554) _context_setter /opt/stack/cinder/cinder/api/middleware/request_id.py:62}}
May 13 12:54:53.294990 dv-cinder-841644-1-iscsi devstack@c-api.service[116554]: INFO cinder.api.openstack.wsgi [None req-19c4433e-79d1-496f-8f68-ebb3d5fc1a29 tempest-QosSpecsTestJSON-1948227342 tempest-QosSpecsTestJSON-1948227342-project-admin] GET http://10.222.0.49/volume/v3/42b8335cfd42431b89a83fcf03789a4a/qos-specs/f1352b1e-1435-4375-a6bd-7853e2328405/associations
May 13 12:54:53.295460 dv-cinder-841644-1-iscsi devstack@c-api.service[116554]: DEBUG cinder.api.openstack.wsgi [None req-19c4433e-79d1-496f-8f68-ebb3d5fc1a29 tempest-QosSpecsTestJSON-1948227342 tempest-QosSpecsTestJSON-1948227342-project-admin] Empty body provided in request {{(pid=116554) get_body /opt/stack/cinder/cinder/api/openstack/wsgi.py:715}}
May 13 12:54:53.295930 dv-cinder-841644-1-iscsi devstack@c-api.service[116554]: DEBUG cinder.api.openstack.wsgi [None req-19c4433e-79d1-496f-8f68-ebb3d5fc1a29 tempest-QosSpecsTestJSON-1948227342 tempest-QosSpecsTestJSON-1948227342-project-admin] Calling method 'associations' {{(pid=116554) _process_stack /opt/stack/cinder/cinder/api/openstack/wsgi.py:868}}
May 13 12:54:53.296826 dv-cinder-841644-1-iscsi devstack@c-api.service[116554]: /usr/local/lib/python3.8/dist-packages/oslo_context/context.py:100: DeprecationWarning: Policy enforcement is depending on the value of is_admin. This key is deprecated. Please update your policy file to use the standard policy values.
May 13 12:54:53.296826 dv-cinder-841644-1-iscsi devstack@c-api.service[116554]: warnings.warn('Policy enforcement is depending on the value of '
May 13 12:54:53.297766 dv-cinder-841644-1-iscsi devstack@c-api.service[116554]: DEBUG cinder.api.contrib.qos_specs_manage [None req-19c4433e-79d1-496f-8f68-ebb3d5fc1a29 tempest-QosSpecsTestJSON-1948227342 tempest-QosSpecsTestJSON-1948227342-project-admin] Get associations for qos_spec id: f1352b1e-1435-4375-a6bd-7853e2328405 {{(pid=116554) associations /opt/stack/cinder/cinder/api/contrib/qos_specs_manage.py:233}}
May 13 12:54:53.335017 dv-cinder-841644-1-iscsi devstack@c-api.service[116555]: DEBUG cinder.volume.api [None req-34ab51a1-0cae-4b10-9f4d-d53c3a0053d3 tempest-VolumeSnapshotQuotasNegativeTestJSON-2063823998 tempest-VolumeSnapshotQuotasNegativeTestJSON-2063823998-project] Task 'cinder.volume.flows.api.create_volume.QuotaCommitTask;volume:create' (cc072aba-a2f5-4145-8f2b-cec31bbc1447) transitioned into state 'SUCCESS' from state 'RUNNING' with result '{'volume_properties': VolumeProperties(attach_status='detached',availability_zone='nova',cgsnapshot_id=None,consistencygroup_id=None,display_description=None,display_name='tempest-VolumeSnapshotQuotasNegativeTestJSON-Volume-762224790',encryption_key_id=None,group_id=None,group_type_id=,metadata={},multiattach=False,project_id='877f12f680e44a2c9f48482d2e957675',qos_specs=None,replication_status=,reservations=['f2a03e49-cd14-4ab6-8576-809e033fe600','29c945d5-5f1c-4fd4-989b-f8d327c19eee','ce031677-98b1-4d30-b082-12f53853308b','c115cffe-d5bc-49d8-8686-50bc7173e3b1'],size=1,snapshot_id=None,source_replicaid=,source_volid=None,status='creating',user_id='482ec568f9f748beb145e3de076748a4',volume_type_id=3a88b73d-e7bf-481b-b2e6-ba18f0940312)}' {{(pid=116555) _task_receiver /usr/local/lib/python3.8/dist-packages/taskflow/listeners/logging.py:178}}
May 13 12:54:53.336863 dv-cinder-841644-1-iscsi devstack@c-api.service[116555]: DEBUG cinder.volume.api [None req-34ab51a1-0cae-4b10-9f4d-d53c3a0053d3 tempest-VolumeSnapshotQuotasNegativeTestJSON-2063823998 tempest-VolumeSnapshotQuotasNegativeTestJSON-2063823998-project] Task 'cinder.volume.flows.api.create_volume.VolumeCastTask;volume:create' (4f27ef12-d825-4f50-939b-b8cc821c1f6c) transitioned into state 'RUNNING' from state 'PENDING' {{(pid=116555) _task_receiver /usr/local/lib/python3.8/dist-packages/taskflow/listeners/logging.py:190}}
May 13 12:54:53.342550 dv-cinder-841644-1-iscsi devstack@c-api.service[116554]: INFO cinder.api.openstack.wsgi [None req-19c4433e-79d1-496f-8f68-ebb3d5fc1a29 tempest-QosSpecsTestJSON-1948227342 tempest-QosSpecsTestJSON-1948227342-project-admin] http://10.222.0.49/volume/v3/42b8335cfd42431b89a83fcf03789a4a/qos-specs/f1352b1e-1435-4375-a6bd-7853e2328405/associations returned with HTTP 200
May 13 12:54:53.352198 dv-cinder-841644-1-iscsi devstack@c-api.service[116554]: [pid: 116554|app: 0|req: 64/114] 10.222.0.49 () {58 vars in 1369 bytes} [Fri May 13 12:54:53 2022] GET /volume/v3/42b8335cfd42431b89a83fcf03789a4a/qos-specs/f1352b1e-1435-4375-a6bd-7853e2328405/associations => generated 24 bytes in 66 msecs (HTTP/1.1 200) 7 headers in 284 bytes (1 switches on core 0)
May 13 12:54:53.355115 dv-cinder-841644-1-iscsi devstack@c-api.service[116554]: DEBUG cinder.api.middleware.request_id [None req-5d5ee023-205b-41b9-84c3-91e961796807 None None] RequestId filter calling following filter/app {{(pid=116554) _context_setter /opt/stack/cinder/cinder/api/middleware/request_id.py:62}}
May 13 12:54:53.379789 dv-cinder-841644-1-iscsi devstack@c-api.service[116554]: INFO cinder.api.openstack.wsgi [None req-5d5ee023-205b-41b9-84c3-91e961796807 tempest-QosSpecsTestJSON-1948227342 tempest-QosSpecsTestJSON-1948227342-project-admin] POST http://10.222.0.49/volume/v3/42b8335cfd42431b89a83fcf03789a4a/qos-specs
May 13 12:54:53.380555 dv-cinder-841644-1-iscsi devstack@c-api.service[116554]: DEBUG cinder.api.openstack.wsgi [None req-5d5ee023-205b-41b9-84c3-91e961796807 tempest-QosSpecsTestJSON-1948227342 tempest-QosSpecsTestJSON-1948227342-project-admin] Action: 'create', calling method: create, body: {"qos_specs": {"name": "tempest-QosSpecsTestJSON-qos-828683046", "consumer": "back-end"}} {{(pid=116554) _process_stack /opt/stack/cinder/cinder/api/openstack/wsgi.py:866}}
May 13 12:54:53.381655 dv-cinder-841644-1-iscsi devstack@c-api.service[116555]: DEBUG cinder.volume.api [None req-34ab51a1-0cae-4b10-9f4d-d53c3a0053d3 tempest-VolumeSnapshotQuotasNegativeTestJSON-2063823998 tempest-VolumeSnapshotQuotasNegativeTestJSON-2063823998-project] Task 'cinder.volume.flows.api.create_volume.VolumeCastTask;volume:create' (4f27ef12-d825-4f50-939b-b8cc821c1f6c) transitioned into state 'SUCCESS' from state 'RUNNING' with result 'None' {{(pid=116555) _task_receiver /usr/local/lib/python3.8/dist-packages/taskflow/listeners/logging.py:178}}
May 13 12:54:53.384281 dv-cinder-841644-1-iscsi devstack@c-api.service[116555]: DEBUG cinder.volume.api [None req-34ab51a1-0cae-4b10-9f4d-d53c3a0053d3 tempest-VolumeSnapshotQuotasNegativeTestJSON-2063823998 tempest-VolumeSnapshotQuotasNegativeTestJSON-2063823998-project] Flow 'volume_create_api' (5ddcfe8b-f1c4-4537-904f-49e86ca98315) transitioned into state 'SUCCESS' from state 'RUNNING' {{(pid=116555) _flow_receiver /usr/local/lib/python3.8/dist-packages/taskflow/listeners/logging.py:141}}
May 13 12:54:53.385014 dv-cinder-841644-1-iscsi devstack@c-api.service[116555]: INFO cinder.volume.api [None req-34ab51a1-0cae-4b10-9f4d-d53c3a0053d3 tempest-VolumeSnapshotQuotasNegativeTestJSON-2063823998 tempest-VolumeSnapshotQuotasNegativeTestJSON-2063823998-project] Create volume request issued successfully.
May 13 12:54:53.385855 dv-cinder-841644-1-iscsi devstack@c-api.service[116554]: /usr/local/lib/python3.8/dist-packages/oslo_context/context.py:100: DeprecationWarning: Policy enforcement is depending on the value of is_admin. This key is deprecated. Please update your policy file to use the standard policy values.
May 13 12:54:53.385855 dv-cinder-841644-1-iscsi devstack@c-api.service[116554]: warnings.warn('Policy enforcement is depending on the value of '
May 13 12:54:53.386370 dv-cinder-841644-1-iscsi devstack@c-api.service[116555]: INFO cinder.api.openstack.wsgi [None req-34ab51a1-0cae-4b10-9f4d-d53c3a0053d3 tempest-VolumeSnapshotQuotasNegativeTestJSON-2063823998 tempest-VolumeSnapshotQuotasNegativeTestJSON-2063823998-project] http://10.222.0.49/volume/v3/877f12f680e44a2c9f48482d2e957675/volumes returned with HTTP 202
May 13 12:54:53.386796 dv-cinder-841644-1-iscsi devstack@c-api.service[116554]: DEBUG cinder.volume.qos_specs [None req-5d5ee023-205b-41b9-84c3-91e961796807 tempest-QosSpecsTestJSON-1948227342 tempest-QosSpecsTestJSON-1948227342-project-admin] Dict for qos_specs: {'name': 'tempest-QosSpecsTestJSON-qos-828683046', 'consumer': 'back-end', 'specs': {}} {{(pid=116554) create /opt/stack/cinder/cinder/volume/qos_specs.py:64}}
May 13 12:54:53.387364 dv-cinder-841644-1-iscsi devstack@c-api.service[116555]: [pid: 116555|app: 0|req: 51/115] 10.222.0.49 () {60 vars in 1234 bytes} [Fri May 13 12:54:52 2022] POST /volume/v3/877f12f680e44a2c9f48482d2e957675/volumes => generated 835 bytes in 869 msecs (HTTP/1.1 202) 7 headers in 291 bytes (1 switches on core 0)
May 13 12:54:53.404560 dv-cinder-841644-1-iscsi devstack@c-api.service[116554]: DEBUG cinder.db.sqlalchemy.api [None req-5d5ee023-205b-41b9-84c3-91e961796807 tempest-QosSpecsTestJSON-1948227342 tempest-QosSpecsTestJSON-1948227342-project-admin] DB qos_specs_create(): root {'id': '2d3d96e9-90b4-4ea9-9f40-bc23f8b4c0fd', 'key': 'QoS_Specs_Name', 'value': 'tempest-QosSpecsTestJSON-qos-828683046'} {{(pid=116554) qos_specs_create /opt/stack/cinder/cinder/db/sqlalchemy/api.py:5032}}
May 13 12:54:53.412696 dv-cinder-841644-1-iscsi devstack@c-api.service[116555]: DEBUG cinder.api.middleware.request_id [None req-013712c0-6897-41af-845b-dd62fd744110 None None] RequestId filter calling following filter/app {{(pid=116555) _context_setter /opt/stack/cinder/cinder/api/middleware/request_id.py:62}}
May 13 12:54:53.429225 dv-cinder-841644-1-iscsi devstack@c-api.service[116555]: INFO cinder.api.openstack.wsgi [None req-013712c0-6897-41af-845b-dd62fd744110 tempest-VolumeSnapshotQuotasNegativeTestJSON-2063823998 tempest-VolumeSnapshotQuotasNegativeTestJSON-2063823998-project] GET http://10.222.0.49/volume/v3/877f12f680e44a2c9f48482d2e957675/volumes/6b72b762-b06f-4b74-b057-bdf316fc9bb2
May 13 12:54:53.430950 dv-cinder-841644-1-iscsi devstack@c-api.service[116555]: DEBUG cinder.api.openstack.wsgi [None req-013712c0-6897-41af-845b-dd62fd744110 tempest-VolumeSnapshotQuotasNegativeTestJSON-2063823998 tempest-VolumeSnapshotQuotasNegativeTestJSON-2063823998-project] Empty body provided in request {{(pid=116555) get_body /opt/stack/cinder/cinder/api/openstack/wsgi.py:715}}
May 13 12:54:53.434714 dv-cinder-841644-1-iscsi devstack@c-api.service[116555]: DEBUG cinder.api.openstack.wsgi [None req-013712c0-6897-41af-845b-dd62fd744110 tempest-VolumeSnapshotQuotasNegativeTestJSON-2063823998 tempest-VolumeSnapshotQuotasNegativeTestJSON-2063823998-project] Calling method 'show' {{(pid=116555) _process_stack /opt/stack/cinder/cinder/api/openstack/wsgi.py:868}}
May 13 12:54:53.436877 dv-cinder-841644-1-iscsi devstack@c-api.service[116554]: INFO cinder.api.openstack.wsgi [None req-5d5ee023-205b-41b9-84c3-91e961796807 tempest-QosSpecsTestJSON-1948227342 tempest-QosSpecsTestJSON-1948227342-project-admin] http://10.222.0.49/volume/v3/42b8335cfd42431b89a83fcf03789a4a/qos-specs returned with HTTP 200
May 13 12:54:53.438063 dv-cinder-841644-1-iscsi devstack@c-api.service[116554]: [pid: 116554|app: 0|req: 65/116] 10.222.0.49 () {60 vars in 1240 bytes} [Fri May 13 12:54:53 2022] POST /volume/v3/42b8335cfd42431b89a83fcf03789a4a/qos-specs => generated 434 bytes in 85 msecs (HTTP/1.1 200) 7 headers in 285 bytes (1 switches on core 0)
May 13 12:54:53.445346 dv-cinder-841644-1-iscsi devstack@c-api.service[116554]: DEBUG cinder.api.middleware.request_id [None req-f5d6dda9-1eb8-4020-866d-42311f88b22d None None] RequestId filter calling following filter/app {{(pid=116554) _context_setter /opt/stack/cinder/cinder/api/middleware/request_id.py:62}}
May 13 12:54:53.455165 dv-cinder-841644-1-iscsi devstack@c-api.service[116554]: INFO cinder.api.openstack.wsgi [None req-f5d6dda9-1eb8-4020-866d-42311f88b22d tempest-QosSpecsTestJSON-1948227342 tempest-QosSpecsTestJSON-1948227342-project-admin] DELETE http://10.222.0.49/volume/v3/42b8335cfd42431b89a83fcf03789a4a/qos-specs/2d3d96e9-90b4-4ea9-9f40-bc23f8b4c0fd?force=False
May 13 12:54:53.455639 dv-cinder-841644-1-iscsi devstack@c-api.service[116554]: DEBUG cinder.api.openstack.wsgi [None req-f5d6dda9-1eb8-4020-866d-42311f88b22d tempest-QosSpecsTestJSON-1948227342 tempest-QosSpecsTestJSON-1948227342-project-admin] Empty body provided in request {{(pid=116554) get_body /opt/stack/cinder/cinder/api/openstack/wsgi.py:715}}
May 13 12:54:53.457814 dv-cinder-841644-1-iscsi devstack@c-api.service[116554]: DEBUG cinder.api.openstack.wsgi [None req-f5d6dda9-1eb8-4020-866d-42311f88b22d tempest-QosSpecsTestJSON-1948227342 tempest-QosSpecsTestJSON-1948227342-project-admin] Calling method 'delete' {{(pid=116554) _process_stack /opt/stack/cinder/cinder/api/openstack/wsgi.py:868}}
May 13 12:54:53.459150 dv-cinder-841644-1-iscsi devstack@c-api.service[116554]: /usr/local/lib/python3.8/dist-packages/oslo_context/context.py:100: DeprecationWarning: Policy enforcement is depending on the value of is_admin. This key is deprecated. Please update your policy file to use the standard policy values.
May 13 12:54:53.459150 dv-cinder-841644-1-iscsi devstack@c-api.service[116554]: warnings.warn('Policy enforcement is depending on the value of '
May 13 12:54:53.461108 dv-cinder-841644-1-iscsi devstack@c-api.service[116554]: DEBUG cinder.api.contrib.qos_specs_manage [None req-f5d6dda9-1eb8-4020-866d-42311f88b22d tempest-QosSpecsTestJSON-1948227342 tempest-QosSpecsTestJSON-1948227342-project-admin] Delete qos_spec: 2d3d96e9-90b4-4ea9-9f40-bc23f8b4c0fd, force: False {{(pid=116554) delete /opt/stack/cinder/cinder/api/contrib/qos_specs_manage.py:168}}
May 13 12:54:53.484599 dv-cinder-841644-1-iscsi devstack@c-api.service[116555]: /usr/local/lib/python3.8/dist-packages/oslo_context/context.py:100: DeprecationWarning: Policy enforcement is depending on the value of is_admin. This key is deprecated. Please update your policy file to use the standard policy values.
May 13 12:54:53.484599 dv-cinder-841644-1-iscsi devstack@c-api.service[116555]: warnings.warn('Policy enforcement is depending on the value of '
May 13 12:54:53.510911 dv-cinder-841644-1-iscsi devstack@c-api.service[116555]: INFO cinder.volume.api [None req-013712c0-6897-41af-845b-dd62fd744110 tempest-VolumeSnapshotQuotasNegativeTestJSON-2063823998 tempest-VolumeSnapshotQuotasNegativeTestJSON-2063823998-project] Volume info retrieved successfully.
May 13 12:54:53.545555 dv-cinder-841644-1-iscsi devstack@c-api.service[116555]: INFO cinder.api.openstack.wsgi [None req-013712c0-6897-41af-845b-dd62fd744110 tempest-VolumeSnapshotQuotasNegativeTestJSON-2063823998 tempest-VolumeSnapshotQuotasNegativeTestJSON-2063823998-project] http://10.222.0.49/volume/v3/877f12f680e44a2c9f48482d2e957675/volumes/6b72b762-b06f-4b74-b057-bdf316fc9bb2 returned with HTTP 200
May 13 12:54:53.549850 dv-cinder-841644-1-iscsi devstack@c-api.service[116555]: [pid: 116555|app: 0|req: 52/117] 10.222.0.49 () {58 vars in 1324 bytes} [Fri May 13 12:54:53 2022] GET /volume/v3/877f12f680e44a2c9f48482d2e957675/volumes/6b72b762-b06f-4b74-b057-bdf316fc9bb2 => generated 903 bytes in 150 msecs (HTTP/1.1 200) 7 headers in 285 bytes (1 switches on core 0)
May 13 12:54:53.563752 dv-cinder-841644-1-iscsi devstack@c-api.service[116554]: INFO cinder.api.openstack.wsgi [None req-f5d6dda9-1eb8-4020-866d-42311f88b22d tempest-QosSpecsTestJSON-1948227342 tempest-QosSpecsTestJSON-1948227342-project-admin] http://10.222.0.49/volume/v3/42b8335cfd42431b89a83fcf03789a4a/qos-specs/2d3d96e9-90b4-4ea9-9f40-bc23f8b4c0fd?force=False returned with HTTP 202
May 13 12:54:53.567881 dv-cinder-841644-1-iscsi devstack@c-api.service[116554]: [pid: 116554|app: 0|req: 66/118] 10.222.0.49 () {58 vars in 1356 bytes} [Fri May 13 12:54:53 2022] DELETE /volume/v3/42b8335cfd42431b89a83fcf03789a4a/qos-specs/2d3d96e9-90b4-4ea9-9f40-bc23f8b4c0fd?force=False => generated 0 bytes in 124 msecs (HTTP/1.1 202) 6 headers in 233 bytes (1 switches on core 0)
May 13 12:54:53.569652 dv-cinder-841644-1-iscsi devstack@c-api.service[116555]: DEBUG cinder.api.middleware.request_id [None req-1394ed8b-2779-4ba1-b8d7-937eefab45e2 None None] RequestId filter calling following filter/app {{(pid=116555) _context_setter /opt/stack/cinder/cinder/api/middleware/request_id.py:62}}
May 13 12:54:53.578131 dv-cinder-841644-1-iscsi devstack@c-api.service[116555]: INFO cinder.api.openstack.wsgi [None req-1394ed8b-2779-4ba1-b8d7-937eefab45e2 tempest-QosSpecsTestJSON-1948227342 tempest-QosSpecsTestJSON-1948227342-project-admin] GET http://10.222.0.49/volume/v3/42b8335cfd42431b89a83fcf03789a4a/qos-specs/2d3d96e9-90b4-4ea9-9f40-bc23f8b4c0fd
May 13 12:54:53.579534 dv-cinder-841644-1-iscsi devstack@c-api.service[116555]: DEBUG cinder.api.openstack.wsgi [None req-1394ed8b-2779-4ba1-b8d7-937eefab45e2 tempest-QosSpecsTestJSON-1948227342 tempest-QosSpecsTestJSON-1948227342-project-admin] Empty body provided in request {{(pid=116555) get_body /opt/stack/cinder/cinder/api/openstack/wsgi.py:715}}
May 13 12:54:53.580799 dv-cinder-841644-1-iscsi devstack@c-api.service[116555]: DEBUG cinder.api.openstack.wsgi [None req-1394ed8b-2779-4ba1-b8d7-937eefab45e2 tempest-QosSpecsTestJSON-1948227342 tempest-QosSpecsTestJSON-1948227342-project-admin] Calling method 'show' {{(pid=116555) _process_stack /opt/stack/cinder/cinder/api/openstack/wsgi.py:868}}
May 13 12:54:53.612975 dv-cinder-841644-1-iscsi devstack@c-api.service[116555]: INFO cinder.api.openstack.wsgi [None req-1394ed8b-2779-4ba1-b8d7-937eefab45e2 tempest-QosSpecsTestJSON-1948227342 tempest-QosSpecsTestJSON-1948227342-project-admin] http://10.222.0.49/volume/v3/42b8335cfd42431b89a83fcf03789a4a/qos-specs/2d3d96e9-90b4-4ea9-9f40-bc23f8b4c0fd returned with HTTP 404
May 13 12:54:53.618833 dv-cinder-841644-1-iscsi devstack@c-api.service[116555]: [pid: 116555|app: 0|req: 53/119] 10.222.0.49 () {58 vars in 1330 bytes} [Fri May 13 12:54:53 2022] GET /volume/v3/42b8335cfd42431b89a83fcf03789a4a/qos-specs/2d3d96e9-90b4-4ea9-9f40-bc23f8b4c0fd => generated 100 bytes in 50 msecs (HTTP/1.1 404) 7 headers in 292 bytes (2 switches on core 0)
May 13 12:54:53.625180 dv-cinder-841644-1-iscsi devstack@c-api.service[116554]: DEBUG cinder.api.middleware.request_id [None req-a10d8a0f-3658-4087-a4ab-f14c087a72a7 None None] RequestId filter calling following filter/app {{(pid=116554) _context_setter /opt/stack/cinder/cinder/api/middleware/request_id.py:62}}
May 13 12:54:53.631789 dv-cinder-841644-1-iscsi devstack@c-api.service[116554]: INFO cinder.api.openstack.wsgi [None req-a10d8a0f-3658-4087-a4ab-f14c087a72a7 tempest-QosSpecsTestJSON-1948227342 tempest-QosSpecsTestJSON-1948227342-project-admin] GET http://10.222.0.49/volume/v3/42b8335cfd42431b89a83fcf03789a4a/qos-specs
