May 13 13:11:13.240252 dv-cinder-841632-1-smb neutron-server[103454]: INFO neutron.wsgi [req-a89a747b-eb3d-4a45-ba7a-103b3316f8b0 req-8fd045fa-c327-4c6c-a069-09197bc7c6af service neutron] 10.222.0.35 "GET /v2.0/networks/e83c6be0-d4a7-42a5-823b-cb3a60287764?fields=provider%3Aphysical_network&fields=provider%3Anetwork_type HTTP/1.1" status: 200 len: 281 time: 0.1436379
May 13 13:11:13.253713 dv-cinder-841632-1-smb neutron-server[103453]: DEBUG neutron.scheduler.dhcp_agent_scheduler [req-e9029c02-665f-42ad-86ba-40f48d073408 req-650aaf8e-cd92-43ac-bc6e-13e5cd17d379 tempest-AttachVolumeShelveTestJSON-1107901603 tempest-AttachVolumeShelveTestJSON-1107901603-project] Network 102247ae-4d51-49ce-ba79-4bbdf950c5a9 is already hosted by enough agents. {{(pid=103453) _get_dhcp_agents_hosting_network /opt/stack/neutron/neutron/scheduler/dhcp_agent_scheduler.py:275}}
May 13 13:11:13.288924 dv-cinder-841632-1-smb neutron-server[103455]: DEBUG neutron.db.provisioning_blocks [None req-77d29124-3695-4863-bf81-decf2e1e7dc3 None None] Provisioning complete for port c51bb408-9366-403e-85dc-c245c9ebc38c triggered by entity DHCP. {{(pid=103455) provisioning_complete /opt/stack/neutron/neutron/db/provisioning_blocks.py:145}}
May 13 13:11:13.289526 dv-cinder-841632-1-smb neutron-server[103453]: DEBUG neutron.pecan_wsgi.hooks.policy_enforcement [req-9011a92f-e86f-4e9f-ba32-946482feb707 req-90fde5ad-0fe9-4ef8-a4c2-f23e9f02e5ad service neutron] Attributes excluded by policy engine: ['standard_attr_id', 'shared'] {{(pid=103453) _exclude_attributes_by_policy /opt/stack/neutron/neutron/pecan_wsgi/hooks/policy_enforcement.py:259}}
May 13 13:11:13.290052 dv-cinder-841632-1-smb neutron-server[103455]: DEBUG neutron_lib.callbacks.manager [None req-77d29124-3695-4863-bf81-decf2e1e7dc3 None None] Publish callbacks ['neutron.plugins.ml2.plugin.Ml2Plugin._port_provisioned-1744631'] for port (c51bb408-9366-403e-85dc-c245c9ebc38c), provisioning_complete {{(pid=103455) _notify_loop /usr/local/lib/python3.8/dist-packages/neutron_lib/callbacks/manager.py:176}}
May 13 13:11:13.291114 dv-cinder-841632-1-smb neutron-server[103453]: INFO neutron.wsgi [req-9011a92f-e86f-4e9f-ba32-946482feb707 req-90fde5ad-0fe9-4ef8-a4c2-f23e9f02e5ad service neutron] 10.222.0.35 "GET /v2.0/subnets?id=ccaea17c-7311-4046-a148-ab583236ee3b HTTP/1.1" status: 200 len: 858 time: 0.3859284
May 13 13:11:13.299404 dv-cinder-841632-1-smb neutron-server[103453]: DEBUG neutron.scheduler.base_scheduler [req-e9029c02-665f-42ad-86ba-40f48d073408 req-650aaf8e-cd92-43ac-bc6e-13e5cd17d379 tempest-AttachVolumeShelveTestJSON-1107901603 tempest-AttachVolumeShelveTestJSON-1107901603-project] Resources bound (agent type, host, resource id): {{(pid=103453) schedule /opt/stack/neutron/neutron/scheduler/base_scheduler.py:57}}
May 13 13:11:13.321022 dv-cinder-841632-1-smb neutron-server[103453]: DEBUG neutron.db.l3_dvrscheduler_db [req-e9029c02-665f-42ad-86ba-40f48d073408 req-650aaf8e-cd92-43ac-bc6e-13e5cd17d379 tempest-AttachVolumeShelveTestJSON-1107901603 tempest-AttachVolumeShelveTestJSON-1107901603-project] Received port after_create {{(pid=103453) _notify_l3_agent_new_port /opt/stack/neutron/neutron/db/l3_dvrscheduler_db.py:536}}
May 13 13:11:13.326542 dv-cinder-841632-1-smb neutron-server[103453]: DEBUG neutron.pecan_wsgi.hooks.policy_enforcement [req-e9029c02-665f-42ad-86ba-40f48d073408 req-650aaf8e-cd92-43ac-bc6e-13e5cd17d379 tempest-AttachVolumeShelveTestJSON-1107901603 tempest-AttachVolumeShelveTestJSON-1107901603-project] Attributes excluded by policy engine: ['standard_attr_id', 'binding:profile', 'binding:host_id', 'binding:vif_type', 'binding:vif_details', 'network'] {{(pid=103453) _exclude_attributes_by_policy /opt/stack/neutron/neutron/pecan_wsgi/hooks/policy_enforcement.py:259}}
May 13 13:11:13.327307 dv-cinder-841632-1-smb neutron-server[103453]: DEBUG neutron_lib.callbacks.manager [req-e9029c02-665f-42ad-86ba-40f48d073408 req-650aaf8e-cd92-43ac-bc6e-13e5cd17d379 tempest-AttachVolumeShelveTestJSON-1107901603 tempest-AttachVolumeShelveTestJSON-1107901603-project] Publish callbacks ['neutron.notifiers.nova.Notifier._send_nova_notification-69828', 'neutron.api.rpc.agentnotifiers.dhcp_rpc_agent_api.DhcpAgentNotifyAPI._send_dhcp_notification-631610'] for port (None), before_response {{(pid=103453) _notify_loop /usr/local/lib/python3.8/dist-packages/neutron_lib/callbacks/manager.py:176}}
May 13 13:11:13.334100 dv-cinder-841632-1-smb neutron-server[103455]: DEBUG neutron.plugins.ml2.plugin [None req-77d29124-3695-4863-bf81-decf2e1e7dc3 None None] Port c51bb408-9366-403e-85dc-c245c9ebc38c cannot update to ACTIVE because it is not bound. {{(pid=103455) _port_provisioned /opt/stack/neutron/neutron/plugins/ml2/plugin.py:352}}
May 13 13:11:13.448252 dv-cinder-841632-1-smb neutron-server[103453]: DEBUG neutron.api.rpc.handlers.resources_rpc [None req-650aaf8e-cd92-43ac-bc6e-13e5cd17d379 tempest-AttachVolumeShelveTestJSON-1107901603 tempest-AttachVolumeShelveTestJSON-1107901603-project] Pushing event updated for resources: {'Port': ['ID=98ad26e0-38ca-457e-a60c-38eed21dd919,revision_number=1']} {{(pid=103453) push /opt/stack/neutron/neutron/api/rpc/handlers/resources_rpc.py:237}}
May 13 13:11:13.477718 dv-cinder-841632-1-smb neutron-server[103453]: DEBUG neutron_lib.callbacks.manager [req-c8d695f2-4dcf-40ff-94e9-912625dae511 req-44f5bcfa-15e4-4ba0-8d16-868ea63512d4 service neutron] Publish callbacks [] for security_group (2dd89c42-e52d-4611-93a0-9b5aaab3427d), precommit_create {{(pid=103453) _notify_loop /usr/local/lib/python3.8/dist-packages/neutron_lib/callbacks/manager.py:176}}
May 13 13:11:13.495438 dv-cinder-841632-1-smb neutron-server[103454]: DEBUG neutron.pecan_wsgi.hooks.policy_enforcement [req-45e788a3-7e6b-4d88-8e88-f86a08d06cd1 req-9acb953e-4cf6-44c7-b20e-ecbe9af67224 tempest-AttachVolumeNegativeTest-2113146285 tempest-AttachVolumeNegativeTest-2113146285-project] Attributes excluded by policy engine: ['standard_attr_id', 'binding:profile', 'binding:host_id', 'binding:vif_type', 'binding:vif_details'] {{(pid=103454) _exclude_attributes_by_policy /opt/stack/neutron/neutron/pecan_wsgi/hooks/policy_enforcement.py:259}}
May 13 13:11:13.497189 dv-cinder-841632-1-smb neutron-server[103454]: INFO neutron.wsgi [req-45e788a3-7e6b-4d88-8e88-f86a08d06cd1 req-9acb953e-4cf6-44c7-b20e-ecbe9af67224 tempest-AttachVolumeNegativeTest-2113146285 tempest-AttachVolumeNegativeTest-2113146285-project] 10.222.0.60 "GET /v2.0/ports?device_id=98d1dc58-6909-4cac-a4ea-792997715fb2 HTTP/1.1" status: 200 len: 931 time: 0.0850835
May 13 13:11:13.552133 dv-cinder-841632-1-smb neutron-server[103453]: DEBUG neutron_lib.callbacks.manager [req-c8d695f2-4dcf-40ff-94e9-912625dae511 req-44f5bcfa-15e4-4ba0-8d16-868ea63512d4 service neutron] Publish callbacks ['neutron.plugins.ml2.ovo_rpc._ObjectChangeHandler.handle_event-708153'] for security_group (2dd89c42-e52d-4611-93a0-9b5aaab3427d), after_create {{(pid=103453) _notify_loop /usr/local/lib/python3.8/dist-packages/neutron_lib/callbacks/manager.py:176}}
May 13 13:11:13.564258 dv-cinder-841632-1-smb neutron-server[103453]: INFO neutron.wsgi [req-7fe569c5-5b5d-4536-8e58-ea579864d38c req-496f1def-b0c7-4edf-b6ab-bc855dd660a9 tempest-AttachVolumeShelveTestJSON-1107901603 tempest-AttachVolumeShelveTestJSON-1107901603-project] 10.222.0.60 "GET /v2.0/security-groups?id=c3d19a71-f9e6-4495-9774-1fb0b208cc6b&fields=id&fields=name HTTP/1.1" status: 200 len: 312 time: 0.3407714
May 13 13:11:13.596652 dv-cinder-841632-1-smb neutron-server[103453]: INFO neutron.wsgi [req-e9029c02-665f-42ad-86ba-40f48d073408 req-650aaf8e-cd92-43ac-bc6e-13e5cd17d379 tempest-AttachVolumeShelveTestJSON-1107901603 tempest-AttachVolumeShelveTestJSON-1107901603-project] 10.222.0.35 "POST /v2.0/ports HTTP/1.1" status: 201 len: 933 time: 3.7480681
May 13 13:11:13.597382 dv-cinder-841632-1-smb neutron-server[103453]: DEBUG neutron.pecan_wsgi.hooks.quota_enforcement [req-7c48ff9b-a6e4-46d6-bd1c-4712f1bf4581 req-be487d6f-bfff-4e71-813e-73f6e14db83f tempest-AttachVolumeTestJSON-637704673 tempest-AttachVolumeTestJSON-637704673-project] Made reservation on behalf of 28fec735b63147dc8e2f0d34755786ae for: {'port': 1} {{(pid=103453) before /opt/stack/neutron/neutron/pecan_wsgi/hooks/quota_enforcement.py:53}}
May 13 13:11:13.600971 dv-cinder-841632-1-smb neutron-server[103453]: DEBUG neutron_lib.callbacks.manager [req-7c48ff9b-a6e4-46d6-bd1c-4712f1bf4581 req-be487d6f-bfff-4e71-813e-73f6e14db83f tempest-AttachVolumeTestJSON-637704673 tempest-AttachVolumeTestJSON-637704673-project] Publish callbacks ['neutron.plugins.ml2.plugin.SecurityGroupDbMixin._ensure_default_security_group_handler-1770804'] for port (None), before_create {{(pid=103453) _notify_loop /usr/local/lib/python3.8/dist-packages/neutron_lib/callbacks/manager.py:176}}
May 13 13:11:13.614556 dv-cinder-841632-1-smb neutron-server[103454]: INFO neutron.wsgi [req-45e788a3-7e6b-4d88-8e88-f86a08d06cd1 req-50dd4845-e5bc-4fc3-8a3f-aee3e56d4848 tempest-AttachVolumeNegativeTest-2113146285 tempest-AttachVolumeNegativeTest-2113146285-project] 10.222.0.60 "GET /v2.0/security-groups?id=f9c04700-aaed-4ba5-8f38-97f8ae140504&fields=id&fields=name HTTP/1.1" status: 200 len: 313 time: 0.1084490
May 13 13:11:13.628814 dv-cinder-841632-1-smb neutron-server[103453]: DEBUG neutron.api.rpc.handlers.resources_rpc [None req-44f5bcfa-15e4-4ba0-8d16-868ea63512d4 service neutron] Pushing event updated for resources: {'SecurityGroup': ['ID=2dd89c42-e52d-4611-93a0-9b5aaab3427d,revision_number=1']} {{(pid=103453) push /opt/stack/neutron/neutron/api/rpc/handlers/resources_rpc.py:237}}
May 13 13:11:13.653739 dv-cinder-841632-1-smb neutron-server[103455]: DEBUG neutron.db.provisioning_blocks [None req-da9df14a-7d32-4973-b179-d2757148f2ab None None] Provisioning complete for port 98ad26e0-38ca-457e-a60c-38eed21dd919 triggered by entity DHCP. {{(pid=103455) provisioning_complete /opt/stack/neutron/neutron/db/provisioning_blocks.py:145}}
May 13 13:11:13.654106 dv-cinder-841632-1-smb neutron-server[103455]: DEBUG neutron_lib.callbacks.manager [None req-da9df14a-7d32-4973-b179-d2757148f2ab None None] Publish callbacks ['neutron.plugins.ml2.plugin.Ml2Plugin._port_provisioned-1744631'] for port (98ad26e0-38ca-457e-a60c-38eed21dd919), provisioning_complete {{(pid=103455) _notify_loop /usr/local/lib/python3.8/dist-packages/neutron_lib/callbacks/manager.py:176}}
May 13 13:11:13.658725 dv-cinder-841632-1-smb neutron-server[103453]: DEBUG neutron.api.v2.base [req-e9029c02-665f-42ad-86ba-40f48d073408 req-97718bc5-d37c-4204-930d-e3b86d0736bc service neutron] Request body: {'port': {'device_id': '738c4654-e7bd-42bd-9d00-8e55e8b7b3d4', 'device_owner': 'compute:nova', 'binding:host_id': 'hv-cinder-84163'}} {{(pid=103453) prepare_request_body /opt/stack/neutron/neutron/api/v2/base.py:730}}
May 13 13:11:13.681431 dv-cinder-841632-1-smb neutron-server[103453]: DEBUG neutron.pecan_wsgi.hooks.policy_enforcement [req-9011a92f-e86f-4e9f-ba32-946482feb707 req-1c35b057-f615-4fb0-943a-3bc33ec9857c service neutron] Attributes excluded by policy engine: ['standard_attr_id'] {{(pid=103453) _exclude_attributes_by_policy /opt/stack/neutron/neutron/pecan_wsgi/hooks/policy_enforcement.py:259}}
May 13 13:11:13.682964 dv-cinder-841632-1-smb neutron-server[103453]: INFO neutron.wsgi [req-9011a92f-e86f-4e9f-ba32-946482feb707 req-1c35b057-f615-4fb0-943a-3bc33ec9857c service neutron] 10.222.0.35 "GET /v2.0/ports?network_id=e83c6be0-d4a7-42a5-823b-cb3a60287764&device_owner=network%3Adhcp HTTP/1.1" status: 200 len: 1210 time: 0.3762825
May 13 13:11:13.698987 dv-cinder-841632-1-smb neutron-server[103455]: DEBUG neutron.plugins.ml2.plugin [None req-da9df14a-7d32-4973-b179-d2757148f2ab None None] Port 98ad26e0-38ca-457e-a60c-38eed21dd919 cannot update to ACTIVE because it is not bound. {{(pid=103455) _port_provisioned /opt/stack/neutron/neutron/plugins/ml2/plugin.py:352}}
May 13 13:11:13.792447 dv-cinder-841632-1-smb neutron-server[103453]: DEBUG neutron_lib.callbacks.manager [req-c81909f0-f97e-4982-9291-a2fa0597f19d req-eef4ec1d-6891-4652-ae3a-bfe5f91d3aea service neutron] Publish callbacks ['neutron.plugins.ml2.plugin.SecurityGroupDbMixin._ensure_default_security_group_handler-1770804'] for port (c51bb408-9366-403e-85dc-c245c9ebc38c), before_update {{(pid=103453) _notify_loop /usr/local/lib/python3.8/dist-packages/neutron_lib/callbacks/manager.py:176}}
May 13 13:11:13.796010 dv-cinder-841632-1-smb neutron-server[103453]: INFO neutron.wsgi [req-c8d695f2-4dcf-40ff-94e9-912625dae511 req-44f5bcfa-15e4-4ba0-8d16-868ea63512d4 service neutron] 10.222.0.35 "GET /v2.0/security-groups?id=bc4dbde0-403e-4bc3-b775-7fb87110e8c7&fields=id&fields=name HTTP/1.1" status: 200 len: 286 time: 1.3145816
May 13 13:11:13.902426 dv-cinder-841632-1-smb neutron-server[103453]: DEBUG neutron.pecan_wsgi.hooks.policy_enforcement [req-4fbc6934-9a2f-4f84-8c93-b4a663ad13a8 req-32b9d017-7dc3-4b07-bdf4-ccadf27fcd3c tempest-ServerRescueNegativeTestJSON-1770438282 tempest-ServerRescueNegativeTestJSON-1770438282-project] Attributes excluded by policy engine: ['standard_attr_id', 'binding:profile', 'binding:host_id', 'binding:vif_type', 'binding:vif_details'] {{(pid=103453) _exclude_attributes_by_policy /opt/stack/neutron/neutron/pecan_wsgi/hooks/policy_enforcement.py:259}}
May 13 13:11:13.903925 dv-cinder-841632-1-smb neutron-server[103453]: INFO neutron.wsgi [req-4fbc6934-9a2f-4f84-8c93-b4a663ad13a8 req-32b9d017-7dc3-4b07-bdf4-ccadf27fcd3c tempest-ServerRescueNegativeTestJSON-1770438282 tempest-ServerRescueNegativeTestJSON-1770438282-project] 10.222.0.60 "GET /v2.0/ports?device_id=55edf73d-05a1-46ff-ace5-dd77367adbd8 HTTP/1.1" status: 200 len: 944 time: 0.2285187
May 13 13:11:13.982391 dv-cinder-841632-1-smb neutron-server[103453]: DEBUG neutron_lib.callbacks.manager [req-e9029c02-665f-42ad-86ba-40f48d073408 req-97718bc5-d37c-4204-930d-e3b86d0736bc service neutron] Publish callbacks ['neutron.plugins.ml2.plugin.SecurityGroupDbMixin._ensure_default_security_group_handler-1770804'] for port (98ad26e0-38ca-457e-a60c-38eed21dd919), before_update {{(pid=103453) _notify_loop /usr/local/lib/python3.8/dist-packages/neutron_lib/callbacks/manager.py:176}}
May 13 13:11:14.059729 dv-cinder-841632-1-smb neutron-server[103453]: DEBUG neutron.db.db_base_plugin_common [req-7c48ff9b-a6e4-46d6-bd1c-4712f1bf4581 req-be487d6f-bfff-4e71-813e-73f6e14db83f tempest-AttachVolumeTestJSON-637704673 tempest-AttachVolumeTestJSON-637704673-project] Allocated IP 172.20.0.4 (6d1e1570-cb29-4dc6-a9a9-e12eb52ef1d9/9d89068e-8653-46b7-90d8-b38886755223/fd9e4f76-beb2-4af9-93c2-8767f594d0fa) {{(pid=103453) _store_ip_allocation /opt/stack/neutron/neutron/db/db_base_plugin_common.py:131}}
May 13 13:11:14.100513 dv-cinder-841632-1-smb neutron-server[103454]: INFO neutron.wsgi [req-254c41bc-a9ef-42c0-87c9-6e54d5dd2b67 req-d21ed188-03bb-458f-8ce8-6c8e058a2190 tempest-AttachVolumeTestJSON-637704673 tempest-AttachVolumeTestJSON-637704673-project] 10.222.0.60 "GET /v2.0/ports?device_id=3840e540-be97-40d2-9e0e-ca5d7d4c2d90 HTTP/1.1" status: 200 len: 210 time: 0.0384939
May 13 13:11:14.178862 dv-cinder-841632-1-smb neutron-server[103453]: INFO neutron.wsgi [req-9011a92f-e86f-4e9f-ba32-946482feb707 req-d11491ad-aa09-4ff4-9d2c-fe7fa1daecbc service neutron] 10.222.0.35 "GET /v2.0/networks/e83c6be0-d4a7-42a5-823b-cb3a60287764?fields=segments HTTP/1.1" status: 200 len: 212 time: 0.4702981
May 13 13:11:14.225055 dv-cinder-841632-1-smb neutron-server[103454]: DEBUG neutron.pecan_wsgi.hooks.policy_enforcement [req-fc4b5450-8b1d-498e-be55-71fc4e8a21eb req-749a3944-18cb-455d-b54a-59f6fe47d7b7 tempest-DeleteServersTestJSON-894543042 tempest-DeleteServersTestJSON-894543042-project] Attributes excluded by policy engine: ['standard_attr_id', 'binding:profile', 'binding:host_id', 'binding:vif_type', 'binding:vif_details'] {{(pid=103454) _exclude_attributes_by_policy /opt/stack/neutron/neutron/pecan_wsgi/hooks/policy_enforcement.py:259}}
May 13 13:11:14.233624 dv-cinder-841632-1-smb neutron-server[103453]: INFO neutron.wsgi [req-4fbc6934-9a2f-4f84-8c93-b4a663ad13a8 req-a81c5b0e-be35-4aa5-af6f-ca6d3f00942f tempest-ServerRescueNegativeTestJSON-1770438282 tempest-ServerRescueNegativeTestJSON-1770438282-project] 10.222.0.60 "GET /v2.0/security-groups?id=ba4e8d5a-e375-4b1e-b0a7-c779efd4e22e&fields=id&fields=name HTTP/1.1" status: 200 len: 286 time: 0.3006532
May 13 13:11:14.235209 dv-cinder-841632-1-smb neutron-server[103454]: INFO neutron.wsgi [req-fc4b5450-8b1d-498e-be55-71fc4e8a21eb req-749a3944-18cb-455d-b54a-59f6fe47d7b7 tempest-DeleteServersTestJSON-894543042 tempest-DeleteServersTestJSON-894543042-project] 10.222.0.60 "GET /v2.0/ports?device_id=dea83785-d9cb-4079-ba2a-8c63fa88f9cc HTTP/1.1" status: 200 len: 945 time: 0.0621169
May 13 13:11:14.240551 dv-cinder-841632-1-smb neutron-server[103455]: DEBUG neutron.plugins.ml2.rpc [None req-046b3a79-bee1-4a3f-806b-67039d9fcb5d None None] Device 58995ce2-7ce0-4df5-a06a-ef12bcd31bd7 details requested by agent hyperv_hv-cinder-84163 with host hv-cinder-84163 {{(pid=103455) get_device_details /opt/stack/neutron/neutron/plugins/ml2/rpc.py:102}}
May 13 13:11:14.332090 dv-cinder-841632-1-smb neutron-server[103454]: INFO neutron.wsgi [req-fc4b5450-8b1d-498e-be55-71fc4e8a21eb req-5422bf86-1539-4a37-b0cb-94df5ce3f199 tempest-DeleteServersTestJSON-894543042 tempest-DeleteServersTestJSON-894543042-project] 10.222.0.60 "GET /v2.0/security-groups?id=bc4dbde0-403e-4bc3-b775-7fb87110e8c7&fields=id&fields=name HTTP/1.1" status: 200 len: 286 time: 0.0946336
May 13 13:11:14.407190 dv-cinder-841632-1-smb neutron-server[103455]: DEBUG neutron.plugins.ml2.db [None req-046b3a79-bee1-4a3f-806b-67039d9fcb5d None None] For port 58995ce2-7ce0-4df5-a06a-ef12bcd31bd7, host hv-cinder-84163, got binding levels [PortBindingLevel(driver='hyperv',host='hv-cinder-84163',level=0,port_id=58995ce2-7ce0-4df5-a06a-ef12bcd31bd7,segment=NetworkSegment(fe6c9734-9ec6-4b3e-8539-a00cf699b3b3),segment_id=fe6c9734-9ec6-4b3e-8539-a00cf699b3b3)] {{(pid=103455) get_binding_level_objs /opt/stack/neutron/neutron/plugins/ml2/db.py:74}}
May 13 13:11:14.418662 dv-cinder-841632-1-smb neutron-server[103455]: DEBUG neutron.plugins.ml2.rpc [None req-046b3a79-bee1-4a3f-806b-67039d9fcb5d None None] Returning: {'device': '58995ce2-7ce0-4df5-a06a-ef12bcd31bd7', 'network_id': 'e83c6be0-d4a7-42a5-823b-cb3a60287764', 'port_id': '58995ce2-7ce0-4df5-a06a-ef12bcd31bd7', 'mac_address': 'fa:16:3e:a0:10:35', 'admin_state_up': True, 'network_type': 'vlan', 'segmentation_id': 332, 'physical_network': 'physnet1', 'mtu': 1500, 'fixed_ips': [{'subnet_id': 'ccaea17c-7311-4046-a148-ab583236ee3b', 'ip_address': '172.20.0.12'}], 'device_owner': 'compute:nova', 'allowed_address_pairs': [], 'port_security_enabled': True, 'qos_policy_id': None, 'qos_network_policy_id': None, 'profile': {}, 'propagate_uplink_status': False} {{(pid=103455) _get_device_details /opt/stack/neutron/neutron/plugins/ml2/rpc.py:184}}
May 13 13:11:14.460841 dv-cinder-841632-1-smb neutron-server[103455]: DEBUG neutron.plugins.ml2.plugin [None req-046b3a79-bee1-4a3f-806b-67039d9fcb5d None None] Current status of the port 58995ce2-7ce0-4df5-a06a-ef12bcd31bd7 is: DOWN; New status is: BUILD {{(pid=103455) _update_individual_port_db_status /opt/stack/neutron/neutron/plugins/ml2/plugin.py:2296}}
May 13 13:11:14.461218 dv-cinder-841632-1-smb neutron-server[103455]: DEBUG neutron_lib.callbacks.manager [None req-046b3a79-bee1-4a3f-806b-67039d9fcb5d None None] Publish callbacks ['neutron.plugins.ml2.plugin.SecurityGroupDbMixin._ensure_default_security_group_handler-1770804'] for port (58995ce2-7ce0-4df5-a06a-ef12bcd31bd7), before_update {{(pid=103455) _notify_loop /usr/local/lib/python3.8/dist-packages/neutron_lib/callbacks/manager.py:176}}
May 13 13:11:14.474016 dv-cinder-841632-1-smb neutron-server[103455]: DEBUG neutron.notifiers.nova [None req-046b3a79-bee1-4a3f-806b-67039d9fcb5d None None] Ignoring state change previous_port_status: DOWN current_port_status: BUILD port_id 58995ce2-7ce0-4df5-a06a-ef12bcd31bd7 {{(pid=103455) record_port_status_changed /opt/stack/neutron/neutron/notifiers/nova.py:233}}
May 13 13:11:14.497395 dv-cinder-841632-1-smb neutron-server[103455]: DEBUG neutron.plugins.ml2.db [None req-046b3a79-bee1-4a3f-806b-67039d9fcb5d None None] For port 58995ce2-7ce0-4df5-a06a-ef12bcd31bd7, host hv-cinder-84163, got binding levels [PortBindingLevel(driver='hyperv',host='hv-cinder-84163',level=0,port_id=58995ce2-7ce0-4df5-a06a-ef12bcd31bd7,segment=NetworkSegment(fe6c9734-9ec6-4b3e-8539-a00cf699b3b3),segment_id=fe6c9734-9ec6-4b3e-8539-a00cf699b3b3)] {{(pid=103455) get_binding_level_objs /opt/stack/neutron/neutron/plugins/ml2/db.py:74}}
May 13 13:11:14.502890 dv-cinder-841632-1-smb neutron-server[103455]: DEBUG neutron_lib.callbacks.manager [None req-046b3a79-bee1-4a3f-806b-67039d9fcb5d None None] Publish callbacks ['neutron.plugins.ml2.plugin.SecurityGroupServerNotifierRpcMixin._notify_sg_on_port_change-1770904', 'neutron.plugins.ml2.ovo_rpc._ObjectChangeHandler.handle_event-24074', 'neutron.api.rpc.agentnotifiers.dhcp_rpc_agent_api.DhcpAgentNotifyAPI._native_event_send_dhcp_notification-631628', 'neutron.db.l3_db.L3RpcNotifierMixin._notify_gateway_port_ip_changed-8762050906022', 'neutron.db.l3_dvrscheduler_db._notify_l3_agent_port_update-8762050393986', 'neutron.db.l3_hascheduler_db._notify_l3_agent_ha_port_update-8762050394004'] for port (58995ce2-7ce0-4df5-a06a-ef12bcd31bd7), after_update {{(pid=103455) _notify_loop /usr/local/lib/python3.8/dist-packages/neutron_lib/callbacks/manager.py:176}}
May 13 13:11:14.559618 dv-cinder-841632-1-smb neutron-server[103455]: DEBUG neutron.api.rpc.handlers.resources_rpc [None req-046b3a79-bee1-4a3f-806b-67039d9fcb5d None None] Pushing event updated for resources: {'Port': ['ID=58995ce2-7ce0-4df5-a06a-ef12bcd31bd7,revision_number=4']} {{(pid=103455) push /opt/stack/neutron/neutron/api/rpc/handlers/resources_rpc.py:237}}
May 13 13:11:14.588848 dv-cinder-841632-1-smb neutron-server[103453]: INFO neutron.wsgi [req-9011a92f-e86f-4e9f-ba32-946482feb707 req-df098311-d152-4b43-817b-b7cb671458e5 service neutron] 10.222.0.35 "GET /v2.0/networks/e83c6be0-d4a7-42a5-823b-cb3a60287764?fields=provider%3Aphysical_network&fields=provider%3Anetwork_type HTTP/1.1" status: 200 len: 281 time: 0.3930039
May 13 13:11:14.651327 dv-cinder-841632-1-smb neutron-server[103453]: DEBUG neutron_lib.callbacks.manager [req-7c48ff9b-a6e4-46d6-bd1c-4712f1bf4581 req-be487d6f-bfff-4e71-813e-73f6e14db83f tempest-AttachVolumeTestJSON-637704673 tempest-AttachVolumeTestJSON-637704673-project] Publish callbacks [] for port (fd9e4f76-beb2-4af9-93c2-8767f594d0fa), precommit_create {{(pid=103453) _notify_loop /usr/local/lib/python3.8/dist-packages/neutron_lib/callbacks/manager.py:176}}
May 13 13:11:14.736789 dv-cinder-841632-1-smb neutron-server[103455]: DEBUG neutron.plugins.ml2.db [None req-046b3a79-bee1-4a3f-806b-67039d9fcb5d None None] get_ports_and_sgs() called for port_ids ['58995ce2-7ce0-4df5-a06a-ef12bcd31bd7'] {{(pid=103455) get_ports_and_sgs /opt/stack/neutron/neutron/plugins/ml2/db.py:156}}
May 13 13:11:14.748829 dv-cinder-841632-1-smb neutron-server[103453]: DEBUG neutron.notifiers.nova [req-c81909f0-f97e-4982-9291-a2fa0597f19d req-eef4ec1d-6891-4652-ae3a-bfe5f91d3aea service neutron] Ignoring state change previous_port_status: DOWN current_port_status: DOWN port_id c51bb408-9366-403e-85dc-c245c9ebc38c {{(pid=103453) record_port_status_changed /opt/stack/neutron/neutron/notifiers/nova.py:233}}
May 13 13:11:14.752630 dv-cinder-841632-1-smb neutron-server[103454]: DEBUG neutron.pecan_wsgi.hooks.policy_enforcement [req-24aef0a1-8410-4176-a11e-0353f4c80129 req-f6578c3f-0fed-4a5a-ab03-6348e55dad78 tempest-AttachVolumeNegativeTest-2113146285 tempest-AttachVolumeNegativeTest-2113146285-project] Attributes excluded by policy engine: ['standard_attr_id', 'binding:profile', 'binding:host_id', 'binding:vif_type', 'binding:vif_details'] {{(pid=103454) _exclude_attributes_by_policy /opt/stack/neutron/neutron/pecan_wsgi/hooks/policy_enforcement.py:259}}
May 13 13:11:14.760581 dv-cinder-841632-1-smb neutron-server[103454]: INFO neutron.wsgi [req-24aef0a1-8410-4176-a11e-0353f4c80129 req-f6578c3f-0fed-4a5a-ab03-6348e55dad78 tempest-AttachVolumeNegativeTest-2113146285 tempest-AttachVolumeNegativeTest-2113146285-project] 10.222.0.60 "GET /v2.0/ports?device_id=98d1dc58-6909-4cac-a4ea-792997715fb2 HTTP/1.1" status: 200 len: 931 time: 0.0558219
May 13 13:11:14.768866 dv-cinder-841632-1-smb neutron-server[103453]: DEBUG neutron_lib.callbacks.manager [req-c81909f0-f97e-4982-9291-a2fa0597f19d req-eef4ec1d-6891-4652-ae3a-bfe5f91d3aea service neutron] Publish callbacks [] for port (c51bb408-9366-403e-85dc-c245c9ebc38c), precommit_update {{(pid=103453) _notify_loop /usr/local/lib/python3.8/dist-packages/neutron_lib/callbacks/manager.py:176}}
May 13 13:11:14.805146 dv-cinder-841632-1-smb neutron-server[103454]: INFO neutron.wsgi [req-24aef0a1-8410-4176-a11e-0353f4c80129 req-baf15adb-e333-49cd-9e6c-b07313af1892 tempest-AttachVolumeNegativeTest-2113146285 tempest-AttachVolumeNegativeTest-2113146285-project] 10.222.0.60 "GET /v2.0/security-groups?id=f9c04700-aaed-4ba5-8f38-97f8ae140504&fields=id&fields=name HTTP/1.1" status: 200 len: 313 time: 0.0437670
May 13 13:11:14.818918 dv-cinder-841632-1-smb neutron-server[103453]: DEBUG neutron.pecan_wsgi.hooks.policy_enforcement [req-370f4d0a-8f6a-4229-84f9-db7b64f01aa5 req-a8bcf28b-b220-472b-bcff-bfe05b9cc797 tempest-AttachVolumeShelveTestJSON-1107901603 tempest-AttachVolumeShelveTestJSON-1107901603-project] Attributes excluded by policy engine: ['standard_attr_id', 'binding:profile', 'binding:host_id', 'binding:vif_type', 'binding:vif_details'] {{(pid=103453) _exclude_attributes_by_policy /opt/stack/neutron/neutron/pecan_wsgi/hooks/policy_enforcement.py:259}}
May 13 13:11:14.820404 dv-cinder-841632-1-smb neutron-server[103453]: INFO neutron.wsgi [req-370f4d0a-8f6a-4229-84f9-db7b64f01aa5 req-a8bcf28b-b220-472b-bcff-bfe05b9cc797 tempest-AttachVolumeShelveTestJSON-1107901603 tempest-AttachVolumeShelveTestJSON-1107901603-project] 10.222.0.60 "GET /v2.0/ports?device_id=738c4654-e7bd-42bd-9d00-8e55e8b7b3d4 HTTP/1.1" status: 200 len: 931 time: 0.1255388
May 13 13:11:14.825600 dv-cinder-841632-1-smb neutron-server[103453]: DEBUG neutron.db.provisioning_blocks [req-c81909f0-f97e-4982-9291-a2fa0597f19d req-eef4ec1d-6891-4652-ae3a-bfe5f91d3aea service neutron] Transition to ACTIVE for port object c51bb408-9366-403e-85dc-c245c9ebc38c will not be triggered until provisioned by entity L2. {{(pid=103453) add_provisioning_component /opt/stack/neutron/neutron/db/provisioning_blocks.py:75}}
May 13 13:11:14.833280 dv-cinder-841632-1-smb neutron-server[103453]: DEBUG neutron_lib.callbacks.manager [req-c81909f0-f97e-4982-9291-a2fa0597f19d req-eef4ec1d-6891-4652-ae3a-bfe5f91d3aea service neutron] Publish callbacks ['neutron.plugins.ml2.plugin.SecurityGroupServerNotifierRpcMixin._notify_sg_on_port_change-1770904', 'neutron.plugins.ml2.ovo_rpc._ObjectChangeHandler.handle_event-24074', 'neutron.api.rpc.agentnotifiers.dhcp_rpc_agent_api.DhcpAgentNotifyAPI._native_event_send_dhcp_notification-631628', 'neutron.db.l3_db.L3RpcNotifierMixin._notify_gateway_port_ip_changed-8762050906022', 'neutron.db.l3_dvrscheduler_db._notify_l3_agent_port_update-8762050393986', 'neutron.db.l3_hascheduler_db._notify_l3_agent_ha_port_update-8762050394004'] for port (c51bb408-9366-403e-85dc-c245c9ebc38c), after_update {{(pid=103453) _notify_loop /usr/local/lib/python3.8/dist-packages/neutron_lib/callbacks/manager.py:176}}
May 13 13:11:14.853859 dv-cinder-841632-1-smb neutron-server[103453]: DEBUG neutron.notifiers.nova [req-e9029c02-665f-42ad-86ba-40f48d073408 req-97718bc5-d37c-4204-930d-e3b86d0736bc service neutron] Ignoring state change previous_port_status: DOWN current_port_status: DOWN port_id 98ad26e0-38ca-457e-a60c-38eed21dd919 {{(pid=103453) record_port_status_changed /opt/stack/neutron/neutron/notifiers/nova.py:233}}
May 13 13:11:14.858345 dv-cinder-841632-1-smb neutron-server[103453]: DEBUG neutron_lib.callbacks.manager [req-7c48ff9b-a6e4-46d6-bd1c-4712f1bf4581 req-be487d6f-bfff-4e71-813e-73f6e14db83f tempest-AttachVolumeTestJSON-637704673 tempest-AttachVolumeTestJSON-637704673-project] Publish callbacks ['neutron.plugins.ml2.plugin.SecurityGroupServerNotifierRpcMixin._notify_sg_on_port_change-1770904', 'neutron.plugins.ml2.ovo_rpc._ObjectChangeHandler.handle_event-24074', 'neutron.api.rpc.agentnotifiers.dhcp_rpc_agent_api.DhcpAgentNotifyAPI._native_event_send_dhcp_notification-631628', 'neutron.db.l3_dvrscheduler_db._notify_l3_agent_new_port-8762050393968'] for port (fd9e4f76-beb2-4af9-93c2-8767f594d0fa), after_create {{(pid=103453) _notify_loop /usr/local/lib/python3.8/dist-packages/neutron_lib/callbacks/manager.py:176}}
May 13 13:11:15.068025 dv-cinder-841632-1-smb neutron-server[103453]: DEBUG neutron_lib.callbacks.manager [req-e9029c02-665f-42ad-86ba-40f48d073408 req-97718bc5-d37c-4204-930d-e3b86d0736bc service neutron] Publish callbacks [] for port (98ad26e0-38ca-457e-a60c-38eed21dd919), precommit_update {{(pid=103453) _notify_loop /usr/local/lib/python3.8/dist-packages/neutron_lib/callbacks/manager.py:176}}
May 13 13:11:15.127026 dv-cinder-841632-1-smb neutron-server[103453]: DEBUG neutron.db.provisioning_blocks [req-e9029c02-665f-42ad-86ba-40f48d073408 req-97718bc5-d37c-4204-930d-e3b86d0736bc service neutron] Transition to ACTIVE for port object 98ad26e0-38ca-457e-a60c-38eed21dd919 will not be triggered until provisioned by entity L2. {{(pid=103453) add_provisioning_component /opt/stack/neutron/neutron/db/provisioning_blocks.py:75}}
May 13 13:11:15.150756 dv-cinder-841632-1-smb neutron-server[103453]: DEBUG neutron.scheduler.dhcp_agent_scheduler [req-7c48ff9b-a6e4-46d6-bd1c-4712f1bf4581 req-be487d6f-bfff-4e71-813e-73f6e14db83f tempest-AttachVolumeTestJSON-637704673 tempest-AttachVolumeTestJSON-637704673-project] Network 6d1e1570-cb29-4dc6-a9a9-e12eb52ef1d9 is already hosted by enough agents. {{(pid=103453) _get_dhcp_agents_hosting_network /opt/stack/neutron/neutron/scheduler/dhcp_agent_scheduler.py:275}}
May 13 13:11:15.151527 dv-cinder-841632-1-smb neutron-server[103453]: DEBUG neutron_lib.callbacks.manager [req-e9029c02-665f-42ad-86ba-40f48d073408 req-97718bc5-d37c-4204-930d-e3b86d0736bc service neutron] Publish callbacks ['neutron.plugins.ml2.plugin.SecurityGroupServerNotifierRpcMixin._notify_sg_on_port_change-1770904', 'neutron.plugins.ml2.ovo_rpc._ObjectChangeHandler.handle_event-24074', 'neutron.api.rpc.agentnotifiers.dhcp_rpc_agent_api.DhcpAgentNotifyAPI._native_event_send_dhcp_notification-631628', 'neutron.db.l3_db.L3RpcNotifierMixin._notify_gateway_port_ip_changed-8762050906022', 'neutron.db.l3_dvrscheduler_db._notify_l3_agent_port_update-8762050393986', 'neutron.db.l3_hascheduler_db._notify_l3_agent_ha_port_update-8762050394004'] for port (98ad26e0-38ca-457e-a60c-38eed21dd919), after_update {{(pid=103453) _notify_loop /usr/local/lib/python3.8/dist-packages/neutron_lib/callbacks/manager.py:176}}
May 13 13:11:15.157372 dv-cinder-841632-1-smb neutron-server[103453]: DEBUG neutron.api.rpc.handlers.resources_rpc [None req-eef4ec1d-6891-4652-ae3a-bfe5f91d3aea service neutron] Pushing event updated for resources: {'Port': ['ID=c51bb408-9366-403e-85dc-c245c9ebc38c,revision_number=2']} {{(pid=103453) push /opt/stack/neutron/neutron/api/rpc/handlers/resources_rpc.py:237}}
May 13 13:11:15.166153 dv-cinder-841632-1-smb neutron-server[103453]: DEBUG neutron.scheduler.base_scheduler [req-7c48ff9b-a6e4-46d6-bd1c-4712f1bf4581 req-be487d6f-bfff-4e71-813e-73f6e14db83f tempest-AttachVolumeTestJSON-637704673 tempest-AttachVolumeTestJSON-637704673-project] Resources bound (agent type, host, resource id): {{(pid=103453) schedule /opt/stack/neutron/neutron/scheduler/base_scheduler.py:57}}
May 13 13:11:15.179038 dv-cinder-841632-1-smb neutron-server[103453]: DEBUG neutron.db.l3_dvrscheduler_db [req-7c48ff9b-a6e4-46d6-bd1c-4712f1bf4581 req-be487d6f-bfff-4e71-813e-73f6e14db83f tempest-AttachVolumeTestJSON-637704673 tempest-AttachVolumeTestJSON-637704673-project] Received port after_create {{(pid=103453) _notify_l3_agent_new_port /opt/stack/neutron/neutron/db/l3_dvrscheduler_db.py:536}}
May 13 13:11:15.184167 dv-cinder-841632-1-smb neutron-server[103453]: DEBUG neutron.pecan_wsgi.hooks.policy_enforcement [req-7c48ff9b-a6e4-46d6-bd1c-4712f1bf4581 req-be487d6f-bfff-4e71-813e-73f6e14db83f tempest-AttachVolumeTestJSON-637704673 tempest-AttachVolumeTestJSON-637704673-project] Attributes excluded by policy engine: ['standard_attr_id', 'binding:profile', 'binding:host_id', 'binding:vif_type', 'binding:vif_details', 'network'] {{(pid=103453) _exclude_attributes_by_policy /opt/stack/neutron/neutron/pecan_wsgi/hooks/policy_enforcement.py:259}}
May 13 13:11:15.184801 dv-cinder-841632-1-smb neutron-server[103453]: DEBUG neutron_lib.callbacks.manager [req-7c48ff9b-a6e4-46d6-bd1c-4712f1bf4581 req-be487d6f-bfff-4e71-813e-73f6e14db83f tempest-AttachVolumeTestJSON-637704673 tempest-AttachVolumeTestJSON-637704673-project] Publish callbacks ['neutron.notifiers.nova.Notifier._send_nova_notification-69828', 'neutron.api.rpc.agentnotifiers.dhcp_rpc_agent_api.DhcpAgentNotifyAPI._send_dhcp_notification-631610'] for port (None), before_response {{(pid=103453) _notify_loop /usr/local/lib/python3.8/dist-packages/neutron_lib/callbacks/manager.py:176}}
May 13 13:11:15.256216 dv-cinder-841632-1-smb neutron-server[103454]: DEBUG neutron.pecan_wsgi.hooks.policy_enforcement [req-d2ab13bb-9d3e-491c-a65e-e477ceb5809b req-35349262-a816-4306-ac9c-3bfcee8c8dbb tempest-AttachVolumeTestJSON-637704673 tempest-AttachVolumeTestJSON-637704673-project] Attributes excluded by policy engine: ['standard_attr_id', 'binding:profile', 'binding:host_id', 'binding:vif_type', 'binding:vif_details'] {{(pid=103454) _exclude_attributes_by_policy /opt/stack/neutron/neutron/pecan_wsgi/hooks/policy_enforcement.py:259}}
May 13 13:11:15.259328 dv-cinder-841632-1-smb neutron-server[103454]: INFO neutron.wsgi [req-d2ab13bb-9d3e-491c-a65e-e477ceb5809b req-35349262-a816-4306-ac9c-3bfcee8c8dbb tempest-AttachVolumeTestJSON-637704673 tempest-AttachVolumeTestJSON-637704673-project] 10.222.0.60 "GET /v2.0/ports?device_id=3840e540-be97-40d2-9e0e-ca5d7d4c2d90 HTTP/1.1" status: 200 len: 931 time: 0.0738490
May 13 13:11:15.263932 dv-cinder-841632-1-smb neutron-server[103453]: INFO neutron.wsgi [req-370f4d0a-8f6a-4229-84f9-db7b64f01aa5 req-8b23d35b-4f95-45bb-9cac-bcf3e12faf95 tempest-AttachVolumeShelveTestJSON-1107901603 tempest-AttachVolumeShelveTestJSON-1107901603-project] 10.222.0.60 "GET /v2.0/security-groups?id=c3d19a71-f9e6-4495-9774-1fb0b208cc6b&fields=id&fields=name HTTP/1.1" status: 200 len: 312 time: 0.4344318
May 13 13:11:15.333039 dv-cinder-841632-1-smb neutron-server[103453]: DEBUG neutron.api.rpc.handlers.resources_rpc [None req-be487d6f-bfff-4e71-813e-73f6e14db83f tempest-AttachVolumeTestJSON-637704673 tempest-AttachVolumeTestJSON-637704673-project] Pushing event updated for resources: {'Port': ['ID=fd9e4f76-beb2-4af9-93c2-8767f594d0fa,revision_number=1']} {{(pid=103453) push /opt/stack/neutron/neutron/api/rpc/handlers/resources_rpc.py:237}}
May 13 13:11:15.404540 dv-cinder-841632-1-smb neutron-server[103454]: INFO neutron.wsgi [req-d2ab13bb-9d3e-491c-a65e-e477ceb5809b req-fa1d466b-7118-4437-8002-a85d0d50fa61 tempest-AttachVolumeTestJSON-637704673 tempest-AttachVolumeTestJSON-637704673-project] 10.222.0.60 "GET /v2.0/security-groups?id=67072aa8-d97c-419b-b1ae-58f2e3a6cd70&fields=id&fields=name HTTP/1.1" status: 200 len: 313 time: 0.1309721
May 13 13:11:15.466027 dv-cinder-841632-1-smb neutron-server[103453]: INFO neutron.wsgi [req-7c48ff9b-a6e4-46d6-bd1c-4712f1bf4581 req-be487d6f-bfff-4e71-813e-73f6e14db83f tempest-AttachVolumeTestJSON-637704673 tempest-AttachVolumeTestJSON-637704673-project] 10.222.0.35 "POST /v2.0/ports HTTP/1.1" status: 201 len: 933 time: 2.9650216
May 13 13:11:15.550352 dv-cinder-841632-1-smb neutron-server[103453]: DEBUG neutron.plugins.ml2.managers [req-c81909f0-f97e-4982-9291-a2fa0597f19d req-eef4ec1d-6891-4652-ae3a-bfe5f91d3aea service neutron] Attempting to bind port c51bb408-9366-403e-85dc-c245c9ebc38c on host hv-cinder-84163 for vnic_type normal with profile {{(pid=103453) bind_port /opt/stack/neutron/neutron/plugins/ml2/managers.py:795}}
May 13 13:11:15.550698 dv-cinder-841632-1-smb neutron-server[103453]: DEBUG neutron.plugins.ml2.managers [req-c81909f0-f97e-4982-9291-a2fa0597f19d req-eef4ec1d-6891-4652-ae3a-bfe5f91d3aea service neutron] Attempting to bind port c51bb408-9366-403e-85dc-c245c9ebc38c by drivers openvswitch,hyperv on host hv-cinder-84163 at level 0 using segments [{'id': '1fcd7961-3080-4302-9b9c-31d0772f0dcf', 'network_type': 'vlan', 'physical_network': 'physnet1', 'segmentation_id': 301, 'network_id': 'abf7d71b-58bf-4f26-af8b-e9ede5216d0f'}] {{(pid=103453) _bind_port_level /opt/stack/neutron/neutron/plugins/ml2/managers.py:820}}
May 13 13:11:15.551087 dv-cinder-841632-1-smb neutron-server[103453]: DEBUG neutron.plugins.ml2.drivers.mech_agent [req-c81909f0-f97e-4982-9291-a2fa0597f19d req-eef4ec1d-6891-4652-ae3a-bfe5f91d3aea service neutron] Attempting to bind port c51bb408-9366-403e-85dc-c245c9ebc38c on network abf7d71b-58bf-4f26-af8b-e9ede5216d0f {{(pid=103453) bind_port /opt/stack/neutron/neutron/plugins/ml2/drivers/mech_agent.py:91}}
May 13 13:11:15.576237 dv-cinder-841632-1-smb neutron-server[103453]: DEBUG neutron.api.rpc.handlers.resources_rpc [None req-97718bc5-d37c-4204-930d-e3b86d0736bc service neutron] Pushing event updated for resources: {'Port': ['ID=98ad26e0-38ca-457e-a60c-38eed21dd919,revision_number=2']} {{(pid=103453) push /opt/stack/neutron/neutron/api/rpc/handlers/resources_rpc.py:237}}
May 13 13:11:15.590231 dv-cinder-841632-1-smb neutron-server[103454]: DEBUG neutron.wsgi [-] (103454) accepted ('10.222.0.60', 45540) {{(pid=103454) server /usr/local/lib/python3.8/dist-packages/eventlet/wsgi.py:1004}}
May 13 13:11:15.597375 dv-cinder-841632-1-smb neutron-server[103453]: DEBUG neutron.plugins.ml2.drivers.mech_agent [req-c81909f0-f97e-4982-9291-a2fa0597f19d req-eef4ec1d-6891-4652-ae3a-bfe5f91d3aea service neutron] Port c51bb408-9366-403e-85dc-c245c9ebc38c on network abf7d71b-58bf-4f26-af8b-e9ede5216d0f not bound, no agent of type Open vSwitch agent registered on host hv-cinder-84163 {{(pid=103453) bind_port /opt/stack/neutron/neutron/plugins/ml2/drivers/mech_agent.py:103}}
May 13 13:11:15.597705 dv-cinder-841632-1-smb neutron-server[103453]: DEBUG neutron.plugins.ml2.drivers.mech_agent [req-c81909f0-f97e-4982-9291-a2fa0597f19d req-eef4ec1d-6891-4652-ae3a-bfe5f91d3aea service neutron] Attempting to bind port c51bb408-9366-403e-85dc-c245c9ebc38c on network abf7d71b-58bf-4f26-af8b-e9ede5216d0f {{(pid=103453) bind_port /opt/stack/neutron/neutron/plugins/ml2/drivers/mech_agent.py:91}}
May 13 13:11:15.603153 dv-cinder-841632-1-smb neutron-server[103453]: DEBUG neutron.plugins.ml2.managers [req-e9029c02-665f-42ad-86ba-40f48d073408 req-97718bc5-d37c-4204-930d-e3b86d0736bc service neutron] Attempting to bind port 98ad26e0-38ca-457e-a60c-38eed21dd919 on host hv-cinder-84163 for vnic_type normal with profile {{(pid=103453) bind_port /opt/stack/neutron/neutron/plugins/ml2/managers.py:795}}
May 13 13:11:15.603709 dv-cinder-841632-1-smb neutron-server[103453]: DEBUG neutron.plugins.ml2.managers [req-e9029c02-665f-42ad-86ba-40f48d073408 req-97718bc5-d37c-4204-930d-e3b86d0736bc service neutron] Attempting to bind port 98ad26e0-38ca-457e-a60c-38eed21dd919 by drivers openvswitch,hyperv on host hv-cinder-84163 at level 0 using segments [{'id': 'ffcec5a1-db79-4777-b187-ada3895dbb4e', 'network_type': 'vlan', 'physical_network': 'physnet1', 'segmentation_id': 310, 'network_id': '102247ae-4d51-49ce-ba79-4bbdf950c5a9'}] {{(pid=103453) _bind_port_level /opt/stack/neutron/neutron/plugins/ml2/managers.py:820}}
May 13 13:11:15.603836 dv-cinder-841632-1-smb neutron-server[103453]: DEBUG neutron.plugins.ml2.drivers.mech_agent [req-e9029c02-665f-42ad-86ba-40f48d073408 req-97718bc5-d37c-4204-930d-e3b86d0736bc service neutron] Attempting to bind port 98ad26e0-38ca-457e-a60c-38eed21dd919 on network 102247ae-4d51-49ce-ba79-4bbdf950c5a9 {{(pid=103453) bind_port /opt/stack/neutron/neutron/plugins/ml2/drivers/mech_agent.py:91}}
May 13 13:11:15.605375 dv-cinder-841632-1-smb neutron-server[103454]: DEBUG neutron.pecan_wsgi.hooks.policy_enforcement [req-9913652e-e48d-4108-85e7-83d6f6182ba7 req-65ab5377-22bd-41a5-986f-3c79d1195281 tempest-DeleteServersTestJSON-894543042 tempest-DeleteServersTestJSON-894543042-project] Attributes excluded by policy engine: ['standard_attr_id', 'binding:profile', 'binding:host_id', 'binding:vif_type', 'binding:vif_details'] {{(pid=103454) _exclude_attributes_by_policy /opt/stack/neutron/neutron/pecan_wsgi/hooks/policy_enforcement.py:259}}
May 13 13:11:15.608328 dv-cinder-841632-1-smb neutron-server[103454]: INFO neutron.wsgi [req-9913652e-e48d-4108-85e7-83d6f6182ba7 req-65ab5377-22bd-41a5-986f-3c79d1195281 tempest-DeleteServersTestJSON-894543042 tempest-DeleteServersTestJSON-894543042-project] 10.222.0.60 "GET /v2.0/ports?device_id=dea83785-d9cb-4079-ba2a-8c63fa88f9cc HTTP/1.1" status: 200 len: 945 time: 0.0816212
May 13 13:11:15.613466 dv-cinder-841632-1-smb neutron-server[103453]: DEBUG neutron.plugins.ml2.drivers.mech_agent [req-c81909f0-f97e-4982-9291-a2fa0597f19d req-eef4ec1d-6891-4652-ae3a-bfe5f91d3aea service neutron] Checking agent: {'id': '431ed79d-aecd-4ba6-98e4-ea920d7d4efe', 'agent_type': 'HyperV agent', 'binary': 'neutron-hyperv-agent', 'topic': 'N/A', 'host': 'hv-cinder-84163', 'admin_state_up': True, 'created_at': datetime.datetime(2022, 5, 13, 13, 8, 30), 'started_at': datetime.datetime(2022, 5, 13, 13, 8, 30), 'heartbeat_timestamp': datetime.datetime(2022, 5, 13, 13, 11), 'description': None, 'resources_synced': None, 'availability_zone': None, 'alive': True, 'configurations': {'vswitch_mappings': {'physnet1$': 'br-data'}}, 'resource_versions': {}} {{(pid=103453) bind_port /opt/stack/neutron/neutron/plugins/ml2/drivers/mech_agent.py:110}}
May 13 13:11:15.613807 dv-cinder-841632-1-smb neutron-server[103453]: DEBUG neutron.plugins.ml2.drivers.mech_agent [req-c81909f0-f97e-4982-9291-a2fa0597f19d req-eef4ec1d-6891-4652-ae3a-bfe5f91d3aea service neutron] Checking segment: {'id': '1fcd7961-3080-4302-9b9c-31d0772f0dcf', 'network_type': 'vlan', 'physical_network': 'physnet1', 'segmentation_id': 301, 'network_id': 'abf7d71b-58bf-4f26-af8b-e9ede5216d0f'} for mappings: {'physnet1$': 'br-data'} with network types: ['local', 'flat', 'vlan'] {{(pid=103453) check_segment_for_agent /opt/stack/neutron/neutron/plugins/ml2/drivers/mech_agent.py:373}}
May 13 13:11:15.614219 dv-cinder-841632-1-smb neutron-server[103453]: DEBUG neutron.plugins.ml2.drivers.mech_agent [req-c81909f0-f97e-4982-9291-a2fa0597f19d req-eef4ec1d-6891-4652-ae3a-bfe5f91d3aea service neutron] Bound using segment: {'id': '1fcd7961-3080-4302-9b9c-31d0772f0dcf', 'network_type': 'vlan', 'physical_network': 'physnet1', 'segmentation_id': 301, 'network_id': 'abf7d71b-58bf-4f26-af8b-e9ede5216d0f'} {{(pid=103453) bind_port /opt/stack/neutron/neutron/plugins/ml2/drivers/mech_agent.py:120}}
May 13 13:11:15.614686 dv-cinder-841632-1-smb neutron-server[103453]: DEBUG neutron.plugins.ml2.managers [req-c81909f0-f97e-4982-9291-a2fa0597f19d req-eef4ec1d-6891-4652-ae3a-bfe5f91d3aea service neutron] Bound port: c51bb408-9366-403e-85dc-c245c9ebc38c, host: hv-cinder-84163, vif_type: hyperv, vif_details: {"connectivity": "legacy", "port_filter": false}, binding_levels: [{'bound_driver': 'hyperv', 'bound_segment': {'id': '1fcd7961-3080-4302-9b9c-31d0772f0dcf', 'network_type': 'vlan', 'physical_network': 'physnet1', 'segmentation_id': 301, 'network_id': 'abf7d71b-58bf-4f26-af8b-e9ede5216d0f'}}] {{(pid=103453) _bind_port_level /opt/stack/neutron/neutron/plugins/ml2/managers.py:932}}
May 13 13:11:15.615077 dv-cinder-841632-1-smb neutron-server[103453]: DEBUG neutron_lib.callbacks.manager [req-c81909f0-f97e-4982-9291-a2fa0597f19d req-eef4ec1d-6891-4652-ae3a-bfe5f91d3aea service neutron] Publish callbacks ['neutron.plugins.ml2.plugin.SecurityGroupDbMixin._ensure_default_security_group_handler-1770804'] for port (c51bb408-9366-403e-85dc-c245c9ebc38c), before_update {{(pid=103453) _notify_loop /usr/local/lib/python3.8/dist-packages/neutron_lib/callbacks/manager.py:176}}
May 13 13:11:15.624295 dv-cinder-841632-1-smb neutron-server[103453]: DEBUG neutron.plugins.ml2.drivers.mech_agent [req-e9029c02-665f-42ad-86ba-40f48d073408 req-97718bc5-d37c-4204-930d-e3b86d0736bc service neutron] Port 98ad26e0-38ca-457e-a60c-38eed21dd919 on network 102247ae-4d51-49ce-ba79-4bbdf950c5a9 not bound, no agent of type Open vSwitch agent registered on host hv-cinder-84163 {{(pid=103453) bind_port /opt/stack/neutron/neutron/plugins/ml2/drivers/mech_agent.py:103}}
May 13 13:11:15.624614 dv-cinder-841632-1-smb neutron-server[103453]: DEBUG neutron.plugins.ml2.drivers.mech_agent [req-e9029c02-665f-42ad-86ba-40f48d073408 req-97718bc5-d37c-4204-930d-e3b86d0736bc service neutron] Attempting to bind port 98ad26e0-38ca-457e-a60c-38eed21dd919 on network 102247ae-4d51-49ce-ba79-4bbdf950c5a9 {{(pid=103453) bind_port /opt/stack/neutron/neutron/plugins/ml2/drivers/mech_agent.py:91}}
May 13 13:11:15.644840 dv-cinder-841632-1-smb neutron-server[103453]: DEBUG neutron.pecan_wsgi.hooks.policy_enforcement [req-c20e2060-6d1d-4ad4-8949-59e8715fe1be req-72f08a6d-8882-44cd-a77e-6208b25c795e tempest-ServerRescueNegativeTestJSON-1770438282 tempest-ServerRescueNegativeTestJSON-1770438282-project] Attributes excluded by policy engine: ['standard_attr_id', 'binding:profile', 'binding:host_id', 'binding:vif_type', 'binding:vif_details'] {{(pid=103453) _exclude_attributes_by_policy /opt/stack/neutron/neutron/pecan_wsgi/hooks/policy_enforcement.py:259}}
May 13 13:11:15.651834 dv-cinder-841632-1-smb neutron-server[103453]: INFO neutron.wsgi [req-c20e2060-6d1d-4ad4-8949-59e8715fe1be req-72f08a6d-8882-44cd-a77e-6208b25c795e tempest-ServerRescueNegativeTestJSON-1770438282 tempest-ServerRescueNegativeTestJSON-1770438282-project] 10.222.0.60 "GET /v2.0/ports?device_id=55edf73d-05a1-46ff-ace5-dd77367adbd8 HTTP/1.1" status: 200 len: 944 time: 0.1285541
May 13 13:11:15.656022 dv-cinder-841632-1-smb neutron-server[103453]: DEBUG neutron.plugins.ml2.drivers.mech_agent [req-e9029c02-665f-42ad-86ba-40f48d073408 req-97718bc5-d37c-4204-930d-e3b86d0736bc service neutron] Checking agent: {'id': '431ed79d-aecd-4ba6-98e4-ea920d7d4efe', 'agent_type': 'HyperV agent', 'binary': 'neutron-hyperv-agent', 'topic': 'N/A', 'host': 'hv-cinder-84163', 'admin_state_up': True, 'created_at': datetime.datetime(2022, 5, 13, 13, 8, 30), 'started_at': datetime.datetime(2022, 5, 13, 13, 8, 30), 'heartbeat_timestamp': datetime.datetime(2022, 5, 13, 13, 11), 'description': None, 'resources_synced': None, 'availability_zone': None, 'alive': True, 'configurations': {'vswitch_mappings': {'physnet1$': 'br-data'}}, 'resource_versions': {}} {{(pid=103453) bind_port /opt/stack/neutron/neutron/plugins/ml2/drivers/mech_agent.py:110}}
May 13 13:11:15.656400 dv-cinder-841632-1-smb neutron-server[103453]: DEBUG neutron.plugins.ml2.drivers.mech_agent [req-e9029c02-665f-42ad-86ba-40f48d073408 req-97718bc5-d37c-4204-930d-e3b86d0736bc service neutron] Checking segment: {'id': 'ffcec5a1-db79-4777-b187-ada3895dbb4e', 'network_type': 'vlan', 'physical_network': 'physnet1', 'segmentation_id': 310, 'network_id': '102247ae-4d51-49ce-ba79-4bbdf950c5a9'} for mappings: {'physnet1$': 'br-data'} with network types: ['local', 'flat', 'vlan'] {{(pid=103453) check_segment_for_agent /opt/stack/neutron/neutron/plugins/ml2/drivers/mech_agent.py:373}}
May 13 13:11:15.656773 dv-cinder-841632-1-smb neutron-server[103453]: DEBUG neutron.plugins.ml2.drivers.mech_agent [req-e9029c02-665f-42ad-86ba-40f48d073408 req-97718bc5-d37c-4204-930d-e3b86d0736bc service neutron] Bound using segment: {'id': 'ffcec5a1-db79-4777-b187-ada3895dbb4e', 'network_type': 'vlan', 'physical_network': 'physnet1', 'segmentation_id': 310, 'network_id': '102247ae-4d51-49ce-ba79-4bbdf950c5a9'} {{(pid=103453) bind_port /opt/stack/neutron/neutron/plugins/ml2/drivers/mech_agent.py:120}}
May 13 13:11:15.657209 dv-cinder-841632-1-smb neutron-server[103453]: DEBUG neutron.plugins.ml2.managers [req-e9029c02-665f-42ad-86ba-40f48d073408 req-97718bc5-d37c-4204-930d-e3b86d0736bc service neutron] Bound port: 98ad26e0-38ca-457e-a60c-38eed21dd919, host: hv-cinder-84163, vif_type: hyperv, vif_details: {"connectivity": "legacy", "port_filter": false}, binding_levels: [{'bound_driver': 'hyperv', 'bound_segment': {'id': 'ffcec5a1-db79-4777-b187-ada3895dbb4e', 'network_type': 'vlan', 'physical_network': 'physnet1', 'segmentation_id': 310, 'network_id': '102247ae-4d51-49ce-ba79-4bbdf950c5a9'}}] {{(pid=103453) _bind_port_level /opt/stack/neutron/neutron/plugins/ml2/managers.py:932}}
May 13 13:11:15.657569 dv-cinder-841632-1-smb neutron-server[103453]: DEBUG neutron_lib.callbacks.manager [req-e9029c02-665f-42ad-86ba-40f48d073408 req-97718bc5-d37c-4204-930d-e3b86d0736bc service neutron] Publish callbacks ['neutron.plugins.ml2.plugin.SecurityGroupDbMixin._ensure_default_security_group_handler-1770804'] for port (98ad26e0-38ca-457e-a60c-38eed21dd919), before_update {{(pid=103453) _notify_loop /usr/local/lib/python3.8/dist-packages/neutron_lib/callbacks/manager.py:176}}
May 13 13:11:15.664733 dv-cinder-841632-1-smb neutron-server[103455]: DEBUG neutron.db.provisioning_blocks [None req-c1c18226-5750-4bd0-ae80-5ef887ba96ef None None] Provisioning complete for port fd9e4f76-beb2-4af9-93c2-8767f594d0fa triggered by entity DHCP. {{(pid=103455) provisioning_complete /opt/stack/neutron/neutron/db/provisioning_blocks.py:145}}
