May 13 13:10:45.411113 dv-cinder-841632-1-smb neutron-server[103454]: DEBUG neutron.scheduler.dhcp_agent_scheduler [None req-c0562e98-709e-4d32-9dc3-67c456ab27f0 admin admin] Network 102247ae-4d51-49ce-ba79-4bbdf950c5a9 is already hosted by enough agents. {{(pid=103454) _get_dhcp_agents_hosting_network /opt/stack/neutron/neutron/scheduler/dhcp_agent_scheduler.py:275}}
May 13 13:10:45.504567 dv-cinder-841632-1-smb neutron-server[103454]: DEBUG neutron.scheduler.base_scheduler [None req-c0562e98-709e-4d32-9dc3-67c456ab27f0 admin admin] Resources bound (agent type, host, resource id): {{(pid=103454) schedule /opt/stack/neutron/neutron/scheduler/base_scheduler.py:57}}
May 13 13:10:45.514524 dv-cinder-841632-1-smb neutron-server[103454]: DEBUG neutron.db.l3_dvrscheduler_db [None req-c0562e98-709e-4d32-9dc3-67c456ab27f0 admin admin] Received port after_create {{(pid=103454) _notify_l3_agent_new_port /opt/stack/neutron/neutron/db/l3_dvrscheduler_db.py:536}}
May 13 13:10:45.516333 dv-cinder-841632-1-smb neutron-server[103454]: DEBUG neutron_lib.callbacks.manager [None req-c0562e98-709e-4d32-9dc3-67c456ab27f0 admin admin] Publish callbacks ['neutron.services.l3_router.l3_router_plugin.DVRResourceOperationHandler._add_csnat_on_interface_create-608847'] for router_interface (14014878-e5e2-45a6-801a-5500c8699f31), before_create {{(pid=103454) _notify_loop /usr/local/lib/python3.8/dist-packages/neutron_lib/callbacks/manager.py:176}}
May 13 13:10:45.556771 dv-cinder-841632-1-smb neutron-server[103454]: DEBUG neutron.api.rpc.handlers.resources_rpc [None req-c0562e98-709e-4d32-9dc3-67c456ab27f0 admin admin] Pushing event updated for resources: {'Port': ['ID=f7d7327a-97b6-4569-aa73-cddf1a3f21bc,revision_number=1']} {{(pid=103454) push /opt/stack/neutron/neutron/api/rpc/handlers/resources_rpc.py:237}}
May 13 13:10:45.569279 dv-cinder-841632-1-smb neutron-server[103454]: DEBUG neutron_lib.callbacks.manager [None req-8815bc73-ea5c-4f14-b634-735fb0ba208a admin admin] Publish callbacks [] for security_group (None), before_create {{(pid=103454) _notify_loop /usr/local/lib/python3.8/dist-packages/neutron_lib/callbacks/manager.py:176}}
May 13 13:10:45.708949 dv-cinder-841632-1-smb neutron-server[103455]: DEBUG neutron.db.provisioning_blocks [None req-c8fc5fb8-4f28-45c0-a91a-53f946ae1f68 None None] Provisioning complete for port 112ab82a-fc87-4950-941e-70059d8f5477 triggered by entity L2. {{(pid=103455) provisioning_complete /opt/stack/neutron/neutron/db/provisioning_blocks.py:145}}
May 13 13:10:45.711083 dv-cinder-841632-1-smb neutron-server[103455]: DEBUG neutron_lib.callbacks.manager [None req-c8fc5fb8-4f28-45c0-a91a-53f946ae1f68 None None] Publish callbacks ['neutron.plugins.ml2.plugin.Ml2Plugin._port_provisioned-1744631'] for port (112ab82a-fc87-4950-941e-70059d8f5477), provisioning_complete {{(pid=103455) _notify_loop /usr/local/lib/python3.8/dist-packages/neutron_lib/callbacks/manager.py:176}}
May 13 13:10:45.752327 dv-cinder-841632-1-smb neutron-server[103454]: DEBUG neutron.wsgi [-] (103454) accepted ('10.222.0.60', 44628) {{(pid=103454) server /usr/local/lib/python3.8/dist-packages/eventlet/wsgi.py:1004}}
May 13 13:10:45.940637 dv-cinder-841632-1-smb neutron-server[103455]: DEBUG neutron.db.l3_hamode_db [None req-9d77d33d-78f1-4fdf-b128-76392cc44b01 None None] neutron.services.l3_router.l3_router_plugin.L3RouterPlugin method _process_sync_ha_data called with arguments (, [{'id': 'f01d0980-3472-4dc7-9a15-85ddf9b5a6dd', 'name': 'tempest-AttachVolumeNegativeTest-2141608248-router', 'tenant_id': '84a33ebaec0b468781652712c043f48e', 'admin_state_up': True, 'status': 'ACTIVE', 'external_gateway_info': {'network_id': '43ad000b-5aec-44c8-a0e4-a759e74f46b6', 'external_fixed_ips': [{'subnet_id': '7f8f922b-aa5f-4f29-9623-d0f0b7b3ebd4', 'ip_address': '172.28.0.178'}], 'enable_snat': True}, 'gw_port_id': 'fc7caa8f-0a2f-42de-ba3a-d4d48418c596', 'description': '', 'availability_zones': ['nova'], 'distributed': False, 'ha': False, 'ha_vr_id': 0, 'availability_zone_hints': [], 'routes': [], 'flavor_id': None, 'tags': [], 'created_at': '2022-05-13T13:10:35Z', 'updated_at': '2022-05-13T13:10:39Z', 'revision_number': 3, 'project_id': '84a33ebaec0b468781652712c043f48e', 'gw_port': {'id': 'fc7caa8f-0a2f-42de-ba3a-d4d48418c596', 'name': '', 'network_id': '43ad000b-5aec-44c8-a0e4-a759e74f46b6', 'tenant_id': '', 'mac_address': 'fa:16:3e:6a:fc:c3', 'admin_state_up': True, 'status': 'DOWN', 'device_id': 'f01d0980-3472-4dc7-9a15-85ddf9b5a6dd', 'device_owner': 'network:router_gateway', 'standard_attr_id': 86, 'fixed_ips': [{'subnet_id': '7f8f922b-aa5f-4f29-9623-d0f0b7b3ebd4', 'ip_address': '172.28.0.178', 'prefixlen': 24}], 'allowed_address_pairs': [], 'extra_dhcp_opts': [], 'security_groups': [], 'description': '', 'binding:vnic_type': 'normal', 'binding:profile': {}, 'binding:host_id': '', 'binding:vif_type': 'unbound', 'binding:vif_details': {}, 'port_security_enabled': False, 'tags': [], 'created_at': '2022-05-13T13:10:37Z', 'updated_at': '2022-05-13T13:10:37Z', 'revision_number': 1, 'project_id': '', 'subnets': [{'id': '7f8f922b-aa5f-4f29-9623-d0f0b7b3ebd4', 'cidr': '172.28.0.0/24', 'gateway_ip': '172.28.0.1', 'dns_nameservers': [], 'ipv6_ra_mode': None, 'subnetpool_id': None}], 'extra_subnets': [], 'address_scopes': {4: None, 6: None}, 'mtu': 1500}, 'enable_snat': True, 'gw_port_host': 'dv-cinder-841632-1-smb'}], 'dv-cinder-841632-1-smb', False) {} {{(pid=103455) wrapper /usr/local/lib/python3.8/dist-packages/oslo_log/helpers.py:65}}
May 13 13:10:45.958171 dv-cinder-841632-1-smb neutron-server[103455]: DEBUG neutron.plugins.ml2.plugin [None req-30f77c5a-626d-407d-b9b1-485d49cfc56b None None] Current status of the port 8acd9312-07ca-4926-9cb5-e9e182878f9b is: DOWN; New status is: ACTIVE {{(pid=103455) _update_individual_port_db_status /opt/stack/neutron/neutron/plugins/ml2/plugin.py:2296}}
May 13 13:10:45.958171 dv-cinder-841632-1-smb neutron-server[103455]: DEBUG neutron_lib.callbacks.manager [None req-30f77c5a-626d-407d-b9b1-485d49cfc56b None None] Publish callbacks ['neutron.plugins.ml2.plugin.SecurityGroupDbMixin._ensure_default_security_group_handler-1770804'] for port (8acd9312-07ca-4926-9cb5-e9e182878f9b), before_update {{(pid=103455) _notify_loop /usr/local/lib/python3.8/dist-packages/neutron_lib/callbacks/manager.py:176}}
May 13 13:10:45.968056 dv-cinder-841632-1-smb neutron-server[103453]: DEBUG neutron.pecan_wsgi.hooks.policy_enforcement [req-89bf16f0-c703-4590-8910-aae5d2d17db2 req-d5b37732-0fd9-4ff4-89c3-2ea104a181c1 tempest-DeleteServersTestJSON-894543042 tempest-DeleteServersTestJSON-894543042-project] Attributes excluded by policy engine: ['standard_attr_id', 'vlan_transparent', 'provider:network_type', 'provider:physical_network', 'provider:segmentation_id'] {{(pid=103453) _exclude_attributes_by_policy /opt/stack/neutron/neutron/pecan_wsgi/hooks/policy_enforcement.py:259}}
May 13 13:10:45.970582 dv-cinder-841632-1-smb neutron-server[103453]: INFO neutron.wsgi [req-89bf16f0-c703-4590-8910-aae5d2d17db2 req-d5b37732-0fd9-4ff4-89c3-2ea104a181c1 tempest-DeleteServersTestJSON-894543042 tempest-DeleteServersTestJSON-894543042-project] 10.222.0.35 "GET /v2.0/networks?id=961bbdb9-ca40-4e1d-82da-af08b36398e1 HTTP/1.1" status: 200 len: 812 time: 0.7756815
May 13 13:10:45.976417 dv-cinder-841632-1-smb neutron-server[103453]: DEBUG neutron_lib.callbacks.manager [None req-be0a07ca-f3c6-4d0a-bce4-9f2eb8e3a2f5 admin admin] Publish callbacks [] for port (e52935b4-0eba-4a56-ae85-ca61a5762578), precommit_create {{(pid=103453) _notify_loop /usr/local/lib/python3.8/dist-packages/neutron_lib/callbacks/manager.py:176}}
May 13 13:10:46.071229 dv-cinder-841632-1-smb neutron-server[103455]: DEBUG neutron.api.rpc.handlers.l3_rpc [None req-9d77d33d-78f1-4fdf-b128-76392cc44b01 None None] Checking router: f01d0980-3472-4dc7-9a15-85ddf9b5a6dd for host: dv-cinder-841632-1-smb {{(pid=103455) _ensure_host_set_on_ports /opt/stack/neutron/neutron/api/rpc/handlers/l3_rpc.py:155}}
May 13 13:10:46.071592 dv-cinder-841632-1-smb neutron-server[103455]: DEBUG neutron.api.rpc.handlers.l3_rpc [None req-9d77d33d-78f1-4fdf-b128-76392cc44b01 None None] Updating router f01d0980-3472-4dc7-9a15-85ddf9b5a6dd port fc7caa8f-0a2f-42de-ba3a-d4d48418c596 binding host dv-cinder-841632-1-smb {{(pid=103455) _ensure_host_set_on_port /opt/stack/neutron/neutron/api/rpc/handlers/l3_rpc.py:205}}
May 13 13:10:46.122586 dv-cinder-841632-1-smb neutron-server[103453]: DEBUG neutron.api.v2.base [req-89bf16f0-c703-4590-8910-aae5d2d17db2 req-54fa4616-6d87-4c52-8496-e13b1e49392d tempest-DeleteServersTestJSON-894543042 tempest-DeleteServersTestJSON-894543042-project] Request body: {'port': {'device_id': 'dea83785-d9cb-4079-ba2a-8c63fa88f9cc', 'network_id': '961bbdb9-ca40-4e1d-82da-af08b36398e1', 'admin_state_up': True, 'tenant_id': '26849c40a0b34e2387d0e9992f9b069c'}} {{(pid=103453) prepare_request_body /opt/stack/neutron/neutron/api/v2/base.py:730}}
May 13 13:10:46.175011 dv-cinder-841632-1-smb neutron-server[103454]: DEBUG neutron_lib.callbacks.manager [None req-8815bc73-ea5c-4f14-b634-735fb0ba208a admin admin] Publish callbacks [] for security_group (c76448f1-3e38-4ebf-8fff-9a865f73d30c), precommit_create {{(pid=103454) _notify_loop /usr/local/lib/python3.8/dist-packages/neutron_lib/callbacks/manager.py:176}}
May 13 13:10:46.236762 dv-cinder-841632-1-smb neutron-server[103455]: DEBUG neutron_lib.callbacks.manager [None req-9d77d33d-78f1-4fdf-b128-76392cc44b01 None None] Publish callbacks ['neutron.plugins.ml2.plugin.SecurityGroupDbMixin._ensure_default_security_group_handler-1770804'] for port (fc7caa8f-0a2f-42de-ba3a-d4d48418c596), before_update {{(pid=103455) _notify_loop /usr/local/lib/python3.8/dist-packages/neutron_lib/callbacks/manager.py:176}}
May 13 13:10:46.269722 dv-cinder-841632-1-smb neutron-server[103454]: DEBUG neutron.db.db_base_plugin_common [None req-d25de360-24b1-4dfc-96a4-9c9e02a82dd4 admin admin] Allocated IP 172.20.0.1 (abf7d71b-58bf-4f26-af8b-e9ede5216d0f/54c31f40-6162-4eab-bdea-9d0ec6244865/6d411a66-007a-4808-ac6b-52ef642f46c1) {{(pid=103454) _store_ip_allocation /opt/stack/neutron/neutron/db/db_base_plugin_common.py:131}}
May 13 13:10:46.276130 dv-cinder-841632-1-smb neutron-server[103455]: DEBUG neutron.plugins.ml2.db [None req-30f77c5a-626d-407d-b9b1-485d49cfc56b None None] For port 8acd9312-07ca-4926-9cb5-e9e182878f9b, host dv-cinder-841632-1-smb, got binding levels [PortBindingLevel(driver='openvswitch',host='dv-cinder-841632-1-smb',level=0,port_id=8acd9312-07ca-4926-9cb5-e9e182878f9b,segment=NetworkSegment(c0cbc023-e94c-465a-ae7c-d53225ddbeca),segment_id=c0cbc023-e94c-465a-ae7c-d53225ddbeca)] {{(pid=103455) get_binding_level_objs /opt/stack/neutron/neutron/plugins/ml2/db.py:74}}
May 13 13:10:46.312861 dv-cinder-841632-1-smb neutron-server[103455]: DEBUG neutron_lib.callbacks.manager [None req-30f77c5a-626d-407d-b9b1-485d49cfc56b None None] Publish callbacks ['neutron.plugins.ml2.plugin.SecurityGroupServerNotifierRpcMixin._notify_sg_on_port_change-1770904', 'neutron.plugins.ml2.ovo_rpc._ObjectChangeHandler.handle_event-24074', 'neutron.api.rpc.agentnotifiers.dhcp_rpc_agent_api.DhcpAgentNotifyAPI._native_event_send_dhcp_notification-631628', 'neutron.db.l3_db.L3RpcNotifierMixin._notify_gateway_port_ip_changed-8762050906022', 'neutron.db.l3_dvrscheduler_db._notify_l3_agent_port_update-8762050393986', 'neutron.db.l3_hascheduler_db._notify_l3_agent_ha_port_update-8762050394004'] for port (8acd9312-07ca-4926-9cb5-e9e182878f9b), after_update {{(pid=103455) _notify_loop /usr/local/lib/python3.8/dist-packages/neutron_lib/callbacks/manager.py:176}}
May 13 13:10:46.343639 dv-cinder-841632-1-smb neutron-server[103454]: INFO neutron.wsgi [req-c68e5058-a45f-4fbc-9e73-8394b3409f2f req-530c1d9a-c80d-43f4-9df2-d69dcccfebef tempest-DeleteServersTestJSON-894543042 tempest-DeleteServersTestJSON-894543042-project] 10.222.0.60 "GET /v2.0/ports?device_id=dea83785-d9cb-4079-ba2a-8c63fa88f9cc HTTP/1.1" status: 200 len: 210 time: 0.1655612
May 13 13:10:46.344238 dv-cinder-841632-1-smb neutron-server[103454]: DEBUG neutron_lib.callbacks.manager [None req-c0562e98-709e-4d32-9dc3-67c456ab27f0 admin admin] Publish callbacks ['neutron.plugins.ml2.plugin.SecurityGroupDbMixin._ensure_default_security_group_handler-1770804'] for port (f7d7327a-97b6-4569-aa73-cddf1a3f21bc), before_update {{(pid=103454) _notify_loop /usr/local/lib/python3.8/dist-packages/neutron_lib/callbacks/manager.py:176}}
May 13 13:10:46.346862 dv-cinder-841632-1-smb neutron-server[103455]: DEBUG neutron.plugins.ml2.plugin [None req-c8fc5fb8-4f28-45c0-a91a-53f946ae1f68 None None] Current status of the port 112ab82a-fc87-4950-941e-70059d8f5477 is: ACTIVE; New status is: ACTIVE {{(pid=103455) _update_individual_port_db_status /opt/stack/neutron/neutron/plugins/ml2/plugin.py:2296}}
May 13 13:10:46.348017 dv-cinder-841632-1-smb neutron-server[103455]: DEBUG neutron.plugins.ml2.rpc [None req-c8fc5fb8-4f28-45c0-a91a-53f946ae1f68 None None] Device 8acd9312-07ca-4926-9cb5-e9e182878f9b up at agent ovs-agent-dv-cinder-841632-1-smb {{(pid=103455) update_device_up /opt/stack/neutron/neutron/plugins/ml2/rpc.py:296}}
May 13 13:10:46.367923 dv-cinder-841632-1-smb neutron-server[103454]: DEBUG neutron_lib.callbacks.manager [None req-8815bc73-ea5c-4f14-b634-735fb0ba208a admin admin] Publish callbacks ['neutron.plugins.ml2.ovo_rpc._ObjectChangeHandler.handle_event-708153'] for security_group (c76448f1-3e38-4ebf-8fff-9a865f73d30c), after_create {{(pid=103454) _notify_loop /usr/local/lib/python3.8/dist-packages/neutron_lib/callbacks/manager.py:176}}
May 13 13:10:46.398210 dv-cinder-841632-1-smb neutron-server[103453]: DEBUG neutron.pecan_wsgi.hooks.quota_enforcement [req-89bf16f0-c703-4590-8910-aae5d2d17db2 req-54fa4616-6d87-4c52-8496-e13b1e49392d tempest-DeleteServersTestJSON-894543042 tempest-DeleteServersTestJSON-894543042-project] Made reservation on behalf of 26849c40a0b34e2387d0e9992f9b069c for: {'port': 1} {{(pid=103453) before /opt/stack/neutron/neutron/pecan_wsgi/hooks/quota_enforcement.py:53}}
May 13 13:10:46.402165 dv-cinder-841632-1-smb neutron-server[103453]: DEBUG neutron_lib.callbacks.manager [req-89bf16f0-c703-4590-8910-aae5d2d17db2 req-54fa4616-6d87-4c52-8496-e13b1e49392d tempest-DeleteServersTestJSON-894543042 tempest-DeleteServersTestJSON-894543042-project] Publish callbacks ['neutron.plugins.ml2.plugin.SecurityGroupDbMixin._ensure_default_security_group_handler-1770804'] for port (None), before_create {{(pid=103453) _notify_loop /usr/local/lib/python3.8/dist-packages/neutron_lib/callbacks/manager.py:176}}
May 13 13:10:46.407226 dv-cinder-841632-1-smb neutron-server[103454]: DEBUG neutron_lib.callbacks.manager [None req-955c0085-fd43-49aa-8eef-52d2a825837a admin admin] Publish callbacks [] for security_group (None), before_create {{(pid=103454) _notify_loop /usr/local/lib/python3.8/dist-packages/neutron_lib/callbacks/manager.py:176}}
May 13 13:10:46.426198 dv-cinder-841632-1-smb neutron-server[103454]: DEBUG neutron.api.rpc.handlers.resources_rpc [None req-8815bc73-ea5c-4f14-b634-735fb0ba208a admin admin] Pushing event updated for resources: {'SecurityGroup': ['ID=c76448f1-3e38-4ebf-8fff-9a865f73d30c,revision_number=1']} {{(pid=103454) push /opt/stack/neutron/neutron/api/rpc/handlers/resources_rpc.py:237}}
May 13 13:10:46.485341 dv-cinder-841632-1-smb neutron-server[103453]: DEBUG neutron_lib.callbacks.manager [None req-51dc8ca0-b488-4f07-8f6c-c655f7e1f04d admin admin] Publish callbacks ['neutron.plugins.ml2.plugin.SecurityGroupDbMixin._ensure_default_security_group_handler-1770804'] for port (65417030-3d20-4cf5-a71a-6727239a2f87), before_update {{(pid=103453) _notify_loop /usr/local/lib/python3.8/dist-packages/neutron_lib/callbacks/manager.py:176}}
May 13 13:10:46.662308 dv-cinder-841632-1-smb neutron-server[103454]: INFO neutron.wsgi [None req-8815bc73-ea5c-4f14-b634-735fb0ba208a admin admin] 10.222.0.60 "GET /v2.0/security-groups?tenant_id=33824fa523b645c9a1aa10e0b467ee2d&name=default HTTP/1.1" status: 200 len: 2996 time: 1.5701170
May 13 13:10:46.669812 dv-cinder-841632-1-smb neutron-server[103454]: DEBUG neutron_lib.callbacks.manager [None req-955c0085-fd43-49aa-8eef-52d2a825837a admin admin] Publish callbacks [] for security_group (a5bff2f2-1d47-46c9-b315-1753eca3f4b8), precommit_create {{(pid=103454) _notify_loop /usr/local/lib/python3.8/dist-packages/neutron_lib/callbacks/manager.py:176}}
May 13 13:10:46.682627 dv-cinder-841632-1-smb neutron-server[103454]: DEBUG neutron.wsgi [-] (103454) accepted ('10.222.0.60', 44664) {{(pid=103454) server /usr/local/lib/python3.8/dist-packages/eventlet/wsgi.py:1004}}
May 13 13:10:46.712662 dv-cinder-841632-1-smb neutron-server[103454]: DEBUG neutron_lib.callbacks.manager [None req-955c0085-fd43-49aa-8eef-52d2a825837a admin admin] Publish callbacks ['neutron.plugins.ml2.ovo_rpc._ObjectChangeHandler.handle_event-708153'] for security_group (a5bff2f2-1d47-46c9-b315-1753eca3f4b8), after_create {{(pid=103454) _notify_loop /usr/local/lib/python3.8/dist-packages/neutron_lib/callbacks/manager.py:176}}
May 13 13:10:46.765825 dv-cinder-841632-1-smb neutron-server[103454]: DEBUG neutron_lib.callbacks.manager [None req-d25de360-24b1-4dfc-96a4-9c9e02a82dd4 admin admin] Publish callbacks [] for port (6d411a66-007a-4808-ac6b-52ef642f46c1), precommit_create {{(pid=103454) _notify_loop /usr/local/lib/python3.8/dist-packages/neutron_lib/callbacks/manager.py:176}}
May 13 13:10:46.780239 dv-cinder-841632-1-smb neutron-server[103455]: DEBUG neutron.db.provisioning_blocks [None req-18032eea-b493-45ee-938b-4b90ffbc156f None None] Provisioning complete for port f7d7327a-97b6-4569-aa73-cddf1a3f21bc triggered by entity DHCP. {{(pid=103455) provisioning_complete /opt/stack/neutron/neutron/db/provisioning_blocks.py:145}}
May 13 13:10:46.780805 dv-cinder-841632-1-smb neutron-server[103455]: DEBUG neutron_lib.callbacks.manager [None req-18032eea-b493-45ee-938b-4b90ffbc156f None None] Publish callbacks ['neutron.plugins.ml2.plugin.Ml2Plugin._port_provisioned-1744631'] for port (f7d7327a-97b6-4569-aa73-cddf1a3f21bc), provisioning_complete {{(pid=103455) _notify_loop /usr/local/lib/python3.8/dist-packages/neutron_lib/callbacks/manager.py:176}}
May 13 13:10:46.814090 dv-cinder-841632-1-smb neutron-server[103453]: DEBUG neutron_lib.callbacks.manager [None req-be0a07ca-f3c6-4d0a-bce4-9f2eb8e3a2f5 admin admin] Publish callbacks ['neutron.plugins.ml2.plugin.SecurityGroupServerNotifierRpcMixin._notify_sg_on_port_change-1770904', 'neutron.plugins.ml2.ovo_rpc._ObjectChangeHandler.handle_event-24074', 'neutron.api.rpc.agentnotifiers.dhcp_rpc_agent_api.DhcpAgentNotifyAPI._native_event_send_dhcp_notification-631628', 'neutron.db.l3_dvrscheduler_db._notify_l3_agent_new_port-8762050393968'] for port (e52935b4-0eba-4a56-ae85-ca61a5762578), after_create {{(pid=103453) _notify_loop /usr/local/lib/python3.8/dist-packages/neutron_lib/callbacks/manager.py:176}}
May 13 13:10:46.841428 dv-cinder-841632-1-smb neutron-server[103455]: DEBUG neutron.api.rpc.handlers.resources_rpc [None req-30f77c5a-626d-407d-b9b1-485d49cfc56b None None] Pushing event updated for resources: {'Port': ['ID=8acd9312-07ca-4926-9cb5-e9e182878f9b,revision_number=3']} {{(pid=103455) push /opt/stack/neutron/neutron/api/rpc/handlers/resources_rpc.py:237}}
May 13 13:10:46.863683 dv-cinder-841632-1-smb neutron-server[103454]: INFO neutron.wsgi [None req-955c0085-fd43-49aa-8eef-52d2a825837a admin admin] 10.222.0.60 "GET /v2.0/security-groups?tenant_id=9239c19a20a2422b85a563b64ee9b434&name=default HTTP/1.1" status: 200 len: 2996 time: 1.1082544
May 13 13:10:46.869024 dv-cinder-841632-1-smb neutron-server[103454]: DEBUG neutron.wsgi [-] (103454) accepted ('10.222.0.60', 44666) {{(pid=103454) server /usr/local/lib/python3.8/dist-packages/eventlet/wsgi.py:1004}}
May 13 13:10:46.871980 dv-cinder-841632-1-smb neutron-server[103455]: DEBUG neutron_lib.callbacks.manager [None req-b1da34e3-6042-4942-a01f-6f264d05807a None None] Publish callbacks [] for port (bbb973ea-adac-4c1e-a6f8-d6ccb522e0eb), precommit_update {{(pid=103455) _notify_loop /usr/local/lib/python3.8/dist-packages/neutron_lib/callbacks/manager.py:176}}
May 13 13:10:46.881124 dv-cinder-841632-1-smb neutron-server[103455]: DEBUG neutron.plugins.ml2.plugin [None req-18032eea-b493-45ee-938b-4b90ffbc156f None None] Port f7d7327a-97b6-4569-aa73-cddf1a3f21bc cannot update to ACTIVE because it is not bound. {{(pid=103455) _port_provisioned /opt/stack/neutron/neutron/plugins/ml2/plugin.py:352}}
May 13 13:10:46.888833 dv-cinder-841632-1-smb neutron-server[103455]: DEBUG neutron.db.provisioning_blocks [None req-c8fc5fb8-4f28-45c0-a91a-53f946ae1f68 None None] Provisioning complete for port 8acd9312-07ca-4926-9cb5-e9e182878f9b triggered by entity L2. {{(pid=103455) provisioning_complete /opt/stack/neutron/neutron/db/provisioning_blocks.py:145}}
May 13 13:10:46.889275 dv-cinder-841632-1-smb neutron-server[103455]: DEBUG neutron_lib.callbacks.manager [None req-c8fc5fb8-4f28-45c0-a91a-53f946ae1f68 None None] Publish callbacks ['neutron.plugins.ml2.plugin.Ml2Plugin._port_provisioned-1744631'] for port (8acd9312-07ca-4926-9cb5-e9e182878f9b), provisioning_complete {{(pid=103455) _notify_loop /usr/local/lib/python3.8/dist-packages/neutron_lib/callbacks/manager.py:176}}
May 13 13:10:46.894093 dv-cinder-841632-1-smb neutron-server[103454]: DEBUG neutron.api.rpc.handlers.resources_rpc [None req-955c0085-fd43-49aa-8eef-52d2a825837a admin admin] Pushing event updated for resources: {'SecurityGroup': ['ID=a5bff2f2-1d47-46c9-b315-1753eca3f4b8,revision_number=1']} {{(pid=103454) push /opt/stack/neutron/neutron/api/rpc/handlers/resources_rpc.py:237}}
May 13 13:10:46.897719 dv-cinder-841632-1-smb neutron-server[103455]: DEBUG neutron_lib.callbacks.manager [None req-b1da34e3-6042-4942-a01f-6f264d05807a None None] Publish callbacks ['neutron.plugins.ml2.plugin.SecurityGroupServerNotifierRpcMixin._notify_sg_on_port_change-1770904', 'neutron.plugins.ml2.ovo_rpc._ObjectChangeHandler.handle_event-24074', 'neutron.api.rpc.agentnotifiers.dhcp_rpc_agent_api.DhcpAgentNotifyAPI._native_event_send_dhcp_notification-631628', 'neutron.db.l3_db.L3RpcNotifierMixin._notify_gateway_port_ip_changed-8762050906022', 'neutron.db.l3_dvrscheduler_db._notify_l3_agent_port_update-8762050393986', 'neutron.db.l3_hascheduler_db._notify_l3_agent_ha_port_update-8762050394004'] for port (bbb973ea-adac-4c1e-a6f8-d6ccb522e0eb), after_update {{(pid=103455) _notify_loop /usr/local/lib/python3.8/dist-packages/neutron_lib/callbacks/manager.py:176}}
May 13 13:10:46.920617 dv-cinder-841632-1-smb neutron-server[103455]: DEBUG neutron.db.provisioning_blocks [None req-18032eea-b493-45ee-938b-4b90ffbc156f None None] Provisioning complete for port 8acd9312-07ca-4926-9cb5-e9e182878f9b triggered by entity DHCP. {{(pid=103455) provisioning_complete /opt/stack/neutron/neutron/db/provisioning_blocks.py:145}}
May 13 13:10:46.921011 dv-cinder-841632-1-smb neutron-server[103455]: DEBUG neutron_lib.callbacks.manager [None req-18032eea-b493-45ee-938b-4b90ffbc156f None None] Publish callbacks ['neutron.plugins.ml2.plugin.Ml2Plugin._port_provisioned-1744631'] for port (8acd9312-07ca-4926-9cb5-e9e182878f9b), provisioning_complete {{(pid=103455) _notify_loop /usr/local/lib/python3.8/dist-packages/neutron_lib/callbacks/manager.py:176}}
May 13 13:10:46.945036 dv-cinder-841632-1-smb neutron-server[103453]: DEBUG neutron.scheduler.dhcp_agent_scheduler [None req-be0a07ca-f3c6-4d0a-bce4-9f2eb8e3a2f5 admin admin] Network 6d1e1570-cb29-4dc6-a9a9-e12eb52ef1d9 is already hosted by enough agents. {{(pid=103453) _get_dhcp_agents_hosting_network /opt/stack/neutron/neutron/scheduler/dhcp_agent_scheduler.py:275}}
May 13 13:10:46.979347 dv-cinder-841632-1-smb neutron-server[103453]: DEBUG neutron.scheduler.base_scheduler [None req-be0a07ca-f3c6-4d0a-bce4-9f2eb8e3a2f5 admin admin] Resources bound (agent type, host, resource id): {{(pid=103453) schedule /opt/stack/neutron/neutron/scheduler/base_scheduler.py:57}}
May 13 13:10:47.001524 dv-cinder-841632-1-smb neutron-server[103454]: DEBUG neutron_lib.callbacks.manager [None req-44f5ab05-dc9a-483d-9b2f-7e46e3231700 admin admin] Publish callbacks [] for security_group (c76448f1-3e38-4ebf-8fff-9a865f73d30c), before_delete {{(pid=103454) _notify_loop /usr/local/lib/python3.8/dist-packages/neutron_lib/callbacks/manager.py:176}}
May 13 13:10:47.012769 dv-cinder-841632-1-smb neutron-server[103454]: DEBUG neutron_lib.callbacks.manager [None req-d25de360-24b1-4dfc-96a4-9c9e02a82dd4 admin admin] Publish callbacks ['neutron.plugins.ml2.plugin.SecurityGroupServerNotifierRpcMixin._notify_sg_on_port_change-1770904', 'neutron.plugins.ml2.ovo_rpc._ObjectChangeHandler.handle_event-24074', 'neutron.api.rpc.agentnotifiers.dhcp_rpc_agent_api.DhcpAgentNotifyAPI._native_event_send_dhcp_notification-631628', 'neutron.db.l3_dvrscheduler_db._notify_l3_agent_new_port-8762050393968'] for port (6d411a66-007a-4808-ac6b-52ef642f46c1), after_create {{(pid=103454) _notify_loop /usr/local/lib/python3.8/dist-packages/neutron_lib/callbacks/manager.py:176}}
May 13 13:10:47.106059 dv-cinder-841632-1-smb neutron-server[103453]: DEBUG neutron.db.l3_dvrscheduler_db [None req-be0a07ca-f3c6-4d0a-bce4-9f2eb8e3a2f5 admin admin] Received port after_create {{(pid=103453) _notify_l3_agent_new_port /opt/stack/neutron/neutron/db/l3_dvrscheduler_db.py:536}}
May 13 13:10:47.106743 dv-cinder-841632-1-smb neutron-server[103453]: DEBUG neutron_lib.callbacks.manager [None req-be0a07ca-f3c6-4d0a-bce4-9f2eb8e3a2f5 admin admin] Publish callbacks ['neutron.services.l3_router.l3_router_plugin.DVRResourceOperationHandler._add_csnat_on_interface_create-608847'] for router_interface (f169e627-376c-4b72-b85d-43e952874f31), before_create {{(pid=103453) _notify_loop /usr/local/lib/python3.8/dist-packages/neutron_lib/callbacks/manager.py:176}}
May 13 13:10:47.165267 dv-cinder-841632-1-smb neutron-server[103454]: DEBUG neutron_lib.callbacks.manager [None req-c0562e98-709e-4d32-9dc3-67c456ab27f0 admin admin] Publish callbacks [] for port (f7d7327a-97b6-4569-aa73-cddf1a3f21bc), precommit_update {{(pid=103454) _notify_loop /usr/local/lib/python3.8/dist-packages/neutron_lib/callbacks/manager.py:176}}
May 13 13:10:47.199102 dv-cinder-841632-1-smb neutron-server[103455]: DEBUG neutron_lib.callbacks.manager [None req-9d77d33d-78f1-4fdf-b128-76392cc44b01 None None] Publish callbacks [] for port (fc7caa8f-0a2f-42de-ba3a-d4d48418c596), precommit_update {{(pid=103455) _notify_loop /usr/local/lib/python3.8/dist-packages/neutron_lib/callbacks/manager.py:176}}
May 13 13:10:47.258200 dv-cinder-841632-1-smb neutron-server[103455]: DEBUG neutron_lib.callbacks.manager [None req-9d77d33d-78f1-4fdf-b128-76392cc44b01 None None] Publish callbacks ['neutron.plugins.ml2.plugin.SecurityGroupServerNotifierRpcMixin._notify_sg_on_port_change-1770904', 'neutron.plugins.ml2.ovo_rpc._ObjectChangeHandler.handle_event-24074', 'neutron.api.rpc.agentnotifiers.dhcp_rpc_agent_api.DhcpAgentNotifyAPI._native_event_send_dhcp_notification-631628', 'neutron.db.l3_db.L3RpcNotifierMixin._notify_gateway_port_ip_changed-8762050906022', 'neutron.db.l3_dvrscheduler_db._notify_l3_agent_port_update-8762050393986', 'neutron.db.l3_hascheduler_db._notify_l3_agent_ha_port_update-8762050394004'] for port (fc7caa8f-0a2f-42de-ba3a-d4d48418c596), after_update {{(pid=103455) _notify_loop /usr/local/lib/python3.8/dist-packages/neutron_lib/callbacks/manager.py:176}}
May 13 13:10:47.287423 dv-cinder-841632-1-smb neutron-server[103453]: DEBUG neutron.api.rpc.handlers.resources_rpc [None req-be0a07ca-f3c6-4d0a-bce4-9f2eb8e3a2f5 admin admin] Pushing event updated for resources: {'Port': ['ID=e52935b4-0eba-4a56-ae85-ca61a5762578,revision_number=1']} {{(pid=103453) push /opt/stack/neutron/neutron/api/rpc/handlers/resources_rpc.py:237}}
May 13 13:10:47.310456 dv-cinder-841632-1-smb neutron-server[103455]: DEBUG neutron.plugins.ml2.managers [None req-9d77d33d-78f1-4fdf-b128-76392cc44b01 None None] Attempting to bind port fc7caa8f-0a2f-42de-ba3a-d4d48418c596 on host dv-cinder-841632-1-smb for vnic_type normal with profile {{(pid=103455) bind_port /opt/stack/neutron/neutron/plugins/ml2/managers.py:795}}
May 13 13:10:47.310968 dv-cinder-841632-1-smb neutron-server[103455]: DEBUG neutron.plugins.ml2.managers [None req-9d77d33d-78f1-4fdf-b128-76392cc44b01 None None] Attempting to bind port fc7caa8f-0a2f-42de-ba3a-d4d48418c596 by drivers openvswitch,hyperv on host dv-cinder-841632-1-smb at level 0 using segments [{'id': '7ab7a875-5340-41d3-8e96-af45dcd0d88c', 'network_type': 'flat', 'physical_network': 'physnet1', 'segmentation_id': None, 'network_id': '43ad000b-5aec-44c8-a0e4-a759e74f46b6'}] {{(pid=103455) _bind_port_level /opt/stack/neutron/neutron/plugins/ml2/managers.py:820}}
May 13 13:10:47.311423 dv-cinder-841632-1-smb neutron-server[103455]: DEBUG neutron.plugins.ml2.drivers.mech_agent [None req-9d77d33d-78f1-4fdf-b128-76392cc44b01 None None] Attempting to bind port fc7caa8f-0a2f-42de-ba3a-d4d48418c596 on network 43ad000b-5aec-44c8-a0e4-a759e74f46b6 {{(pid=103455) bind_port /opt/stack/neutron/neutron/plugins/ml2/drivers/mech_agent.py:91}}
May 13 13:10:47.320510 dv-cinder-841632-1-smb neutron-server[103454]: DEBUG neutron.api.rpc.handlers.resources_rpc [None req-d25de360-24b1-4dfc-96a4-9c9e02a82dd4 admin admin] Pushing event updated for resources: {'Port': ['ID=6d411a66-007a-4808-ac6b-52ef642f46c1,revision_number=1']} {{(pid=103454) push /opt/stack/neutron/neutron/api/rpc/handlers/resources_rpc.py:237}}
May 13 13:10:47.332714 dv-cinder-841632-1-smb neutron-server[103454]: DEBUG neutron_lib.callbacks.manager [None req-c0562e98-709e-4d32-9dc3-67c456ab27f0 admin admin] Publish callbacks ['neutron.plugins.ml2.plugin.SecurityGroupServerNotifierRpcMixin._notify_sg_on_port_change-1770904', 'neutron.plugins.ml2.ovo_rpc._ObjectChangeHandler.handle_event-24074', 'neutron.api.rpc.agentnotifiers.dhcp_rpc_agent_api.DhcpAgentNotifyAPI._native_event_send_dhcp_notification-631628', 'neutron.db.l3_db.L3RpcNotifierMixin._notify_gateway_port_ip_changed-8762050906022', 'neutron.db.l3_dvrscheduler_db._notify_l3_agent_port_update-8762050393986', 'neutron.db.l3_hascheduler_db._notify_l3_agent_ha_port_update-8762050394004'] for port (f7d7327a-97b6-4569-aa73-cddf1a3f21bc), after_update {{(pid=103454) _notify_loop /usr/local/lib/python3.8/dist-packages/neutron_lib/callbacks/manager.py:176}}
May 13 13:10:47.334702 dv-cinder-841632-1-smb neutron-server[103454]: DEBUG neutron_lib.callbacks.manager [None req-c0562e98-709e-4d32-9dc3-67c456ab27f0 admin admin] Publish callbacks ['neutron.api.rpc.agentnotifiers.dhcp_rpc_agent_api.DhcpAgentNotifyAPI._after_router_interface_created-631646', 'neutron.services.l3_router.l3_router_plugin.DVRResourceOperationHandler._update_snat_v6_addrs_after_intf_update-608370'] for router_interface (14014878-e5e2-45a6-801a-5500c8699f31), after_create {{(pid=103454) _notify_loop /usr/local/lib/python3.8/dist-packages/neutron_lib/callbacks/manager.py:176}}
May 13 13:10:47.361520 dv-cinder-841632-1-smb neutron-server[103455]: DEBUG neutron.plugins.ml2.drivers.mech_agent [None req-9d77d33d-78f1-4fdf-b128-76392cc44b01 None None] Checking agent: {'id': 'd4953164-08af-412f-9b4f-d0a23974ddf9', 'agent_type': 'Open vSwitch agent', 'binary': 'neutron-openvswitch-agent', 'topic': 'N/A', 'host': 'dv-cinder-841632-1-smb', 'admin_state_up': True, 'created_at': datetime.datetime(2022, 5, 13, 13, 1, 56), 'started_at': datetime.datetime(2022, 5, 13, 13, 2, 26), 'heartbeat_timestamp': datetime.datetime(2022, 5, 13, 13, 10, 26), 'description': None, 'resources_synced': None, 'availability_zone': None, 'alive': True, 'configurations': {'arp_responder_enabled': False, 'baremetal_smartnic': False, 'bridge_mappings': {'physnet1': 'br-data'}, 'datapath_type': 'system', 'devices': 0, 'enable_distributed_routing': False, 'extensions': [], 'in_distributed_mode': False, 'integration_bridge': 'br-int', 'l2_population': False, 'log_agent_heartbeats': False, 'ovs_capabilities': {'datapath_types': ['netdev', 'system'], 'iface_types': ['erspan', 'geneve', 'gre', 'internal', 'ip6erspan', 'ip6gre', 'lisp', 'patch', 'stt', 'system', 'tap', 'vxlan']}, 'ovs_hybrid_plug': False, 'resource_provider_bandwidths': {}, 'resource_provider_hypervisors': {'br-data': 'dv-cinder-841632-1-smb'}, 'resource_provider_inventory_defaults': {'allocation_ratio': 1.0, 'min_unit': 1, 'step_size': 1, 'reserved': 0}, 'resource_provider_packet_processing_inventory_defaults': {'allocation_ratio': 1.0, 'min_unit': 1, 'step_size': 1, 'reserved': 0}, 'resource_provider_packet_processing_with_direction': {}, 'resource_provider_packet_processing_without_direction': {}, 'tunnel_types': [], 'tunneling_ip': None, 'vhostuser_socket_dir': '/var/run/openvswitch'}, 'resource_versions': {'AddressGroup': '1.2', 'Agent': '1.1', 'ConntrackHelper': '1.0', 'LocalIPAssociation': '1.0', 'Log': '1.0', 'NDPProxy': '1.0', 'Network': '1.1', 'Port': '1.7', 'PortForwarding': '1.3', 'QosPolicy': '1.10', 'SecurityGroup': '1.5', 'SecurityGroupRule': '1.2', 'SubPort': '1.0', 'Subnet': '1.1', 'Trunk': '1.1'}} {{(pid=103455) bind_port /opt/stack/neutron/neutron/plugins/ml2/drivers/mech_agent.py:110}}
May 13 13:10:47.361740 dv-cinder-841632-1-smb neutron-server[103455]: DEBUG neutron.plugins.ml2.drivers.mech_agent [None req-9d77d33d-78f1-4fdf-b128-76392cc44b01 None None] Checking segment: {'id': '7ab7a875-5340-41d3-8e96-af45dcd0d88c', 'network_type': 'flat', 'physical_network': 'physnet1', 'segmentation_id': None, 'network_id': '43ad000b-5aec-44c8-a0e4-a759e74f46b6'} for mappings: {'physnet1': 'br-data'} with network types: ['local', 'flat', 'vlan'] {{(pid=103455) check_segment_for_agent /opt/stack/neutron/neutron/plugins/ml2/drivers/mech_agent.py:373}}
May 13 13:10:47.362126 dv-cinder-841632-1-smb neutron-server[103455]: DEBUG neutron_lib.callbacks.manager [None req-9d77d33d-78f1-4fdf-b128-76392cc44b01 None None] Publish callbacks [] for ovs_bridge_name (None), before_read {{(pid=103455) _notify_loop /usr/local/lib/python3.8/dist-packages/neutron_lib/callbacks/manager.py:176}}
May 13 13:10:47.362674 dv-cinder-841632-1-smb neutron-server[103455]: DEBUG neutron.plugins.ml2.drivers.mech_agent [None req-9d77d33d-78f1-4fdf-b128-76392cc44b01 None None] Bound using segment: {'id': '7ab7a875-5340-41d3-8e96-af45dcd0d88c', 'network_type': 'flat', 'physical_network': 'physnet1', 'segmentation_id': None, 'network_id': '43ad000b-5aec-44c8-a0e4-a759e74f46b6'} {{(pid=103455) bind_port /opt/stack/neutron/neutron/plugins/ml2/drivers/mech_agent.py:120}}
May 13 13:10:47.363164 dv-cinder-841632-1-smb neutron-server[103455]: DEBUG neutron.plugins.ml2.managers [None req-9d77d33d-78f1-4fdf-b128-76392cc44b01 None None] Bound port: fc7caa8f-0a2f-42de-ba3a-d4d48418c596, host: dv-cinder-841632-1-smb, vif_type: ovs, vif_details: {"connectivity": "l2", "port_filter": true, "ovs_hybrid_plug": false, "datapath_type": "system", "bridge_name": "br-int"}, binding_levels: [{'bound_driver': 'openvswitch', 'bound_segment': {'id': '7ab7a875-5340-41d3-8e96-af45dcd0d88c', 'network_type': 'flat', 'physical_network': 'physnet1', 'segmentation_id': None, 'network_id': '43ad000b-5aec-44c8-a0e4-a759e74f46b6'}}] {{(pid=103455) _bind_port_level /opt/stack/neutron/neutron/plugins/ml2/managers.py:932}}
May 13 13:10:47.363545 dv-cinder-841632-1-smb neutron-server[103455]: DEBUG neutron_lib.callbacks.manager [None req-9d77d33d-78f1-4fdf-b128-76392cc44b01 None None] Publish callbacks ['neutron.plugins.ml2.plugin.SecurityGroupDbMixin._ensure_default_security_group_handler-1770804'] for port (fc7caa8f-0a2f-42de-ba3a-d4d48418c596), before_update {{(pid=103455) _notify_loop /usr/local/lib/python3.8/dist-packages/neutron_lib/callbacks/manager.py:176}}
May 13 13:10:47.365506 dv-cinder-841632-1-smb neutron-server[103455]: DEBUG neutron.plugins.ml2.managers [None req-b1da34e3-6042-4942-a01f-6f264d05807a None None] Attempting to bind port bbb973ea-adac-4c1e-a6f8-d6ccb522e0eb on host dv-cinder-841632-1-smb for vnic_type normal with profile {{(pid=103455) bind_port /opt/stack/neutron/neutron/plugins/ml2/managers.py:795}}
May 13 13:10:47.365865 dv-cinder-841632-1-smb neutron-server[103455]: DEBUG neutron.plugins.ml2.managers [None req-b1da34e3-6042-4942-a01f-6f264d05807a None None] Attempting to bind port bbb973ea-adac-4c1e-a6f8-d6ccb522e0eb by drivers openvswitch,hyperv on host dv-cinder-841632-1-smb at level 0 using segments [{'id': '7ab7a875-5340-41d3-8e96-af45dcd0d88c', 'network_type': 'flat', 'physical_network': 'physnet1', 'segmentation_id': None, 'network_id': '43ad000b-5aec-44c8-a0e4-a759e74f46b6'}] {{(pid=103455) _bind_port_level /opt/stack/neutron/neutron/plugins/ml2/managers.py:820}}
May 13 13:10:47.366241 dv-cinder-841632-1-smb neutron-server[103455]: DEBUG neutron.plugins.ml2.drivers.mech_agent [None req-b1da34e3-6042-4942-a01f-6f264d05807a None None] Attempting to bind port bbb973ea-adac-4c1e-a6f8-d6ccb522e0eb on network 43ad000b-5aec-44c8-a0e4-a759e74f46b6 {{(pid=103455) bind_port /opt/stack/neutron/neutron/plugins/ml2/drivers/mech_agent.py:91}}
May 13 13:10:47.382259 dv-cinder-841632-1-smb neutron-server[103455]: DEBUG neutron.plugins.ml2.drivers.mech_agent [None req-b1da34e3-6042-4942-a01f-6f264d05807a None None] Checking agent: {'id': 'd4953164-08af-412f-9b4f-d0a23974ddf9', 'agent_type': 'Open vSwitch agent', 'binary': 'neutron-openvswitch-agent', 'topic': 'N/A', 'host': 'dv-cinder-841632-1-smb', 'admin_state_up': True, 'created_at': datetime.datetime(2022, 5, 13, 13, 1, 56), 'started_at': datetime.datetime(2022, 5, 13, 13, 2, 26), 'heartbeat_timestamp': datetime.datetime(2022, 5, 13, 13, 10, 26), 'description': None, 'resources_synced': None, 'availability_zone': None, 'alive': True, 'configurations': {'arp_responder_enabled': False, 'baremetal_smartnic': False, 'bridge_mappings': {'physnet1': 'br-data'}, 'datapath_type': 'system', 'devices': 0, 'enable_distributed_routing': False, 'extensions': [], 'in_distributed_mode': False, 'integration_bridge': 'br-int', 'l2_population': False, 'log_agent_heartbeats': False, 'ovs_capabilities': {'datapath_types': ['netdev', 'system'], 'iface_types': ['erspan', 'geneve', 'gre', 'internal', 'ip6erspan', 'ip6gre', 'lisp', 'patch', 'stt', 'system', 'tap', 'vxlan']}, 'ovs_hybrid_plug': False, 'resource_provider_bandwidths': {}, 'resource_provider_hypervisors': {'br-data': 'dv-cinder-841632-1-smb'}, 'resource_provider_inventory_defaults': {'allocation_ratio': 1.0, 'min_unit': 1, 'step_size': 1, 'reserved': 0}, 'resource_provider_packet_processing_inventory_defaults': {'allocation_ratio': 1.0, 'min_unit': 1, 'step_size': 1, 'reserved': 0}, 'resource_provider_packet_processing_with_direction': {}, 'resource_provider_packet_processing_without_direction': {}, 'tunnel_types': [], 'tunneling_ip': None, 'vhostuser_socket_dir': '/var/run/openvswitch'}, 'resource_versions': {'AddressGroup': '1.2', 'Agent': '1.1', 'ConntrackHelper': '1.0', 'LocalIPAssociation': '1.0', 'Log': '1.0', 'NDPProxy': '1.0', 'Network': '1.1', 'Port': '1.7', 'PortForwarding': '1.3', 'QosPolicy': '1.10', 'SecurityGroup': '1.5', 'SecurityGroupRule': '1.2', 'SubPort': '1.0', 'Subnet': '1.1', 'Trunk': '1.1'}} {{(pid=103455) bind_port /opt/stack/neutron/neutron/plugins/ml2/drivers/mech_agent.py:110}}
May 13 13:10:47.382856 dv-cinder-841632-1-smb neutron-server[103455]: DEBUG neutron.plugins.ml2.drivers.mech_agent [None req-b1da34e3-6042-4942-a01f-6f264d05807a None None] Checking segment: {'id': '7ab7a875-5340-41d3-8e96-af45dcd0d88c', 'network_type': 'flat', 'physical_network': 'physnet1', 'segmentation_id': None, 'network_id': '43ad000b-5aec-44c8-a0e4-a759e74f46b6'} for mappings: {'physnet1': 'br-data'} with network types: ['local', 'flat', 'vlan'] {{(pid=103455) check_segment_for_agent /opt/stack/neutron/neutron/plugins/ml2/drivers/mech_agent.py:373}}
May 13 13:10:47.383367 dv-cinder-841632-1-smb neutron-server[103455]: DEBUG neutron_lib.callbacks.manager [None req-b1da34e3-6042-4942-a01f-6f264d05807a None None] Publish callbacks [] for ovs_bridge_name (None), before_read {{(pid=103455) _notify_loop /usr/local/lib/python3.8/dist-packages/neutron_lib/callbacks/manager.py:176}}
May 13 13:10:47.383834 dv-cinder-841632-1-smb neutron-server[103455]: DEBUG neutron.plugins.ml2.drivers.mech_agent [None req-b1da34e3-6042-4942-a01f-6f264d05807a None None] Bound using segment: {'id': '7ab7a875-5340-41d3-8e96-af45dcd0d88c', 'network_type': 'flat', 'physical_network': 'physnet1', 'segmentation_id': None, 'network_id': '43ad000b-5aec-44c8-a0e4-a759e74f46b6'} {{(pid=103455) bind_port /opt/stack/neutron/neutron/plugins/ml2/drivers/mech_agent.py:120}}
May 13 13:10:47.384416 dv-cinder-841632-1-smb neutron-server[103455]: DEBUG neutron.plugins.ml2.managers [None req-b1da34e3-6042-4942-a01f-6f264d05807a None None] Bound port: bbb973ea-adac-4c1e-a6f8-d6ccb522e0eb, host: dv-cinder-841632-1-smb, vif_type: ovs, vif_details: {"connectivity": "l2", "port_filter": true, "ovs_hybrid_plug": false, "datapath_type": "system", "bridge_name": "br-int"}, binding_levels: [{'bound_driver': 'openvswitch', 'bound_segment': {'id': '7ab7a875-5340-41d3-8e96-af45dcd0d88c', 'network_type': 'flat', 'physical_network': 'physnet1', 'segmentation_id': None, 'network_id': '43ad000b-5aec-44c8-a0e4-a759e74f46b6'}}] {{(pid=103455) _bind_port_level /opt/stack/neutron/neutron/plugins/ml2/managers.py:932}}
May 13 13:10:47.384882 dv-cinder-841632-1-smb neutron-server[103455]: DEBUG neutron_lib.callbacks.manager [None req-b1da34e3-6042-4942-a01f-6f264d05807a None None] Publish callbacks ['neutron.plugins.ml2.plugin.SecurityGroupDbMixin._ensure_default_security_group_handler-1770804'] for port (bbb973ea-adac-4c1e-a6f8-d6ccb522e0eb), before_update {{(pid=103455) _notify_loop /usr/local/lib/python3.8/dist-packages/neutron_lib/callbacks/manager.py:176}}
May 13 13:10:47.471504 dv-cinder-841632-1-smb neutron-server[103453]: DEBUG neutron_lib.callbacks.manager [None req-be0a07ca-f3c6-4d0a-bce4-9f2eb8e3a2f5 admin admin] Publish callbacks ['neutron.plugins.ml2.plugin.SecurityGroupDbMixin._ensure_default_security_group_handler-1770804'] for port (e52935b4-0eba-4a56-ae85-ca61a5762578), before_update {{(pid=103453) _notify_loop /usr/local/lib/python3.8/dist-packages/neutron_lib/callbacks/manager.py:176}}
May 13 13:10:47.476811 dv-cinder-841632-1-smb neutron-server[103453]: DEBUG neutron.db.db_base_plugin_common [req-89bf16f0-c703-4590-8910-aae5d2d17db2 req-54fa4616-6d87-4c52-8496-e13b1e49392d tempest-DeleteServersTestJSON-894543042 tempest-DeleteServersTestJSON-894543042-project] Allocated IP 172.20.0.5 (961bbdb9-ca40-4e1d-82da-af08b36398e1/6d397822-b350-46f5-b4bf-ae95085d57ef/aea32078-461f-490c-94cd-0bf7c18bbec4) {{(pid=103453) _store_ip_allocation /opt/stack/neutron/neutron/db/db_base_plugin_common.py:131}}
May 13 13:10:47.477214 dv-cinder-841632-1-smb neutron-server[103454]: DEBUG neutron_lib.callbacks.manager [None req-11b0ee4c-efbf-48f1-a024-6de73d22f6ac admin admin] Publish callbacks [] for security_group (a5bff2f2-1d47-46c9-b315-1753eca3f4b8), before_delete {{(pid=103454) _notify_loop /usr/local/lib/python3.8/dist-packages/neutron_lib/callbacks/manager.py:176}}
May 13 13:10:47.598091 dv-cinder-841632-1-smb neutron-server[103455]: DEBUG neutron.api.rpc.handlers.resources_rpc [None req-8f3a5c7e-b8f6-42c6-b246-c47d8655dd94 None None] Pushing event updated for resources: {'Port': ['ID=bbb973ea-adac-4c1e-a6f8-d6ccb522e0eb,revision_number=2']} {{(pid=103455) push /opt/stack/neutron/neutron/api/rpc/handlers/resources_rpc.py:237}}
May 13 13:10:47.656576 dv-cinder-841632-1-smb neutron-server[103453]: DEBUG neutron_lib.callbacks.manager [None req-51dc8ca0-b488-4f07-8f6c-c655f7e1f04d admin admin] Publish callbacks [] for port (65417030-3d20-4cf5-a71a-6727239a2f87), precommit_update {{(pid=103453) _notify_loop /usr/local/lib/python3.8/dist-packages/neutron_lib/callbacks/manager.py:176}}
May 13 13:10:47.680212 dv-cinder-841632-1-smb neutron-server[103455]: DEBUG neutron.plugins.ml2.db [None req-b1da34e3-6042-4942-a01f-6f264d05807a None None] For port bbb973ea-adac-4c1e-a6f8-d6ccb522e0eb, host dv-cinder-841632-1-smb, cleared binding levels {{(pid=103455) clear_binding_levels /opt/stack/neutron/neutron/plugins/ml2/db.py:87}}
May 13 13:10:47.692897 dv-cinder-841632-1-smb neutron-server[103455]: DEBUG neutron.plugins.ml2.db [None req-9d77d33d-78f1-4fdf-b128-76392cc44b01 None None] For port fc7caa8f-0a2f-42de-ba3a-d4d48418c596, host dv-cinder-841632-1-smb, cleared binding levels {{(pid=103455) clear_binding_levels /opt/stack/neutron/neutron/plugins/ml2/db.py:87}}
May 13 13:10:47.721262 dv-cinder-841632-1-smb neutron-server[103454]: DEBUG neutron_lib.callbacks.manager [None req-44f5ab05-dc9a-483d-9b2f-7e46e3231700 admin admin] Publish callbacks [] for security_group (c76448f1-3e38-4ebf-8fff-9a865f73d30c), precommit_delete {{(pid=103454) _notify_loop /usr/local/lib/python3.8/dist-packages/neutron_lib/callbacks/manager.py:176}}
May 13 13:10:47.723430 dv-cinder-841632-1-smb neutron-server[103455]: DEBUG neutron.plugins.ml2.db [None req-b1da34e3-6042-4942-a01f-6f264d05807a None None] For port bbb973ea-adac-4c1e-a6f8-d6ccb522e0eb, host dv-cinder-841632-1-smb, set binding levels [PortBindingLevel(driver='openvswitch',host='dv-cinder-841632-1-smb',level=0,port_id=bbb973ea-adac-4c1e-a6f8-d6ccb522e0eb,segment=NetworkSegment(7ab7a875-5340-41d3-8e96-af45dcd0d88c),segment_id=7ab7a875-5340-41d3-8e96-af45dcd0d88c)] {{(pid=103455) set_binding_levels /opt/stack/neutron/neutron/plugins/ml2/db.py:59}}
May 13 13:10:47.725765 dv-cinder-841632-1-smb neutron-server[103455]: DEBUG neutron.plugins.ml2.db [None req-9d77d33d-78f1-4fdf-b128-76392cc44b01 None None] For port fc7caa8f-0a2f-42de-ba3a-d4d48418c596, host dv-cinder-841632-1-smb, set binding levels [PortBindingLevel(driver='openvswitch',host='dv-cinder-841632-1-smb',level=0,port_id=fc7caa8f-0a2f-42de-ba3a-d4d48418c596,segment=NetworkSegment(7ab7a875-5340-41d3-8e96-af45dcd0d88c),segment_id=7ab7a875-5340-41d3-8e96-af45dcd0d88c)] {{(pid=103455) set_binding_levels /opt/stack/neutron/neutron/plugins/ml2/db.py:59}}
May 13 13:10:47.747454 dv-cinder-841632-1-smb neutron-server[103455]: DEBUG neutron.plugins.ml2.plugin [None req-c8fc5fb8-4f28-45c0-a91a-53f946ae1f68 None None] Current status of the port 8acd9312-07ca-4926-9cb5-e9e182878f9b is: ACTIVE; New status is: ACTIVE {{(pid=103455) _update_individual_port_db_status /opt/stack/neutron/neutron/plugins/ml2/plugin.py:2296}}
May 13 13:10:47.771482 dv-cinder-841632-1-smb neutron-server[103455]: DEBUG neutron_lib.callbacks.manager [None req-b1da34e3-6042-4942-a01f-6f264d05807a None None] Publish callbacks ['neutron.plugins.ml2.plugin.SecurityGroupServerNotifierRpcMixin._notify_sg_on_port_change-1770904', 'neutron.plugins.ml2.ovo_rpc._ObjectChangeHandler.handle_event-24074', 'neutron.api.rpc.agentnotifiers.dhcp_rpc_agent_api.DhcpAgentNotifyAPI._native_event_send_dhcp_notification-631628', 'neutron.db.l3_db.L3RpcNotifierMixin._notify_gateway_port_ip_changed-8762050906022', 'neutron.db.l3_dvrscheduler_db._notify_l3_agent_port_update-8762050393986', 'neutron.db.l3_hascheduler_db._notify_l3_agent_ha_port_update-8762050394004'] for port (bbb973ea-adac-4c1e-a6f8-d6ccb522e0eb), after_update {{(pid=103455) _notify_loop /usr/local/lib/python3.8/dist-packages/neutron_lib/callbacks/manager.py:176}}
May 13 13:10:47.773834 dv-cinder-841632-1-smb neutron-server[103455]: DEBUG neutron_lib.callbacks.manager [None req-9d77d33d-78f1-4fdf-b128-76392cc44b01 None None] Publish callbacks ['neutron.plugins.ml2.plugin.SecurityGroupServerNotifierRpcMixin._notify_sg_on_port_change-1770904', 'neutron.plugins.ml2.ovo_rpc._ObjectChangeHandler.handle_event-24074', 'neutron.api.rpc.agentnotifiers.dhcp_rpc_agent_api.DhcpAgentNotifyAPI._native_event_send_dhcp_notification-631628', 'neutron.db.l3_db.L3RpcNotifierMixin._notify_gateway_port_ip_changed-8762050906022', 'neutron.db.l3_dvrscheduler_db._notify_l3_agent_port_update-8762050393986', 'neutron.db.l3_hascheduler_db._notify_l3_agent_ha_port_update-8762050394004'] for port (fc7caa8f-0a2f-42de-ba3a-d4d48418c596), after_update {{(pid=103455) _notify_loop /usr/local/lib/python3.8/dist-packages/neutron_lib/callbacks/manager.py:176}}
May 13 13:10:47.775763 dv-cinder-841632-1-smb neutron-server[103455]: DEBUG neutron.api.rpc.handlers.resources_rpc [None req-f26ea43b-1d28-4fb2-a222-a7d975c7f857 None None] Pushing event updated for resources: {'Port': ['ID=fc7caa8f-0a2f-42de-ba3a-d4d48418c596,revision_number=2']} {{(pid=103455) push /opt/stack/neutron/neutron/api/rpc/handlers/resources_rpc.py:237}}
May 13 13:10:47.842330 dv-cinder-841632-1-smb neutron-server[103453]: DEBUG neutron_lib.callbacks.manager [None req-51dc8ca0-b488-4f07-8f6c-c655f7e1f04d admin admin] Publish callbacks ['neutron.plugins.ml2.plugin.SecurityGroupServerNotifierRpcMixin._notify_sg_on_port_change-1770904', 'neutron.plugins.ml2.ovo_rpc._ObjectChangeHandler.handle_event-24074', 'neutron.api.rpc.agentnotifiers.dhcp_rpc_agent_api.DhcpAgentNotifyAPI._native_event_send_dhcp_notification-631628', 'neutron.db.l3_db.L3RpcNotifierMixin._notify_gateway_port_ip_changed-8762050906022', 'neutron.db.l3_dvrscheduler_db._notify_l3_agent_port_update-8762050393986', 'neutron.db.l3_hascheduler_db._notify_l3_agent_ha_port_update-8762050394004'] for port (65417030-3d20-4cf5-a71a-6727239a2f87), after_update {{(pid=103453) _notify_loop /usr/local/lib/python3.8/dist-packages/neutron_lib/callbacks/manager.py:176}}
May 13 13:10:47.843884 dv-cinder-841632-1-smb neutron-server[103453]: DEBUG neutron_lib.callbacks.manager [None req-51dc8ca0-b488-4f07-8f6c-c655f7e1f04d admin admin] Publish callbacks ['neutron.api.rpc.agentnotifiers.dhcp_rpc_agent_api.DhcpAgentNotifyAPI._after_router_interface_created-631646', 'neutron.services.l3_router.l3_router_plugin.DVRResourceOperationHandler._update_snat_v6_addrs_after_intf_update-608370'] for router_interface (263306c7-72e6-4f44-8739-e464bce2532e), after_create {{(pid=103453) _notify_loop /usr/local/lib/python3.8/dist-packages/neutron_lib/callbacks/manager.py:176}}
