May 13 13:11:29.448253 dv-cinder-841632-1-smb devstack@c-api.service[110202]: DEBUG cinder.volume.api [None req-04791b91-0811-482d-b056-7e4e1fa54a1e tempest-VolumeQuotasNegativeTestJSON-603728512 tempest-VolumeQuotasNegativeTestJSON-603728512-project] Task 'cinder.volume.flows.api.create_volume.ExtractVolumeRequestTask;volume:create' (6ffe4389-ecda-413c-8858-89a4ca686fd1) transitioned into state 'REVERTING' from state 'SUCCESS' {{(pid=110202) _task_receiver /usr/local/lib/python3.8/dist-packages/taskflow/listeners/logging.py:190}}
May 13 13:11:29.449791 dv-cinder-841632-1-smb devstack@c-api.service[110203]: DEBUG cinder.volume.api [None req-8ddb0930-88b1-4f36-bdd7-dae48091a8a0 tempest-VolumeTypesTest-2002364450 tempest-VolumeTypesTest-2002364450-project] Task 'cinder.volume.flows.api.create_volume.QuotaReserveTask;volume:create' (690d0a14-fbe0-4ba8-bc45-20439b9e3fe0) transitioned into state 'RUNNING' from state 'PENDING' {{(pid=110203) _task_receiver /usr/local/lib/python3.8/dist-packages/taskflow/listeners/logging.py:190}}
May 13 13:11:29.451050 dv-cinder-841632-1-smb devstack@c-api.service[110202]: WARNING cinder.volume.api [None req-04791b91-0811-482d-b056-7e4e1fa54a1e tempest-VolumeQuotasNegativeTestJSON-603728512 tempest-VolumeQuotasNegativeTestJSON-603728512-project] Task 'cinder.volume.flows.api.create_volume.ExtractVolumeRequestTask;volume:create' (6ffe4389-ecda-413c-8858-89a4ca686fd1) transitioned into state 'REVERTED' from state 'REVERTING' with result 'None'
May 13 13:11:29.454397 dv-cinder-841632-1-smb devstack@c-api.service[110202]: WARNING cinder.volume.api [None req-04791b91-0811-482d-b056-7e4e1fa54a1e tempest-VolumeQuotasNegativeTestJSON-603728512 tempest-VolumeQuotasNegativeTestJSON-603728512-project] Flow 'volume_create_api' (2f7c50e1-f281-4fdd-8f7a-d6533f80714a) transitioned into state 'REVERTED' from state 'RUNNING'
May 13 13:11:29.455380 dv-cinder-841632-1-smb devstack@c-api.service[110202]: INFO cinder.api.middleware.fault [None req-04791b91-0811-482d-b056-7e4e1fa54a1e tempest-VolumeQuotasNegativeTestJSON-603728512 tempest-VolumeQuotasNegativeTestJSON-603728512-project] http://10.222.0.60/volume/v3/bca36776765749719ec8773c6b1aaa1d/volumes returned with HTTP 413
May 13 13:11:29.457231 dv-cinder-841632-1-smb devstack@c-api.service[110202]: [pid: 110202|app: 0|req: 133/264] 10.222.0.60 () {60 vars in 1234 bytes} [Fri May 13 13:11:29 2022] POST /volume/v3/bca36776765749719ec8773c6b1aaa1d/volumes => generated 208 bytes in 244 msecs (HTTP/1.1 413) 8 headers in 323 bytes (1 switches on core 0)
May 13 13:11:29.462301 dv-cinder-841632-1-smb devstack@c-api.service[110202]: DEBUG cinder.api.middleware.request_id [None req-e5200451-47e6-4ee1-b7be-040ba087e893 None None] RequestId filter calling following filter/app {{(pid=110202) _context_setter /opt/stack/cinder/cinder/api/middleware/request_id.py:62}}
May 13 13:11:29.469565 dv-cinder-841632-1-smb devstack@c-api.service[110202]: INFO cinder.api.openstack.wsgi [None req-e5200451-47e6-4ee1-b7be-040ba087e893 tempest-VolumesServicesTestJSON-874783259 tempest-VolumesServicesTestJSON-874783259-project-admin] GET http://10.222.0.60/volume/v3/787d4ac7157c43a3ac40f9db66234bd1/os-services?host=hv-cinder-84163&binary=cinder-volume
May 13 13:11:29.470313 dv-cinder-841632-1-smb devstack@c-api.service[110202]: DEBUG cinder.api.openstack.wsgi [None req-e5200451-47e6-4ee1-b7be-040ba087e893 tempest-VolumesServicesTestJSON-874783259 tempest-VolumesServicesTestJSON-874783259-project-admin] Empty body provided in request {{(pid=110202) get_body /opt/stack/cinder/cinder/api/openstack/wsgi.py:715}}
May 13 13:11:29.470967 dv-cinder-841632-1-smb devstack@c-api.service[110202]: DEBUG cinder.api.openstack.wsgi [None req-e5200451-47e6-4ee1-b7be-040ba087e893 tempest-VolumesServicesTestJSON-874783259 tempest-VolumesServicesTestJSON-874783259-project-admin] Calling method 'index' {{(pid=110202) _process_stack /opt/stack/cinder/cinder/api/openstack/wsgi.py:868}}
May 13 13:11:29.472489 dv-cinder-841632-1-smb devstack@c-api.service[110202]: /usr/local/lib/python3.8/dist-packages/oslo_context/context.py:100: DeprecationWarning: Policy enforcement is depending on the value of is_admin. This key is deprecated. Please update your policy file to use the standard policy values.
May 13 13:11:29.472489 dv-cinder-841632-1-smb devstack@c-api.service[110202]: warnings.warn('Policy enforcement is depending on the value of '
May 13 13:11:29.496938 dv-cinder-841632-1-smb devstack@c-api.service[110202]: INFO cinder.api.openstack.wsgi [None req-e5200451-47e6-4ee1-b7be-040ba087e893 tempest-VolumesServicesTestJSON-874783259 tempest-VolumesServicesTestJSON-874783259-project-admin] http://10.222.0.60/volume/v3/787d4ac7157c43a3ac40f9db66234bd1/os-services?host=hv-cinder-84163&binary=cinder-volume returned with HTTP 200
May 13 13:11:29.498004 dv-cinder-841632-1-smb devstack@c-api.service[110202]: [pid: 110202|app: 0|req: 134/265] 10.222.0.60 () {58 vars in 1308 bytes} [Fri May 13 13:11:29 2022] GET /volume/v3/787d4ac7157c43a3ac40f9db66234bd1/os-services?host=hv-cinder-84163&binary=cinder-volume => generated 276 bytes in 40 msecs (HTTP/1.1 200) 7 headers in 285 bytes (1 switches on core 0)
May 13 13:11:29.502622 dv-cinder-841632-1-smb devstack@c-api.service[110202]: DEBUG cinder.api.middleware.request_id [None req-3fd04d8a-bfcd-44d3-a579-c42b9b73bb69 None None] RequestId filter calling following filter/app {{(pid=110202) _context_setter /opt/stack/cinder/cinder/api/middleware/request_id.py:62}}
May 13 13:11:29.518360 dv-cinder-841632-1-smb devstack@c-api.service[110202]: INFO cinder.api.openstack.wsgi [None req-3fd04d8a-bfcd-44d3-a579-c42b9b73bb69 tempest-VolumeQuotasNegativeTestJSON-81974115 tempest-VolumeQuotasNegativeTestJSON-81974115-project-admin] PUT http://10.222.0.60/volume/v3/b0f0f228e7424855a334affe4d78fe77/os-quota-sets/bca36776765749719ec8773c6b1aaa1d
May 13 13:11:29.523350 dv-cinder-841632-1-smb devstack@c-api.service[110202]: DEBUG cinder.api.openstack.wsgi [None req-3fd04d8a-bfcd-44d3-a579-c42b9b73bb69 tempest-VolumeQuotasNegativeTestJSON-81974115 tempest-VolumeQuotasNegativeTestJSON-81974115-project-admin] Action: 'update', calling method: update, body: {"quota_set": {"volumes": 1, "gigabytes": -1}} {{(pid=110202) _process_stack /opt/stack/cinder/cinder/api/openstack/wsgi.py:866}}
May 13 13:11:29.562508 dv-cinder-841632-1-smb devstack@c-api.service[110203]: DEBUG cinder.quota [None req-8ddb0930-88b1-4f36-bdd7-dae48091a8a0 tempest-VolumeTypesTest-2002364450 tempest-VolumeTypesTest-2002364450-project] Created reservations ['995689eb-8a41-4013-98ac-be27a0242796', '228e111c-fea6-45da-81e2-0b0fbd32696d', '05d3462e-41b9-4cbc-b598-6f7632fa1825', 'f188578d-f08b-417d-b996-725fb6a19b61'] {{(pid=110203) reserve /opt/stack/cinder/cinder/quota.py:755}}
May 13 13:11:29.565954 dv-cinder-841632-1-smb devstack@c-api.service[110203]: DEBUG cinder.volume.api [None req-8ddb0930-88b1-4f36-bdd7-dae48091a8a0 tempest-VolumeTypesTest-2002364450 tempest-VolumeTypesTest-2002364450-project] Task 'cinder.volume.flows.api.create_volume.QuotaReserveTask;volume:create' (690d0a14-fbe0-4ba8-bc45-20439b9e3fe0) transitioned into state 'SUCCESS' from state 'RUNNING' with result '{'reservations': ['995689eb-8a41-4013-98ac-be27a0242796', '228e111c-fea6-45da-81e2-0b0fbd32696d', '05d3462e-41b9-4cbc-b598-6f7632fa1825', 'f188578d-f08b-417d-b996-725fb6a19b61']}' {{(pid=110203) _task_receiver /usr/local/lib/python3.8/dist-packages/taskflow/listeners/logging.py:178}}
May 13 13:11:29.569683 dv-cinder-841632-1-smb devstack@c-api.service[110203]: DEBUG cinder.volume.api [None req-8ddb0930-88b1-4f36-bdd7-dae48091a8a0 tempest-VolumeTypesTest-2002364450 tempest-VolumeTypesTest-2002364450-project] Task 'cinder.volume.flows.api.create_volume.EntryCreateTask;volume:create' (e26ff79a-bdc2-45a5-b630-b035e56a2ff2) transitioned into state 'RUNNING' from state 'PENDING' {{(pid=110203) _task_receiver /usr/local/lib/python3.8/dist-packages/taskflow/listeners/logging.py:190}}
May 13 13:11:29.610799 dv-cinder-841632-1-smb devstack@c-api.service[110203]: DEBUG cinder.volume.api [None req-8ddb0930-88b1-4f36-bdd7-dae48091a8a0 tempest-VolumeTypesTest-2002364450 tempest-VolumeTypesTest-2002364450-project] Task 'cinder.volume.flows.api.create_volume.EntryCreateTask;volume:create' (e26ff79a-bdc2-45a5-b630-b035e56a2ff2) transitioned into state 'SUCCESS' from state 'RUNNING' with result '{'volume_id': 'ebe12041-dc43-4561-a530-77486f54d334', 'volume_properties': VolumeProperties(attach_status='detached',availability_zone='nova',cgsnapshot_id=None,consistencygroup_id=None,display_description=None,display_name='tempest-VolumeTypesTest-volume-154293816',encryption_key_id=None,group_id=None,group_type_id=,metadata={},multiattach=False,project_id='d6f589b7b96c4b0daae65cea5bd76e56',qos_specs=None,replication_status=,reservations=['995689eb-8a41-4013-98ac-be27a0242796','228e111c-fea6-45da-81e2-0b0fbd32696d','05d3462e-41b9-4cbc-b598-6f7632fa1825','f188578d-f08b-417d-b996-725fb6a19b61'],size=1,snapshot_id=None,source_replicaid=,source_volid=None,status='creating',user_id='1d15ff1eb0864dc79c5685c8a4db05b4',volume_type_id=289efa6c-9f8d-42ae-a0bc-b2d45b408df1), 'volume': Volume(_name_id=None,admin_metadata=,attach_status='detached',availability_zone='nova',bootable=False,cluster=,cluster_name=None,consistencygroup=,consistencygroup_id=None,created_at=2022-05-13T13:11:29Z,deleted=False,deleted_at=None,display_description=None,display_name='tempest-VolumeTypesTest-volume-154293816',ec2_id=None,encryption_key_id=None,glance_metadata=,group=,group_id=None,host=None,id=ebe12041-dc43-4561-a530-77486f54d334,launched_at=None,metadata={},migration_status=None,multiattach=False,previous_status=None,project_id='d6f589b7b96c4b0daae65cea5bd76e56',provider_auth=None,provider_geometry=None,provider_id=None,provider_location=None,replication_driver_data=None,replication_extended_status=None,replication_status=None,scheduled_at=None,service_uuid=None,shared_targets=True,size=1,snapshot_id=None,snapshots=,source_volid=None,status='creating',terminated_at=None,updated_at=None,use_quota=True,user_id='1d15ff1eb0864dc79c5685c8a4db05b4',volume_attachment=VolumeAttachmentList,volume_type=VolumeType(289efa6c-9f8d-42ae-a0bc-b2d45b408df1),volume_type_id=289efa6c-9f8d-42ae-a0bc-b2d45b408df1)}' {{(pid=110203) _task_receiver /usr/local/lib/python3.8/dist-packages/taskflow/listeners/logging.py:178}}
May 13 13:11:29.613680 dv-cinder-841632-1-smb devstack@c-api.service[110203]: DEBUG cinder.volume.api [None req-8ddb0930-88b1-4f36-bdd7-dae48091a8a0 tempest-VolumeTypesTest-2002364450 tempest-VolumeTypesTest-2002364450-project] Task 'cinder.volume.flows.api.create_volume.QuotaCommitTask;volume:create' (da1667ab-8c7f-494f-97eb-bf0acc3cb5d7) transitioned into state 'RUNNING' from state 'PENDING' {{(pid=110203) _task_receiver /usr/local/lib/python3.8/dist-packages/taskflow/listeners/logging.py:190}}
May 13 13:11:29.640061 dv-cinder-841632-1-smb devstack@c-api.service[110202]: WARNING cinder.quota [None req-3fd04d8a-bfcd-44d3-a579-c42b9b73bb69 tempest-VolumeQuotasNegativeTestJSON-81974115 tempest-VolumeQuotasNegativeTestJSON-81974115-project-admin] Deprecated: Default quota for resource: volumes_tempest-VolumeTypesTest-volume-type-1705158730 is set by the default quota flag: quota_volumes_tempest-VolumeTypesTest-volume-type-1705158730, it is now deprecated. Please use the default quota class for default quota.
May 13 13:11:29.641494 dv-cinder-841632-1-smb devstack@c-api.service[110202]: WARNING cinder.quota [None req-3fd04d8a-bfcd-44d3-a579-c42b9b73bb69 tempest-VolumeQuotasNegativeTestJSON-81974115 tempest-VolumeQuotasNegativeTestJSON-81974115-project-admin] Deprecated: Default quota for resource: gigabytes_tempest-VolumeTypesTest-volume-type-1705158730 is set by the default quota flag: quota_gigabytes_tempest-VolumeTypesTest-volume-type-1705158730, it is now deprecated. Please use the default quota class for default quota.
May 13 13:11:29.643351 dv-cinder-841632-1-smb devstack@c-api.service[110202]: WARNING cinder.quota [None req-3fd04d8a-bfcd-44d3-a579-c42b9b73bb69 tempest-VolumeQuotasNegativeTestJSON-81974115 tempest-VolumeQuotasNegativeTestJSON-81974115-project-admin] Deprecated: Default quota for resource: snapshots_tempest-VolumeTypesTest-volume-type-1705158730 is set by the default quota flag: quota_snapshots_tempest-VolumeTypesTest-volume-type-1705158730, it is now deprecated. Please use the default quota class for default quota.
May 13 13:11:29.644473 dv-cinder-841632-1-smb devstack@c-api.service[110202]: WARNING cinder.quota [None req-3fd04d8a-bfcd-44d3-a579-c42b9b73bb69 tempest-VolumeQuotasNegativeTestJSON-81974115 tempest-VolumeQuotasNegativeTestJSON-81974115-project-admin] Deprecated: Default quota for resource: volumes_tempest-VolumeTypesTest-volume-type-383773249 is set by the default quota flag: quota_volumes_tempest-VolumeTypesTest-volume-type-383773249, it is now deprecated. Please use the default quota class for default quota.
May 13 13:11:29.645701 dv-cinder-841632-1-smb devstack@c-api.service[110202]: WARNING cinder.quota [None req-3fd04d8a-bfcd-44d3-a579-c42b9b73bb69 tempest-VolumeQuotasNegativeTestJSON-81974115 tempest-VolumeQuotasNegativeTestJSON-81974115-project-admin] Deprecated: Default quota for resource: gigabytes_tempest-VolumeTypesTest-volume-type-383773249 is set by the default quota flag: quota_gigabytes_tempest-VolumeTypesTest-volume-type-383773249, it is now deprecated. Please use the default quota class for default quota.
May 13 13:11:29.646730 dv-cinder-841632-1-smb devstack@c-api.service[110202]: WARNING cinder.quota [None req-3fd04d8a-bfcd-44d3-a579-c42b9b73bb69 tempest-VolumeQuotasNegativeTestJSON-81974115 tempest-VolumeQuotasNegativeTestJSON-81974115-project-admin] Deprecated: Default quota for resource: snapshots_tempest-VolumeTypesTest-volume-type-383773249 is set by the default quota flag: quota_snapshots_tempest-VolumeTypesTest-volume-type-383773249, it is now deprecated. Please use the default quota class for default quota.
May 13 13:11:29.656224 dv-cinder-841632-1-smb devstack@c-api.service[110203]: DEBUG cinder.volume.api [None req-8ddb0930-88b1-4f36-bdd7-dae48091a8a0 tempest-VolumeTypesTest-2002364450 tempest-VolumeTypesTest-2002364450-project] Task 'cinder.volume.flows.api.create_volume.QuotaCommitTask;volume:create' (da1667ab-8c7f-494f-97eb-bf0acc3cb5d7) transitioned into state 'SUCCESS' from state 'RUNNING' with result '{'volume_properties': VolumeProperties(attach_status='detached',availability_zone='nova',cgsnapshot_id=None,consistencygroup_id=None,display_description=None,display_name='tempest-VolumeTypesTest-volume-154293816',encryption_key_id=None,group_id=None,group_type_id=,metadata={},multiattach=False,project_id='d6f589b7b96c4b0daae65cea5bd76e56',qos_specs=None,replication_status=,reservations=['995689eb-8a41-4013-98ac-be27a0242796','228e111c-fea6-45da-81e2-0b0fbd32696d','05d3462e-41b9-4cbc-b598-6f7632fa1825','f188578d-f08b-417d-b996-725fb6a19b61'],size=1,snapshot_id=None,source_replicaid=,source_volid=None,status='creating',user_id='1d15ff1eb0864dc79c5685c8a4db05b4',volume_type_id=289efa6c-9f8d-42ae-a0bc-b2d45b408df1)}' {{(pid=110203) _task_receiver /usr/local/lib/python3.8/dist-packages/taskflow/listeners/logging.py:178}}
May 13 13:11:29.660329 dv-cinder-841632-1-smb devstack@c-api.service[110203]: DEBUG cinder.volume.api [None req-8ddb0930-88b1-4f36-bdd7-dae48091a8a0 tempest-VolumeTypesTest-2002364450 tempest-VolumeTypesTest-2002364450-project] Task 'cinder.volume.flows.api.create_volume.VolumeCastTask;volume:create' (03e274df-d0f3-4d0d-b58e-60b97b9da5bf) transitioned into state 'RUNNING' from state 'PENDING' {{(pid=110203) _task_receiver /usr/local/lib/python3.8/dist-packages/taskflow/listeners/logging.py:190}}
May 13 13:11:29.662338 dv-cinder-841632-1-smb devstack@c-api.service[110202]: INFO cinder.api.openstack.wsgi [None req-3fd04d8a-bfcd-44d3-a579-c42b9b73bb69 tempest-VolumeQuotasNegativeTestJSON-81974115 tempest-VolumeQuotasNegativeTestJSON-81974115-project-admin] http://10.222.0.60/volume/v3/b0f0f228e7424855a334affe4d78fe77/os-quota-sets/bca36776765749719ec8773c6b1aaa1d returned with HTTP 200
May 13 13:11:29.663982 dv-cinder-841632-1-smb devstack@c-api.service[110202]: [pid: 110202|app: 0|req: 135/266] 10.222.0.60 () {60 vars in 1350 bytes} [Fri May 13 13:11:29 2022] PUT /volume/v3/b0f0f228e7424855a334affe4d78fe77/os-quota-sets/bca36776765749719ec8773c6b1aaa1d => generated 693 bytes in 163 msecs (HTTP/1.1 200) 7 headers in 285 bytes (1 switches on core 0)
May 13 13:11:29.665875 dv-cinder-841632-1-smb devstack@c-api.service[110202]: DEBUG cinder.api.middleware.request_id [None req-0dd5830e-3882-4b15-b282-dcd1df24f967 None None] RequestId filter calling following filter/app {{(pid=110202) _context_setter /opt/stack/cinder/cinder/api/middleware/request_id.py:62}}
May 13 13:11:29.671078 dv-cinder-841632-1-smb devstack@c-api.service[110202]: INFO cinder.api.openstack.wsgi [None req-0dd5830e-3882-4b15-b282-dcd1df24f967 tempest-VolumesServicesTestJSON-874783259 tempest-VolumesServicesTestJSON-874783259-project-admin] GET http://10.222.0.60/volume/v3/787d4ac7157c43a3ac40f9db66234bd1/os-services
May 13 13:11:29.671556 dv-cinder-841632-1-smb devstack@c-api.service[110202]: DEBUG cinder.api.openstack.wsgi [None req-0dd5830e-3882-4b15-b282-dcd1df24f967 tempest-VolumesServicesTestJSON-874783259 tempest-VolumesServicesTestJSON-874783259-project-admin] Empty body provided in request {{(pid=110202) get_body /opt/stack/cinder/cinder/api/openstack/wsgi.py:715}}
May 13 13:11:29.672086 dv-cinder-841632-1-smb devstack@c-api.service[110202]: DEBUG cinder.api.openstack.wsgi [None req-0dd5830e-3882-4b15-b282-dcd1df24f967 tempest-VolumesServicesTestJSON-874783259 tempest-VolumesServicesTestJSON-874783259-project-admin] Calling method 'index' {{(pid=110202) _process_stack /opt/stack/cinder/cinder/api/openstack/wsgi.py:868}}
May 13 13:11:29.681644 dv-cinder-841632-1-smb devstack@c-api.service[110202]: INFO cinder.api.openstack.wsgi [None req-0dd5830e-3882-4b15-b282-dcd1df24f967 tempest-VolumesServicesTestJSON-874783259 tempest-VolumesServicesTestJSON-874783259-project-admin] http://10.222.0.60/volume/v3/787d4ac7157c43a3ac40f9db66234bd1/os-services returned with HTTP 200
May 13 13:11:29.688870 dv-cinder-841632-1-smb devstack@c-api.service[110202]: [pid: 110202|app: 0|req: 136/267] 10.222.0.60 () {58 vars in 1225 bytes} [Fri May 13 13:11:29 2022] GET /volume/v3/787d4ac7157c43a3ac40f9db66234bd1/os-services => generated 640 bytes in 18 msecs (HTTP/1.1 200) 7 headers in 285 bytes (1 switches on core 0)
May 13 13:11:29.688870 dv-cinder-841632-1-smb devstack@c-api.service[110202]: DEBUG cinder.api.middleware.request_id [None req-f9d0e643-5052-46d8-a4ca-3d62bc1867dd None None] RequestId filter calling following filter/app {{(pid=110202) _context_setter /opt/stack/cinder/cinder/api/middleware/request_id.py:62}}
May 13 13:11:29.688870 dv-cinder-841632-1-smb devstack@c-api.service[110202]: INFO cinder.api.openstack.wsgi [None req-f9d0e643-5052-46d8-a4ca-3d62bc1867dd tempest-VolumeQuotasNegativeTestJSON-603728512 tempest-VolumeQuotasNegativeTestJSON-603728512-project] POST http://10.222.0.60/volume/v3/bca36776765749719ec8773c6b1aaa1d/volumes
May 13 13:11:29.689517 dv-cinder-841632-1-smb devstack@c-api.service[110202]: DEBUG cinder.api.openstack.wsgi [None req-f9d0e643-5052-46d8-a4ca-3d62bc1867dd tempest-VolumeQuotasNegativeTestJSON-603728512 tempest-VolumeQuotasNegativeTestJSON-603728512-project] Action: 'create', calling method: create, body: {"volume": {"size": 1}} {{(pid=110202) _process_stack /opt/stack/cinder/cinder/api/openstack/wsgi.py:866}}
May 13 13:11:29.690542 dv-cinder-841632-1-smb devstack@c-api.service[110202]: DEBUG cinder.api.v3.volumes [None req-f9d0e643-5052-46d8-a4ca-3d62bc1867dd tempest-VolumeQuotasNegativeTestJSON-603728512 tempest-VolumeQuotasNegativeTestJSON-603728512-project] Create volume request body: {'volume': {'size': 1}} {{(pid=110202) create /opt/stack/cinder/cinder/api/v3/volumes.py:298}}
May 13 13:11:29.691017 dv-cinder-841632-1-smb devstack@c-api.service[110202]: INFO cinder.api.v3.volumes [None req-f9d0e643-5052-46d8-a4ca-3d62bc1867dd tempest-VolumeQuotasNegativeTestJSON-603728512 tempest-VolumeQuotasNegativeTestJSON-603728512-project] Create volume of 1 GB
May 13 13:11:29.700255 dv-cinder-841632-1-smb devstack@c-api.service[110202]: INFO cinder.volume.api [None req-f9d0e643-5052-46d8-a4ca-3d62bc1867dd tempest-VolumeQuotasNegativeTestJSON-603728512 tempest-VolumeQuotasNegativeTestJSON-603728512-project] Availability Zones retrieved successfully.
May 13 13:11:29.706372 dv-cinder-841632-1-smb devstack@c-api.service[110203]: DEBUG cinder.volume.api [None req-8ddb0930-88b1-4f36-bdd7-dae48091a8a0 tempest-VolumeTypesTest-2002364450 tempest-VolumeTypesTest-2002364450-project] Task 'cinder.volume.flows.api.create_volume.VolumeCastTask;volume:create' (03e274df-d0f3-4d0d-b58e-60b97b9da5bf) transitioned into state 'SUCCESS' from state 'RUNNING' with result 'None' {{(pid=110203) _task_receiver /usr/local/lib/python3.8/dist-packages/taskflow/listeners/logging.py:178}}
May 13 13:11:29.709179 dv-cinder-841632-1-smb devstack@c-api.service[110203]: DEBUG cinder.volume.api [None req-8ddb0930-88b1-4f36-bdd7-dae48091a8a0 tempest-VolumeTypesTest-2002364450 tempest-VolumeTypesTest-2002364450-project] Flow 'volume_create_api' (1d1ac2d3-a33e-4ab3-97a9-999d98613036) transitioned into state 'SUCCESS' from state 'RUNNING' {{(pid=110203) _flow_receiver /usr/local/lib/python3.8/dist-packages/taskflow/listeners/logging.py:141}}
May 13 13:11:29.713833 dv-cinder-841632-1-smb devstack@c-api.service[110203]: INFO cinder.volume.api [None req-8ddb0930-88b1-4f36-bdd7-dae48091a8a0 tempest-VolumeTypesTest-2002364450 tempest-VolumeTypesTest-2002364450-project] Create volume request issued successfully.
May 13 13:11:29.715641 dv-cinder-841632-1-smb devstack@c-api.service[110203]: INFO cinder.api.openstack.wsgi [None req-8ddb0930-88b1-4f36-bdd7-dae48091a8a0 tempest-VolumeTypesTest-2002364450 tempest-VolumeTypesTest-2002364450-project] http://10.222.0.60/volume/v3/d6f589b7b96c4b0daae65cea5bd76e56/volumes returned with HTTP 202
May 13 13:11:29.717048 dv-cinder-841632-1-smb devstack@c-api.service[110203]: [pid: 110203|app: 0|req: 132/268] 10.222.0.60 () {60 vars in 1235 bytes} [Fri May 13 13:11:29 2022] POST /volume/v3/d6f589b7b96c4b0daae65cea5bd76e56/volumes => generated 848 bytes in 473 msecs (HTTP/1.1 202) 7 headers in 291 bytes (1 switches on core 0)
May 13 13:11:29.720557 dv-cinder-841632-1-smb devstack@c-api.service[110203]: DEBUG cinder.api.middleware.request_id [None req-bed01ea5-18f2-46a9-acc9-28fdb97b7c18 None None] RequestId filter calling following filter/app {{(pid=110203) _context_setter /opt/stack/cinder/cinder/api/middleware/request_id.py:62}}
May 13 13:11:29.736159 dv-cinder-841632-1-smb devstack@c-api.service[110202]: DEBUG cinder.volume.api [None req-f9d0e643-5052-46d8-a4ca-3d62bc1867dd tempest-VolumeQuotasNegativeTestJSON-603728512 tempest-VolumeQuotasNegativeTestJSON-603728512-project] Flow 'volume_create_api' (1d3bc31e-d835-422f-90ef-b395bf24c862) transitioned into state 'RUNNING' from state 'PENDING' {{(pid=110202) _flow_receiver /usr/local/lib/python3.8/dist-packages/taskflow/listeners/logging.py:141}}
May 13 13:11:29.738565 dv-cinder-841632-1-smb devstack@c-api.service[110203]: INFO cinder.api.openstack.wsgi [None req-bed01ea5-18f2-46a9-acc9-28fdb97b7c18 tempest-VolumesServicesTestJSON-2006458428 tempest-VolumesServicesTestJSON-2006458428-project] DELETE http://10.222.0.60/volume/v3/ca6e003a7666431ca110e36ed5ac1acc/volumes/04a8b779-3c3f-4808-9557-84f28bc0f58b
May 13 13:11:29.741779 dv-cinder-841632-1-smb devstack@c-api.service[110203]: DEBUG cinder.api.openstack.wsgi [None req-bed01ea5-18f2-46a9-acc9-28fdb97b7c18 tempest-VolumesServicesTestJSON-2006458428 tempest-VolumesServicesTestJSON-2006458428-project] Empty body provided in request {{(pid=110203) get_body /opt/stack/cinder/cinder/api/openstack/wsgi.py:715}}
May 13 13:11:29.741917 dv-cinder-841632-1-smb devstack@c-api.service[110202]: DEBUG cinder.volume.api [None req-f9d0e643-5052-46d8-a4ca-3d62bc1867dd tempest-VolumeQuotasNegativeTestJSON-603728512 tempest-VolumeQuotasNegativeTestJSON-603728512-project] Task 'cinder.volume.flows.api.create_volume.ExtractVolumeRequestTask;volume:create' (de256c73-8701-4bc8-b7cc-69810729144f) transitioned into state 'RUNNING' from state 'PENDING' {{(pid=110202) _task_receiver /usr/local/lib/python3.8/dist-packages/taskflow/listeners/logging.py:190}}
May 13 13:11:29.742020 dv-cinder-841632-1-smb devstack@c-api.service[110203]: DEBUG cinder.api.openstack.wsgi [None req-bed01ea5-18f2-46a9-acc9-28fdb97b7c18 tempest-VolumesServicesTestJSON-2006458428 tempest-VolumesServicesTestJSON-2006458428-project] Calling method 'delete' {{(pid=110203) _process_stack /opt/stack/cinder/cinder/api/openstack/wsgi.py:868}}
May 13 13:11:29.742020 dv-cinder-841632-1-smb devstack@c-api.service[110203]: INFO cinder.api.v3.volumes [None req-bed01ea5-18f2-46a9-acc9-28fdb97b7c18 tempest-VolumesServicesTestJSON-2006458428 tempest-VolumesServicesTestJSON-2006458428-project] Delete volume with id: 04a8b779-3c3f-4808-9557-84f28bc0f58b
May 13 13:11:29.743416 dv-cinder-841632-1-smb devstack@c-api.service[110202]: DEBUG cinder.volume.flows.api.create_volume [None req-f9d0e643-5052-46d8-a4ca-3d62bc1867dd tempest-VolumeQuotasNegativeTestJSON-603728512 tempest-VolumeQuotasNegativeTestJSON-603728512-project] Validating volume size '1' using validate_int {{(pid=110202) _extract_size /opt/stack/cinder/cinder/volume/flows/api/create_volume.py:225}}
May 13 13:11:29.769072 dv-cinder-841632-1-smb devstack@c-api.service[110203]: /usr/local/lib/python3.8/dist-packages/oslo_context/context.py:100: DeprecationWarning: Policy enforcement is depending on the value of is_admin. This key is deprecated. Please update your policy file to use the standard policy values.
May 13 13:11:29.769072 dv-cinder-841632-1-smb devstack@c-api.service[110203]: warnings.warn('Policy enforcement is depending on the value of '
May 13 13:11:29.774674 dv-cinder-841632-1-smb devstack@c-api.service[110203]: INFO cinder.volume.api [None req-bed01ea5-18f2-46a9-acc9-28fdb97b7c18 tempest-VolumesServicesTestJSON-2006458428 tempest-VolumesServicesTestJSON-2006458428-project] Volume info retrieved successfully.
May 13 13:11:29.790068 dv-cinder-841632-1-smb devstack@c-api.service[110202]: DEBUG cinder.volume.api [None req-f9d0e643-5052-46d8-a4ca-3d62bc1867dd tempest-VolumeQuotasNegativeTestJSON-603728512 tempest-VolumeQuotasNegativeTestJSON-603728512-project] Task 'cinder.volume.flows.api.create_volume.ExtractVolumeRequestTask;volume:create' (de256c73-8701-4bc8-b7cc-69810729144f) transitioned into state 'SUCCESS' from state 'RUNNING' with result '{'size': 1, 'snapshot_id': None, 'source_volid': None, 'volume_type': VolumeType(created_at=2022-05-13T13:00:12Z,deleted=False,deleted_at=None,description='Default Volume Type',extra_specs={},id=9c45b573-d8ea-42ad-9a42-9a55734f6fa8,is_public=True,name='__DEFAULT__',projects=[],qos_specs=,qos_specs_id=None,updated_at=2022-05-13T13:00:12Z), 'volume_type_id': '9c45b573-d8ea-42ad-9a42-9a55734f6fa8', 'encryption_key_id': None, 'qos_specs': None, 'consistencygroup_id': None, 'cgsnapshot_id': None, 'group_id': None, 'replication_status': 'disabled', 'refresh_az': False, 'backup_id': None, 'multiattach': False, 'availability_zones': ['nova']}' {{(pid=110202) _task_receiver /usr/local/lib/python3.8/dist-packages/taskflow/listeners/logging.py:178}}
May 13 13:11:29.797666 dv-cinder-841632-1-smb devstack@c-api.service[110202]: DEBUG cinder.volume.api [None req-f9d0e643-5052-46d8-a4ca-3d62bc1867dd tempest-VolumeQuotasNegativeTestJSON-603728512 tempest-VolumeQuotasNegativeTestJSON-603728512-project] Task 'cinder.volume.flows.api.create_volume.QuotaReserveTask;volume:create' (87c70c0a-2449-48a2-bd76-a330e001db0a) transitioned into state 'RUNNING' from state 'PENDING' {{(pid=110202) _task_receiver /usr/local/lib/python3.8/dist-packages/taskflow/listeners/logging.py:190}}
May 13 13:11:29.826810 dv-cinder-841632-1-smb devstack@c-api.service[110203]: INFO cinder.volume.api [None req-bed01ea5-18f2-46a9-acc9-28fdb97b7c18 tempest-VolumesServicesTestJSON-2006458428 tempest-VolumesServicesTestJSON-2006458428-project] Delete volume request issued successfully.
May 13 13:11:29.827235 dv-cinder-841632-1-smb devstack@c-api.service[110203]: INFO cinder.api.openstack.wsgi [None req-bed01ea5-18f2-46a9-acc9-28fdb97b7c18 tempest-VolumesServicesTestJSON-2006458428 tempest-VolumesServicesTestJSON-2006458428-project] http://10.222.0.60/volume/v3/ca6e003a7666431ca110e36ed5ac1acc/volumes/04a8b779-3c3f-4808-9557-84f28bc0f58b returned with HTTP 202
May 13 13:11:29.828320 dv-cinder-841632-1-smb devstack@c-api.service[110203]: [pid: 110203|app: 0|req: 133/269] 10.222.0.60 () {58 vars in 1327 bytes} [Fri May 13 13:11:29 2022] DELETE /volume/v3/ca6e003a7666431ca110e36ed5ac1acc/volumes/04a8b779-3c3f-4808-9557-84f28bc0f58b => generated 0 bytes in 110 msecs (HTTP/1.1 202) 6 headers in 233 bytes (1 switches on core 0)
May 13 13:11:29.833256 dv-cinder-841632-1-smb devstack@c-api.service[110203]: DEBUG cinder.api.middleware.request_id [None req-0c437659-cd64-4adc-9d95-cb7880e2a5cc None None] RequestId filter calling following filter/app {{(pid=110203) _context_setter /opt/stack/cinder/cinder/api/middleware/request_id.py:62}}
May 13 13:11:29.842882 dv-cinder-841632-1-smb devstack@c-api.service[110203]: INFO cinder.api.openstack.wsgi [None req-0c437659-cd64-4adc-9d95-cb7880e2a5cc tempest-VolumeTypesTest-2002364450 tempest-VolumeTypesTest-2002364450-project] GET http://10.222.0.60/volume/v3/d6f589b7b96c4b0daae65cea5bd76e56/volumes/ebe12041-dc43-4561-a530-77486f54d334
May 13 13:11:29.843908 dv-cinder-841632-1-smb devstack@c-api.service[110203]: DEBUG cinder.api.openstack.wsgi [None req-0c437659-cd64-4adc-9d95-cb7880e2a5cc tempest-VolumeTypesTest-2002364450 tempest-VolumeTypesTest-2002364450-project] Empty body provided in request {{(pid=110203) get_body /opt/stack/cinder/cinder/api/openstack/wsgi.py:715}}
May 13 13:11:29.845075 dv-cinder-841632-1-smb devstack@c-api.service[110203]: DEBUG cinder.api.openstack.wsgi [None req-0c437659-cd64-4adc-9d95-cb7880e2a5cc tempest-VolumeTypesTest-2002364450 tempest-VolumeTypesTest-2002364450-project] Calling method 'show' {{(pid=110203) _process_stack /opt/stack/cinder/cinder/api/openstack/wsgi.py:868}}
May 13 13:11:29.870523 dv-cinder-841632-1-smb devstack@c-api.service[110203]: /usr/local/lib/python3.8/dist-packages/oslo_context/context.py:100: DeprecationWarning: Policy enforcement is depending on the value of is_admin. This key is deprecated. Please update your policy file to use the standard policy values.
May 13 13:11:29.870523 dv-cinder-841632-1-smb devstack@c-api.service[110203]: warnings.warn('Policy enforcement is depending on the value of '
May 13 13:11:29.881813 dv-cinder-841632-1-smb devstack@c-api.service[110203]: INFO cinder.volume.api [None req-0c437659-cd64-4adc-9d95-cb7880e2a5cc tempest-VolumeTypesTest-2002364450 tempest-VolumeTypesTest-2002364450-project] Volume info retrieved successfully.
May 13 13:11:29.892129 dv-cinder-841632-1-smb devstack@c-api.service[110203]: INFO cinder.api.openstack.wsgi [None req-0c437659-cd64-4adc-9d95-cb7880e2a5cc tempest-VolumeTypesTest-2002364450 tempest-VolumeTypesTest-2002364450-project] http://10.222.0.60/volume/v3/d6f589b7b96c4b0daae65cea5bd76e56/volumes/ebe12041-dc43-4561-a530-77486f54d334 returned with HTTP 200
May 13 13:11:29.892943 dv-cinder-841632-1-smb devstack@c-api.service[110203]: [pid: 110203|app: 0|req: 134/270] 10.222.0.60 () {58 vars in 1324 bytes} [Fri May 13 13:11:29 2022] GET /volume/v3/d6f589b7b96c4b0daae65cea5bd76e56/volumes/ebe12041-dc43-4561-a530-77486f54d334 => generated 916 bytes in 64 msecs (HTTP/1.1 200) 7 headers in 285 bytes (1 switches on core 0)
May 13 13:11:29.895401 dv-cinder-841632-1-smb devstack@c-api.service[110203]: DEBUG cinder.api.middleware.request_id [None req-7403c3ac-c027-472c-90f5-f0194b691d22 None None] RequestId filter calling following filter/app {{(pid=110203) _context_setter /opt/stack/cinder/cinder/api/middleware/request_id.py:62}}
May 13 13:11:29.905138 dv-cinder-841632-1-smb devstack@c-api.service[110203]: INFO cinder.api.openstack.wsgi [None req-7403c3ac-c027-472c-90f5-f0194b691d22 tempest-VolumesServicesTestJSON-2006458428 tempest-VolumesServicesTestJSON-2006458428-project] GET http://10.222.0.60/volume/v3/ca6e003a7666431ca110e36ed5ac1acc/volumes/04a8b779-3c3f-4808-9557-84f28bc0f58b
May 13 13:11:29.905642 dv-cinder-841632-1-smb devstack@c-api.service[110203]: DEBUG cinder.api.openstack.wsgi [None req-7403c3ac-c027-472c-90f5-f0194b691d22 tempest-VolumesServicesTestJSON-2006458428 tempest-VolumesServicesTestJSON-2006458428-project] Empty body provided in request {{(pid=110203) get_body /opt/stack/cinder/cinder/api/openstack/wsgi.py:715}}
May 13 13:11:29.906218 dv-cinder-841632-1-smb devstack@c-api.service[110203]: DEBUG cinder.api.openstack.wsgi [None req-7403c3ac-c027-472c-90f5-f0194b691d22 tempest-VolumesServicesTestJSON-2006458428 tempest-VolumesServicesTestJSON-2006458428-project] Calling method 'show' {{(pid=110203) _process_stack /opt/stack/cinder/cinder/api/openstack/wsgi.py:868}}
May 13 13:11:29.928054 dv-cinder-841632-1-smb devstack@c-api.service[110202]: WARNING cinder.quota_utils [None req-f9d0e643-5052-46d8-a4ca-3d62bc1867dd tempest-VolumeQuotasNegativeTestJSON-603728512 tempest-VolumeQuotasNegativeTestJSON-603728512-project] Quota exceeded for bca36776765749719ec8773c6b1aaa1d, tried to create volume (1 volumes already consumed).: cinder.exception.OverQuota: Quota exceeded for resources: ['volumes']
May 13 13:11:29.930282 dv-cinder-841632-1-smb devstack@c-api.service[110202]: WARNING cinder.volume.api [None req-f9d0e643-5052-46d8-a4ca-3d62bc1867dd tempest-VolumeQuotasNegativeTestJSON-603728512 tempest-VolumeQuotasNegativeTestJSON-603728512-project] Task 'cinder.volume.flows.api.create_volume.QuotaReserveTask;volume:create' (87c70c0a-2449-48a2-bd76-a330e001db0a) transitioned into state 'FAILURE' from state 'RUNNING'
May 13 13:11:29.930282 dv-cinder-841632-1-smb devstack@c-api.service[110202]: Failure: cinder.exception.VolumeLimitExceeded: Maximum number of volumes allowed (1) exceeded for quota 'volumes'.
May 13 13:11:29.935264 dv-cinder-841632-1-smb devstack@c-api.service[110202]: DEBUG cinder.volume.api [None req-f9d0e643-5052-46d8-a4ca-3d62bc1867dd tempest-VolumeQuotasNegativeTestJSON-603728512 tempest-VolumeQuotasNegativeTestJSON-603728512-project] Task 'cinder.volume.flows.api.create_volume.QuotaReserveTask;volume:create' (87c70c0a-2449-48a2-bd76-a330e001db0a) transitioned into state 'REVERTING' from state 'FAILURE' {{(pid=110202) _task_receiver /usr/local/lib/python3.8/dist-packages/taskflow/listeners/logging.py:190}}
May 13 13:11:29.935852 dv-cinder-841632-1-smb devstack@c-api.service[110203]: /usr/local/lib/python3.8/dist-packages/oslo_context/context.py:100: DeprecationWarning: Policy enforcement is depending on the value of is_admin. This key is deprecated. Please update your policy file to use the standard policy values.
May 13 13:11:29.935852 dv-cinder-841632-1-smb devstack@c-api.service[110203]: warnings.warn('Policy enforcement is depending on the value of '
May 13 13:11:29.938615 dv-cinder-841632-1-smb devstack@c-api.service[110202]: WARNING cinder.volume.api [None req-f9d0e643-5052-46d8-a4ca-3d62bc1867dd tempest-VolumeQuotasNegativeTestJSON-603728512 tempest-VolumeQuotasNegativeTestJSON-603728512-project] Task 'cinder.volume.flows.api.create_volume.QuotaReserveTask;volume:create' (87c70c0a-2449-48a2-bd76-a330e001db0a) transitioned into state 'REVERTED' from state 'REVERTING' with result 'None'
May 13 13:11:29.941299 dv-cinder-841632-1-smb devstack@c-api.service[110202]: DEBUG cinder.volume.api [None req-f9d0e643-5052-46d8-a4ca-3d62bc1867dd tempest-VolumeQuotasNegativeTestJSON-603728512 tempest-VolumeQuotasNegativeTestJSON-603728512-project] Task 'cinder.volume.flows.api.create_volume.ExtractVolumeRequestTask;volume:create' (de256c73-8701-4bc8-b7cc-69810729144f) transitioned into state 'REVERTING' from state 'SUCCESS' {{(pid=110202) _task_receiver /usr/local/lib/python3.8/dist-packages/taskflow/listeners/logging.py:190}}
May 13 13:11:29.945463 dv-cinder-841632-1-smb devstack@c-api.service[110203]: INFO cinder.volume.api [None req-7403c3ac-c027-472c-90f5-f0194b691d22 tempest-VolumesServicesTestJSON-2006458428 tempest-VolumesServicesTestJSON-2006458428-project] Volume info retrieved successfully.
May 13 13:11:29.945870 dv-cinder-841632-1-smb devstack@c-api.service[110202]: WARNING cinder.volume.api [None req-f9d0e643-5052-46d8-a4ca-3d62bc1867dd tempest-VolumeQuotasNegativeTestJSON-603728512 tempest-VolumeQuotasNegativeTestJSON-603728512-project] Task 'cinder.volume.flows.api.create_volume.ExtractVolumeRequestTask;volume:create' (de256c73-8701-4bc8-b7cc-69810729144f) transitioned into state 'REVERTED' from state 'REVERTING' with result 'None'
May 13 13:11:29.950916 dv-cinder-841632-1-smb devstack@c-api.service[110202]: WARNING cinder.volume.api [None req-f9d0e643-5052-46d8-a4ca-3d62bc1867dd tempest-VolumeQuotasNegativeTestJSON-603728512 tempest-VolumeQuotasNegativeTestJSON-603728512-project] Flow 'volume_create_api' (1d3bc31e-d835-422f-90ef-b395bf24c862) transitioned into state 'REVERTED' from state 'RUNNING'
May 13 13:11:29.952587 dv-cinder-841632-1-smb devstack@c-api.service[110202]: INFO cinder.api.middleware.fault [None req-f9d0e643-5052-46d8-a4ca-3d62bc1867dd tempest-VolumeQuotasNegativeTestJSON-603728512 tempest-VolumeQuotasNegativeTestJSON-603728512-project] http://10.222.0.60/volume/v3/bca36776765749719ec8773c6b1aaa1d/volumes returned with HTTP 413
May 13 13:11:29.955336 dv-cinder-841632-1-smb devstack@c-api.service[110202]: [pid: 110202|app: 0|req: 137/271] 10.222.0.60 () {60 vars in 1234 bytes} [Fri May 13 13:11:29 2022] POST /volume/v3/bca36776765749719ec8773c6b1aaa1d/volumes => generated 150 bytes in 272 msecs (HTTP/1.1 413) 8 headers in 323 bytes (1 switches on core 0)
May 13 13:11:29.964268 dv-cinder-841632-1-smb devstack@c-api.service[110202]: DEBUG cinder.api.middleware.request_id [None req-d8402023-f482-4711-9841-091d4ecdeadb None None] RequestId filter calling following filter/app {{(pid=110202) _context_setter /opt/stack/cinder/cinder/api/middleware/request_id.py:62}}
May 13 13:11:29.972542 dv-cinder-841632-1-smb devstack@c-api.service[110202]: INFO cinder.api.openstack.wsgi [None req-d8402023-f482-4711-9841-091d4ecdeadb tempest-VolumeQuotasNegativeTestJSON-81974115 tempest-VolumeQuotasNegativeTestJSON-81974115-project-admin] PUT http://10.222.0.60/volume/v3/b0f0f228e7424855a334affe4d78fe77/os-quota-sets/bca36776765749719ec8773c6b1aaa1d
May 13 13:11:29.973690 dv-cinder-841632-1-smb devstack@c-api.service[110202]: DEBUG cinder.api.openstack.wsgi [None req-d8402023-f482-4711-9841-091d4ecdeadb tempest-VolumeQuotasNegativeTestJSON-81974115 tempest-VolumeQuotasNegativeTestJSON-81974115-project-admin] Action: 'update', calling method: update, body: {"quota_set": {"gigabytes": 1}} {{(pid=110202) _process_stack /opt/stack/cinder/cinder/api/openstack/wsgi.py:866}}
May 13 13:11:29.975150 dv-cinder-841632-1-smb devstack@c-api.service[110203]: INFO cinder.api.openstack.wsgi [None req-7403c3ac-c027-472c-90f5-f0194b691d22 tempest-VolumesServicesTestJSON-2006458428 tempest-VolumesServicesTestJSON-2006458428-project] http://10.222.0.60/volume/v3/ca6e003a7666431ca110e36ed5ac1acc/volumes/04a8b779-3c3f-4808-9557-84f28bc0f58b returned with HTTP 200
May 13 13:11:29.976841 dv-cinder-841632-1-smb devstack@c-api.service[110203]: [pid: 110203|app: 0|req: 135/272] 10.222.0.60 () {58 vars in 1324 bytes} [Fri May 13 13:11:29 2022] GET /volume/v3/ca6e003a7666431ca110e36ed5ac1acc/volumes/04a8b779-3c3f-4808-9557-84f28bc0f58b => generated 914 bytes in 83 msecs (HTTP/1.1 200) 7 headers in 285 bytes (1 switches on core 0)
May 13 13:11:29.983617 dv-cinder-841632-1-smb devstack@c-api.service[110202]: /usr/local/lib/python3.8/dist-packages/oslo_context/context.py:100: DeprecationWarning: Policy enforcement is depending on the value of is_admin. This key is deprecated. Please update your policy file to use the standard policy values.
May 13 13:11:29.983617 dv-cinder-841632-1-smb devstack@c-api.service[110202]: warnings.warn('Policy enforcement is depending on the value of '
May 13 13:11:30.060835 dv-cinder-841632-1-smb devstack@c-api.service[110202]: INFO cinder.api.openstack.wsgi [None req-d8402023-f482-4711-9841-091d4ecdeadb tempest-VolumeQuotasNegativeTestJSON-81974115 tempest-VolumeQuotasNegativeTestJSON-81974115-project-admin] http://10.222.0.60/volume/v3/b0f0f228e7424855a334affe4d78fe77/os-quota-sets/bca36776765749719ec8773c6b1aaa1d returned with HTTP 200
May 13 13:11:30.067045 dv-cinder-841632-1-smb devstack@c-api.service[110202]: [pid: 110202|app: 0|req: 138/273] 10.222.0.60 () {60 vars in 1350 bytes} [Fri May 13 13:11:29 2022] PUT /volume/v3/b0f0f228e7424855a334affe4d78fe77/os-quota-sets/bca36776765749719ec8773c6b1aaa1d => generated 692 bytes in 100 msecs (HTTP/1.1 200) 7 headers in 285 bytes (1 switches on core 0)
May 13 13:11:30.069539 dv-cinder-841632-1-smb devstack@c-api.service[110203]: DEBUG cinder.api.middleware.request_id [None req-581115af-bdec-4d21-b8e2-6893209ef0e3 None None] RequestId filter calling following filter/app {{(pid=110203) _context_setter /opt/stack/cinder/cinder/api/middleware/request_id.py:62}}
May 13 13:11:30.074058 dv-cinder-841632-1-smb devstack@c-api.service[110203]: INFO cinder.api.openstack.wsgi [None req-581115af-bdec-4d21-b8e2-6893209ef0e3 tempest-VolumeQuotasNegativeTestJSON-603728512 tempest-VolumeQuotasNegativeTestJSON-603728512-project] POST http://10.222.0.60/volume/v3/bca36776765749719ec8773c6b1aaa1d/volumes/a4b65ad7-27c6-41a5-aa5f-8a4e9786ac07/action
May 13 13:11:30.075119 dv-cinder-841632-1-smb devstack@c-api.service[110203]: DEBUG cinder.api.openstack.wsgi [None req-581115af-bdec-4d21-b8e2-6893209ef0e3 tempest-VolumeQuotasNegativeTestJSON-603728512 tempest-VolumeQuotasNegativeTestJSON-603728512-project] Action body: b'{"os-extend": {"new_size": 2}}' {{(pid=110203) get_method /opt/stack/cinder/cinder/api/openstack/wsgi.py:983}}
May 13 13:11:30.075655 dv-cinder-841632-1-smb devstack@c-api.service[110203]: DEBUG cinder.api.openstack.wsgi [None req-581115af-bdec-4d21-b8e2-6893209ef0e3 tempest-VolumeQuotasNegativeTestJSON-603728512 tempest-VolumeQuotasNegativeTestJSON-603728512-project] Action: 'action', calling method: _extend, body: {"os-extend": {"new_size": 2}} {{(pid=110203) _process_stack /opt/stack/cinder/cinder/api/openstack/wsgi.py:866}}
May 13 13:11:30.093779 dv-cinder-841632-1-smb devstack@c-api.service[110203]: /usr/local/lib/python3.8/dist-packages/oslo_context/context.py:100: DeprecationWarning: Policy enforcement is depending on the value of is_admin. This key is deprecated. Please update your policy file to use the standard policy values.
May 13 13:11:30.093779 dv-cinder-841632-1-smb devstack@c-api.service[110203]: warnings.warn('Policy enforcement is depending on the value of '
May 13 13:11:30.095033 dv-cinder-841632-1-smb devstack@c-api.service[110203]: INFO cinder.volume.api [None req-581115af-bdec-4d21-b8e2-6893209ef0e3 tempest-VolumeQuotasNegativeTestJSON-603728512 tempest-VolumeQuotasNegativeTestJSON-603728512-project] Volume info retrieved successfully.
May 13 13:11:30.168731 dv-cinder-841632-1-smb devstack@c-api.service[110203]: ERROR cinder.volume.api [None req-581115af-bdec-4d21-b8e2-6893209ef0e3 tempest-VolumeQuotasNegativeTestJSON-603728512 tempest-VolumeQuotasNegativeTestJSON-603728512-project] Quota exceeded for bca36776765749719ec8773c6b1aaa1d, tried to extend volume by 1G, (1G of 1G already consumed).: cinder.exception.OverQuota: Quota exceeded for resources: ['gigabytes']
May 13 13:11:30.178631 dv-cinder-841632-1-smb devstack@c-api.service[110203]: INFO cinder.api.middleware.fault [None req-581115af-bdec-4d21-b8e2-6893209ef0e3 tempest-VolumeQuotasNegativeTestJSON-603728512 tempest-VolumeQuotasNegativeTestJSON-603728512-project] http://10.222.0.60/volume/v3/bca36776765749719ec8773c6b1aaa1d/volumes/a4b65ad7-27c6-41a5-aa5f-8a4e9786ac07/action returned with HTTP 413
May 13 13:11:30.184950 dv-cinder-841632-1-smb devstack@c-api.service[110203]: [pid: 110203|app: 0|req: 136/274] 10.222.0.60 () {60 vars in 1366 bytes} [Fri May 13 13:11:30 2022] POST /volume/v3/bca36776765749719ec8773c6b1aaa1d/volumes/a4b65ad7-27c6-41a5-aa5f-8a4e9786ac07/action => generated 208 bytes in 112 msecs (HTTP/1.1 413) 8 headers in 323 bytes (1 switches on core 0)
May 13 13:11:30.187220 dv-cinder-841632-1-smb devstack@c-api.service[110202]: DEBUG cinder.api.middleware.request_id [None req-11faab77-938d-47ed-ac1b-7a1314bbb691 None None] RequestId filter calling following filter/app {{(pid=110202) _context_setter /opt/stack/cinder/cinder/api/middleware/request_id.py:62}}
May 13 13:11:30.191694 dv-cinder-841632-1-smb devstack@c-api.service[110202]: INFO cinder.api.openstack.wsgi [None req-11faab77-938d-47ed-ac1b-7a1314bbb691 tempest-VolumeQuotasNegativeTestJSON-603728512 tempest-VolumeQuotasNegativeTestJSON-603728512-project] DELETE http://10.222.0.60/volume/v3/bca36776765749719ec8773c6b1aaa1d/volumes/a4b65ad7-27c6-41a5-aa5f-8a4e9786ac07
May 13 13:11:30.192689 dv-cinder-841632-1-smb devstack@c-api.service[110202]: DEBUG cinder.api.openstack.wsgi [None req-11faab77-938d-47ed-ac1b-7a1314bbb691 tempest-VolumeQuotasNegativeTestJSON-603728512 tempest-VolumeQuotasNegativeTestJSON-603728512-project] Empty body provided in request {{(pid=110202) get_body /opt/stack/cinder/cinder/api/openstack/wsgi.py:715}}
May 13 13:11:30.194407 dv-cinder-841632-1-smb devstack@c-api.service[110202]: DEBUG cinder.api.openstack.wsgi [None req-11faab77-938d-47ed-ac1b-7a1314bbb691 tempest-VolumeQuotasNegativeTestJSON-603728512 tempest-VolumeQuotasNegativeTestJSON-603728512-project] Calling method 'delete' {{(pid=110202) _process_stack /opt/stack/cinder/cinder/api/openstack/wsgi.py:868}}
May 13 13:11:30.195215 dv-cinder-841632-1-smb devstack@c-api.service[110202]: INFO cinder.api.v3.volumes [None req-11faab77-938d-47ed-ac1b-7a1314bbb691 tempest-VolumeQuotasNegativeTestJSON-603728512 tempest-VolumeQuotasNegativeTestJSON-603728512-project] Delete volume with id: a4b65ad7-27c6-41a5-aa5f-8a4e9786ac07
May 13 13:11:30.213008 dv-cinder-841632-1-smb devstack@c-api.service[110202]: /usr/local/lib/python3.8/dist-packages/oslo_context/context.py:100: DeprecationWarning: Policy enforcement is depending on the value of is_admin. This key is deprecated. Please update your policy file to use the standard policy values.
May 13 13:11:30.213008 dv-cinder-841632-1-smb devstack@c-api.service[110202]: warnings.warn('Policy enforcement is depending on the value of '
May 13 13:11:30.214467 dv-cinder-841632-1-smb devstack@c-api.service[110202]: INFO cinder.volume.api [None req-11faab77-938d-47ed-ac1b-7a1314bbb691 tempest-VolumeQuotasNegativeTestJSON-603728512 tempest-VolumeQuotasNegativeTestJSON-603728512-project] Volume info retrieved successfully.
May 13 13:11:30.249164 dv-cinder-841632-1-smb devstack@c-api.service[110202]: INFO cinder.volume.api [None req-11faab77-938d-47ed-ac1b-7a1314bbb691 tempest-VolumeQuotasNegativeTestJSON-603728512 tempest-VolumeQuotasNegativeTestJSON-603728512-project] Delete volume request issued successfully.
May 13 13:11:30.250270 dv-cinder-841632-1-smb devstack@c-api.service[110202]: INFO cinder.api.openstack.wsgi [None req-11faab77-938d-47ed-ac1b-7a1314bbb691 tempest-VolumeQuotasNegativeTestJSON-603728512 tempest-VolumeQuotasNegativeTestJSON-603728512-project] http://10.222.0.60/volume/v3/bca36776765749719ec8773c6b1aaa1d/volumes/a4b65ad7-27c6-41a5-aa5f-8a4e9786ac07 returned with HTTP 202
May 13 13:11:30.254016 dv-cinder-841632-1-smb devstack@c-api.service[110202]: [pid: 110202|app: 0|req: 139/275] 10.222.0.60 () {58 vars in 1327 bytes} [Fri May 13 13:11:30 2022] DELETE /volume/v3/bca36776765749719ec8773c6b1aaa1d/volumes/a4b65ad7-27c6-41a5-aa5f-8a4e9786ac07 => generated 0 bytes in 66 msecs (HTTP/1.1 202) 6 headers in 233 bytes (1 switches on core 0)
May 13 13:11:30.256460 dv-cinder-841632-1-smb devstack@c-api.service[110203]: DEBUG cinder.api.middleware.request_id [None req-210a78e6-19d0-4bc0-a4dc-faf3a57ae6c1 None None] RequestId filter calling following filter/app {{(pid=110203) _context_setter /opt/stack/cinder/cinder/api/middleware/request_id.py:62}}
May 13 13:11:30.261982 dv-cinder-841632-1-smb devstack@c-api.service[110203]: INFO cinder.api.openstack.wsgi [None req-210a78e6-19d0-4bc0-a4dc-faf3a57ae6c1 tempest-VolumeQuotasNegativeTestJSON-603728512 tempest-VolumeQuotasNegativeTestJSON-603728512-project] GET http://10.222.0.60/volume/v3/bca36776765749719ec8773c6b1aaa1d/volumes/a4b65ad7-27c6-41a5-aa5f-8a4e9786ac07
May 13 13:11:30.262500 dv-cinder-841632-1-smb devstack@c-api.service[110203]: DEBUG cinder.api.openstack.wsgi [None req-210a78e6-19d0-4bc0-a4dc-faf3a57ae6c1 tempest-VolumeQuotasNegativeTestJSON-603728512 tempest-VolumeQuotasNegativeTestJSON-603728512-project] Empty body provided in request {{(pid=110203) get_body /opt/stack/cinder/cinder/api/openstack/wsgi.py:715}}
May 13 13:11:30.262944 dv-cinder-841632-1-smb devstack@c-api.service[110203]: DEBUG cinder.api.openstack.wsgi [None req-210a78e6-19d0-4bc0-a4dc-faf3a57ae6c1 tempest-VolumeQuotasNegativeTestJSON-603728512 tempest-VolumeQuotasNegativeTestJSON-603728512-project] Calling method 'show' {{(pid=110203) _process_stack /opt/stack/cinder/cinder/api/openstack/wsgi.py:868}}
May 13 13:11:30.276906 dv-cinder-841632-1-smb devstack@c-api.service[110203]: /usr/local/lib/python3.8/dist-packages/oslo_context/context.py:100: DeprecationWarning: Policy enforcement is depending on the value of is_admin. This key is deprecated. Please update your policy file to use the standard policy values.
