May 17 17:53:03.066844 dv-cinder-841302-3-smb devstack@keystone.service[79939]: DEBUG keystone.server.flask.common [-] Adding resource routes to API users: ['/users//application_credentials/' {}] {{(pid=79939) _add_mapped_resources /opt/stack/keystone/keystone/server/flask/common.py:417}}
May 17 17:53:03.066983 dv-cinder-841302-3-smb devstack@keystone.service[79940]: DEBUG keystone.server.flask.common [-] Adding resource routes to API users: ['/users//application_credentials' {}] {{(pid=79940) _add_mapped_resources /opt/stack/keystone/keystone/server/flask/common.py:417}}
May 17 17:53:03.067122 dv-cinder-841302-3-smb devstack@keystone.service[79939]: DEBUG keystone.server.flask.common [-] Adding resource routes to API users: ['/users//access_rules' {}] {{(pid=79939) _add_mapped_resources /opt/stack/keystone/keystone/server/flask/common.py:417}}
May 17 17:53:03.067263 dv-cinder-841302-3-smb devstack@keystone.service[79940]: DEBUG keystone.server.flask.common [-] Adding resource routes to API users: ['/users//application_credentials/' {}] {{(pid=79940) _add_mapped_resources /opt/stack/keystone/keystone/server/flask/common.py:417}}
May 17 17:53:03.067411 dv-cinder-841302-3-smb devstack@keystone.service[79939]: DEBUG keystone.server.flask.common [-] Adding resource routes to API users: ['/users//access_rules/' {}] {{(pid=79939) _add_mapped_resources /opt/stack/keystone/keystone/server/flask/common.py:417}}
May 17 17:53:03.067652 dv-cinder-841302-3-smb devstack@keystone.service[79940]: DEBUG keystone.server.flask.common [-] Adding resource routes to API users: ['/users//access_rules' {}] {{(pid=79940) _add_mapped_resources /opt/stack/keystone/keystone/server/flask/common.py:417}}
May 17 17:53:03.067652 dv-cinder-841302-3-smb devstack@keystone.service[79940]: DEBUG keystone.server.flask.common [-] Adding resource routes to API users: ['/users//access_rules/' {}] {{(pid=79940) _add_mapped_resources /opt/stack/keystone/keystone/server/flask/common.py:417}}
May 17 17:53:03.106768 dv-cinder-841302-3-smb devstack@keystone.service[79939]: WSGI app 0 (mountpoint='') ready in 7 seconds on interpreter 0x555fd8ee49c0 pid: 79939 (default app)
May 17 17:53:03.107360 dv-cinder-841302-3-smb devstack@keystone.service[79940]: WSGI app 0 (mountpoint='') ready in 7 seconds on interpreter 0x555fd8ee49c0 pid: 79940 (default app)
May 17 17:53:03.110087 dv-cinder-841302-3-smb devstack@keystone.service[79939]: DEBUG keystone.server.flask.request_processing.req_logging [None req-075329d8-db79-4299-905f-d5e4efc16e8f None None] REQUEST_METHOD: `GET` {{(pid=79939) log_request_info /opt/stack/keystone/keystone/server/flask/request_processing/req_logging.py:27}}
May 17 17:53:03.110381 dv-cinder-841302-3-smb devstack@keystone.service[79939]: DEBUG keystone.server.flask.request_processing.req_logging [None req-075329d8-db79-4299-905f-d5e4efc16e8f None None] SCRIPT_NAME: `/identity` {{(pid=79939) log_request_info /opt/stack/keystone/keystone/server/flask/request_processing/req_logging.py:28}}
May 17 17:53:03.110661 dv-cinder-841302-3-smb devstack@keystone.service[79939]: DEBUG keystone.server.flask.request_processing.req_logging [None req-075329d8-db79-4299-905f-d5e4efc16e8f None None] PATH_INFO: `/v3` {{(pid=79939) log_request_info /opt/stack/keystone/keystone/server/flask/request_processing/req_logging.py:29}}
May 17 17:53:03.114795 dv-cinder-841302-3-smb devstack@keystone.service[79939]: [pid: 79939|app: 0|req: 1/1] 10.222.0.35 () {50 vars in 791 bytes} [Tue May 17 17:53:03 2022] GET /identity/v3/ => generated 255 bytes in 7 msecs (HTTP/1.1 200) 5 headers in 177 bytes (1 switches on core 0)
May 17 17:53:11.315191 dv-cinder-841302-3-smb devstack@keystone.service[79940]: DEBUG keystone.server.flask.request_processing.req_logging [None req-98a0dcdd-e73f-46b3-9ebe-e4205fcfcc64 None None] REQUEST_METHOD: `GET` {{(pid=79940) log_request_info /opt/stack/keystone/keystone/server/flask/request_processing/req_logging.py:27}}
May 17 17:53:11.315779 dv-cinder-841302-3-smb devstack@keystone.service[79940]: DEBUG keystone.server.flask.request_processing.req_logging [None req-98a0dcdd-e73f-46b3-9ebe-e4205fcfcc64 None None] SCRIPT_NAME: `/identity` {{(pid=79940) log_request_info /opt/stack/keystone/keystone/server/flask/request_processing/req_logging.py:28}}
May 17 17:53:11.315779 dv-cinder-841302-3-smb devstack@keystone.service[79940]: DEBUG keystone.server.flask.request_processing.req_logging [None req-98a0dcdd-e73f-46b3-9ebe-e4205fcfcc64 None None] PATH_INFO: `/` {{(pid=79940) log_request_info /opt/stack/keystone/keystone/server/flask/request_processing/req_logging.py:29}}
May 17 17:53:11.320006 dv-cinder-841302-3-smb devstack@keystone.service[79940]: [pid: 79940|app: 0|req: 1/2] 10.222.0.35 () {54 vars in 926 bytes} [Tue May 17 17:53:11 2022] GET /identity => generated 270 bytes in 8 msecs (HTTP/1.1 300) 6 headers in 234 bytes (2 switches on core 0)
May 17 17:53:11.325501 dv-cinder-841302-3-smb devstack@keystone.service[79939]: DEBUG keystone.server.flask.request_processing.req_logging [None req-6266d0ae-5c18-41f1-a778-8c09bac10151 None None] REQUEST_METHOD: `POST` {{(pid=79939) log_request_info /opt/stack/keystone/keystone/server/flask/request_processing/req_logging.py:27}}
May 17 17:53:11.325931 dv-cinder-841302-3-smb devstack@keystone.service[79939]: DEBUG keystone.server.flask.request_processing.req_logging [None req-6266d0ae-5c18-41f1-a778-8c09bac10151 None None] SCRIPT_NAME: `/identity` {{(pid=79939) log_request_info /opt/stack/keystone/keystone/server/flask/request_processing/req_logging.py:28}}
May 17 17:53:11.326102 dv-cinder-841302-3-smb devstack@keystone.service[79939]: DEBUG keystone.server.flask.request_processing.req_logging [None req-6266d0ae-5c18-41f1-a778-8c09bac10151 None None] PATH_INFO: `/v3/auth/tokens` {{(pid=79939) log_request_info /opt/stack/keystone/keystone/server/flask/request_processing/req_logging.py:29}}
May 17 17:53:11.357244 dv-cinder-841302-3-smb devstack@keystone.service[79939]: DEBUG oslo_db.sqlalchemy.engines [None req-6266d0ae-5c18-41f1-a778-8c09bac10151 None None] MySQL server mode set to STRICT_TRANS_TABLES,STRICT_ALL_TABLES,NO_ZERO_IN_DATE,NO_ZERO_DATE,ERROR_FOR_DIVISION_BY_ZERO,TRADITIONAL,NO_ENGINE_SUBSTITUTION {{(pid=79939) _check_effective_sql_mode /usr/local/lib/python3.8/dist-packages/oslo_db/sqlalchemy/engines.py:314}}
May 17 17:53:11.551659 dv-cinder-841302-3-smb devstack@keystone.service[79939]: DEBUG passlib.handlers.bcrypt [None req-6266d0ae-5c18-41f1-a778-8c09bac10151 None None] detected 'bcrypt' backend, version '3.2.2' {{(pid=79939) _load_backend_mixin /usr/local/lib/python3.8/dist-packages/passlib/handlers/bcrypt.py:625}}
May 17 17:53:11.552076 dv-cinder-841302-3-smb devstack@keystone.service[79939]: DEBUG passlib.handlers.bcrypt [None req-6266d0ae-5c18-41f1-a778-8c09bac10151 None None] 'bcrypt' backend lacks $2$ support, enabling workaround {{(pid=79939) _finalize_backend_mixin /usr/local/lib/python3.8/dist-packages/passlib/handlers/bcrypt.py:406}}
May 17 17:53:11.608467 dv-cinder-841302-3-smb devstack@keystone.service[79939]: DEBUG keystone.auth.core [None req-6266d0ae-5c18-41f1-a778-8c09bac10151 None None] MFA Rules not processed for user `8fe7d16ae00046f8be2b6cc1683efb42`. Rule list: `[]` (Enabled: `True`). {{(pid=79939) check_auth_methods_against_rules /opt/stack/keystone/keystone/auth/core.py:438}}
May 17 17:53:11.609997 dv-cinder-841302-3-smb devstack@keystone.service[79939]: DEBUG keystone.common.fernet_utils [None req-6266d0ae-5c18-41f1-a778-8c09bac10151 None None] Loaded 2 Fernet keys from /etc/keystone/fernet-keys/, but `[fernet_tokens] max_active_keys = 3`; perhaps there have not been enough key rotations to reach `max_active_keys` yet? {{(pid=79939) load_keys /opt/stack/keystone/keystone/common/fernet_utils.py:286}}
May 17 17:53:11.734869 dv-cinder-841302-3-smb devstack@keystone.service[79939]: [pid: 79939|app: 0|req: 2/3] 10.222.0.35 () {58 vars in 1023 bytes} [Tue May 17 17:53:11 2022] POST /identity/v3/auth/tokens => generated 914 bytes in 410 msecs (HTTP/1.1 201) 6 headers in 384 bytes (1 switches on core 0)
May 17 17:53:11.890109 dv-cinder-841302-3-smb devstack@keystone.service[79940]: DEBUG keystone.server.flask.request_processing.middleware.auth_context [None req-98a0dcdd-e73f-46b3-9ebe-e4205fcfcc64 None None] Authenticating user token {{(pid=79940) process_request /usr/local/lib/python3.8/dist-packages/keystonemiddleware/auth_token/__init__.py:407}}
May 17 17:53:11.924653 dv-cinder-841302-3-smb devstack@keystone.service[79940]: DEBUG oslo_db.sqlalchemy.engines [None req-98a0dcdd-e73f-46b3-9ebe-e4205fcfcc64 None None] MySQL server mode set to STRICT_TRANS_TABLES,STRICT_ALL_TABLES,NO_ZERO_IN_DATE,NO_ZERO_DATE,ERROR_FOR_DIVISION_BY_ZERO,TRADITIONAL,NO_ENGINE_SUBSTITUTION {{(pid=79940) _check_effective_sql_mode /usr/local/lib/python3.8/dist-packages/oslo_db/sqlalchemy/engines.py:314}}
May 17 17:53:12.053235 dv-cinder-841302-3-smb devstack@keystone.service[79940]: DEBUG keystone.server.flask.request_processing.middleware.auth_context [None req-98a0dcdd-e73f-46b3-9ebe-e4205fcfcc64 None None] Validating token access rules against request {{(pid=79940) validate_allowed_request /usr/local/lib/python3.8/dist-packages/keystonemiddleware/auth_token/__init__.py:545}}
May 17 17:53:12.057651 dv-cinder-841302-3-smb devstack@keystone.service[79940]: DEBUG keystone.server.flask.request_processing.middleware.auth_context [None req-ebe1858a-5243-402a-a30d-4f889eb6f173 admin admin] RBAC: auth_context: {'token': , 'domain_id': None, 'trust_id': None, 'trustor_id': None, 'trustee_id': None, 'domain_name': None, 'group_ids': [], 'user_id': '8fe7d16ae00046f8be2b6cc1683efb42', 'user_domain_id': 'default', 'system_scope': None, 'project_id': 'b65fc0962a464f98adc458f806bacc5e', 'project_domain_id': 'default', 'roles': ['reader', 'member', 'admin'], 'is_admin_project': True, 'service_user_id': None, 'service_user_domain_id': None, 'service_project_id': None, 'service_project_domain_id': None, 'service_roles': []} {{(pid=79940) fill_context /opt/stack/keystone/keystone/server/flask/request_processing/middleware/auth_context.py:478}}
May 17 17:53:12.058486 dv-cinder-841302-3-smb devstack@keystone.service[79940]: DEBUG keystone.server.flask.request_processing.req_logging [None req-ebe1858a-5243-402a-a30d-4f889eb6f173 admin admin] REQUEST_METHOD: `GET` {{(pid=79940) log_request_info /opt/stack/keystone/keystone/server/flask/request_processing/req_logging.py:27}}
May 17 17:53:12.058768 dv-cinder-841302-3-smb devstack@keystone.service[79940]: DEBUG keystone.server.flask.request_processing.req_logging [None req-ebe1858a-5243-402a-a30d-4f889eb6f173 admin admin] SCRIPT_NAME: `/identity` {{(pid=79940) log_request_info /opt/stack/keystone/keystone/server/flask/request_processing/req_logging.py:28}}
May 17 17:53:12.059040 dv-cinder-841302-3-smb devstack@keystone.service[79940]: DEBUG keystone.server.flask.request_processing.req_logging [None req-ebe1858a-5243-402a-a30d-4f889eb6f173 admin admin] PATH_INFO: `/v3/auth/tokens` {{(pid=79940) log_request_info /opt/stack/keystone/keystone/server/flask/request_processing/req_logging.py:29}}
May 17 17:53:12.067044 dv-cinder-841302-3-smb devstack@keystone.service[79940]: DEBUG keystone.common.rbac_enforcer.enforcer [None req-ebe1858a-5243-402a-a30d-4f889eb6f173 admin admin] RBAC: Authorizing `identity:validate_token()` {{(pid=79940) enforce_call /opt/stack/keystone/keystone/common/rbac_enforcer/enforcer.py:449}}
May 17 17:53:12.119270 dv-cinder-841302-3-smb devstack@keystone.service[79940]: WARNING keystone.common.rbac_enforcer.enforcer [None req-ebe1858a-5243-402a-a30d-4f889eb6f173 admin admin] Deprecated policy rules found. Use oslopolicy-policy-generator and oslopolicy-policy-upgrade to detect and resolve deprecated policies in your configuration.
May 17 17:53:12.119631 dv-cinder-841302-3-smb devstack@keystone.service[79940]: DEBUG keystone.common.rbac_enforcer.enforcer [None req-ebe1858a-5243-402a-a30d-4f889eb6f173 admin admin] RBAC: Authorization granted {{(pid=79940) enforce_call /opt/stack/keystone/keystone/common/rbac_enforcer/enforcer.py:457}}
May 17 17:53:12.130096 dv-cinder-841302-3-smb devstack@keystone.service[79940]: [pid: 79940|app: 0|req: 2/4] 10.222.0.35 () {58 vars in 1324 bytes} [Tue May 17 17:53:11 2022] GET /identity/v3/auth/tokens => generated 914 bytes in 241 msecs (HTTP/1.1 200) 6 headers in 379 bytes (1 switches on core 0)
May 17 17:53:12.135964 dv-cinder-841302-3-smb devstack@keystone.service[79939]: DEBUG keystone.server.flask.request_processing.middleware.auth_context [None req-6266d0ae-5c18-41f1-a778-8c09bac10151 None None] Authenticating user token {{(pid=79939) process_request /usr/local/lib/python3.8/dist-packages/keystonemiddleware/auth_token/__init__.py:407}}
May 17 17:53:12.150592 dv-cinder-841302-3-smb devstack@keystone.service[79939]: DEBUG keystone.server.flask.request_processing.middleware.auth_context [None req-6266d0ae-5c18-41f1-a778-8c09bac10151 None None] Validating token access rules against request {{(pid=79939) validate_allowed_request /usr/local/lib/python3.8/dist-packages/keystonemiddleware/auth_token/__init__.py:545}}
May 17 17:53:12.155198 dv-cinder-841302-3-smb devstack@keystone.service[79939]: DEBUG keystone.server.flask.request_processing.middleware.auth_context [None req-2ad904f6-c255-40c1-80c0-3acf8205316d admin admin] RBAC: auth_context: {'token': , 'domain_id': None, 'trust_id': None, 'trustor_id': None, 'trustee_id': None, 'domain_name': None, 'group_ids': [], 'user_id': '8fe7d16ae00046f8be2b6cc1683efb42', 'user_domain_id': 'default', 'system_scope': None, 'project_id': 'b65fc0962a464f98adc458f806bacc5e', 'project_domain_id': 'default', 'roles': ['reader', 'member', 'admin'], 'is_admin_project': True, 'service_user_id': None, 'service_user_domain_id': None, 'service_project_id': None, 'service_project_domain_id': None, 'service_roles': []} {{(pid=79939) fill_context /opt/stack/keystone/keystone/server/flask/request_processing/middleware/auth_context.py:478}}
May 17 17:53:12.156340 dv-cinder-841302-3-smb devstack@keystone.service[79939]: DEBUG keystone.server.flask.request_processing.req_logging [None req-2ad904f6-c255-40c1-80c0-3acf8205316d admin admin] REQUEST_METHOD: `GET` {{(pid=79939) log_request_info /opt/stack/keystone/keystone/server/flask/request_processing/req_logging.py:27}}
May 17 17:53:12.156621 dv-cinder-841302-3-smb devstack@keystone.service[79939]: DEBUG keystone.server.flask.request_processing.req_logging [None req-2ad904f6-c255-40c1-80c0-3acf8205316d admin admin] SCRIPT_NAME: `/identity` {{(pid=79939) log_request_info /opt/stack/keystone/keystone/server/flask/request_processing/req_logging.py:28}}
May 17 17:53:12.156889 dv-cinder-841302-3-smb devstack@keystone.service[79939]: DEBUG keystone.server.flask.request_processing.req_logging [None req-2ad904f6-c255-40c1-80c0-3acf8205316d admin admin] PATH_INFO: `/v3/projects/b65fc0962a464f98adc458f806bacc5e` {{(pid=79939) log_request_info /opt/stack/keystone/keystone/server/flask/request_processing/req_logging.py:29}}
May 17 17:53:12.158413 dv-cinder-841302-3-smb devstack@keystone.service[79939]: DEBUG keystone.common.rbac_enforcer.enforcer [None req-2ad904f6-c255-40c1-80c0-3acf8205316d admin admin] RBAC: Authorizing `identity:get_project(project_id=b65fc0962a464f98adc458f806bacc5e)` {{(pid=79939) enforce_call /opt/stack/keystone/keystone/common/rbac_enforcer/enforcer.py:449}}
May 17 17:53:12.208544 dv-cinder-841302-3-smb devstack@keystone.service[79939]: WARNING keystone.common.rbac_enforcer.enforcer [None req-2ad904f6-c255-40c1-80c0-3acf8205316d admin admin] Deprecated policy rules found. Use oslopolicy-policy-generator and oslopolicy-policy-upgrade to detect and resolve deprecated policies in your configuration.
May 17 17:53:12.208878 dv-cinder-841302-3-smb devstack@keystone.service[79939]: DEBUG keystone.common.rbac_enforcer.enforcer [None req-2ad904f6-c255-40c1-80c0-3acf8205316d admin admin] RBAC: Authorization granted {{(pid=79939) enforce_call /opt/stack/keystone/keystone/common/rbac_enforcer/enforcer.py:457}}
May 17 17:53:12.214415 dv-cinder-841302-3-smb devstack@keystone.service[79939]: [pid: 79939|app: 0|req: 3/5] 10.222.0.35 () {56 vars in 1207 bytes} [Tue May 17 17:53:12 2022] GET /identity/v3/projects/b65fc0962a464f98adc458f806bacc5e => generated 344 bytes in 79 msecs (HTTP/1.1 200) 5 headers in 177 bytes (2 switches on core 0)
May 17 17:53:14.400934 dv-cinder-841302-3-smb devstack@keystone.service[79940]: DEBUG keystone.server.flask.request_processing.req_logging [None req-62f4035a-dc44-4451-9732-f901b2953bb7 None None] REQUEST_METHOD: `GET` {{(pid=79940) log_request_info /opt/stack/keystone/keystone/server/flask/request_processing/req_logging.py:27}}
May 17 17:53:14.401441 dv-cinder-841302-3-smb devstack@keystone.service[79940]: DEBUG keystone.server.flask.request_processing.req_logging [None req-62f4035a-dc44-4451-9732-f901b2953bb7 None None] SCRIPT_NAME: `/identity` {{(pid=79940) log_request_info /opt/stack/keystone/keystone/server/flask/request_processing/req_logging.py:28}}
May 17 17:53:14.401544 dv-cinder-841302-3-smb devstack@keystone.service[79940]: DEBUG keystone.server.flask.request_processing.req_logging [None req-62f4035a-dc44-4451-9732-f901b2953bb7 None None] PATH_INFO: `/` {{(pid=79940) log_request_info /opt/stack/keystone/keystone/server/flask/request_processing/req_logging.py:29}}
May 17 17:53:14.405625 dv-cinder-841302-3-smb devstack@keystone.service[79940]: [pid: 79940|app: 0|req: 3/6] 10.222.0.35 () {54 vars in 926 bytes} [Tue May 17 17:53:14 2022] GET /identity => generated 270 bytes in 7 msecs (HTTP/1.1 300) 6 headers in 234 bytes (2 switches on core 0)
May 17 17:53:14.411090 dv-cinder-841302-3-smb devstack@keystone.service[79939]: DEBUG keystone.server.flask.request_processing.req_logging [None req-eb383cd5-5674-432b-9f5c-65d3f9c2274b None None] REQUEST_METHOD: `POST` {{(pid=79939) log_request_info /opt/stack/keystone/keystone/server/flask/request_processing/req_logging.py:27}}
May 17 17:53:14.411542 dv-cinder-841302-3-smb devstack@keystone.service[79939]: DEBUG keystone.server.flask.request_processing.req_logging [None req-eb383cd5-5674-432b-9f5c-65d3f9c2274b None None] SCRIPT_NAME: `/identity` {{(pid=79939) log_request_info /opt/stack/keystone/keystone/server/flask/request_processing/req_logging.py:28}}
May 17 17:53:14.411683 dv-cinder-841302-3-smb devstack@keystone.service[79939]: DEBUG keystone.server.flask.request_processing.req_logging [None req-eb383cd5-5674-432b-9f5c-65d3f9c2274b None None] PATH_INFO: `/v3/auth/tokens` {{(pid=79939) log_request_info /opt/stack/keystone/keystone/server/flask/request_processing/req_logging.py:29}}
May 17 17:53:14.432046 dv-cinder-841302-3-smb devstack@keystone.service[79939]: DEBUG keystone.auth.core [None req-eb383cd5-5674-432b-9f5c-65d3f9c2274b None None] MFA Rules not processed for user `8fe7d16ae00046f8be2b6cc1683efb42`. Rule list: `[]` (Enabled: `True`). {{(pid=79939) check_auth_methods_against_rules /opt/stack/keystone/keystone/auth/core.py:438}}
May 17 17:53:14.433544 dv-cinder-841302-3-smb devstack@keystone.service[79939]: DEBUG keystone.common.fernet_utils [None req-eb383cd5-5674-432b-9f5c-65d3f9c2274b None None] Loaded 2 Fernet keys from /etc/keystone/fernet-keys/, but `[fernet_tokens] max_active_keys = 3`; perhaps there have not been enough key rotations to reach `max_active_keys` yet? {{(pid=79939) load_keys /opt/stack/keystone/keystone/common/fernet_utils.py:286}}
May 17 17:53:14.441292 dv-cinder-841302-3-smb devstack@keystone.service[79939]: [pid: 79939|app: 0|req: 4/7] 10.222.0.35 () {58 vars in 1023 bytes} [Tue May 17 17:53:14 2022] POST /identity/v3/auth/tokens => generated 914 bytes in 31 msecs (HTTP/1.1 201) 6 headers in 384 bytes (1 switches on core 0)
May 17 17:53:14.464262 dv-cinder-841302-3-smb devstack@keystone.service[79940]: DEBUG keystone.server.flask.request_processing.middleware.auth_context [None req-62f4035a-dc44-4451-9732-f901b2953bb7 None None] Authenticating user token {{(pid=79940) process_request /usr/local/lib/python3.8/dist-packages/keystonemiddleware/auth_token/__init__.py:407}}
May 17 17:53:14.476566 dv-cinder-841302-3-smb devstack@keystone.service[79940]: DEBUG keystone.server.flask.request_processing.middleware.auth_context [None req-62f4035a-dc44-4451-9732-f901b2953bb7 None None] Validating token access rules against request {{(pid=79940) validate_allowed_request /usr/local/lib/python3.8/dist-packages/keystonemiddleware/auth_token/__init__.py:545}}
May 17 17:53:14.481433 dv-cinder-841302-3-smb devstack@keystone.service[79940]: DEBUG keystone.server.flask.request_processing.middleware.auth_context [None req-6861f74b-121f-4cb8-be91-87c283362ac2 admin admin] RBAC: auth_context: {'token': , 'domain_id': None, 'trust_id': None, 'trustor_id': None, 'trustee_id': None, 'domain_name': None, 'group_ids': [], 'user_id': '8fe7d16ae00046f8be2b6cc1683efb42', 'user_domain_id': 'default', 'system_scope': None, 'project_id': 'b65fc0962a464f98adc458f806bacc5e', 'project_domain_id': 'default', 'roles': ['reader', 'member', 'admin'], 'is_admin_project': True, 'service_user_id': None, 'service_user_domain_id': None, 'service_project_id': None, 'service_project_domain_id': None, 'service_roles': []} {{(pid=79940) fill_context /opt/stack/keystone/keystone/server/flask/request_processing/middleware/auth_context.py:478}}
May 17 17:53:14.482059 dv-cinder-841302-3-smb devstack@keystone.service[79940]: DEBUG keystone.server.flask.request_processing.req_logging [None req-6861f74b-121f-4cb8-be91-87c283362ac2 admin admin] REQUEST_METHOD: `GET` {{(pid=79940) log_request_info /opt/stack/keystone/keystone/server/flask/request_processing/req_logging.py:27}}
May 17 17:53:14.482340 dv-cinder-841302-3-smb devstack@keystone.service[79940]: DEBUG keystone.server.flask.request_processing.req_logging [None req-6861f74b-121f-4cb8-be91-87c283362ac2 admin admin] SCRIPT_NAME: `/identity` {{(pid=79940) log_request_info /opt/stack/keystone/keystone/server/flask/request_processing/req_logging.py:28}}
May 17 17:53:14.482614 dv-cinder-841302-3-smb devstack@keystone.service[79940]: DEBUG keystone.server.flask.request_processing.req_logging [None req-6861f74b-121f-4cb8-be91-87c283362ac2 admin admin] PATH_INFO: `/v3/auth/tokens` {{(pid=79940) log_request_info /opt/stack/keystone/keystone/server/flask/request_processing/req_logging.py:29}}
May 17 17:53:14.490113 dv-cinder-841302-3-smb devstack@keystone.service[79940]: DEBUG keystone.common.rbac_enforcer.enforcer [None req-6861f74b-121f-4cb8-be91-87c283362ac2 admin admin] RBAC: Authorizing `identity:validate_token()` {{(pid=79940) enforce_call /opt/stack/keystone/keystone/common/rbac_enforcer/enforcer.py:449}}
May 17 17:53:14.491973 dv-cinder-841302-3-smb devstack@keystone.service[79940]: DEBUG keystone.common.rbac_enforcer.enforcer [None req-6861f74b-121f-4cb8-be91-87c283362ac2 admin admin] RBAC: Authorization granted {{(pid=79940) enforce_call /opt/stack/keystone/keystone/common/rbac_enforcer/enforcer.py:457}}
May 17 17:53:14.500600 dv-cinder-841302-3-smb devstack@keystone.service[79940]: [pid: 79940|app: 0|req: 4/8] 10.222.0.35 () {58 vars in 1324 bytes} [Tue May 17 17:53:14 2022] GET /identity/v3/auth/tokens => generated 914 bytes in 37 msecs (HTTP/1.1 200) 6 headers in 379 bytes (1 switches on core 0)
May 17 17:53:14.505861 dv-cinder-841302-3-smb devstack@keystone.service[79939]: DEBUG keystone.server.flask.request_processing.middleware.auth_context [None req-eb383cd5-5674-432b-9f5c-65d3f9c2274b None None] Authenticating user token {{(pid=79939) process_request /usr/local/lib/python3.8/dist-packages/keystonemiddleware/auth_token/__init__.py:407}}
May 17 17:53:14.515712 dv-cinder-841302-3-smb devstack@keystone.service[79939]: DEBUG keystone.server.flask.request_processing.middleware.auth_context [None req-eb383cd5-5674-432b-9f5c-65d3f9c2274b None None] Validating token access rules against request {{(pid=79939) validate_allowed_request /usr/local/lib/python3.8/dist-packages/keystonemiddleware/auth_token/__init__.py:545}}
May 17 17:53:14.520111 dv-cinder-841302-3-smb devstack@keystone.service[79939]: DEBUG keystone.server.flask.request_processing.middleware.auth_context [None req-b2944ff3-f48c-4cce-8c6b-2f39a1ebdabf admin admin] RBAC: auth_context: {'token': , 'domain_id': None, 'trust_id': None, 'trustor_id': None, 'trustee_id': None, 'domain_name': None, 'group_ids': [], 'user_id': '8fe7d16ae00046f8be2b6cc1683efb42', 'user_domain_id': 'default', 'system_scope': None, 'project_id': 'b65fc0962a464f98adc458f806bacc5e', 'project_domain_id': 'default', 'roles': ['reader', 'member', 'admin'], 'is_admin_project': True, 'service_user_id': None, 'service_user_domain_id': None, 'service_project_id': None, 'service_project_domain_id': None, 'service_roles': []} {{(pid=79939) fill_context /opt/stack/keystone/keystone/server/flask/request_processing/middleware/auth_context.py:478}}
May 17 17:53:14.521011 dv-cinder-841302-3-smb devstack@keystone.service[79939]: DEBUG keystone.server.flask.request_processing.req_logging [None req-b2944ff3-f48c-4cce-8c6b-2f39a1ebdabf admin admin] REQUEST_METHOD: `GET` {{(pid=79939) log_request_info /opt/stack/keystone/keystone/server/flask/request_processing/req_logging.py:27}}
May 17 17:53:14.521288 dv-cinder-841302-3-smb devstack@keystone.service[79939]: DEBUG keystone.server.flask.request_processing.req_logging [None req-b2944ff3-f48c-4cce-8c6b-2f39a1ebdabf admin admin] SCRIPT_NAME: `/identity` {{(pid=79939) log_request_info /opt/stack/keystone/keystone/server/flask/request_processing/req_logging.py:28}}
May 17 17:53:14.521554 dv-cinder-841302-3-smb devstack@keystone.service[79939]: DEBUG keystone.server.flask.request_processing.req_logging [None req-b2944ff3-f48c-4cce-8c6b-2f39a1ebdabf admin admin] PATH_INFO: `/v3/users/8fe7d16ae00046f8be2b6cc1683efb42` {{(pid=79939) log_request_info /opt/stack/keystone/keystone/server/flask/request_processing/req_logging.py:29}}
May 17 17:53:14.522916 dv-cinder-841302-3-smb devstack@keystone.service[79939]: DEBUG keystone.common.rbac_enforcer.enforcer [None req-b2944ff3-f48c-4cce-8c6b-2f39a1ebdabf admin admin] RBAC: Authorizing `identity:get_user(user_id=8fe7d16ae00046f8be2b6cc1683efb42)` {{(pid=79939) enforce_call /opt/stack/keystone/keystone/common/rbac_enforcer/enforcer.py:449}}
May 17 17:53:14.525568 dv-cinder-841302-3-smb devstack@keystone.service[79939]: DEBUG keystone.common.rbac_enforcer.enforcer [None req-b2944ff3-f48c-4cce-8c6b-2f39a1ebdabf admin admin] RBAC: Authorization granted {{(pid=79939) enforce_call /opt/stack/keystone/keystone/common/rbac_enforcer/enforcer.py:457}}
May 17 17:53:14.527154 dv-cinder-841302-3-smb devstack@keystone.service[79939]: [pid: 79939|app: 0|req: 5/9] 10.222.0.35 () {56 vars in 1198 bytes} [Tue May 17 17:53:14 2022] GET /identity/v3/users/8fe7d16ae00046f8be2b6cc1683efb42 => generated 247 bytes in 22 msecs (HTTP/1.1 200) 5 headers in 177 bytes (1 switches on core 0)
May 17 17:53:16.813100 dv-cinder-841302-3-smb devstack@keystone.service[79940]: DEBUG keystone.server.flask.request_processing.req_logging [None req-d6bdf725-ec99-490c-853f-e188cd4221d0 None None] REQUEST_METHOD: `GET` {{(pid=79940) log_request_info /opt/stack/keystone/keystone/server/flask/request_processing/req_logging.py:27}}
May 17 17:53:16.813604 dv-cinder-841302-3-smb devstack@keystone.service[79940]: DEBUG keystone.server.flask.request_processing.req_logging [None req-d6bdf725-ec99-490c-853f-e188cd4221d0 None None] SCRIPT_NAME: `/identity` {{(pid=79940) log_request_info /opt/stack/keystone/keystone/server/flask/request_processing/req_logging.py:28}}
May 17 17:53:16.813715 dv-cinder-841302-3-smb devstack@keystone.service[79940]: DEBUG keystone.server.flask.request_processing.req_logging [None req-d6bdf725-ec99-490c-853f-e188cd4221d0 None None] PATH_INFO: `/` {{(pid=79940) log_request_info /opt/stack/keystone/keystone/server/flask/request_processing/req_logging.py:29}}
May 17 17:53:16.815058 dv-cinder-841302-3-smb devstack@keystone.service[79940]: [pid: 79940|app: 0|req: 5/10] 10.222.0.35 () {54 vars in 926 bytes} [Tue May 17 17:53:16 2022] GET /identity => generated 270 bytes in 3 msecs (HTTP/1.1 300) 6 headers in 234 bytes (1 switches on core 0)
May 17 17:53:16.820270 dv-cinder-841302-3-smb devstack@keystone.service[79939]: DEBUG keystone.server.flask.request_processing.req_logging [None req-0e441646-6ffe-4eb7-bf6c-5242a60eae26 None None] REQUEST_METHOD: `POST` {{(pid=79939) log_request_info /opt/stack/keystone/keystone/server/flask/request_processing/req_logging.py:27}}
May 17 17:53:16.820681 dv-cinder-841302-3-smb devstack@keystone.service[79939]: DEBUG keystone.server.flask.request_processing.req_logging [None req-0e441646-6ffe-4eb7-bf6c-5242a60eae26 None None] SCRIPT_NAME: `/identity` {{(pid=79939) log_request_info /opt/stack/keystone/keystone/server/flask/request_processing/req_logging.py:28}}
May 17 17:53:16.821451 dv-cinder-841302-3-smb devstack@keystone.service[79939]: DEBUG keystone.server.flask.request_processing.req_logging [None req-0e441646-6ffe-4eb7-bf6c-5242a60eae26 None None] PATH_INFO: `/v3/auth/tokens` {{(pid=79939) log_request_info /opt/stack/keystone/keystone/server/flask/request_processing/req_logging.py:29}}
May 17 17:53:16.837484 dv-cinder-841302-3-smb devstack@keystone.service[79940]: DEBUG keystone.server.flask.request_processing.req_logging [None req-89095399-017c-4a32-9b88-a12f1a24ca5d None None] REQUEST_METHOD: `GET` {{(pid=79940) log_request_info /opt/stack/keystone/keystone/server/flask/request_processing/req_logging.py:27}}
May 17 17:53:16.837764 dv-cinder-841302-3-smb devstack@keystone.service[79940]: DEBUG keystone.server.flask.request_processing.req_logging [None req-89095399-017c-4a32-9b88-a12f1a24ca5d None None] SCRIPT_NAME: `/identity` {{(pid=79940) log_request_info /opt/stack/keystone/keystone/server/flask/request_processing/req_logging.py:28}}
May 17 17:53:16.838037 dv-cinder-841302-3-smb devstack@keystone.service[79940]: DEBUG keystone.server.flask.request_processing.req_logging [None req-89095399-017c-4a32-9b88-a12f1a24ca5d None None] PATH_INFO: `/` {{(pid=79940) log_request_info /opt/stack/keystone/keystone/server/flask/request_processing/req_logging.py:29}}
May 17 17:53:16.839412 dv-cinder-841302-3-smb devstack@keystone.service[79940]: [pid: 79940|app: 0|req: 6/11] 10.222.0.35 () {54 vars in 926 bytes} [Tue May 17 17:53:16 2022] GET /identity => generated 270 bytes in 4 msecs (HTTP/1.1 300) 6 headers in 234 bytes (2 switches on core 0)
May 17 17:53:16.845346 dv-cinder-841302-3-smb devstack@keystone.service[79940]: DEBUG keystone.server.flask.request_processing.req_logging [None req-01d91e96-47a2-47ee-a76e-a8b7b7bf3e10 None None] REQUEST_METHOD: `POST` {{(pid=79940) log_request_info /opt/stack/keystone/keystone/server/flask/request_processing/req_logging.py:27}}
May 17 17:53:16.845623 dv-cinder-841302-3-smb devstack@keystone.service[79940]: DEBUG keystone.server.flask.request_processing.req_logging [None req-01d91e96-47a2-47ee-a76e-a8b7b7bf3e10 None None] SCRIPT_NAME: `/identity` {{(pid=79940) log_request_info /opt/stack/keystone/keystone/server/flask/request_processing/req_logging.py:28}}
May 17 17:53:16.845896 dv-cinder-841302-3-smb devstack@keystone.service[79940]: DEBUG keystone.server.flask.request_processing.req_logging [None req-01d91e96-47a2-47ee-a76e-a8b7b7bf3e10 None None] PATH_INFO: `/v3/auth/tokens` {{(pid=79940) log_request_info /opt/stack/keystone/keystone/server/flask/request_processing/req_logging.py:29}}
May 17 17:53:16.887836 dv-cinder-841302-3-smb devstack@keystone.service[79940]: DEBUG passlib.handlers.bcrypt [None req-01d91e96-47a2-47ee-a76e-a8b7b7bf3e10 None None] detected 'bcrypt' backend, version '3.2.2' {{(pid=79940) _load_backend_mixin /usr/local/lib/python3.8/dist-packages/passlib/handlers/bcrypt.py:625}}
May 17 17:53:16.888234 dv-cinder-841302-3-smb devstack@keystone.service[79940]: DEBUG passlib.handlers.bcrypt [None req-01d91e96-47a2-47ee-a76e-a8b7b7bf3e10 None None] 'bcrypt' backend lacks $2$ support, enabling workaround {{(pid=79940) _finalize_backend_mixin /usr/local/lib/python3.8/dist-packages/passlib/handlers/bcrypt.py:406}}
May 17 17:53:16.936610 dv-cinder-841302-3-smb devstack@keystone.service[79940]: DEBUG keystone.auth.core [None req-01d91e96-47a2-47ee-a76e-a8b7b7bf3e10 None None] MFA Rules not processed for user `8fe7d16ae00046f8be2b6cc1683efb42`. Rule list: `[]` (Enabled: `True`). {{(pid=79940) check_auth_methods_against_rules /opt/stack/keystone/keystone/auth/core.py:438}}
May 17 17:53:16.938208 dv-cinder-841302-3-smb devstack@keystone.service[79940]: DEBUG keystone.common.fernet_utils [None req-01d91e96-47a2-47ee-a76e-a8b7b7bf3e10 None None] Loaded 2 Fernet keys from /etc/keystone/fernet-keys/, but `[fernet_tokens] max_active_keys = 3`; perhaps there have not been enough key rotations to reach `max_active_keys` yet? {{(pid=79940) load_keys /opt/stack/keystone/keystone/common/fernet_utils.py:286}}
May 17 17:53:16.947013 dv-cinder-841302-3-smb devstack@keystone.service[79939]: DEBUG keystone.auth.core [None req-0e441646-6ffe-4eb7-bf6c-5242a60eae26 None None] MFA Rules not processed for user `8fe7d16ae00046f8be2b6cc1683efb42`. Rule list: `[]` (Enabled: `True`). {{(pid=79939) check_auth_methods_against_rules /opt/stack/keystone/keystone/auth/core.py:438}}
May 17 17:53:16.948134 dv-cinder-841302-3-smb devstack@keystone.service[79939]: DEBUG keystone.common.fernet_utils [None req-0e441646-6ffe-4eb7-bf6c-5242a60eae26 None None] Loaded 2 Fernet keys from /etc/keystone/fernet-keys/, but `[fernet_tokens] max_active_keys = 3`; perhaps there have not been enough key rotations to reach `max_active_keys` yet? {{(pid=79939) load_keys /opt/stack/keystone/keystone/common/fernet_utils.py:286}}
May 17 17:53:17.027057 dv-cinder-841302-3-smb devstack@keystone.service[79939]: [pid: 79939|app: 0|req: 6/12] 10.222.0.35 () {58 vars in 1023 bytes} [Tue May 17 17:53:16 2022] POST /identity/v3/auth/tokens => generated 799 bytes in 207 msecs (HTTP/1.1 201) 6 headers in 363 bytes (1 switches on core 0)
May 17 17:53:17.034969 dv-cinder-841302-3-smb devstack@keystone.service[79940]: [pid: 79940|app: 0|req: 7/13] 10.222.0.35 () {58 vars in 1023 bytes} [Tue May 17 17:53:16 2022] POST /identity/v3/auth/tokens => generated 799 bytes in 191 msecs (HTTP/1.1 201) 6 headers in 363 bytes (2 switches on core 0)
May 17 17:53:17.049877 dv-cinder-841302-3-smb devstack@keystone.service[79939]: DEBUG keystone.server.flask.request_processing.middleware.auth_context [None req-0e441646-6ffe-4eb7-bf6c-5242a60eae26 None None] Authenticating user token {{(pid=79939) process_request /usr/local/lib/python3.8/dist-packages/keystonemiddleware/auth_token/__init__.py:407}}
May 17 17:53:17.056243 dv-cinder-841302-3-smb devstack@keystone.service[79940]: DEBUG keystone.server.flask.request_processing.middleware.auth_context [None req-01d91e96-47a2-47ee-a76e-a8b7b7bf3e10 None None] Authenticating user token {{(pid=79940) process_request /usr/local/lib/python3.8/dist-packages/keystonemiddleware/auth_token/__init__.py:407}}
May 17 17:53:17.148079 dv-cinder-841302-3-smb devstack@keystone.service[79939]: DEBUG keystone.server.flask.request_processing.middleware.auth_context [None req-0e441646-6ffe-4eb7-bf6c-5242a60eae26 None None] Validating token access rules against request {{(pid=79939) validate_allowed_request /usr/local/lib/python3.8/dist-packages/keystonemiddleware/auth_token/__init__.py:545}}
May 17 17:53:17.150696 dv-cinder-841302-3-smb devstack@keystone.service[79940]: DEBUG keystone.server.flask.request_processing.middleware.auth_context [None req-01d91e96-47a2-47ee-a76e-a8b7b7bf3e10 None None] Validating token access rules against request {{(pid=79940) validate_allowed_request /usr/local/lib/python3.8/dist-packages/keystonemiddleware/auth_token/__init__.py:545}}
May 17 17:53:17.181457 dv-cinder-841302-3-smb devstack@keystone.service[79939]: DEBUG keystone.server.flask.request_processing.middleware.auth_context [None req-58d0696e-10ee-4579-9a78-5c6a393046c4 None admin] RBAC: auth_context: {'token': , 'domain_id': None, 'trust_id': None, 'trustor_id': None, 'trustee_id': None, 'domain_name': None, 'group_ids': [], 'user_id': '8fe7d16ae00046f8be2b6cc1683efb42', 'user_domain_id': 'default', 'system_scope': 'all', 'project_id': None, 'project_domain_id': None, 'roles': ['admin', 'member', 'reader'], 'is_admin_project': True, 'service_user_id': None, 'service_user_domain_id': None, 'service_project_id': None, 'service_project_domain_id': None, 'service_roles': []} {{(pid=79939) fill_context /opt/stack/keystone/keystone/server/flask/request_processing/middleware/auth_context.py:478}}
May 17 17:53:17.181794 dv-cinder-841302-3-smb devstack@keystone.service[79940]: DEBUG keystone.server.flask.request_processing.middleware.auth_context [None req-aef13557-e662-434e-92c4-da769634053c None admin] RBAC: auth_context: {'token': , 'domain_id': None, 'trust_id': None, 'trustor_id': None, 'trustee_id': None, 'domain_name': None, 'group_ids': [], 'user_id': '8fe7d16ae00046f8be2b6cc1683efb42', 'user_domain_id': 'default', 'system_scope': 'all', 'project_id': None, 'project_domain_id': None, 'roles': ['admin', 'member', 'reader'], 'is_admin_project': True, 'service_user_id': None, 'service_user_domain_id': None, 'service_project_id': None, 'service_project_domain_id': None, 'service_roles': []} {{(pid=79940) fill_context /opt/stack/keystone/keystone/server/flask/request_processing/middleware/auth_context.py:478}}
May 17 17:53:17.182242 dv-cinder-841302-3-smb devstack@keystone.service[79939]: DEBUG keystone.server.flask.request_processing.req_logging [None req-58d0696e-10ee-4579-9a78-5c6a393046c4 None admin] REQUEST_METHOD: `GET` {{(pid=79939) log_request_info /opt/stack/keystone/keystone/server/flask/request_processing/req_logging.py:27}}
May 17 17:53:17.182525 dv-cinder-841302-3-smb devstack@keystone.service[79939]: DEBUG keystone.server.flask.request_processing.req_logging [None req-58d0696e-10ee-4579-9a78-5c6a393046c4 None admin] SCRIPT_NAME: `/identity` {{(pid=79939) log_request_info /opt/stack/keystone/keystone/server/flask/request_processing/req_logging.py:28}}
May 17 17:53:17.182670 dv-cinder-841302-3-smb devstack@keystone.service[79940]: DEBUG keystone.server.flask.request_processing.req_logging [None req-aef13557-e662-434e-92c4-da769634053c None admin] REQUEST_METHOD: `GET` {{(pid=79940) log_request_info /opt/stack/keystone/keystone/server/flask/request_processing/req_logging.py:27}}
May 17 17:53:17.182799 dv-cinder-841302-3-smb devstack@keystone.service[79939]: DEBUG keystone.server.flask.request_processing.req_logging [None req-58d0696e-10ee-4579-9a78-5c6a393046c4 None admin] PATH_INFO: `/v3/roles/admin` {{(pid=79939) log_request_info /opt/stack/keystone/keystone/server/flask/request_processing/req_logging.py:29}}
May 17 17:53:17.182948 dv-cinder-841302-3-smb devstack@keystone.service[79940]: DEBUG keystone.server.flask.request_processing.req_logging [None req-aef13557-e662-434e-92c4-da769634053c None admin] SCRIPT_NAME: `/identity` {{(pid=79940) log_request_info /opt/stack/keystone/keystone/server/flask/request_processing/req_logging.py:28}}
May 17 17:53:17.183219 dv-cinder-841302-3-smb devstack@keystone.service[79940]: DEBUG keystone.server.flask.request_processing.req_logging [None req-aef13557-e662-434e-92c4-da769634053c None admin] PATH_INFO: `/v3/auth/tokens` {{(pid=79940) log_request_info /opt/stack/keystone/keystone/server/flask/request_processing/req_logging.py:29}}
May 17 17:53:17.193638 dv-cinder-841302-3-smb devstack@keystone.service[79939]: DEBUG keystone.common.rbac_enforcer.enforcer [None req-58d0696e-10ee-4579-9a78-5c6a393046c4 None admin] Extracting inferred target data resulted in "NOT FOUND (404)". {{(pid=79939) enforce_call /opt/stack/keystone/keystone/common/rbac_enforcer/enforcer.py:409}}
May 17 17:53:17.205761 dv-cinder-841302-3-smb devstack@keystone.service[79939]: ERROR keystone.server.flask.application [None req-58d0696e-10ee-4579-9a78-5c6a393046c4 None admin] Could not find role: admin.: keystone.exception.RoleNotFound: Could not find role: admin.
May 17 17:53:17.205761 dv-cinder-841302-3-smb devstack@keystone.service[79939]: ERROR keystone.server.flask.application
Traceback (most recent call last):
May 17 17:53:17.205761 dv-cinder-841302-3-smb devstack@keystone.service[79939]: ERROR keystone.server.flask.application
File "/usr/local/lib/python3.8/dist-packages/flask/app.py", line 1523, in full_dispatch_request
May 17 17:53:17.205761 dv-cinder-841302-3-smb devstack@keystone.service[79939]: ERROR keystone.server.flask.application rv = self.dispatch_request()
May 17 17:53:17.205761 dv-cinder-841302-3-smb devstack@keystone.service[79939]: ERROR keystone.server.flask.application
File "/usr/local/lib/python3.8/dist-packages/flask/app.py", line 1509, in dispatch_request
May 17 17:53:17.205761 dv-cinder-841302-3-smb devstack@keystone.service[79939]: ERROR keystone.server.flask.application return self.ensure_sync(self.view_functions[rule.endpoint])(**req.view_args)
May 17 17:53:17.205761 dv-cinder-841302-3-smb devstack@keystone.service[79939]: ERROR keystone.server.flask.application
File "/usr/local/lib/python3.8/dist-packages/flask_restful/__init__.py", line 467, in wrapper
May 17 17:53:17.205761 dv-cinder-841302-3-smb devstack@keystone.service[79939]: ERROR keystone.server.flask.application resp = resource(*args, **kwargs)
May 17 17:53:17.205761 dv-cinder-841302-3-smb devstack@keystone.service[79939]: ERROR keystone.server.flask.application
File "/usr/local/lib/python3.8/dist-packages/flask/views.py", line 84, in view
May 17 17:53:17.205761 dv-cinder-841302-3-smb devstack@keystone.service[79939]: ERROR keystone.server.flask.application return current_app.ensure_sync(self.dispatch_request)(*args, **kwargs)
May 17 17:53:17.205761 dv-cinder-841302-3-smb devstack@keystone.service[79939]: ERROR keystone.server.flask.application
File "/usr/local/lib/python3.8/dist-packages/flask_restful/__init__.py", line 582, in dispatch_request
May 17 17:53:17.205761 dv-cinder-841302-3-smb devstack@keystone.service[79939]: ERROR keystone.server.flask.application resp = meth(*args, **kwargs)
May 17 17:53:17.205761 dv-cinder-841302-3-smb devstack@keystone.service[79939]: ERROR keystone.server.flask.application
File "/opt/stack/keystone/keystone/api/roles.py", line 50, in get
May 17 17:53:17.205761 dv-cinder-841302-3-smb devstack@keystone.service[79939]: ERROR keystone.server.flask.application return self._get_role(role_id)
May 17 17:53:17.205761 dv-cinder-841302-3-smb devstack@keystone.service[79939]: ERROR keystone.server.flask.application
File "/opt/stack/keystone/keystone/api/roles.py", line 70, in _get_role
May 17 17:53:17.205761 dv-cinder-841302-3-smb devstack@keystone.service[79939]: ERROR keystone.server.flask.application ENFORCER.enforce_call(action='identity:get_role')
May 17 17:53:17.206852 dv-cinder-841302-3-smb devstack@keystone.service[79939]: ERROR keystone.server.flask.application
File "/opt/stack/keystone/keystone/common/rbac_enforcer/enforcer.py", line 402, in enforce_call
May 17 17:53:17.206852 dv-cinder-841302-3-smb devstack@keystone.service[79939]: ERROR keystone.server.flask.application policy_dict.update(cls._extract_member_target_data(
May 17 17:53:17.206852 dv-cinder-841302-3-smb devstack@keystone.service[79939]: ERROR keystone.server.flask.application
File "/opt/stack/keystone/keystone/common/rbac_enforcer/enforcer.py", line 234, in _extract_member_target_data
May 17 17:53:17.206852 dv-cinder-841302-3-smb devstack@keystone.service[79939]: ERROR keystone.server.flask.application member_name: func(flask.request.view_args[key])
May 17 17:53:17.206852 dv-cinder-841302-3-smb devstack@keystone.service[79939]: ERROR keystone.server.flask.application
File "/opt/stack/keystone/keystone/common/manager.py", line 115, in wrapped
May 17 17:53:17.206852 dv-cinder-841302-3-smb devstack@keystone.service[79939]: ERROR keystone.server.flask.application __ret_val = __f(*args, **kwargs)
May 17 17:53:17.206852 dv-cinder-841302-3-smb devstack@keystone.service[79939]: ERROR keystone.server.flask.application
File "/usr/local/lib/python3.8/dist-packages/decorator.py", line 232, in fun
May 17 17:53:17.206852 dv-cinder-841302-3-smb devstack@keystone.service[79939]: ERROR keystone.server.flask.application return caller(func, *(extras + args), **kw)
May 17 17:53:17.206852 dv-cinder-841302-3-smb devstack@keystone.service[79939]: ERROR keystone.server.flask.application
File "/usr/local/lib/python3.8/dist-packages/dogpile/cache/region.py", line 1577, in get_or_create_for_user_func
May 17 17:53:17.206852 dv-cinder-841302-3-smb devstack@keystone.service[79939]: ERROR keystone.server.flask.application return self.get_or_create(
May 17 17:53:17.206852 dv-cinder-841302-3-smb devstack@keystone.service[79939]: ERROR keystone.server.flask.application
File "/usr/local/lib/python3.8/dist-packages/dogpile/cache/region.py", line 1042, in get_or_create
May 17 17:53:17.206852 dv-cinder-841302-3-smb devstack@keystone.service[79939]: ERROR keystone.server.flask.application with Lock(
May 17 17:53:17.206852 dv-cinder-841302-3-smb devstack@keystone.service[79939]: ERROR keystone.server.flask.application
File "/usr/local/lib/python3.8/dist-packages/dogpile/lock.py", line 185, in __enter__
May 17 17:53:17.206852 dv-cinder-841302-3-smb devstack@keystone.service[79939]: ERROR keystone.server.flask.application return self._enter()
May 17 17:53:17.206852 dv-cinder-841302-3-smb devstack@keystone.service[79939]: ERROR keystone.server.flask.application
File "/usr/local/lib/python3.8/dist-packages/dogpile/lock.py", line 94, in _enter
May 17 17:53:17.206852 dv-cinder-841302-3-smb devstack@keystone.service[79939]: ERROR keystone.server.flask.application generated = self._enter_create(value, createdtime)
May 17 17:53:17.207724 dv-cinder-841302-3-smb devstack@keystone.service[79939]: ERROR keystone.server.flask.application
File "/usr/local/lib/python3.8/dist-packages/dogpile/lock.py", line 178, in _enter_create
May 17 17:53:17.207724 dv-cinder-841302-3-smb devstack@keystone.service[79939]: ERROR keystone.server.flask.application return self.creator()
May 17 17:53:17.207724 dv-cinder-841302-3-smb devstack@keystone.service[79939]: ERROR keystone.server.flask.application
File "/usr/local/lib/python3.8/dist-packages/dogpile/cache/region.py", line 995, in gen_value
May 17 17:53:17.207724 dv-cinder-841302-3-smb devstack@keystone.service[79939]: ERROR keystone.server.flask.application created_value = creator(
May 17 17:53:17.207724 dv-cinder-841302-3-smb devstack@keystone.service[79939]: ERROR keystone.server.flask.application
File "/opt/stack/keystone/keystone/assignment/core.py", line 1276, in get_role
May 17 17:53:17.207724 dv-cinder-841302-3-smb devstack@keystone.service[79939]: ERROR keystone.server.flask.application return self.driver.get_role(role_id)
May 17 17:53:17.207724 dv-cinder-841302-3-smb devstack@keystone.service[79939]: ERROR keystone.server.flask.application
File "/opt/stack/keystone/keystone/assignment/role_backends/sql.py", line 70, in get_role
May 17 17:53:17.207724 dv-cinder-841302-3-smb devstack@keystone.service[79939]: ERROR keystone.server.flask.application return self._get_role(session, role_id).to_dict()
May 17 17:53:17.207724 dv-cinder-841302-3-smb devstack@keystone.service[79939]: ERROR keystone.server.flask.application
File "/opt/stack/keystone/keystone/assignment/role_backends/sql.py", line 65, in _get_role
May 17 17:53:17.207724 dv-cinder-841302-3-smb devstack@keystone.service[79939]: ERROR keystone.server.flask.application raise exception.RoleNotFound(role_id=role_id)
May 17 17:53:17.207724 dv-cinder-841302-3-smb devstack@keystone.service[79939]: ERROR keystone.server.flask.application keystone.exception.RoleNotFound: Could not find role: admin.
May 17 17:53:17.207724 dv-cinder-841302-3-smb devstack@keystone.service[79939]: ERROR keystone.server.flask.application
May 17 17:53:17.207724 dv-cinder-841302-3-smb devstack@keystone.service[79939]: [pid: 79939|app: 0|req: 7/14] 10.222.0.35 () {56 vars in 1096 bytes} [Tue May 17 17:53:17 2022] GET /identity/v3/roles/admin => generated 83 bytes in 158 msecs (HTTP/1.1 404) 5 headers in 183 bytes (1 switches on core 0)
May 17 17:53:17.213017 dv-cinder-841302-3-smb devstack@keystone.service[79939]: DEBUG keystone.server.flask.request_processing.middleware.auth_context [None req-58d0696e-10ee-4579-9a78-5c6a393046c4 None admin] Authenticating user token {{(pid=79939) process_request /usr/local/lib/python3.8/dist-packages/keystonemiddleware/auth_token/__init__.py:407}}
May 17 17:53:17.247768 dv-cinder-841302-3-smb devstack@keystone.service[79940]: DEBUG keystone.common.rbac_enforcer.enforcer [None req-aef13557-e662-434e-92c4-da769634053c None admin] RBAC: Authorizing `identity:validate_token()` {{(pid=79940) enforce_call /opt/stack/keystone/keystone/common/rbac_enforcer/enforcer.py:449}}
May 17 17:53:17.249276 dv-cinder-841302-3-smb devstack@keystone.service[79940]: DEBUG keystone.common.rbac_enforcer.enforcer [None req-aef13557-e662-434e-92c4-da769634053c None admin] RBAC: Authorization granted {{(pid=79940) enforce_call /opt/stack/keystone/keystone/common/rbac_enforcer/enforcer.py:457}}
May 17 17:53:17.307448 dv-cinder-841302-3-smb devstack@keystone.service[79939]: DEBUG keystone.server.flask.request_processing.middleware.auth_context [None req-58d0696e-10ee-4579-9a78-5c6a393046c4 None admin] Validating token access rules against request {{(pid=79939) validate_allowed_request /usr/local/lib/python3.8/dist-packages/keystonemiddleware/auth_token/__init__.py:545}}
