May 17 18:08:37.884844 dv-cinder-841302-3-smb devstack@c-api.service[110334]: DEBUG cinder.api.openstack.wsgi [None req-e5230c85-1eb7-45e1-b363-2b6d39480955 tempest-GroupSnapshotsTest-369611814 tempest-GroupSnapshotsTest-369611814-project] Empty body provided in request {{(pid=110334) get_body /opt/stack/cinder/cinder/api/openstack/wsgi.py:715}}
May 17 18:08:37.885169 dv-cinder-841302-3-smb devstack@c-api.service[110334]: DEBUG cinder.api.openstack.wsgi [None req-e5230c85-1eb7-45e1-b363-2b6d39480955 tempest-GroupSnapshotsTest-369611814 tempest-GroupSnapshotsTest-369611814-project] Calling method 'delete' {{(pid=110334) _process_stack /opt/stack/cinder/cinder/api/openstack/wsgi.py:868}}
May 17 18:08:37.885548 dv-cinder-841302-3-smb devstack@c-api.service[110334]: INFO cinder.api.v3.volumes [None req-e5230c85-1eb7-45e1-b363-2b6d39480955 tempest-GroupSnapshotsTest-369611814 tempest-GroupSnapshotsTest-369611814-project] Delete volume with id: 8b2b461b-3f19-48fc-a505-10b33adc50f5
May 17 18:08:37.897347 dv-cinder-841302-3-smb devstack@c-api.service[110334]: INFO cinder.api.openstack.wsgi [None req-e5230c85-1eb7-45e1-b363-2b6d39480955 tempest-GroupSnapshotsTest-369611814 tempest-GroupSnapshotsTest-369611814-project] http://10.222.0.35/volume/v3/932c895a108f4cd68dc8786a2a78e8c7/volumes/8b2b461b-3f19-48fc-a505-10b33adc50f5 returned with HTTP 404
May 17 18:08:37.898564 dv-cinder-841302-3-smb devstack@c-api.service[110334]: [pid: 110334|app: 0|req: 137/242] 10.222.0.35 () {60 vars in 1368 bytes} [Tue May 17 18:08:37 2022] DELETE /volume/v3/932c895a108f4cd68dc8786a2a78e8c7/volumes/8b2b461b-3f19-48fc-a505-10b33adc50f5 => generated 109 bytes in 21 msecs (HTTP/1.1 404) 7 headers in 293 bytes (1 switches on core 0)
May 17 18:08:37.902144 dv-cinder-841302-3-smb devstack@c-api.service[110333]: INFO cinder.volume.api [None req-c648a61c-e620-4bda-8d28-d6ba1dc50757 tempest-GroupsTest-1303974381 tempest-GroupsTest-1303974381-project] Get all volumes completed successfully.
May 17 18:08:37.902795 dv-cinder-841302-3-smb devstack@c-api.service[110334]: DEBUG cinder.api.middleware.request_id [None req-669ad0de-35a3-47eb-bba2-7b36c8456a4d None None] RequestId filter calling following filter/app {{(pid=110334) _context_setter /opt/stack/cinder/cinder/api/middleware/request_id.py:62}}
May 17 18:08:37.906520 dv-cinder-841302-3-smb devstack@c-api.service[110334]: INFO cinder.api.openstack.wsgi [None req-669ad0de-35a3-47eb-bba2-7b36c8456a4d tempest-GroupSnapshotsTest-1400678511 tempest-GroupSnapshotsTest-1400678511-project-admin] DELETE http://10.222.0.35/volume/v3/2bc6c19b32594956a4077e17f3049495/types/d2b0d726-bae0-4cac-ae58-5c5d22750640
May 17 18:08:37.907286 dv-cinder-841302-3-smb devstack@c-api.service[110333]: INFO cinder.api.openstack.wsgi [None req-c648a61c-e620-4bda-8d28-d6ba1dc50757 tempest-GroupsTest-1303974381 tempest-GroupsTest-1303974381-project] http://10.222.0.35/volume/v3/f0804955a2dd407f800099f6ef1d2e96/volumes/detail returned with HTTP 200
May 17 18:08:37.908076 dv-cinder-841302-3-smb devstack@c-api.service[110333]: [pid: 110333|app: 0|req: 106/243] 10.222.0.35 () {60 vars in 1275 bytes} [Tue May 17 18:08:37 2022] GET /volume/v3/f0804955a2dd407f800099f6ef1d2e96/volumes/detail => generated 15 bytes in 72 msecs (HTTP/1.1 200) 7 headers in 285 bytes (1 switches on core 0)
May 17 18:08:37.909127 dv-cinder-841302-3-smb devstack@c-api.service[110334]: DEBUG cinder.api.openstack.wsgi [None req-669ad0de-35a3-47eb-bba2-7b36c8456a4d tempest-GroupSnapshotsTest-1400678511 tempest-GroupSnapshotsTest-1400678511-project-admin] Empty body provided in request {{(pid=110334) get_body /opt/stack/cinder/cinder/api/openstack/wsgi.py:715}}
May 17 18:08:37.909627 dv-cinder-841302-3-smb devstack@c-api.service[110334]: DEBUG cinder.api.openstack.wsgi [None req-669ad0de-35a3-47eb-bba2-7b36c8456a4d tempest-GroupSnapshotsTest-1400678511 tempest-GroupSnapshotsTest-1400678511-project-admin] Calling method '_delete' {{(pid=110334) _process_stack /opt/stack/cinder/cinder/api/openstack/wsgi.py:868}}
May 17 18:08:37.916967 dv-cinder-841302-3-smb devstack@c-api.service[110333]: DEBUG cinder.api.middleware.request_id [None req-705595ea-ed1e-40d6-ba1f-52b53fea3adf None None] RequestId filter calling following filter/app {{(pid=110333) _context_setter /opt/stack/cinder/cinder/api/middleware/request_id.py:62}}
May 17 18:08:37.920942 dv-cinder-841302-3-smb devstack@c-api.service[110333]: INFO cinder.api.openstack.wsgi [None req-705595ea-ed1e-40d6-ba1f-52b53fea3adf tempest-VolumeTypesTest-1097646090 tempest-VolumeTypesTest-1097646090-project] GET http://10.222.0.35/volume/v3/90ca7cc692a44d999fcad6a133751c5f/volumes/ee5ae462-62cb-43b2-9a15-722afdfc197f
May 17 18:08:37.921381 dv-cinder-841302-3-smb devstack@c-api.service[110333]: DEBUG cinder.api.openstack.wsgi [None req-705595ea-ed1e-40d6-ba1f-52b53fea3adf tempest-VolumeTypesTest-1097646090 tempest-VolumeTypesTest-1097646090-project] Empty body provided in request {{(pid=110333) get_body /opt/stack/cinder/cinder/api/openstack/wsgi.py:715}}
May 17 18:08:37.921838 dv-cinder-841302-3-smb devstack@c-api.service[110333]: DEBUG cinder.api.openstack.wsgi [None req-705595ea-ed1e-40d6-ba1f-52b53fea3adf tempest-VolumeTypesTest-1097646090 tempest-VolumeTypesTest-1097646090-project] Calling method 'show' {{(pid=110333) _process_stack /opt/stack/cinder/cinder/api/openstack/wsgi.py:868}}
May 17 18:08:37.940280 dv-cinder-841302-3-smb devstack@c-api.service[110333]: /usr/local/lib/python3.8/dist-packages/oslo_context/context.py:100: DeprecationWarning: Policy enforcement is depending on the value of is_admin. This key is deprecated. Please update your policy file to use the standard policy values.
May 17 18:08:37.940280 dv-cinder-841302-3-smb devstack@c-api.service[110333]: warnings.warn('Policy enforcement is depending on the value of '
May 17 18:08:37.948780 dv-cinder-841302-3-smb devstack@c-api.service[110333]: INFO cinder.volume.api [None req-705595ea-ed1e-40d6-ba1f-52b53fea3adf tempest-VolumeTypesTest-1097646090 tempest-VolumeTypesTest-1097646090-project] Volume info retrieved successfully.
May 17 18:08:37.958294 dv-cinder-841302-3-smb devstack@c-api.service[110333]: INFO cinder.api.openstack.wsgi [None req-705595ea-ed1e-40d6-ba1f-52b53fea3adf tempest-VolumeTypesTest-1097646090 tempest-VolumeTypesTest-1097646090-project] http://10.222.0.35/volume/v3/90ca7cc692a44d999fcad6a133751c5f/volumes/ee5ae462-62cb-43b2-9a15-722afdfc197f returned with HTTP 200
May 17 18:08:37.969864 dv-cinder-841302-3-smb devstack@c-api.service[110333]: [pid: 110333|app: 0|req: 107/244] 10.222.0.35 () {58 vars in 1324 bytes} [Tue May 17 18:08:37 2022] GET /volume/v3/90ca7cc692a44d999fcad6a133751c5f/volumes/ee5ae462-62cb-43b2-9a15-722afdfc197f => generated 941 bytes in 44 msecs (HTTP/1.1 200) 7 headers in 285 bytes (1 switches on core 0)
May 17 18:08:37.969864 dv-cinder-841302-3-smb devstack@c-api.service[110333]: DEBUG cinder.api.middleware.request_id [None req-d4acd4a2-bf75-4915-9867-d1cc00310cb9 None None] RequestId filter calling following filter/app {{(pid=110333) _context_setter /opt/stack/cinder/cinder/api/middleware/request_id.py:62}}
May 17 18:08:37.969864 dv-cinder-841302-3-smb devstack@c-api.service[110333]: INFO cinder.api.openstack.wsgi [None req-d4acd4a2-bf75-4915-9867-d1cc00310cb9 tempest-GroupsTest-1303974381 tempest-GroupsTest-1303974381-project] POST http://10.222.0.35/volume/v3/f0804955a2dd407f800099f6ef1d2e96/groups/8e53896e-8b72-4b82-848e-2d78380e7765/action
May 17 18:08:37.969864 dv-cinder-841302-3-smb devstack@c-api.service[110333]: DEBUG cinder.api.openstack.wsgi [None req-d4acd4a2-bf75-4915-9867-d1cc00310cb9 tempest-GroupsTest-1303974381 tempest-GroupsTest-1303974381-project] Action body: b'{"delete": {"delete-volumes": true}}' {{(pid=110333) get_method /opt/stack/cinder/cinder/api/openstack/wsgi.py:983}}
May 17 18:08:37.969864 dv-cinder-841302-3-smb devstack@c-api.service[110333]: DEBUG cinder.api.openstack.wsgi [None req-d4acd4a2-bf75-4915-9867-d1cc00310cb9 tempest-GroupsTest-1303974381 tempest-GroupsTest-1303974381-project] Action: 'action', calling method: delete_group, body: {"delete": {"delete-volumes": true}} {{(pid=110333) _process_stack /opt/stack/cinder/cinder/api/openstack/wsgi.py:866}}
May 17 18:08:37.969864 dv-cinder-841302-3-smb devstack@c-api.service[110333]: DEBUG cinder.api.v3.groups [None req-d4acd4a2-bf75-4915-9867-d1cc00310cb9 tempest-GroupsTest-1303974381 tempest-GroupsTest-1303974381-project] delete called for group 8e53896e-8b72-4b82-848e-2d78380e7765 {{(pid=110333) _delete /opt/stack/cinder/cinder/api/v3/groups.py:117}}
May 17 18:08:37.969864 dv-cinder-841302-3-smb devstack@c-api.service[110333]: INFO cinder.api.v3.groups [None req-d4acd4a2-bf75-4915-9867-d1cc00310cb9 tempest-GroupsTest-1303974381 tempest-GroupsTest-1303974381-project] Delete group with id: 8e53896e-8b72-4b82-848e-2d78380e7765
May 17 18:08:37.971336 dv-cinder-841302-3-smb devstack@c-api.service[110333]: INFO cinder.api.openstack.wsgi [None req-d4acd4a2-bf75-4915-9867-d1cc00310cb9 tempest-GroupsTest-1303974381 tempest-GroupsTest-1303974381-project] http://10.222.0.35/volume/v3/f0804955a2dd407f800099f6ef1d2e96/groups/8e53896e-8b72-4b82-848e-2d78380e7765/action returned with HTTP 404
May 17 18:08:37.972459 dv-cinder-841302-3-smb devstack@c-api.service[110333]: [pid: 110333|app: 0|req: 108/245] 10.222.0.35 () {62 vars in 1404 bytes} [Tue May 17 18:08:37 2022] POST /volume/v3/f0804955a2dd407f800099f6ef1d2e96/groups/8e53896e-8b72-4b82-848e-2d78380e7765/action => generated 108 bytes in 12 msecs (HTTP/1.1 404) 7 headers in 293 bytes (1 switches on core 0)
May 17 18:08:37.973938 dv-cinder-841302-3-smb devstack@c-api.service[110333]: DEBUG cinder.api.middleware.request_id [None req-805b1b37-197d-4a3d-8d4f-d4e32403f415 None None] RequestId filter calling following filter/app {{(pid=110333) _context_setter /opt/stack/cinder/cinder/api/middleware/request_id.py:62}}
May 17 18:08:37.978866 dv-cinder-841302-3-smb devstack@c-api.service[110334]: INFO cinder.api.openstack.wsgi [None req-669ad0de-35a3-47eb-bba2-7b36c8456a4d tempest-GroupSnapshotsTest-1400678511 tempest-GroupSnapshotsTest-1400678511-project-admin] http://10.222.0.35/volume/v3/2bc6c19b32594956a4077e17f3049495/types/d2b0d726-bae0-4cac-ae58-5c5d22750640 returned with HTTP 202
May 17 18:08:37.979441 dv-cinder-841302-3-smb devstack@c-api.service[110333]: INFO cinder.api.openstack.wsgi [None req-805b1b37-197d-4a3d-8d4f-d4e32403f415 tempest-VolumeTypesTest-1097646090 tempest-VolumeTypesTest-1097646090-project] GET http://10.222.0.35/volume/v3/90ca7cc692a44d999fcad6a133751c5f/volumes/ee5ae462-62cb-43b2-9a15-722afdfc197f
May 17 18:08:37.979994 dv-cinder-841302-3-smb devstack@c-api.service[110333]: DEBUG cinder.api.openstack.wsgi [None req-805b1b37-197d-4a3d-8d4f-d4e32403f415 tempest-VolumeTypesTest-1097646090 tempest-VolumeTypesTest-1097646090-project] Empty body provided in request {{(pid=110333) get_body /opt/stack/cinder/cinder/api/openstack/wsgi.py:715}}
May 17 18:08:37.980132 dv-cinder-841302-3-smb devstack@c-api.service[110334]: [pid: 110334|app: 0|req: 138/246] 10.222.0.35 () {58 vars in 1321 bytes} [Tue May 17 18:08:37 2022] DELETE /volume/v3/2bc6c19b32594956a4077e17f3049495/types/d2b0d726-bae0-4cac-ae58-5c5d22750640 => generated 0 bytes in 78 msecs (HTTP/1.1 202) 6 headers in 233 bytes (2 switches on core 0)
May 17 18:08:37.980465 dv-cinder-841302-3-smb devstack@c-api.service[110333]: DEBUG cinder.api.openstack.wsgi [None req-805b1b37-197d-4a3d-8d4f-d4e32403f415 tempest-VolumeTypesTest-1097646090 tempest-VolumeTypesTest-1097646090-project] Calling method 'show' {{(pid=110333) _process_stack /opt/stack/cinder/cinder/api/openstack/wsgi.py:868}}
May 17 18:08:37.982190 dv-cinder-841302-3-smb devstack@c-api.service[110334]: DEBUG cinder.api.middleware.request_id [None req-64352c18-d5a9-42d8-8946-47da2fc2cbd2 None None] RequestId filter calling following filter/app {{(pid=110334) _context_setter /opt/stack/cinder/cinder/api/middleware/request_id.py:62}}
May 17 18:08:37.986345 dv-cinder-841302-3-smb devstack@c-api.service[110334]: INFO cinder.api.openstack.wsgi [None req-64352c18-d5a9-42d8-8946-47da2fc2cbd2 tempest-GroupsTest-2035573998 tempest-GroupsTest-2035573998-project-admin] DELETE http://10.222.0.35/volume/v3/a27e74ae51ad4bcf8f0fa6cfa88f90c8/group_types/ede0de3c-e106-4c6c-a579-0b7dcbd073d0
May 17 18:08:37.986825 dv-cinder-841302-3-smb devstack@c-api.service[110334]: DEBUG cinder.api.openstack.wsgi [None req-64352c18-d5a9-42d8-8946-47da2fc2cbd2 tempest-GroupsTest-2035573998 tempest-GroupsTest-2035573998-project-admin] Empty body provided in request {{(pid=110334) get_body /opt/stack/cinder/cinder/api/openstack/wsgi.py:715}}
May 17 18:08:37.987440 dv-cinder-841302-3-smb devstack@c-api.service[110334]: DEBUG cinder.api.openstack.wsgi [None req-64352c18-d5a9-42d8-8946-47da2fc2cbd2 tempest-GroupsTest-2035573998 tempest-GroupsTest-2035573998-project-admin] Calling method 'version_select' {{(pid=110334) _process_stack /opt/stack/cinder/cinder/api/openstack/wsgi.py:868}}
May 17 18:08:37.998117 dv-cinder-841302-3-smb devstack@c-api.service[110333]: /usr/local/lib/python3.8/dist-packages/oslo_context/context.py:100: DeprecationWarning: Policy enforcement is depending on the value of is_admin. This key is deprecated. Please update your policy file to use the standard policy values.
May 17 18:08:37.998117 dv-cinder-841302-3-smb devstack@c-api.service[110333]: warnings.warn('Policy enforcement is depending on the value of '
May 17 18:08:38.002498 dv-cinder-841302-3-smb devstack@c-api.service[110333]: INFO cinder.volume.api [None req-805b1b37-197d-4a3d-8d4f-d4e32403f415 tempest-VolumeTypesTest-1097646090 tempest-VolumeTypesTest-1097646090-project] Volume info retrieved successfully.
May 17 18:08:38.013600 dv-cinder-841302-3-smb devstack@c-api.service[110333]: INFO cinder.api.openstack.wsgi [None req-805b1b37-197d-4a3d-8d4f-d4e32403f415 tempest-VolumeTypesTest-1097646090 tempest-VolumeTypesTest-1097646090-project] http://10.222.0.35/volume/v3/90ca7cc692a44d999fcad6a133751c5f/volumes/ee5ae462-62cb-43b2-9a15-722afdfc197f returned with HTTP 200
May 17 18:08:38.013964 dv-cinder-841302-3-smb devstack@c-api.service[110334]: INFO cinder.api.openstack.wsgi [None req-64352c18-d5a9-42d8-8946-47da2fc2cbd2 tempest-GroupsTest-2035573998 tempest-GroupsTest-2035573998-project-admin] http://10.222.0.35/volume/v3/a27e74ae51ad4bcf8f0fa6cfa88f90c8/group_types/ede0de3c-e106-4c6c-a579-0b7dcbd073d0 returned with HTTP 202
May 17 18:08:38.014574 dv-cinder-841302-3-smb devstack@c-api.service[110333]: [pid: 110333|app: 0|req: 109/247] 10.222.0.35 () {58 vars in 1324 bytes} [Tue May 17 18:08:37 2022] GET /volume/v3/90ca7cc692a44d999fcad6a133751c5f/volumes/ee5ae462-62cb-43b2-9a15-722afdfc197f => generated 941 bytes in 42 msecs (HTTP/1.1 200) 7 headers in 285 bytes (1 switches on core 0)
May 17 18:08:38.015267 dv-cinder-841302-3-smb devstack@c-api.service[110334]: [pid: 110334|app: 0|req: 139/248] 10.222.0.35 () {60 vars in 1380 bytes} [Tue May 17 18:08:37 2022] DELETE /volume/v3/a27e74ae51ad4bcf8f0fa6cfa88f90c8/group_types/ede0de3c-e106-4c6c-a579-0b7dcbd073d0 => generated 0 bytes in 35 msecs (HTTP/1.1 202) 6 headers in 234 bytes (1 switches on core 0)
May 17 18:08:38.016071 dv-cinder-841302-3-smb devstack@c-api.service[110333]: DEBUG cinder.api.middleware.request_id [None req-50f796d6-ceb0-4cb7-9789-ab5c40a31f08 None None] RequestId filter calling following filter/app {{(pid=110333) _context_setter /opt/stack/cinder/cinder/api/middleware/request_id.py:62}}
May 17 18:08:38.019790 dv-cinder-841302-3-smb devstack@c-api.service[110333]: INFO cinder.api.openstack.wsgi [None req-50f796d6-ceb0-4cb7-9789-ab5c40a31f08 tempest-GroupSnapshotsTest-1400678511 tempest-GroupSnapshotsTest-1400678511-project-admin] GET http://10.222.0.35/volume/v3/2bc6c19b32594956a4077e17f3049495/types/d2b0d726-bae0-4cac-ae58-5c5d22750640
May 17 18:08:38.020660 dv-cinder-841302-3-smb devstack@c-api.service[110333]: DEBUG cinder.api.openstack.wsgi [None req-50f796d6-ceb0-4cb7-9789-ab5c40a31f08 tempest-GroupSnapshotsTest-1400678511 tempest-GroupSnapshotsTest-1400678511-project-admin] Empty body provided in request {{(pid=110333) get_body /opt/stack/cinder/cinder/api/openstack/wsgi.py:715}}
May 17 18:08:38.021820 dv-cinder-841302-3-smb devstack@c-api.service[110333]: DEBUG cinder.api.openstack.wsgi [None req-50f796d6-ceb0-4cb7-9789-ab5c40a31f08 tempest-GroupSnapshotsTest-1400678511 tempest-GroupSnapshotsTest-1400678511-project-admin] Calling method 'show' {{(pid=110333) _process_stack /opt/stack/cinder/cinder/api/openstack/wsgi.py:868}}
May 17 18:08:38.027097 dv-cinder-841302-3-smb devstack@c-api.service[110334]: DEBUG cinder.api.middleware.request_id [None req-442ed5e6-1e93-4725-bf61-4eb966aa9f62 None None] RequestId filter calling following filter/app {{(pid=110334) _context_setter /opt/stack/cinder/cinder/api/middleware/request_id.py:62}}
May 17 18:08:38.029165 dv-cinder-841302-3-smb devstack@c-api.service[110333]: INFO cinder.api.openstack.wsgi [None req-50f796d6-ceb0-4cb7-9789-ab5c40a31f08 tempest-GroupSnapshotsTest-1400678511 tempest-GroupSnapshotsTest-1400678511-project-admin] http://10.222.0.35/volume/v3/2bc6c19b32594956a4077e17f3049495/types/d2b0d726-bae0-4cac-ae58-5c5d22750640 returned with HTTP 404
May 17 18:08:38.030261 dv-cinder-841302-3-smb devstack@c-api.service[110333]: [pid: 110333|app: 0|req: 110/249] 10.222.0.35 () {58 vars in 1318 bytes} [Tue May 17 18:08:38 2022] GET /volume/v3/2bc6c19b32594956a4077e17f3049495/types/d2b0d726-bae0-4cac-ae58-5c5d22750640 => generated 114 bytes in 15 msecs (HTTP/1.1 404) 7 headers in 292 bytes (1 switches on core 0)
May 17 18:08:38.031689 dv-cinder-841302-3-smb devstack@c-api.service[110333]: DEBUG cinder.api.middleware.request_id [None req-a77f7e2c-4884-4737-9d04-ce4e4c0b0b50 None None] RequestId filter calling following filter/app {{(pid=110333) _context_setter /opt/stack/cinder/cinder/api/middleware/request_id.py:62}}
May 17 18:08:38.032035 dv-cinder-841302-3-smb devstack@c-api.service[110334]: INFO cinder.api.openstack.wsgi [None req-442ed5e6-1e93-4725-bf61-4eb966aa9f62 tempest-GroupsTest-2035573998 tempest-GroupsTest-2035573998-project-admin] POST http://10.222.0.35/volume/v3/a27e74ae51ad4bcf8f0fa6cfa88f90c8/types
May 17 18:08:38.032823 dv-cinder-841302-3-smb devstack@c-api.service[110334]: DEBUG cinder.api.openstack.wsgi [None req-442ed5e6-1e93-4725-bf61-4eb966aa9f62 tempest-GroupsTest-2035573998 tempest-GroupsTest-2035573998-project-admin] Action: 'create', calling method: _create, body: {"volume_type": {"name": "tempest-GroupsTest-volume-type-637618219"}} {{(pid=110334) _process_stack /opt/stack/cinder/cinder/api/openstack/wsgi.py:866}}
May 17 18:08:38.035993 dv-cinder-841302-3-smb devstack@c-api.service[110333]: INFO cinder.api.openstack.wsgi [None req-a77f7e2c-4884-4737-9d04-ce4e4c0b0b50 tempest-VolumeTypesTest-1710793298 tempest-VolumeTypesTest-1710793298-project-admin] POST http://10.222.0.35/volume/v3/9ab27c94f09a4215af9632bce04613d6/types
May 17 18:08:38.037969 dv-cinder-841302-3-smb devstack@c-api.service[110333]: DEBUG cinder.api.openstack.wsgi [None req-a77f7e2c-4884-4737-9d04-ce4e4c0b0b50 tempest-VolumeTypesTest-1710793298 tempest-VolumeTypesTest-1710793298-project-admin] Action: 'create', calling method: _create, body: {"volume_type": {"name": "tempest-VolumeTypesTest-volume-type-771591741", "description": "tempest-volume-type-description-1654877354", "extra_specs": {"storage_protocol": "smbfs", "vendor_name": "Open Source"}, "os-volume-type-access:is_public": true}} {{(pid=110333) _process_stack /opt/stack/cinder/cinder/api/openstack/wsgi.py:866}}
May 17 18:08:38.060614 dv-cinder-841302-3-smb devstack@c-api.service[110334]: INFO cinder.api.openstack.wsgi [None req-442ed5e6-1e93-4725-bf61-4eb966aa9f62 tempest-GroupsTest-2035573998 tempest-GroupsTest-2035573998-project-admin] http://10.222.0.35/volume/v3/a27e74ae51ad4bcf8f0fa6cfa88f90c8/types returned with HTTP 200
May 17 18:08:38.061607 dv-cinder-841302-3-smb devstack@c-api.service[110334]: [pid: 110334|app: 0|req: 140/250] 10.222.0.35 () {60 vars in 1228 bytes} [Tue May 17 18:08:38 2022] POST /volume/v3/a27e74ae51ad4bcf8f0fa6cfa88f90c8/types => generated 215 bytes in 36 msecs (HTTP/1.1 200) 7 headers in 285 bytes (1 switches on core 0)
May 17 18:08:38.063060 dv-cinder-841302-3-smb devstack@c-api.service[110334]: DEBUG cinder.api.middleware.request_id [None req-444c16a9-4b59-4c62-a73e-e42908b451ab None None] RequestId filter calling following filter/app {{(pid=110334) _context_setter /opt/stack/cinder/cinder/api/middleware/request_id.py:62}}
May 17 18:08:38.066805 dv-cinder-841302-3-smb devstack@c-api.service[110334]: INFO cinder.api.openstack.wsgi [None req-444c16a9-4b59-4c62-a73e-e42908b451ab tempest-GroupSnapshotsTest-369611814 tempest-GroupSnapshotsTest-369611814-project] DELETE http://10.222.0.35/volume/v3/932c895a108f4cd68dc8786a2a78e8c7/volumes/af3006cb-77e3-4c07-bdf9-d38591535324
May 17 18:08:38.067311 dv-cinder-841302-3-smb devstack@c-api.service[110334]: DEBUG cinder.api.openstack.wsgi [None req-444c16a9-4b59-4c62-a73e-e42908b451ab tempest-GroupSnapshotsTest-369611814 tempest-GroupSnapshotsTest-369611814-project] Empty body provided in request {{(pid=110334) get_body /opt/stack/cinder/cinder/api/openstack/wsgi.py:715}}
May 17 18:08:38.068393 dv-cinder-841302-3-smb devstack@c-api.service[110334]: DEBUG cinder.api.openstack.wsgi [None req-444c16a9-4b59-4c62-a73e-e42908b451ab tempest-GroupSnapshotsTest-369611814 tempest-GroupSnapshotsTest-369611814-project] Calling method 'delete' {{(pid=110334) _process_stack /opt/stack/cinder/cinder/api/openstack/wsgi.py:868}}
May 17 18:08:38.068945 dv-cinder-841302-3-smb devstack@c-api.service[110334]: INFO cinder.api.v3.volumes [None req-444c16a9-4b59-4c62-a73e-e42908b451ab tempest-GroupSnapshotsTest-369611814 tempest-GroupSnapshotsTest-369611814-project] Delete volume with id: af3006cb-77e3-4c07-bdf9-d38591535324
May 17 18:08:38.080488 dv-cinder-841302-3-smb devstack@c-api.service[110334]: INFO cinder.api.openstack.wsgi [None req-444c16a9-4b59-4c62-a73e-e42908b451ab tempest-GroupSnapshotsTest-369611814 tempest-GroupSnapshotsTest-369611814-project] http://10.222.0.35/volume/v3/932c895a108f4cd68dc8786a2a78e8c7/volumes/af3006cb-77e3-4c07-bdf9-d38591535324 returned with HTTP 404
May 17 18:08:38.081237 dv-cinder-841302-3-smb devstack@c-api.service[110333]: INFO cinder.api.openstack.wsgi [None req-a77f7e2c-4884-4737-9d04-ce4e4c0b0b50 tempest-VolumeTypesTest-1710793298 tempest-VolumeTypesTest-1710793298-project-admin] http://10.222.0.35/volume/v3/9ab27c94f09a4215af9632bce04613d6/types returned with HTTP 200
May 17 18:08:38.082255 dv-cinder-841302-3-smb devstack@c-api.service[110334]: [pid: 110334|app: 0|req: 141/251] 10.222.0.35 () {60 vars in 1368 bytes} [Tue May 17 18:08:38 2022] DELETE /volume/v3/932c895a108f4cd68dc8786a2a78e8c7/volumes/af3006cb-77e3-4c07-bdf9-d38591535324 => generated 109 bytes in 19 msecs (HTTP/1.1 404) 7 headers in 293 bytes (1 switches on core 0)
May 17 18:08:38.082739 dv-cinder-841302-3-smb devstack@c-api.service[110334]: DEBUG cinder.api.middleware.request_id [None req-08cefa9f-9074-4854-9fef-d8257b9e92a9 None None] RequestId filter calling following filter/app {{(pid=110334) _context_setter /opt/stack/cinder/cinder/api/middleware/request_id.py:62}}
May 17 18:08:38.086965 dv-cinder-841302-3-smb devstack@c-api.service[110334]: INFO cinder.api.openstack.wsgi [None req-08cefa9f-9074-4854-9fef-d8257b9e92a9 tempest-GroupsTest-2035573998 tempest-GroupsTest-2035573998-project-admin] POST http://10.222.0.35/volume/v3/a27e74ae51ad4bcf8f0fa6cfa88f90c8/group_types
May 17 18:08:38.087522 dv-cinder-841302-3-smb devstack@c-api.service[110333]: [pid: 110333|app: 0|req: 111/252] 10.222.0.35 () {60 vars in 1229 bytes} [Tue May 17 18:08:38 2022] POST /volume/v3/9ab27c94f09a4215af9632bce04613d6/types => generated 317 bytes in 56 msecs (HTTP/1.1 200) 7 headers in 285 bytes (1 switches on core 0)
May 17 18:08:38.089063 dv-cinder-841302-3-smb devstack@c-api.service[110333]: DEBUG cinder.api.middleware.request_id [None req-9a5a4d56-4314-422c-becd-5dbe522ce1f6 None None] RequestId filter calling following filter/app {{(pid=110333) _context_setter /opt/stack/cinder/cinder/api/middleware/request_id.py:62}}
May 17 18:08:38.092677 dv-cinder-841302-3-smb devstack@c-api.service[110334]: DEBUG cinder.api.openstack.wsgi [None req-08cefa9f-9074-4854-9fef-d8257b9e92a9 tempest-GroupsTest-2035573998 tempest-GroupsTest-2035573998-project-admin] Action: 'create', calling method: version_select, body: {"group_type": {"name": "tempest-GroupsTest-group-type-932834290"}} {{(pid=110334) _process_stack /opt/stack/cinder/cinder/api/openstack/wsgi.py:866}}
May 17 18:08:38.093050 dv-cinder-841302-3-smb devstack@c-api.service[110333]: INFO cinder.api.openstack.wsgi [None req-9a5a4d56-4314-422c-becd-5dbe522ce1f6 tempest-GroupSnapshotsTest-1400678511 tempest-GroupSnapshotsTest-1400678511-project-admin] DELETE http://10.222.0.35/volume/v3/2bc6c19b32594956a4077e17f3049495/types/12fe058e-0b45-4934-a38c-846d45aad79a
May 17 18:08:38.093500 dv-cinder-841302-3-smb devstack@c-api.service[110333]: DEBUG cinder.api.openstack.wsgi [None req-9a5a4d56-4314-422c-becd-5dbe522ce1f6 tempest-GroupSnapshotsTest-1400678511 tempest-GroupSnapshotsTest-1400678511-project-admin] Empty body provided in request {{(pid=110333) get_body /opt/stack/cinder/cinder/api/openstack/wsgi.py:715}}
May 17 18:08:38.094064 dv-cinder-841302-3-smb devstack@c-api.service[110333]: DEBUG cinder.api.openstack.wsgi [None req-9a5a4d56-4314-422c-becd-5dbe522ce1f6 tempest-GroupSnapshotsTest-1400678511 tempest-GroupSnapshotsTest-1400678511-project-admin] Calling method '_delete' {{(pid=110333) _process_stack /opt/stack/cinder/cinder/api/openstack/wsgi.py:868}}
May 17 18:08:38.118988 dv-cinder-841302-3-smb devstack@c-api.service[110334]: INFO cinder.api.openstack.wsgi [None req-08cefa9f-9074-4854-9fef-d8257b9e92a9 tempest-GroupsTest-2035573998 tempest-GroupsTest-2035573998-project-admin] http://10.222.0.35/volume/v3/a27e74ae51ad4bcf8f0fa6cfa88f90c8/group_types returned with HTTP 202
May 17 18:08:38.120004 dv-cinder-841302-3-smb devstack@c-api.service[110334]: [pid: 110334|app: 0|req: 142/253] 10.222.0.35 () {62 vars in 1287 bytes} [Tue May 17 18:08:38 2022] POST /volume/v3/a27e74ae51ad4bcf8f0fa6cfa88f90c8/group_types => generated 172 bytes in 38 msecs (HTTP/1.1 202) 7 headers in 292 bytes (1 switches on core 0)
May 17 18:08:38.122273 dv-cinder-841302-3-smb devstack@c-api.service[110334]: DEBUG cinder.api.middleware.request_id [None req-ae67092f-6b62-4b8f-8b94-a89aa46932d1 None None] RequestId filter calling following filter/app {{(pid=110334) _context_setter /opt/stack/cinder/cinder/api/middleware/request_id.py:62}}
May 17 18:08:38.131291 dv-cinder-841302-3-smb devstack@c-api.service[110334]: INFO cinder.api.openstack.wsgi [None req-ae67092f-6b62-4b8f-8b94-a89aa46932d1 tempest-VolumeTypesTest-1710793298 tempest-VolumeTypesTest-1710793298-project-admin] GET http://10.222.0.35/volume/v3/9ab27c94f09a4215af9632bce04613d6/types/15116fee-b31d-4996-8514-da24c79005db
May 17 18:08:38.132115 dv-cinder-841302-3-smb devstack@c-api.service[110334]: DEBUG cinder.api.openstack.wsgi [None req-ae67092f-6b62-4b8f-8b94-a89aa46932d1 tempest-VolumeTypesTest-1710793298 tempest-VolumeTypesTest-1710793298-project-admin] Empty body provided in request {{(pid=110334) get_body /opt/stack/cinder/cinder/api/openstack/wsgi.py:715}}
May 17 18:08:38.132579 dv-cinder-841302-3-smb devstack@c-api.service[110334]: DEBUG cinder.api.openstack.wsgi [None req-ae67092f-6b62-4b8f-8b94-a89aa46932d1 tempest-VolumeTypesTest-1710793298 tempest-VolumeTypesTest-1710793298-project-admin] Calling method 'show' {{(pid=110334) _process_stack /opt/stack/cinder/cinder/api/openstack/wsgi.py:868}}
May 17 18:08:38.168054 dv-cinder-841302-3-smb devstack@c-api.service[110334]: INFO cinder.api.openstack.wsgi [None req-ae67092f-6b62-4b8f-8b94-a89aa46932d1 tempest-VolumeTypesTest-1710793298 tempest-VolumeTypesTest-1710793298-project-admin] http://10.222.0.35/volume/v3/9ab27c94f09a4215af9632bce04613d6/types/15116fee-b31d-4996-8514-da24c79005db returned with HTTP 200
May 17 18:08:38.176966 dv-cinder-841302-3-smb devstack@c-api.service[110334]: [pid: 110334|app: 0|req: 143/254] 10.222.0.35 () {58 vars in 1318 bytes} [Tue May 17 18:08:38 2022] GET /volume/v3/9ab27c94f09a4215af9632bce04613d6/types/15116fee-b31d-4996-8514-da24c79005db => generated 339 bytes in 56 msecs (HTTP/1.1 200) 7 headers in 285 bytes (1 switches on core 0)
May 17 18:08:38.181717 dv-cinder-841302-3-smb devstack@c-api.service[110334]: DEBUG cinder.api.middleware.request_id [None req-8bcbe6df-f8d8-436b-9bf7-5ccfc2b82ebc None None] RequestId filter calling following filter/app {{(pid=110334) _context_setter /opt/stack/cinder/cinder/api/middleware/request_id.py:62}}
May 17 18:08:38.190977 dv-cinder-841302-3-smb devstack@c-api.service[110334]: INFO cinder.api.openstack.wsgi [None req-8bcbe6df-f8d8-436b-9bf7-5ccfc2b82ebc tempest-GroupsTest-1303974381 tempest-GroupsTest-1303974381-project] POST http://10.222.0.35/volume/v3/f0804955a2dd407f800099f6ef1d2e96/groups
May 17 18:08:38.192306 dv-cinder-841302-3-smb devstack@c-api.service[110334]: DEBUG cinder.api.openstack.wsgi [None req-8bcbe6df-f8d8-436b-9bf7-5ccfc2b82ebc tempest-GroupsTest-1303974381 tempest-GroupsTest-1303974381-project] Action: 'create', calling method: version_select, body: {"group": {"group_type": "878dd481-f9f9-4608-9388-4e5f254a242b", "volume_types": ["ac43a6ba-2030-46fa-87e6-6007f71bd7ad"], "name": "tempest-GroupsTest-Group-457443374"}} {{(pid=110334) _process_stack /opt/stack/cinder/cinder/api/openstack/wsgi.py:866}}
May 17 18:08:38.197606 dv-cinder-841302-3-smb devstack@c-api.service[110334]: DEBUG cinder.api.v3.groups [None req-8bcbe6df-f8d8-436b-9bf7-5ccfc2b82ebc tempest-GroupsTest-1303974381 tempest-GroupsTest-1303974381-project] Creating new group {'group': {'group_type': '878dd481-f9f9-4608-9388-4e5f254a242b', 'volume_types': ['ac43a6ba-2030-46fa-87e6-6007f71bd7ad'], 'name': 'tempest-GroupsTest-Group-457443374'}} {{(pid=110334) create /opt/stack/cinder/cinder/api/v3/groups.py:190}}
May 17 18:08:38.203573 dv-cinder-841302-3-smb devstack@c-api.service[110334]: INFO cinder.api.v3.groups [None req-8bcbe6df-f8d8-436b-9bf7-5ccfc2b82ebc tempest-GroupsTest-1303974381 tempest-GroupsTest-1303974381-project] Creating group tempest-GroupsTest-Group-457443374.
May 17 18:08:38.244324 dv-cinder-841302-3-smb devstack@c-api.service[110333]: INFO cinder.api.openstack.wsgi [None req-9a5a4d56-4314-422c-becd-5dbe522ce1f6 tempest-GroupSnapshotsTest-1400678511 tempest-GroupSnapshotsTest-1400678511-project-admin] http://10.222.0.35/volume/v3/2bc6c19b32594956a4077e17f3049495/types/12fe058e-0b45-4934-a38c-846d45aad79a returned with HTTP 202
May 17 18:08:38.245725 dv-cinder-841302-3-smb devstack@c-api.service[110333]: [pid: 110333|app: 0|req: 112/255] 10.222.0.35 () {58 vars in 1321 bytes} [Tue May 17 18:08:38 2022] DELETE /volume/v3/2bc6c19b32594956a4077e17f3049495/types/12fe058e-0b45-4934-a38c-846d45aad79a => generated 0 bytes in 158 msecs (HTTP/1.1 202) 6 headers in 233 bytes (1 switches on core 0)
May 17 18:08:38.249623 dv-cinder-841302-3-smb devstack@c-api.service[110334]: INFO cinder.volume.api [None req-8bcbe6df-f8d8-436b-9bf7-5ccfc2b82ebc tempest-GroupsTest-1303974381 tempest-GroupsTest-1303974381-project] Availability Zones retrieved successfully.
May 17 18:08:38.250443 dv-cinder-841302-3-smb devstack@c-api.service[110333]: DEBUG cinder.api.middleware.request_id [None req-21051d28-9cd4-4dd0-9e05-a756a5ac6983 None None] RequestId filter calling following filter/app {{(pid=110333) _context_setter /opt/stack/cinder/cinder/api/middleware/request_id.py:62}}
May 17 18:08:38.266377 dv-cinder-841302-3-smb devstack@c-api.service[110333]: INFO cinder.api.openstack.wsgi [None req-21051d28-9cd4-4dd0-9e05-a756a5ac6983 tempest-VolumeTypesTest-1710793298 tempest-VolumeTypesTest-1710793298-project-admin] POST http://10.222.0.35/volume/v3/9ab27c94f09a4215af9632bce04613d6/types
May 17 18:08:38.267214 dv-cinder-841302-3-smb devstack@c-api.service[110333]: DEBUG cinder.api.openstack.wsgi [None req-21051d28-9cd4-4dd0-9e05-a756a5ac6983 tempest-VolumeTypesTest-1710793298 tempest-VolumeTypesTest-1710793298-project-admin] Action: 'create', calling method: _create, body: {"volume_type": {"name": "tempest-VolumeTypesTest-volume-type-1848294188"}} {{(pid=110333) _process_stack /opt/stack/cinder/cinder/api/openstack/wsgi.py:866}}
May 17 18:08:38.283438 dv-cinder-841302-3-smb devstack@c-api.service[110334]: DEBUG cinder.quota [None req-8bcbe6df-f8d8-436b-9bf7-5ccfc2b82ebc tempest-GroupsTest-1303974381 tempest-GroupsTest-1303974381-project] Created reservations ['a2406c6c-d7bc-4116-8e04-b0302ad20028'] {{(pid=110334) reserve /opt/stack/cinder/cinder/quota.py:755}}
May 17 18:08:38.306410 dv-cinder-841302-3-smb devstack@c-api.service[110333]: INFO cinder.api.openstack.wsgi [None req-21051d28-9cd4-4dd0-9e05-a756a5ac6983 tempest-VolumeTypesTest-1710793298 tempest-VolumeTypesTest-1710793298-project-admin] http://10.222.0.35/volume/v3/9ab27c94f09a4215af9632bce04613d6/types returned with HTTP 200
May 17 18:08:38.314356 dv-cinder-841302-3-smb devstack@c-api.service[110333]: [pid: 110333|app: 0|req: 113/256] 10.222.0.35 () {60 vars in 1228 bytes} [Tue May 17 18:08:38 2022] POST /volume/v3/9ab27c94f09a4215af9632bce04613d6/types => generated 221 bytes in 63 msecs (HTTP/1.1 200) 7 headers in 285 bytes (1 switches on core 0)
May 17 18:08:38.314356 dv-cinder-841302-3-smb devstack@c-api.service[110333]: DEBUG cinder.api.middleware.request_id [None req-72e91e35-28b6-456d-8665-ce02434beae3 None None] RequestId filter calling following filter/app {{(pid=110333) _context_setter /opt/stack/cinder/cinder/api/middleware/request_id.py:62}}
May 17 18:08:38.314356 dv-cinder-841302-3-smb devstack@c-api.service[110333]: INFO cinder.api.openstack.wsgi [None req-72e91e35-28b6-456d-8665-ce02434beae3 None None] GET http://10.222.0.35/volume//
May 17 18:08:38.314356 dv-cinder-841302-3-smb devstack@c-api.service[110333]: DEBUG cinder.api.openstack.wsgi [None req-72e91e35-28b6-456d-8665-ce02434beae3 None None] Empty body provided in request {{(pid=110333) get_body /opt/stack/cinder/cinder/api/openstack/wsgi.py:715}}
May 17 18:08:38.314356 dv-cinder-841302-3-smb devstack@c-api.service[110333]: DEBUG cinder.api.openstack.wsgi [None req-72e91e35-28b6-456d-8665-ce02434beae3 None None] Calling method 'all' {{(pid=110333) _process_stack /opt/stack/cinder/cinder/api/openstack/wsgi.py:868}}
May 17 18:08:38.316059 dv-cinder-841302-3-smb devstack@c-api.service[110333]: INFO cinder.api.openstack.wsgi [None req-72e91e35-28b6-456d-8665-ce02434beae3 None None] http://10.222.0.35/volume// returned with HTTP 300
May 17 18:08:38.316662 dv-cinder-841302-3-smb devstack@c-api.service[110333]: [pid: 110333|app: 0|req: 114/257] 10.222.0.57 () {56 vars in 1098 bytes} [Tue May 17 18:08:38 2022] GET /volume/ => generated 386 bytes in 7 msecs (HTTP/1.1 300) 7 headers in 299 bytes (1 switches on core 0)
May 17 18:08:38.318375 dv-cinder-841302-3-smb devstack@c-api.service[110333]: DEBUG cinder.api.middleware.request_id [None req-5d389485-6849-4894-8922-1cccdccf1025 None None] RequestId filter calling following filter/app {{(pid=110333) _context_setter /opt/stack/cinder/cinder/api/middleware/request_id.py:62}}
May 17 18:08:38.322740 dv-cinder-841302-3-smb devstack@c-api.service[110333]: INFO cinder.api.openstack.wsgi [None req-5d389485-6849-4894-8922-1cccdccf1025 tempest-GroupSnapshotsTest-1400678511 tempest-GroupSnapshotsTest-1400678511-project-admin] GET http://10.222.0.35/volume/v3/2bc6c19b32594956a4077e17f3049495/types/12fe058e-0b45-4934-a38c-846d45aad79a
May 17 18:08:38.323162 dv-cinder-841302-3-smb devstack@c-api.service[110333]: DEBUG cinder.api.openstack.wsgi [None req-5d389485-6849-4894-8922-1cccdccf1025 tempest-GroupSnapshotsTest-1400678511 tempest-GroupSnapshotsTest-1400678511-project-admin] Empty body provided in request {{(pid=110333) get_body /opt/stack/cinder/cinder/api/openstack/wsgi.py:715}}
May 17 18:08:38.323915 dv-cinder-841302-3-smb devstack@c-api.service[110333]: DEBUG cinder.api.openstack.wsgi [None req-5d389485-6849-4894-8922-1cccdccf1025 tempest-GroupSnapshotsTest-1400678511 tempest-GroupSnapshotsTest-1400678511-project-admin] Calling method 'show' {{(pid=110333) _process_stack /opt/stack/cinder/cinder/api/openstack/wsgi.py:868}}
May 17 18:08:38.330006 dv-cinder-841302-3-smb devstack@c-api.service[110333]: INFO cinder.api.openstack.wsgi [None req-5d389485-6849-4894-8922-1cccdccf1025 tempest-GroupSnapshotsTest-1400678511 tempest-GroupSnapshotsTest-1400678511-project-admin] http://10.222.0.35/volume/v3/2bc6c19b32594956a4077e17f3049495/types/12fe058e-0b45-4934-a38c-846d45aad79a returned with HTTP 404
May 17 18:08:38.330974 dv-cinder-841302-3-smb devstack@c-api.service[110333]: [pid: 110333|app: 0|req: 115/258] 10.222.0.35 () {58 vars in 1318 bytes} [Tue May 17 18:08:38 2022] GET /volume/v3/2bc6c19b32594956a4077e17f3049495/types/12fe058e-0b45-4934-a38c-846d45aad79a => generated 114 bytes in 14 msecs (HTTP/1.1 404) 7 headers in 292 bytes (1 switches on core 0)
May 17 18:08:38.336663 dv-cinder-841302-3-smb devstack@c-api.service[110333]: DEBUG cinder.api.middleware.request_id [None req-63afb62f-54e3-4961-aeac-582b9692433b None None] RequestId filter calling following filter/app {{(pid=110333) _context_setter /opt/stack/cinder/cinder/api/middleware/request_id.py:62}}
May 17 18:08:38.342121 dv-cinder-841302-3-smb devstack@c-api.service[110333]: INFO cinder.api.openstack.wsgi [None req-63afb62f-54e3-4961-aeac-582b9692433b tempest-VolumeTypesTest-1710793298 tempest-VolumeTypesTest-1710793298-project-admin] POST http://10.222.0.35/volume/v3/9ab27c94f09a4215af9632bce04613d6/types/ffc2fb78-7ad9-4f60-a4fb-c2d75d5b1c89/encryption
May 17 18:08:38.342832 dv-cinder-841302-3-smb devstack@c-api.service[110333]: DEBUG cinder.api.openstack.wsgi [None req-63afb62f-54e3-4961-aeac-582b9692433b tempest-VolumeTypesTest-1710793298 tempest-VolumeTypesTest-1710793298-project-admin] Action: 'create', calling method: create, body: {"encryption": {"provider": "LuksEncryptor", "key_size": 256, "cipher": "aes-xts-plain64", "control_location": "front-end"}} {{(pid=110333) _process_stack /opt/stack/cinder/cinder/api/openstack/wsgi.py:866}}
May 17 18:08:38.344910 dv-cinder-841302-3-smb devstack@c-api.service[110334]: INFO cinder.api.openstack.wsgi [None req-8bcbe6df-f8d8-436b-9bf7-5ccfc2b82ebc tempest-GroupsTest-1303974381 tempest-GroupsTest-1303974381-project] http://10.222.0.35/volume/v3/f0804955a2dd407f800099f6ef1d2e96/groups returned with HTTP 202
May 17 18:08:38.350307 dv-cinder-841302-3-smb devstack@c-api.service[110334]: [pid: 110334|app: 0|req: 144/259] 10.222.0.35 () {62 vars in 1273 bytes} [Tue May 17 18:08:38 2022] POST /volume/v3/f0804955a2dd407f800099f6ef1d2e96/groups => generated 103 bytes in 169 msecs (HTTP/1.1 202) 7 headers in 292 bytes (1 switches on core 0)
May 17 18:08:38.350307 dv-cinder-841302-3-smb devstack@c-api.service[110334]: DEBUG cinder.api.middleware.request_id [None req-cec5b3ed-19bb-43a0-8b23-b7f530391d68 None None] RequestId filter calling following filter/app {{(pid=110334) _context_setter /opt/stack/cinder/cinder/api/middleware/request_id.py:62}}
May 17 18:08:38.356905 dv-cinder-841302-3-smb devstack@c-api.service[110334]: INFO cinder.api.openstack.wsgi [None req-cec5b3ed-19bb-43a0-8b23-b7f530391d68 tempest-DeleteServersTestJSON-337187820 tempest-DeleteServersTestJSON-337187820-project] GET http://10.222.0.35/volume/v3/208f7647b546406388dbbcc6fb121e98/volumes/a1f8df2a-0946-4924-8f74-1f5434154955
May 17 18:08:38.360541 dv-cinder-841302-3-smb devstack@c-api.service[110334]: DEBUG cinder.api.openstack.wsgi [None req-cec5b3ed-19bb-43a0-8b23-b7f530391d68 tempest-DeleteServersTestJSON-337187820 tempest-DeleteServersTestJSON-337187820-project] Empty body provided in request {{(pid=110334) get_body /opt/stack/cinder/cinder/api/openstack/wsgi.py:715}}
May 17 18:08:38.361316 dv-cinder-841302-3-smb devstack@c-api.service[110334]: DEBUG cinder.api.openstack.wsgi [None req-cec5b3ed-19bb-43a0-8b23-b7f530391d68 tempest-DeleteServersTestJSON-337187820 tempest-DeleteServersTestJSON-337187820-project] Calling method 'show' {{(pid=110334) _process_stack /opt/stack/cinder/cinder/api/openstack/wsgi.py:868}}
May 17 18:08:38.387293 dv-cinder-841302-3-smb devstack@c-api.service[110334]: /usr/local/lib/python3.8/dist-packages/oslo_context/context.py:100: DeprecationWarning: Policy enforcement is depending on the value of is_admin. This key is deprecated. Please update your policy file to use the standard policy values.
May 17 18:08:38.387293 dv-cinder-841302-3-smb devstack@c-api.service[110334]: warnings.warn('Policy enforcement is depending on the value of '
May 17 18:08:38.394516 dv-cinder-841302-3-smb devstack@c-api.service[110334]: INFO cinder.volume.api [None req-cec5b3ed-19bb-43a0-8b23-b7f530391d68 tempest-DeleteServersTestJSON-337187820 tempest-DeleteServersTestJSON-337187820-project] Volume info retrieved successfully.
May 17 18:08:38.404686 dv-cinder-841302-3-smb devstack@c-api.service[110334]: INFO cinder.api.openstack.wsgi [None req-cec5b3ed-19bb-43a0-8b23-b7f530391d68 tempest-DeleteServersTestJSON-337187820 tempest-DeleteServersTestJSON-337187820-project] http://10.222.0.35/volume/v3/208f7647b546406388dbbcc6fb121e98/volumes/a1f8df2a-0946-4924-8f74-1f5434154955 returned with HTTP 200
May 17 18:08:38.405831 dv-cinder-841302-3-smb devstack@c-api.service[110334]: [pid: 110334|app: 0|req: 145/260] 10.222.0.35 () {58 vars in 1324 bytes} [Tue May 17 18:08:38 2022] GET /volume/v3/208f7647b546406388dbbcc6fb121e98/volumes/a1f8df2a-0946-4924-8f74-1f5434154955 => generated 911 bytes in 59 msecs (HTTP/1.1 200) 7 headers in 285 bytes (1 switches on core 0)
May 17 18:08:38.407233 dv-cinder-841302-3-smb devstack@c-api.service[110334]: DEBUG cinder.api.middleware.request_id [None req-5b10466a-c050-4a21-bb7d-8b74e2b2eb45 None None] RequestId filter calling following filter/app {{(pid=110334) _context_setter /opt/stack/cinder/cinder/api/middleware/request_id.py:62}}
May 17 18:08:38.412984 dv-cinder-841302-3-smb devstack@c-api.service[110334]: INFO cinder.api.openstack.wsgi [None req-5b10466a-c050-4a21-bb7d-8b74e2b2eb45 tempest-GroupsTest-1303974381 tempest-GroupsTest-1303974381-project] GET http://10.222.0.35/volume/v3/f0804955a2dd407f800099f6ef1d2e96/groups/5af26fad-e783-45dc-8040-7d0554e42260
May 17 18:08:38.413743 dv-cinder-841302-3-smb devstack@c-api.service[110334]: DEBUG cinder.api.openstack.wsgi [None req-5b10466a-c050-4a21-bb7d-8b74e2b2eb45 tempest-GroupsTest-1303974381 tempest-GroupsTest-1303974381-project] Empty body provided in request {{(pid=110334) get_body /opt/stack/cinder/cinder/api/openstack/wsgi.py:715}}
May 17 18:08:38.414472 dv-cinder-841302-3-smb devstack@c-api.service[110334]: DEBUG cinder.api.openstack.wsgi [None req-5b10466a-c050-4a21-bb7d-8b74e2b2eb45 tempest-GroupsTest-1303974381 tempest-GroupsTest-1303974381-project] Calling method 'version_select' {{(pid=110334) _process_stack /opt/stack/cinder/cinder/api/openstack/wsgi.py:868}}
May 17 18:08:38.414953 dv-cinder-841302-3-smb devstack@c-api.service[110334]: DEBUG cinder.api.v3.groups [None req-5b10466a-c050-4a21-bb7d-8b74e2b2eb45 tempest-GroupsTest-1303974381 tempest-GroupsTest-1303974381-project] show called for member 5af26fad-e783-45dc-8040-7d0554e42260 {{(pid=110334) show /opt/stack/cinder/cinder/api/v3/groups.py:58}}
May 17 18:08:38.430419 dv-cinder-841302-3-smb devstack@c-api.service[110334]: /usr/local/lib/python3.8/dist-packages/oslo_context/context.py:100: DeprecationWarning: Policy enforcement is depending on the value of is_admin. This key is deprecated. Please update your policy file to use the standard policy values.
May 17 18:08:38.430419 dv-cinder-841302-3-smb devstack@c-api.service[110334]: warnings.warn('Policy enforcement is depending on the value of '
May 17 18:08:38.449235 dv-cinder-841302-3-smb devstack@c-api.service[110333]: INFO cinder.api.openstack.wsgi [None req-63afb62f-54e3-4961-aeac-582b9692433b tempest-VolumeTypesTest-1710793298 tempest-VolumeTypesTest-1710793298-project-admin] http://10.222.0.35/volume/v3/9ab27c94f09a4215af9632bce04613d6/types/ffc2fb78-7ad9-4f60-a4fb-c2d75d5b1c89/encryption returned with HTTP 200
May 17 18:08:38.450335 dv-cinder-841302-3-smb devstack@c-api.service[110333]: [pid: 110333|app: 0|req: 116/261] 10.222.0.35 () {60 vars in 1373 bytes} [Tue May 17 18:08:38 2022] POST /volume/v3/9ab27c94f09a4215af9632bce04613d6/types/ffc2fb78-7ad9-4f60-a4fb-c2d75d5b1c89/encryption => generated 239 bytes in 119 msecs (HTTP/1.1 200) 7 headers in 285 bytes (1 switches on core 0)
May 17 18:08:38.452010 dv-cinder-841302-3-smb devstack@c-api.service[110333]: DEBUG cinder.api.middleware.request_id [req-b50b9926-a219-45af-afe0-2688c7d7426d req-553df9ea-916f-4324-9d37-9cb8f438fc35 None None] RequestId filter calling following filter/app {{(pid=110333) _context_setter /opt/stack/cinder/cinder/api/middleware/request_id.py:62}}
May 17 18:08:38.455216 dv-cinder-841302-3-smb devstack@c-api.service[110334]: INFO cinder.api.openstack.wsgi [None req-5b10466a-c050-4a21-bb7d-8b74e2b2eb45 tempest-GroupsTest-1303974381 tempest-GroupsTest-1303974381-project] http://10.222.0.35/volume/v3/f0804955a2dd407f800099f6ef1d2e96/groups/5af26fad-e783-45dc-8040-7d0554e42260 returned with HTTP 200
May 17 18:08:38.456346 dv-cinder-841302-3-smb devstack@c-api.service[110334]: [pid: 110334|app: 0|req: 146/262] 10.222.0.35 () {60 vars in 1362 bytes} [Tue May 17 18:08:38 2022] GET /volume/v3/f0804955a2dd407f800099f6ef1d2e96/groups/5af26fad-e783-45dc-8040-7d0554e42260 => generated 331 bytes in 50 msecs (HTTP/1.1 200) 7 headers in 286 bytes (1 switches on core 0)
May 17 18:08:38.458044 dv-cinder-841302-3-smb devstack@c-api.service[110333]: INFO cinder.api.openstack.wsgi [req-b50b9926-a219-45af-afe0-2688c7d7426d req-553df9ea-916f-4324-9d37-9cb8f438fc35 tempest-DeleteServersTestJSON-337187820 tempest-DeleteServersTestJSON-337187820-project] GET http://10.222.0.35/volume/v3/208f7647b546406388dbbcc6fb121e98/volumes/a1f8df2a-0946-4924-8f74-1f5434154955
May 17 18:08:38.458188 dv-cinder-841302-3-smb devstack@c-api.service[110334]: DEBUG cinder.api.middleware.request_id [None req-52161658-4de9-4b6b-a7a8-6e6e6be51402 None None] RequestId filter calling following filter/app {{(pid=110334) _context_setter /opt/stack/cinder/cinder/api/middleware/request_id.py:62}}
May 17 18:08:38.459437 dv-cinder-841302-3-smb devstack@c-api.service[110333]: DEBUG cinder.api.openstack.wsgi [req-b50b9926-a219-45af-afe0-2688c7d7426d req-553df9ea-916f-4324-9d37-9cb8f438fc35 tempest-DeleteServersTestJSON-337187820 tempest-DeleteServersTestJSON-337187820-project] Empty body provided in request {{(pid=110333) get_body /opt/stack/cinder/cinder/api/openstack/wsgi.py:715}}
May 17 18:08:38.460184 dv-cinder-841302-3-smb devstack@c-api.service[110333]: DEBUG cinder.api.openstack.wsgi [req-b50b9926-a219-45af-afe0-2688c7d7426d req-553df9ea-916f-4324-9d37-9cb8f438fc35 tempest-DeleteServersTestJSON-337187820 tempest-DeleteServersTestJSON-337187820-project] Calling method 'show' {{(pid=110333) _process_stack /opt/stack/cinder/cinder/api/openstack/wsgi.py:868}}
May 17 18:08:38.465304 dv-cinder-841302-3-smb devstack@c-api.service[110334]: INFO cinder.api.openstack.wsgi [None req-52161658-4de9-4b6b-a7a8-6e6e6be51402 tempest-VolumeTypesTest-1710793298 tempest-VolumeTypesTest-1710793298-project-admin] GET http://10.222.0.35/volume/v3/9ab27c94f09a4215af9632bce04613d6/types/ffc2fb78-7ad9-4f60-a4fb-c2d75d5b1c89/encryption
May 17 18:08:38.465834 dv-cinder-841302-3-smb devstack@c-api.service[110334]: DEBUG cinder.api.openstack.wsgi [None req-52161658-4de9-4b6b-a7a8-6e6e6be51402 tempest-VolumeTypesTest-1710793298 tempest-VolumeTypesTest-1710793298-project-admin] Empty body provided in request {{(pid=110334) get_body /opt/stack/cinder/cinder/api/openstack/wsgi.py:715}}
May 17 18:08:38.466346 dv-cinder-841302-3-smb devstack@c-api.service[110334]: DEBUG cinder.api.openstack.wsgi [None req-52161658-4de9-4b6b-a7a8-6e6e6be51402 tempest-VolumeTypesTest-1710793298 tempest-VolumeTypesTest-1710793298-project-admin] Calling method 'index' {{(pid=110334) _process_stack /opt/stack/cinder/cinder/api/openstack/wsgi.py:868}}
May 17 18:08:38.467067 dv-cinder-841302-3-smb devstack@c-api.service[110334]: /usr/local/lib/python3.8/dist-packages/oslo_context/context.py:100: DeprecationWarning: Policy enforcement is depending on the value of is_admin. This key is deprecated. Please update your policy file to use the standard policy values.
May 17 18:08:38.467067 dv-cinder-841302-3-smb devstack@c-api.service[110334]: warnings.warn('Policy enforcement is depending on the value of '
May 17 18:08:38.482859 dv-cinder-841302-3-smb devstack@c-api.service[110334]: INFO cinder.api.openstack.wsgi [None req-52161658-4de9-4b6b-a7a8-6e6e6be51402 tempest-VolumeTypesTest-1710793298 tempest-VolumeTypesTest-1710793298-project-admin] http://10.222.0.35/volume/v3/9ab27c94f09a4215af9632bce04613d6/types/ffc2fb78-7ad9-4f60-a4fb-c2d75d5b1c89/encryption returned with HTTP 200
May 17 18:08:38.484080 dv-cinder-841302-3-smb devstack@c-api.service[110334]: [pid: 110334|app: 0|req: 147/263] 10.222.0.35 () {58 vars in 1351 bytes} [Tue May 17 18:08:38 2022] GET /volume/v3/9ab27c94f09a4215af9632bce04613d6/types/ffc2fb78-7ad9-4f60-a4fb-c2d75d5b1c89/encryption => generated 325 bytes in 27 msecs (HTTP/1.1 200) 7 headers in 285 bytes (1 switches on core 0)
May 17 18:08:38.491374 dv-cinder-841302-3-smb devstack@c-api.service[110334]: DEBUG cinder.api.middleware.request_id [None req-73773e01-b2a5-4bb0-8f19-568c63796826 None None] RequestId filter calling following filter/app {{(pid=110334) _context_setter /opt/stack/cinder/cinder/api/middleware/request_id.py:62}}
