May 10 17:45:01.369741 dv-cinder-841302-2-iscsi devstack@c-api.service[116903]: DEBUG cinder.volume.api [None req-392481e0-d586-4b15-89d4-09b63d632dbf tempest-GroupSnapshotsV319Test-1514200574 tempest-GroupSnapshotsV319Test-1514200574-project] Task 'cinder.volume.flows.api.create_volume.QuotaReserveTask;volume:create' (16e8dde2-7984-4324-9c5b-a6766a188272) transitioned into state 'SUCCESS' from state 'RUNNING' with result '{'reservations': ['3ab7b206-1f36-49c7-b95c-433519158730', 'e970d30f-7b73-4703-8f4e-9ef04f57ebed', '86df52e7-5e7f-44b7-bc36-454cedf82381', '5363dee4-faad-49b5-af2d-1d410516db29']}' {{(pid=116903) _task_receiver /usr/local/lib/python3.8/dist-packages/taskflow/listeners/logging.py:178}}
May 10 17:45:01.375218 dv-cinder-841302-2-iscsi devstack@c-api.service[116903]: DEBUG cinder.volume.api [None req-392481e0-d586-4b15-89d4-09b63d632dbf tempest-GroupSnapshotsV319Test-1514200574 tempest-GroupSnapshotsV319Test-1514200574-project] Task 'cinder.volume.flows.api.create_volume.EntryCreateTask;volume:create' (4e0c7760-be1e-44c8-beaf-ef8c576202e7) transitioned into state 'RUNNING' from state 'PENDING' {{(pid=116903) _task_receiver /usr/local/lib/python3.8/dist-packages/taskflow/listeners/logging.py:190}}
May 10 17:45:01.397531 dv-cinder-841302-2-iscsi devstack@c-api.service[116902]: INFO cinder.api.openstack.wsgi [None req-b3d6ed13-f18a-462f-be50-ad1f1d2d1b6e tempest-VolumeTypesNegativeTest-2147410665 tempest-VolumeTypesNegativeTest-2147410665-project-admin] http://10.222.0.60/volume/v3/bb47510b8a1548798b29fba9f46be0f6/types/2ac68898-ff81-4633-8781-77a7d918f7e6 returned with HTTP 202
May 10 17:45:01.399984 dv-cinder-841302-2-iscsi devstack@c-api.service[116902]: [pid: 116902|app: 0|req: 78/172] 10.222.0.60 () {58 vars in 1321 bytes} [Tue May 10 17:45:01 2022] DELETE /volume/v3/bb47510b8a1548798b29fba9f46be0f6/types/2ac68898-ff81-4633-8781-77a7d918f7e6 => generated 0 bytes in 133 msecs (HTTP/1.1 202) 6 headers in 233 bytes (2 switches on core 0)
May 10 17:45:01.404496 dv-cinder-841302-2-iscsi devstack@c-api.service[116902]: DEBUG cinder.api.middleware.request_id [None req-faa61895-5e46-4a00-a1f5-2bb69060e9ab None None] RequestId filter calling following filter/app {{(pid=116902) _context_setter /opt/stack/cinder/cinder/api/middleware/request_id.py:62}}
May 10 17:45:01.408836 dv-cinder-841302-2-iscsi devstack@c-api.service[116902]: INFO cinder.api.openstack.wsgi [None req-faa61895-5e46-4a00-a1f5-2bb69060e9ab tempest-VolumeTypesNegativeTest-2147410665 tempest-VolumeTypesNegativeTest-2147410665-project-admin] GET http://10.222.0.60/volume/v3/bb47510b8a1548798b29fba9f46be0f6/types/2ac68898-ff81-4633-8781-77a7d918f7e6
May 10 17:45:01.412254 dv-cinder-841302-2-iscsi devstack@c-api.service[116902]: DEBUG cinder.api.openstack.wsgi [None req-faa61895-5e46-4a00-a1f5-2bb69060e9ab tempest-VolumeTypesNegativeTest-2147410665 tempest-VolumeTypesNegativeTest-2147410665-project-admin] Empty body provided in request {{(pid=116902) get_body /opt/stack/cinder/cinder/api/openstack/wsgi.py:715}}
May 10 17:45:01.413013 dv-cinder-841302-2-iscsi devstack@c-api.service[116902]: DEBUG cinder.api.openstack.wsgi [None req-faa61895-5e46-4a00-a1f5-2bb69060e9ab tempest-VolumeTypesNegativeTest-2147410665 tempest-VolumeTypesNegativeTest-2147410665-project-admin] Calling method 'show' {{(pid=116902) _process_stack /opt/stack/cinder/cinder/api/openstack/wsgi.py:868}}
May 10 17:45:01.424463 dv-cinder-841302-2-iscsi devstack@c-api.service[116902]: INFO cinder.api.openstack.wsgi [None req-faa61895-5e46-4a00-a1f5-2bb69060e9ab tempest-VolumeTypesNegativeTest-2147410665 tempest-VolumeTypesNegativeTest-2147410665-project-admin] http://10.222.0.60/volume/v3/bb47510b8a1548798b29fba9f46be0f6/types/2ac68898-ff81-4633-8781-77a7d918f7e6 returned with HTTP 404
May 10 17:45:01.430456 dv-cinder-841302-2-iscsi devstack@c-api.service[116902]: [pid: 116902|app: 0|req: 79/173] 10.222.0.60 () {58 vars in 1318 bytes} [Tue May 10 17:45:01 2022] GET /volume/v3/bb47510b8a1548798b29fba9f46be0f6/types/2ac68898-ff81-4633-8781-77a7d918f7e6 => generated 114 bytes in 27 msecs (HTTP/1.1 404) 7 headers in 292 bytes (1 switches on core 0)
May 10 17:45:01.435412 dv-cinder-841302-2-iscsi devstack@c-api.service[116902]: DEBUG cinder.api.middleware.request_id [None req-44a8dd6c-5a17-413f-9a3d-19077bf8f40f None None] RequestId filter calling following filter/app {{(pid=116902) _context_setter /opt/stack/cinder/cinder/api/middleware/request_id.py:62}}
May 10 17:45:01.443537 dv-cinder-841302-2-iscsi devstack@c-api.service[116902]: INFO cinder.api.openstack.wsgi [None req-44a8dd6c-5a17-413f-9a3d-19077bf8f40f tempest-VolumeTypesNegativeTest-2147410665 tempest-VolumeTypesNegativeTest-2147410665-project-admin] DELETE http://10.222.0.60/volume/v3/bb47510b8a1548798b29fba9f46be0f6/types/ebabe67e-9cf4-4052-8cd9-6f5019401a44
May 10 17:45:01.444910 dv-cinder-841302-2-iscsi devstack@c-api.service[116902]: DEBUG cinder.api.openstack.wsgi [None req-44a8dd6c-5a17-413f-9a3d-19077bf8f40f tempest-VolumeTypesNegativeTest-2147410665 tempest-VolumeTypesNegativeTest-2147410665-project-admin] Empty body provided in request {{(pid=116902) get_body /opt/stack/cinder/cinder/api/openstack/wsgi.py:715}}
May 10 17:45:01.447053 dv-cinder-841302-2-iscsi devstack@c-api.service[116902]: DEBUG cinder.api.openstack.wsgi [None req-44a8dd6c-5a17-413f-9a3d-19077bf8f40f tempest-VolumeTypesNegativeTest-2147410665 tempest-VolumeTypesNegativeTest-2147410665-project-admin] Calling method '_delete' {{(pid=116902) _process_stack /opt/stack/cinder/cinder/api/openstack/wsgi.py:868}}
May 10 17:45:01.447602 dv-cinder-841302-2-iscsi devstack@c-api.service[116903]: DEBUG cinder.volume.api [None req-392481e0-d586-4b15-89d4-09b63d632dbf tempest-GroupSnapshotsV319Test-1514200574 tempest-GroupSnapshotsV319Test-1514200574-project] Task 'cinder.volume.flows.api.create_volume.EntryCreateTask;volume:create' (4e0c7760-be1e-44c8-beaf-ef8c576202e7) transitioned into state 'SUCCESS' from state 'RUNNING' with result '{'volume_id': 'd9d1b5a7-1b21-4e41-ae70-bc3a561a8018', 'volume_properties': VolumeProperties(attach_status='detached',availability_zone='nova',cgsnapshot_id=None,consistencygroup_id=None,display_description=None,display_name='tempest-GroupSnapshotsV319Test-Volume-873262307',encryption_key_id=None,group_id=a8cf39db-c94d-4a6e-a48e-7a7e791804da,group_type_id=,metadata={},multiattach=False,project_id='c1a0d44fd246445aa04b360404c401e7',qos_specs=None,replication_status=,reservations=['3ab7b206-1f36-49c7-b95c-433519158730','e970d30f-7b73-4703-8f4e-9ef04f57ebed','86df52e7-5e7f-44b7-bc36-454cedf82381','5363dee4-faad-49b5-af2d-1d410516db29'],size=1,snapshot_id=None,source_replicaid=,source_volid=None,status='creating',user_id='15e717c801f64449bdf7a7d92aba7b0e',volume_type_id=df05766f-c655-4d4e-936f-3a9540cea0dc), 'volume': Volume(_name_id=None,admin_metadata=,attach_status='detached',availability_zone='nova',bootable=False,cluster=,cluster_name=None,consistencygroup=,consistencygroup_id=None,created_at=2022-05-10T17:45:01Z,deleted=False,deleted_at=None,display_description=None,display_name='tempest-GroupSnapshotsV319Test-Volume-873262307',ec2_id=None,encryption_key_id=None,glance_metadata=,group=,group_id=a8cf39db-c94d-4a6e-a48e-7a7e791804da,host=None,id=d9d1b5a7-1b21-4e41-ae70-bc3a561a8018,launched_at=None,metadata={},migration_status=None,multiattach=False,previous_status=None,project_id='c1a0d44fd246445aa04b360404c401e7',provider_auth=None,provider_geometry=None,provider_id=None,provider_location=None,replication_driver_data=None,replication_extended_status=None,replication_status=None,scheduled_at=None,service_uuid=None,shared_targets=True,size=1,snapshot_id=None,snapshots=,source_volid=None,status='creating',terminated_at=None,updated_at=None,use_quota=True,user_id='15e717c801f64449bdf7a7d92aba7b0e',volume_attachment=VolumeAttachmentList,volume_type=VolumeType(df05766f-c655-4d4e-936f-3a9540cea0dc),volume_type_id=df05766f-c655-4d4e-936f-3a9540cea0dc)}' {{(pid=116903) _task_receiver /usr/local/lib/python3.8/dist-packages/taskflow/listeners/logging.py:178}}
May 10 17:45:01.451088 dv-cinder-841302-2-iscsi devstack@c-api.service[116903]: DEBUG cinder.volume.api [None req-392481e0-d586-4b15-89d4-09b63d632dbf tempest-GroupSnapshotsV319Test-1514200574 tempest-GroupSnapshotsV319Test-1514200574-project] Task 'cinder.volume.flows.api.create_volume.QuotaCommitTask;volume:create' (1b9958be-28f2-426d-9652-3fd49adf4108) transitioned into state 'RUNNING' from state 'PENDING' {{(pid=116903) _task_receiver /usr/local/lib/python3.8/dist-packages/taskflow/listeners/logging.py:190}}
May 10 17:45:01.498723 dv-cinder-841302-2-iscsi devstack@c-api.service[116903]: DEBUG cinder.volume.api [None req-392481e0-d586-4b15-89d4-09b63d632dbf tempest-GroupSnapshotsV319Test-1514200574 tempest-GroupSnapshotsV319Test-1514200574-project] Task 'cinder.volume.flows.api.create_volume.QuotaCommitTask;volume:create' (1b9958be-28f2-426d-9652-3fd49adf4108) transitioned into state 'SUCCESS' from state 'RUNNING' with result '{'volume_properties': VolumeProperties(attach_status='detached',availability_zone='nova',cgsnapshot_id=None,consistencygroup_id=None,display_description=None,display_name='tempest-GroupSnapshotsV319Test-Volume-873262307',encryption_key_id=None,group_id=a8cf39db-c94d-4a6e-a48e-7a7e791804da,group_type_id=,metadata={},multiattach=False,project_id='c1a0d44fd246445aa04b360404c401e7',qos_specs=None,replication_status=,reservations=['3ab7b206-1f36-49c7-b95c-433519158730','e970d30f-7b73-4703-8f4e-9ef04f57ebed','86df52e7-5e7f-44b7-bc36-454cedf82381','5363dee4-faad-49b5-af2d-1d410516db29'],size=1,snapshot_id=None,source_replicaid=,source_volid=None,status='creating',user_id='15e717c801f64449bdf7a7d92aba7b0e',volume_type_id=df05766f-c655-4d4e-936f-3a9540cea0dc)}' {{(pid=116903) _task_receiver /usr/local/lib/python3.8/dist-packages/taskflow/listeners/logging.py:178}}
May 10 17:45:01.507103 dv-cinder-841302-2-iscsi devstack@c-api.service[116903]: DEBUG cinder.volume.api [None req-392481e0-d586-4b15-89d4-09b63d632dbf tempest-GroupSnapshotsV319Test-1514200574 tempest-GroupSnapshotsV319Test-1514200574-project] Task 'cinder.volume.flows.api.create_volume.VolumeCastTask;volume:create' (657384cb-de60-44db-b66d-e46f4178a44f) transitioned into state 'RUNNING' from state 'PENDING' {{(pid=116903) _task_receiver /usr/local/lib/python3.8/dist-packages/taskflow/listeners/logging.py:190}}
May 10 17:45:01.574596 dv-cinder-841302-2-iscsi devstack@c-api.service[116902]: INFO cinder.api.openstack.wsgi [None req-44a8dd6c-5a17-413f-9a3d-19077bf8f40f tempest-VolumeTypesNegativeTest-2147410665 tempest-VolumeTypesNegativeTest-2147410665-project-admin] http://10.222.0.60/volume/v3/bb47510b8a1548798b29fba9f46be0f6/types/ebabe67e-9cf4-4052-8cd9-6f5019401a44 returned with HTTP 202
May 10 17:45:01.578070 dv-cinder-841302-2-iscsi devstack@c-api.service[116902]: [pid: 116902|app: 0|req: 80/174] 10.222.0.60 () {58 vars in 1321 bytes} [Tue May 10 17:45:01 2022] DELETE /volume/v3/bb47510b8a1548798b29fba9f46be0f6/types/ebabe67e-9cf4-4052-8cd9-6f5019401a44 => generated 0 bytes in 142 msecs (HTTP/1.1 202) 6 headers in 233 bytes (1 switches on core 0)
May 10 17:45:01.581412 dv-cinder-841302-2-iscsi devstack@c-api.service[116902]: DEBUG cinder.api.middleware.request_id [None req-eac1b07f-e62b-4736-b005-40b0d882a4ed None None] RequestId filter calling following filter/app {{(pid=116902) _context_setter /opt/stack/cinder/cinder/api/middleware/request_id.py:62}}
May 10 17:45:01.585628 dv-cinder-841302-2-iscsi devstack@c-api.service[116902]: INFO cinder.api.openstack.wsgi [None req-eac1b07f-e62b-4736-b005-40b0d882a4ed tempest-VolumeTypesNegativeTest-2147410665 tempest-VolumeTypesNegativeTest-2147410665-project-admin] GET http://10.222.0.60/volume/v3/bb47510b8a1548798b29fba9f46be0f6/types/ebabe67e-9cf4-4052-8cd9-6f5019401a44
May 10 17:45:01.586691 dv-cinder-841302-2-iscsi devstack@c-api.service[116902]: DEBUG cinder.api.openstack.wsgi [None req-eac1b07f-e62b-4736-b005-40b0d882a4ed tempest-VolumeTypesNegativeTest-2147410665 tempest-VolumeTypesNegativeTest-2147410665-project-admin] Empty body provided in request {{(pid=116902) get_body /opt/stack/cinder/cinder/api/openstack/wsgi.py:715}}
May 10 17:45:01.587319 dv-cinder-841302-2-iscsi devstack@c-api.service[116902]: DEBUG cinder.api.openstack.wsgi [None req-eac1b07f-e62b-4736-b005-40b0d882a4ed tempest-VolumeTypesNegativeTest-2147410665 tempest-VolumeTypesNegativeTest-2147410665-project-admin] Calling method 'show' {{(pid=116902) _process_stack /opt/stack/cinder/cinder/api/openstack/wsgi.py:868}}
May 10 17:45:01.598807 dv-cinder-841302-2-iscsi devstack@c-api.service[116903]: DEBUG cinder.volume.api [None req-392481e0-d586-4b15-89d4-09b63d632dbf tempest-GroupSnapshotsV319Test-1514200574 tempest-GroupSnapshotsV319Test-1514200574-project] Task 'cinder.volume.flows.api.create_volume.VolumeCastTask;volume:create' (657384cb-de60-44db-b66d-e46f4178a44f) transitioned into state 'SUCCESS' from state 'RUNNING' with result 'None' {{(pid=116903) _task_receiver /usr/local/lib/python3.8/dist-packages/taskflow/listeners/logging.py:178}}
May 10 17:45:01.605517 dv-cinder-841302-2-iscsi devstack@c-api.service[116902]: INFO cinder.api.openstack.wsgi [None req-eac1b07f-e62b-4736-b005-40b0d882a4ed tempest-VolumeTypesNegativeTest-2147410665 tempest-VolumeTypesNegativeTest-2147410665-project-admin] http://10.222.0.60/volume/v3/bb47510b8a1548798b29fba9f46be0f6/types/ebabe67e-9cf4-4052-8cd9-6f5019401a44 returned with HTTP 404
May 10 17:45:01.606494 dv-cinder-841302-2-iscsi devstack@c-api.service[116902]: [pid: 116902|app: 0|req: 81/175] 10.222.0.60 () {58 vars in 1318 bytes} [Tue May 10 17:45:01 2022] GET /volume/v3/bb47510b8a1548798b29fba9f46be0f6/types/ebabe67e-9cf4-4052-8cd9-6f5019401a44 => generated 114 bytes in 27 msecs (HTTP/1.1 404) 7 headers in 292 bytes (2 switches on core 0)
May 10 17:45:01.626351 dv-cinder-841302-2-iscsi devstack@c-api.service[116903]: DEBUG cinder.volume.api [None req-392481e0-d586-4b15-89d4-09b63d632dbf tempest-GroupSnapshotsV319Test-1514200574 tempest-GroupSnapshotsV319Test-1514200574-project] Flow 'volume_create_api' (7a7c79ae-75da-42d2-a0e2-9ce3ba2cff48) transitioned into state 'SUCCESS' from state 'RUNNING' {{(pid=116903) _flow_receiver /usr/local/lib/python3.8/dist-packages/taskflow/listeners/logging.py:141}}
May 10 17:45:01.630317 dv-cinder-841302-2-iscsi devstack@c-api.service[116903]: INFO cinder.volume.api [None req-392481e0-d586-4b15-89d4-09b63d632dbf tempest-GroupSnapshotsV319Test-1514200574 tempest-GroupSnapshotsV319Test-1514200574-project] Create volume request issued successfully.
May 10 17:45:01.634933 dv-cinder-841302-2-iscsi devstack@c-api.service[116902]: DEBUG cinder.api.middleware.request_id [None req-a2849124-e009-4981-a9b9-95c0e47529b6 None None] RequestId filter calling following filter/app {{(pid=116902) _context_setter /opt/stack/cinder/cinder/api/middleware/request_id.py:62}}
May 10 17:45:01.638873 dv-cinder-841302-2-iscsi devstack@c-api.service[116902]: INFO cinder.api.openstack.wsgi [None req-a2849124-e009-4981-a9b9-95c0e47529b6 tempest-GroupsTest-1056447572 tempest-GroupsTest-1056447572-project] GET http://10.222.0.60/volume/v3/dd780ae610b8443b9aa035883f29c37b/volumes/ef39d169-10dc-48f5-8673-9fffbb2016ee
May 10 17:45:01.639279 dv-cinder-841302-2-iscsi devstack@c-api.service[116902]: DEBUG cinder.api.openstack.wsgi [None req-a2849124-e009-4981-a9b9-95c0e47529b6 tempest-GroupsTest-1056447572 tempest-GroupsTest-1056447572-project] Empty body provided in request {{(pid=116902) get_body /opt/stack/cinder/cinder/api/openstack/wsgi.py:715}}
May 10 17:45:01.639770 dv-cinder-841302-2-iscsi devstack@c-api.service[116902]: DEBUG cinder.api.openstack.wsgi [None req-a2849124-e009-4981-a9b9-95c0e47529b6 tempest-GroupsTest-1056447572 tempest-GroupsTest-1056447572-project] Calling method 'show' {{(pid=116902) _process_stack /opt/stack/cinder/cinder/api/openstack/wsgi.py:868}}
May 10 17:45:01.646276 dv-cinder-841302-2-iscsi devstack@c-api.service[116903]: WARNING stevedore.named [None req-392481e0-d586-4b15-89d4-09b63d632dbf tempest-GroupSnapshotsV319Test-1514200574 tempest-GroupSnapshotsV319Test-1514200574-project] Could not load cinder.keymgr.conf_key_mgr.ConfKeyManager
May 10 17:45:01.649437 dv-cinder-841302-2-iscsi devstack@c-api.service[116903]: WARNING castellan.key_manager [None req-392481e0-d586-4b15-89d4-09b63d632dbf tempest-GroupSnapshotsV319Test-1514200574 tempest-GroupSnapshotsV319Test-1514200574-project] Deprecation Warning : cinder.keymgr.conf_key_mgr.ConfKeyManager is not a stevedore based driver, trying to load it as a class: stevedore.exception.NoMatches: No 'castellan.drivers' driver found, looking for 'cinder.keymgr.conf_key_mgr.ConfKeyManager'
May 10 17:45:01.668539 dv-cinder-841302-2-iscsi devstack@c-api.service[116902]: INFO cinder.api.openstack.wsgi [None req-a2849124-e009-4981-a9b9-95c0e47529b6 tempest-GroupsTest-1056447572 tempest-GroupsTest-1056447572-project] http://10.222.0.60/volume/v3/dd780ae610b8443b9aa035883f29c37b/volumes/ef39d169-10dc-48f5-8673-9fffbb2016ee returned with HTTP 404
May 10 17:45:01.675220 dv-cinder-841302-2-iscsi devstack@c-api.service[116902]: [pid: 116902|app: 0|req: 82/176] 10.222.0.60 () {60 vars in 1365 bytes} [Tue May 10 17:45:01 2022] GET /volume/v3/dd780ae610b8443b9aa035883f29c37b/volumes/ef39d169-10dc-48f5-8673-9fffbb2016ee => generated 109 bytes in 39 msecs (HTTP/1.1 404) 7 headers in 293 bytes (1 switches on core 0)
May 10 17:45:01.675220 dv-cinder-841302-2-iscsi devstack@c-api.service[116902]: DEBUG cinder.api.middleware.request_id [None req-0b02e0f1-385a-4d45-aae1-240201b03c00 None None] RequestId filter calling following filter/app {{(pid=116902) _context_setter /opt/stack/cinder/cinder/api/middleware/request_id.py:62}}
May 10 17:45:01.676747 dv-cinder-841302-2-iscsi devstack@c-api.service[116903]: DEBUG oslo_db.sqlalchemy.engines [None req-392481e0-d586-4b15-89d4-09b63d632dbf tempest-GroupSnapshotsV319Test-1514200574 tempest-GroupSnapshotsV319Test-1514200574-project] MySQL server mode set to STRICT_TRANS_TABLES,STRICT_ALL_TABLES,NO_ZERO_IN_DATE,NO_ZERO_DATE,ERROR_FOR_DIVISION_BY_ZERO,TRADITIONAL,NO_ENGINE_SUBSTITUTION {{(pid=116903) _check_effective_sql_mode /usr/local/lib/python3.8/dist-packages/oslo_db/sqlalchemy/engines.py:314}}
May 10 17:45:01.684862 dv-cinder-841302-2-iscsi devstack@c-api.service[116902]: INFO cinder.api.openstack.wsgi [None req-0b02e0f1-385a-4d45-aae1-240201b03c00 tempest-GroupsTest-1056447572 tempest-GroupsTest-1056447572-project] GET http://10.222.0.60/volume/v3/dd780ae610b8443b9aa035883f29c37b/volumes/1ce2bb73-b227-41fa-9670-7aa5afc035f5
May 10 17:45:01.685359 dv-cinder-841302-2-iscsi devstack@c-api.service[116902]: DEBUG cinder.api.openstack.wsgi [None req-0b02e0f1-385a-4d45-aae1-240201b03c00 tempest-GroupsTest-1056447572 tempest-GroupsTest-1056447572-project] Empty body provided in request {{(pid=116902) get_body /opt/stack/cinder/cinder/api/openstack/wsgi.py:715}}
May 10 17:45:01.685810 dv-cinder-841302-2-iscsi devstack@c-api.service[116902]: DEBUG cinder.api.openstack.wsgi [None req-0b02e0f1-385a-4d45-aae1-240201b03c00 tempest-GroupsTest-1056447572 tempest-GroupsTest-1056447572-project] Calling method 'show' {{(pid=116902) _process_stack /opt/stack/cinder/cinder/api/openstack/wsgi.py:868}}
May 10 17:45:01.689532 dv-cinder-841302-2-iscsi devstack@c-api.service[116903]: /usr/local/lib/python3.8/dist-packages/oslo_context/context.py:100: DeprecationWarning: Policy enforcement is depending on the value of is_admin. This key is deprecated. Please update your policy file to use the standard policy values.
May 10 17:45:01.689532 dv-cinder-841302-2-iscsi devstack@c-api.service[116903]: warnings.warn('Policy enforcement is depending on the value of '
May 10 17:45:01.701465 dv-cinder-841302-2-iscsi devstack@c-api.service[116903]: INFO cinder.api.openstack.wsgi [None req-392481e0-d586-4b15-89d4-09b63d632dbf tempest-GroupSnapshotsV319Test-1514200574 tempest-GroupSnapshotsV319Test-1514200574-project] http://10.222.0.60/volume/v3/c1a0d44fd246445aa04b360404c401e7/volumes returned with HTTP 202
May 10 17:45:01.707747 dv-cinder-841302-2-iscsi devstack@c-api.service[116903]: [pid: 116903|app: 0|req: 95/177] 10.222.0.60 () {62 vars in 1276 bytes} [Tue May 10 17:45:00 2022] POST /volume/v3/c1a0d44fd246445aa04b360404c401e7/volumes => generated 915 bytes in 938 msecs (HTTP/1.1 202) 7 headers in 292 bytes (1 switches on core 0)
May 10 17:45:01.717530 dv-cinder-841302-2-iscsi devstack@c-api.service[116903]: DEBUG cinder.api.middleware.request_id [None req-ef9fc87e-5196-4dba-b379-0996cff3a0b1 None None] RequestId filter calling following filter/app {{(pid=116903) _context_setter /opt/stack/cinder/cinder/api/middleware/request_id.py:62}}
May 10 17:45:01.724158 dv-cinder-841302-2-iscsi devstack@c-api.service[116902]: INFO cinder.api.openstack.wsgi [None req-0b02e0f1-385a-4d45-aae1-240201b03c00 tempest-GroupsTest-1056447572 tempest-GroupsTest-1056447572-project] http://10.222.0.60/volume/v3/dd780ae610b8443b9aa035883f29c37b/volumes/1ce2bb73-b227-41fa-9670-7aa5afc035f5 returned with HTTP 404
May 10 17:45:01.729696 dv-cinder-841302-2-iscsi devstack@c-api.service[116902]: [pid: 116902|app: 0|req: 83/178] 10.222.0.60 () {60 vars in 1365 bytes} [Tue May 10 17:45:01 2022] GET /volume/v3/dd780ae610b8443b9aa035883f29c37b/volumes/1ce2bb73-b227-41fa-9670-7aa5afc035f5 => generated 109 bytes in 56 msecs (HTTP/1.1 404) 7 headers in 293 bytes (1 switches on core 0)
May 10 17:45:01.731357 dv-cinder-841302-2-iscsi devstack@c-api.service[116902]: DEBUG cinder.api.middleware.request_id [None req-1dd7e770-7ce7-4721-a38c-ef590d0e4aad None None] RequestId filter calling following filter/app {{(pid=116902) _context_setter /opt/stack/cinder/cinder/api/middleware/request_id.py:62}}
May 10 17:45:01.735020 dv-cinder-841302-2-iscsi devstack@c-api.service[116903]: INFO cinder.api.openstack.wsgi [None req-ef9fc87e-5196-4dba-b379-0996cff3a0b1 tempest-GroupSnapshotsV319Test-1514200574 tempest-GroupSnapshotsV319Test-1514200574-project] GET http://10.222.0.60/volume/v3/c1a0d44fd246445aa04b360404c401e7/volumes/d9d1b5a7-1b21-4e41-ae70-bc3a561a8018
May 10 17:45:01.739045 dv-cinder-841302-2-iscsi devstack@c-api.service[116902]: INFO cinder.api.openstack.wsgi [None req-1dd7e770-7ce7-4721-a38c-ef590d0e4aad tempest-GroupsTest-1056447572 tempest-GroupsTest-1056447572-project] GET http://10.222.0.60/volume/v3/dd780ae610b8443b9aa035883f29c37b/groups/a582c8b1-f944-464f-aa96-48b98fff81c8
May 10 17:45:01.739746 dv-cinder-841302-2-iscsi devstack@c-api.service[116902]: DEBUG cinder.api.openstack.wsgi [None req-1dd7e770-7ce7-4721-a38c-ef590d0e4aad tempest-GroupsTest-1056447572 tempest-GroupsTest-1056447572-project] Empty body provided in request {{(pid=116902) get_body /opt/stack/cinder/cinder/api/openstack/wsgi.py:715}}
May 10 17:45:01.740194 dv-cinder-841302-2-iscsi devstack@c-api.service[116902]: DEBUG cinder.api.openstack.wsgi [None req-1dd7e770-7ce7-4721-a38c-ef590d0e4aad tempest-GroupsTest-1056447572 tempest-GroupsTest-1056447572-project] Calling method 'version_select' {{(pid=116902) _process_stack /opt/stack/cinder/cinder/api/openstack/wsgi.py:868}}
May 10 17:45:01.740536 dv-cinder-841302-2-iscsi devstack@c-api.service[116902]: DEBUG cinder.api.v3.groups [None req-1dd7e770-7ce7-4721-a38c-ef590d0e4aad tempest-GroupsTest-1056447572 tempest-GroupsTest-1056447572-project] show called for member a582c8b1-f944-464f-aa96-48b98fff81c8 {{(pid=116902) show /opt/stack/cinder/cinder/api/v3/groups.py:58}}
May 10 17:45:01.742774 dv-cinder-841302-2-iscsi devstack@c-api.service[116903]: DEBUG cinder.api.openstack.wsgi [None req-ef9fc87e-5196-4dba-b379-0996cff3a0b1 tempest-GroupSnapshotsV319Test-1514200574 tempest-GroupSnapshotsV319Test-1514200574-project] Empty body provided in request {{(pid=116903) get_body /opt/stack/cinder/cinder/api/openstack/wsgi.py:715}}
May 10 17:45:01.744741 dv-cinder-841302-2-iscsi devstack@c-api.service[116903]: DEBUG cinder.api.openstack.wsgi [None req-ef9fc87e-5196-4dba-b379-0996cff3a0b1 tempest-GroupSnapshotsV319Test-1514200574 tempest-GroupSnapshotsV319Test-1514200574-project] Calling method 'show' {{(pid=116903) _process_stack /opt/stack/cinder/cinder/api/openstack/wsgi.py:868}}
May 10 17:45:01.749919 dv-cinder-841302-2-iscsi devstack@c-api.service[116902]: INFO cinder.api.openstack.wsgi [None req-1dd7e770-7ce7-4721-a38c-ef590d0e4aad tempest-GroupsTest-1056447572 tempest-GroupsTest-1056447572-project] http://10.222.0.60/volume/v3/dd780ae610b8443b9aa035883f29c37b/groups/a582c8b1-f944-464f-aa96-48b98fff81c8 returned with HTTP 404
May 10 17:45:01.751301 dv-cinder-841302-2-iscsi devstack@c-api.service[116902]: [pid: 116902|app: 0|req: 84/179] 10.222.0.60 () {60 vars in 1362 bytes} [Tue May 10 17:45:01 2022] GET /volume/v3/dd780ae610b8443b9aa035883f29c37b/groups/a582c8b1-f944-464f-aa96-48b98fff81c8 => generated 108 bytes in 21 msecs (HTTP/1.1 404) 7 headers in 293 bytes (1 switches on core 0)
May 10 17:45:01.756389 dv-cinder-841302-2-iscsi devstack@c-api.service[116902]: DEBUG cinder.api.middleware.request_id [None req-e4f4cbfa-671f-4e0f-af89-f1c121594dc1 None None] RequestId filter calling following filter/app {{(pid=116902) _context_setter /opt/stack/cinder/cinder/api/middleware/request_id.py:62}}
May 10 17:45:01.765194 dv-cinder-841302-2-iscsi devstack@c-api.service[116902]: INFO cinder.api.openstack.wsgi [None req-e4f4cbfa-671f-4e0f-af89-f1c121594dc1 tempest-GroupsTest-1974039708 tempest-GroupsTest-1974039708-project-admin] DELETE http://10.222.0.60/volume/v3/f10a9c8167384c409fd263e1d9e89b47/group_types/83559565-0b4b-4880-b328-8ae6fcdcd414
May 10 17:45:01.765895 dv-cinder-841302-2-iscsi devstack@c-api.service[116902]: DEBUG cinder.api.openstack.wsgi [None req-e4f4cbfa-671f-4e0f-af89-f1c121594dc1 tempest-GroupsTest-1974039708 tempest-GroupsTest-1974039708-project-admin] Empty body provided in request {{(pid=116902) get_body /opt/stack/cinder/cinder/api/openstack/wsgi.py:715}}
May 10 17:45:01.767213 dv-cinder-841302-2-iscsi devstack@c-api.service[116902]: DEBUG cinder.api.openstack.wsgi [None req-e4f4cbfa-671f-4e0f-af89-f1c121594dc1 tempest-GroupsTest-1974039708 tempest-GroupsTest-1974039708-project-admin] Calling method 'version_select' {{(pid=116902) _process_stack /opt/stack/cinder/cinder/api/openstack/wsgi.py:868}}
May 10 17:45:01.783137 dv-cinder-841302-2-iscsi devstack@c-api.service[116903]: /usr/local/lib/python3.8/dist-packages/oslo_context/context.py:100: DeprecationWarning: Policy enforcement is depending on the value of is_admin. This key is deprecated. Please update your policy file to use the standard policy values.
May 10 17:45:01.783137 dv-cinder-841302-2-iscsi devstack@c-api.service[116903]: warnings.warn('Policy enforcement is depending on the value of '
May 10 17:45:01.837333 dv-cinder-841302-2-iscsi devstack@c-api.service[116903]: INFO cinder.volume.api [None req-ef9fc87e-5196-4dba-b379-0996cff3a0b1 tempest-GroupSnapshotsV319Test-1514200574 tempest-GroupSnapshotsV319Test-1514200574-project] Volume info retrieved successfully.
May 10 17:45:01.848439 dv-cinder-841302-2-iscsi devstack@c-api.service[116903]: WARNING stevedore.named [None req-ef9fc87e-5196-4dba-b379-0996cff3a0b1 tempest-GroupSnapshotsV319Test-1514200574 tempest-GroupSnapshotsV319Test-1514200574-project] Could not load cinder.keymgr.conf_key_mgr.ConfKeyManager
May 10 17:45:01.852061 dv-cinder-841302-2-iscsi devstack@c-api.service[116902]: INFO cinder.api.openstack.wsgi [None req-e4f4cbfa-671f-4e0f-af89-f1c121594dc1 tempest-GroupsTest-1974039708 tempest-GroupsTest-1974039708-project-admin] http://10.222.0.60/volume/v3/f10a9c8167384c409fd263e1d9e89b47/group_types/83559565-0b4b-4880-b328-8ae6fcdcd414 returned with HTTP 202
May 10 17:45:01.853487 dv-cinder-841302-2-iscsi devstack@c-api.service[116903]: WARNING castellan.key_manager [None req-ef9fc87e-5196-4dba-b379-0996cff3a0b1 tempest-GroupSnapshotsV319Test-1514200574 tempest-GroupSnapshotsV319Test-1514200574-project] Deprecation Warning : cinder.keymgr.conf_key_mgr.ConfKeyManager is not a stevedore based driver, trying to load it as a class: stevedore.exception.NoMatches: No 'castellan.drivers' driver found, looking for 'cinder.keymgr.conf_key_mgr.ConfKeyManager'
May 10 17:45:01.854830 dv-cinder-841302-2-iscsi devstack@c-api.service[116902]: [pid: 116902|app: 0|req: 85/180] 10.222.0.60 () {60 vars in 1380 bytes} [Tue May 10 17:45:01 2022] DELETE /volume/v3/f10a9c8167384c409fd263e1d9e89b47/group_types/83559565-0b4b-4880-b328-8ae6fcdcd414 => generated 0 bytes in 100 msecs (HTTP/1.1 202) 6 headers in 234 bytes (2 switches on core 0)
May 10 17:45:01.864794 dv-cinder-841302-2-iscsi devstack@c-api.service[116902]: DEBUG cinder.api.middleware.request_id [None req-ece7ecf4-4bd2-43f2-a51b-69de38cf7806 None None] RequestId filter calling following filter/app {{(pid=116902) _context_setter /opt/stack/cinder/cinder/api/middleware/request_id.py:62}}
May 10 17:45:01.877995 dv-cinder-841302-2-iscsi devstack@c-api.service[116902]: INFO cinder.api.openstack.wsgi [None req-ece7ecf4-4bd2-43f2-a51b-69de38cf7806 tempest-GroupsTest-1056447572 tempest-GroupsTest-1056447572-project] DELETE http://10.222.0.60/volume/v3/dd780ae610b8443b9aa035883f29c37b/volumes/ef39d169-10dc-48f5-8673-9fffbb2016ee
May 10 17:45:01.878512 dv-cinder-841302-2-iscsi devstack@c-api.service[116902]: DEBUG cinder.api.openstack.wsgi [None req-ece7ecf4-4bd2-43f2-a51b-69de38cf7806 tempest-GroupsTest-1056447572 tempest-GroupsTest-1056447572-project] Empty body provided in request {{(pid=116902) get_body /opt/stack/cinder/cinder/api/openstack/wsgi.py:715}}
May 10 17:45:01.884670 dv-cinder-841302-2-iscsi devstack@c-api.service[116902]: DEBUG cinder.api.openstack.wsgi [None req-ece7ecf4-4bd2-43f2-a51b-69de38cf7806 tempest-GroupsTest-1056447572 tempest-GroupsTest-1056447572-project] Calling method 'delete' {{(pid=116902) _process_stack /opt/stack/cinder/cinder/api/openstack/wsgi.py:868}}
May 10 17:45:01.885241 dv-cinder-841302-2-iscsi devstack@c-api.service[116902]: INFO cinder.api.v3.volumes [None req-ece7ecf4-4bd2-43f2-a51b-69de38cf7806 tempest-GroupsTest-1056447572 tempest-GroupsTest-1056447572-project] Delete volume with id: ef39d169-10dc-48f5-8673-9fffbb2016ee
May 10 17:45:01.888593 dv-cinder-841302-2-iscsi devstack@c-api.service[116903]: DEBUG oslo_db.sqlalchemy.engines [None req-ef9fc87e-5196-4dba-b379-0996cff3a0b1 tempest-GroupSnapshotsV319Test-1514200574 tempest-GroupSnapshotsV319Test-1514200574-project] MySQL server mode set to STRICT_TRANS_TABLES,STRICT_ALL_TABLES,NO_ZERO_IN_DATE,NO_ZERO_DATE,ERROR_FOR_DIVISION_BY_ZERO,TRADITIONAL,NO_ENGINE_SUBSTITUTION {{(pid=116903) _check_effective_sql_mode /usr/local/lib/python3.8/dist-packages/oslo_db/sqlalchemy/engines.py:314}}
May 10 17:45:01.896798 dv-cinder-841302-2-iscsi devstack@c-api.service[116903]: /usr/local/lib/python3.8/dist-packages/oslo_context/context.py:100: DeprecationWarning: Policy enforcement is depending on the value of is_admin. This key is deprecated. Please update your policy file to use the standard policy values.
May 10 17:45:01.896798 dv-cinder-841302-2-iscsi devstack@c-api.service[116903]: warnings.warn('Policy enforcement is depending on the value of '
May 10 17:45:01.905927 dv-cinder-841302-2-iscsi devstack@c-api.service[116902]: INFO cinder.api.openstack.wsgi [None req-ece7ecf4-4bd2-43f2-a51b-69de38cf7806 tempest-GroupsTest-1056447572 tempest-GroupsTest-1056447572-project] http://10.222.0.60/volume/v3/dd780ae610b8443b9aa035883f29c37b/volumes/ef39d169-10dc-48f5-8673-9fffbb2016ee returned with HTTP 404
May 10 17:45:01.907517 dv-cinder-841302-2-iscsi devstack@c-api.service[116902]: [pid: 116902|app: 0|req: 86/181] 10.222.0.60 () {60 vars in 1368 bytes} [Tue May 10 17:45:01 2022] DELETE /volume/v3/dd780ae610b8443b9aa035883f29c37b/volumes/ef39d169-10dc-48f5-8673-9fffbb2016ee => generated 109 bytes in 46 msecs (HTTP/1.1 404) 7 headers in 293 bytes (1 switches on core 0)
May 10 17:45:01.914416 dv-cinder-841302-2-iscsi devstack@c-api.service[116902]: DEBUG cinder.api.middleware.request_id [None req-9a5fe23b-737b-43e5-a17d-f4967284f162 None None] RequestId filter calling following filter/app {{(pid=116902) _context_setter /opt/stack/cinder/cinder/api/middleware/request_id.py:62}}
May 10 17:45:01.923245 dv-cinder-841302-2-iscsi devstack@c-api.service[116903]: INFO cinder.api.openstack.wsgi [None req-ef9fc87e-5196-4dba-b379-0996cff3a0b1 tempest-GroupSnapshotsV319Test-1514200574 tempest-GroupSnapshotsV319Test-1514200574-project] http://10.222.0.60/volume/v3/c1a0d44fd246445aa04b360404c401e7/volumes/d9d1b5a7-1b21-4e41-ae70-bc3a561a8018 returned with HTTP 200
May 10 17:45:01.925013 dv-cinder-841302-2-iscsi devstack@c-api.service[116903]: [pid: 116903|app: 0|req: 96/182] 10.222.0.60 () {60 vars in 1365 bytes} [Tue May 10 17:45:01 2022] GET /volume/v3/c1a0d44fd246445aa04b360404c401e7/volumes/d9d1b5a7-1b21-4e41-ae70-bc3a561a8018 => generated 983 bytes in 211 msecs (HTTP/1.1 200) 7 headers in 286 bytes (2 switches on core 0)
May 10 17:45:01.928935 dv-cinder-841302-2-iscsi devstack@c-api.service[116902]: INFO cinder.api.openstack.wsgi [None req-9a5fe23b-737b-43e5-a17d-f4967284f162 tempest-GroupsTest-1056447572 tempest-GroupsTest-1056447572-project] DELETE http://10.222.0.60/volume/v3/dd780ae610b8443b9aa035883f29c37b/volumes/1ce2bb73-b227-41fa-9670-7aa5afc035f5
May 10 17:45:01.929868 dv-cinder-841302-2-iscsi devstack@c-api.service[116902]: DEBUG cinder.api.openstack.wsgi [None req-9a5fe23b-737b-43e5-a17d-f4967284f162 tempest-GroupsTest-1056447572 tempest-GroupsTest-1056447572-project] Empty body provided in request {{(pid=116902) get_body /opt/stack/cinder/cinder/api/openstack/wsgi.py:715}}
May 10 17:45:01.930996 dv-cinder-841302-2-iscsi devstack@c-api.service[116902]: DEBUG cinder.api.openstack.wsgi [None req-9a5fe23b-737b-43e5-a17d-f4967284f162 tempest-GroupsTest-1056447572 tempest-GroupsTest-1056447572-project] Calling method 'delete' {{(pid=116902) _process_stack /opt/stack/cinder/cinder/api/openstack/wsgi.py:868}}
May 10 17:45:01.931667 dv-cinder-841302-2-iscsi devstack@c-api.service[116902]: INFO cinder.api.v3.volumes [None req-9a5fe23b-737b-43e5-a17d-f4967284f162 tempest-GroupsTest-1056447572 tempest-GroupsTest-1056447572-project] Delete volume with id: 1ce2bb73-b227-41fa-9670-7aa5afc035f5
May 10 17:45:01.947306 dv-cinder-841302-2-iscsi devstack@c-api.service[116902]: INFO cinder.api.openstack.wsgi [None req-9a5fe23b-737b-43e5-a17d-f4967284f162 tempest-GroupsTest-1056447572 tempest-GroupsTest-1056447572-project] http://10.222.0.60/volume/v3/dd780ae610b8443b9aa035883f29c37b/volumes/1ce2bb73-b227-41fa-9670-7aa5afc035f5 returned with HTTP 404
May 10 17:45:01.949086 dv-cinder-841302-2-iscsi devstack@c-api.service[116902]: [pid: 116902|app: 0|req: 87/183] 10.222.0.60 () {60 vars in 1368 bytes} [Tue May 10 17:45:01 2022] DELETE /volume/v3/dd780ae610b8443b9aa035883f29c37b/volumes/1ce2bb73-b227-41fa-9670-7aa5afc035f5 => generated 109 bytes in 38 msecs (HTTP/1.1 404) 7 headers in 293 bytes (1 switches on core 0)
May 10 17:45:01.953563 dv-cinder-841302-2-iscsi devstack@c-api.service[116903]: DEBUG cinder.api.middleware.request_id [None req-b11b0b81-b59d-48b6-83f9-5d21db21796c None None] RequestId filter calling following filter/app {{(pid=116903) _context_setter /opt/stack/cinder/cinder/api/middleware/request_id.py:62}}
May 10 17:45:01.958626 dv-cinder-841302-2-iscsi devstack@c-api.service[116903]: INFO cinder.api.openstack.wsgi [None req-b11b0b81-b59d-48b6-83f9-5d21db21796c tempest-GroupsTest-1974039708 tempest-GroupsTest-1974039708-project-admin] DELETE http://10.222.0.60/volume/v3/f10a9c8167384c409fd263e1d9e89b47/types/53c649a5-8557-4e0e-a12c-c1dc5df8ccc1
May 10 17:45:01.959302 dv-cinder-841302-2-iscsi devstack@c-api.service[116903]: DEBUG cinder.api.openstack.wsgi [None req-b11b0b81-b59d-48b6-83f9-5d21db21796c tempest-GroupsTest-1974039708 tempest-GroupsTest-1974039708-project-admin] Empty body provided in request {{(pid=116903) get_body /opt/stack/cinder/cinder/api/openstack/wsgi.py:715}}
May 10 17:45:01.959902 dv-cinder-841302-2-iscsi devstack@c-api.service[116903]: DEBUG cinder.api.openstack.wsgi [None req-b11b0b81-b59d-48b6-83f9-5d21db21796c tempest-GroupsTest-1974039708 tempest-GroupsTest-1974039708-project-admin] Calling method '_delete' {{(pid=116903) _process_stack /opt/stack/cinder/cinder/api/openstack/wsgi.py:868}}
May 10 17:45:02.021683 dv-cinder-841302-2-iscsi devstack@c-api.service[116903]: INFO cinder.api.openstack.wsgi [None req-b11b0b81-b59d-48b6-83f9-5d21db21796c tempest-GroupsTest-1974039708 tempest-GroupsTest-1974039708-project-admin] http://10.222.0.60/volume/v3/f10a9c8167384c409fd263e1d9e89b47/types/53c649a5-8557-4e0e-a12c-c1dc5df8ccc1 returned with HTTP 202
May 10 17:45:02.023427 dv-cinder-841302-2-iscsi devstack@c-api.service[116903]: [pid: 116903|app: 0|req: 97/184] 10.222.0.60 () {58 vars in 1321 bytes} [Tue May 10 17:45:01 2022] DELETE /volume/v3/f10a9c8167384c409fd263e1d9e89b47/types/53c649a5-8557-4e0e-a12c-c1dc5df8ccc1 => generated 0 bytes in 71 msecs (HTTP/1.1 202) 6 headers in 233 bytes (2 switches on core 0)
May 10 17:45:02.028356 dv-cinder-841302-2-iscsi devstack@c-api.service[116902]: DEBUG cinder.api.middleware.request_id [None req-1228fb70-54bd-489a-96ed-24469b65e203 None None] RequestId filter calling following filter/app {{(pid=116902) _context_setter /opt/stack/cinder/cinder/api/middleware/request_id.py:62}}
May 10 17:45:02.035356 dv-cinder-841302-2-iscsi devstack@c-api.service[116902]: INFO cinder.api.openstack.wsgi [None req-1228fb70-54bd-489a-96ed-24469b65e203 tempest-GroupsTest-1974039708 tempest-GroupsTest-1974039708-project-admin] GET http://10.222.0.60/volume/v3/f10a9c8167384c409fd263e1d9e89b47/types/53c649a5-8557-4e0e-a12c-c1dc5df8ccc1
May 10 17:45:02.036154 dv-cinder-841302-2-iscsi devstack@c-api.service[116902]: DEBUG cinder.api.openstack.wsgi [None req-1228fb70-54bd-489a-96ed-24469b65e203 tempest-GroupsTest-1974039708 tempest-GroupsTest-1974039708-project-admin] Empty body provided in request {{(pid=116902) get_body /opt/stack/cinder/cinder/api/openstack/wsgi.py:715}}
May 10 17:45:02.036962 dv-cinder-841302-2-iscsi devstack@c-api.service[116902]: DEBUG cinder.api.openstack.wsgi [None req-1228fb70-54bd-489a-96ed-24469b65e203 tempest-GroupsTest-1974039708 tempest-GroupsTest-1974039708-project-admin] Calling method 'show' {{(pid=116902) _process_stack /opt/stack/cinder/cinder/api/openstack/wsgi.py:868}}
May 10 17:45:02.047981 dv-cinder-841302-2-iscsi devstack@c-api.service[116902]: INFO cinder.api.openstack.wsgi [None req-1228fb70-54bd-489a-96ed-24469b65e203 tempest-GroupsTest-1974039708 tempest-GroupsTest-1974039708-project-admin] http://10.222.0.60/volume/v3/f10a9c8167384c409fd263e1d9e89b47/types/53c649a5-8557-4e0e-a12c-c1dc5df8ccc1 returned with HTTP 404
May 10 17:45:02.049757 dv-cinder-841302-2-iscsi devstack@c-api.service[116902]: [pid: 116902|app: 0|req: 88/185] 10.222.0.60 () {58 vars in 1318 bytes} [Tue May 10 17:45:02 2022] GET /volume/v3/f10a9c8167384c409fd263e1d9e89b47/types/53c649a5-8557-4e0e-a12c-c1dc5df8ccc1 => generated 114 bytes in 23 msecs (HTTP/1.1 404) 7 headers in 292 bytes (1 switches on core 0)
May 10 17:45:02.055491 dv-cinder-841302-2-iscsi devstack@c-api.service[116903]: DEBUG cinder.api.middleware.request_id [None req-872b8585-1680-42fb-9e99-84624d3affc0 None None] RequestId filter calling following filter/app {{(pid=116903) _context_setter /opt/stack/cinder/cinder/api/middleware/request_id.py:62}}
May 10 17:45:02.060330 dv-cinder-841302-2-iscsi devstack@c-api.service[116903]: INFO cinder.api.openstack.wsgi [None req-872b8585-1680-42fb-9e99-84624d3affc0 tempest-GroupsTest-1974039708 tempest-GroupsTest-1974039708-project-admin] DELETE http://10.222.0.60/volume/v3/f10a9c8167384c409fd263e1d9e89b47/types/11ae0004-2f52-4966-93e2-38f7294e0a6e
May 10 17:45:02.061180 dv-cinder-841302-2-iscsi devstack@c-api.service[116903]: DEBUG cinder.api.openstack.wsgi [None req-872b8585-1680-42fb-9e99-84624d3affc0 tempest-GroupsTest-1974039708 tempest-GroupsTest-1974039708-project-admin] Empty body provided in request {{(pid=116903) get_body /opt/stack/cinder/cinder/api/openstack/wsgi.py:715}}
May 10 17:45:02.062185 dv-cinder-841302-2-iscsi devstack@c-api.service[116903]: DEBUG cinder.api.openstack.wsgi [None req-872b8585-1680-42fb-9e99-84624d3affc0 tempest-GroupsTest-1974039708 tempest-GroupsTest-1974039708-project-admin] Calling method '_delete' {{(pid=116903) _process_stack /opt/stack/cinder/cinder/api/openstack/wsgi.py:868}}
May 10 17:45:02.122001 dv-cinder-841302-2-iscsi devstack@c-api.service[116903]: INFO cinder.api.openstack.wsgi [None req-872b8585-1680-42fb-9e99-84624d3affc0 tempest-GroupsTest-1974039708 tempest-GroupsTest-1974039708-project-admin] http://10.222.0.60/volume/v3/f10a9c8167384c409fd263e1d9e89b47/types/11ae0004-2f52-4966-93e2-38f7294e0a6e returned with HTTP 202
May 10 17:45:02.124637 dv-cinder-841302-2-iscsi devstack@c-api.service[116903]: [pid: 116903|app: 0|req: 98/186] 10.222.0.60 () {58 vars in 1321 bytes} [Tue May 10 17:45:02 2022] DELETE /volume/v3/f10a9c8167384c409fd263e1d9e89b47/types/11ae0004-2f52-4966-93e2-38f7294e0a6e => generated 0 bytes in 71 msecs (HTTP/1.1 202) 6 headers in 233 bytes (1 switches on core 0)
May 10 17:45:02.127841 dv-cinder-841302-2-iscsi devstack@c-api.service[116902]: DEBUG cinder.api.middleware.request_id [None req-e1119236-67a3-4569-980a-7e7c6430998e None None] RequestId filter calling following filter/app {{(pid=116902) _context_setter /opt/stack/cinder/cinder/api/middleware/request_id.py:62}}
May 10 17:45:02.135724 dv-cinder-841302-2-iscsi devstack@c-api.service[116902]: INFO cinder.api.openstack.wsgi [None req-e1119236-67a3-4569-980a-7e7c6430998e tempest-GroupsTest-1974039708 tempest-GroupsTest-1974039708-project-admin] GET http://10.222.0.60/volume/v3/f10a9c8167384c409fd263e1d9e89b47/types/11ae0004-2f52-4966-93e2-38f7294e0a6e
May 10 17:45:02.136147 dv-cinder-841302-2-iscsi devstack@c-api.service[116902]: DEBUG cinder.api.openstack.wsgi [None req-e1119236-67a3-4569-980a-7e7c6430998e tempest-GroupsTest-1974039708 tempest-GroupsTest-1974039708-project-admin] Empty body provided in request {{(pid=116902) get_body /opt/stack/cinder/cinder/api/openstack/wsgi.py:715}}
May 10 17:45:02.136756 dv-cinder-841302-2-iscsi devstack@c-api.service[116902]: DEBUG cinder.api.openstack.wsgi [None req-e1119236-67a3-4569-980a-7e7c6430998e tempest-GroupsTest-1974039708 tempest-GroupsTest-1974039708-project-admin] Calling method 'show' {{(pid=116902) _process_stack /opt/stack/cinder/cinder/api/openstack/wsgi.py:868}}
May 10 17:45:02.148043 dv-cinder-841302-2-iscsi devstack@c-api.service[116902]: INFO cinder.api.openstack.wsgi [None req-e1119236-67a3-4569-980a-7e7c6430998e tempest-GroupsTest-1974039708 tempest-GroupsTest-1974039708-project-admin] http://10.222.0.60/volume/v3/f10a9c8167384c409fd263e1d9e89b47/types/11ae0004-2f52-4966-93e2-38f7294e0a6e returned with HTTP 404
May 10 17:45:02.149744 dv-cinder-841302-2-iscsi devstack@c-api.service[116902]: [pid: 116902|app: 0|req: 89/187] 10.222.0.60 () {58 vars in 1318 bytes} [Tue May 10 17:45:02 2022] GET /volume/v3/f10a9c8167384c409fd263e1d9e89b47/types/11ae0004-2f52-4966-93e2-38f7294e0a6e => generated 114 bytes in 23 msecs (HTTP/1.1 404) 7 headers in 292 bytes (1 switches on core 0)
May 10 17:45:02.937876 dv-cinder-841302-2-iscsi devstack@c-api.service[116903]: DEBUG cinder.api.middleware.request_id [None req-3c083a97-899f-4850-be18-f512a31960f0 None None] RequestId filter calling following filter/app {{(pid=116903) _context_setter /opt/stack/cinder/cinder/api/middleware/request_id.py:62}}
May 10 17:45:02.942197 dv-cinder-841302-2-iscsi devstack@c-api.service[116903]: INFO cinder.api.openstack.wsgi [None req-3c083a97-899f-4850-be18-f512a31960f0 tempest-GroupSnapshotsV319Test-1514200574 tempest-GroupSnapshotsV319Test-1514200574-project] GET http://10.222.0.60/volume/v3/c1a0d44fd246445aa04b360404c401e7/volumes/d9d1b5a7-1b21-4e41-ae70-bc3a561a8018
May 10 17:45:02.944014 dv-cinder-841302-2-iscsi devstack@c-api.service[116903]: DEBUG cinder.api.openstack.wsgi [None req-3c083a97-899f-4850-be18-f512a31960f0 tempest-GroupSnapshotsV319Test-1514200574 tempest-GroupSnapshotsV319Test-1514200574-project] Empty body provided in request {{(pid=116903) get_body /opt/stack/cinder/cinder/api/openstack/wsgi.py:715}}
May 10 17:45:02.944776 dv-cinder-841302-2-iscsi devstack@c-api.service[116903]: DEBUG cinder.api.openstack.wsgi [None req-3c083a97-899f-4850-be18-f512a31960f0 tempest-GroupSnapshotsV319Test-1514200574 tempest-GroupSnapshotsV319Test-1514200574-project] Calling method 'show' {{(pid=116903) _process_stack /opt/stack/cinder/cinder/api/openstack/wsgi.py:868}}
May 10 17:45:02.985073 dv-cinder-841302-2-iscsi devstack@c-api.service[116903]: /usr/local/lib/python3.8/dist-packages/oslo_context/context.py:100: DeprecationWarning: Policy enforcement is depending on the value of is_admin. This key is deprecated. Please update your policy file to use the standard policy values.
May 10 17:45:02.985073 dv-cinder-841302-2-iscsi devstack@c-api.service[116903]: warnings.warn('Policy enforcement is depending on the value of '
May 10 17:45:03.034358 dv-cinder-841302-2-iscsi devstack@c-api.service[116903]: INFO cinder.volume.api [None req-3c083a97-899f-4850-be18-f512a31960f0 tempest-GroupSnapshotsV319Test-1514200574 tempest-GroupSnapshotsV319Test-1514200574-project] Volume info retrieved successfully.
May 10 17:45:03.036287 dv-cinder-841302-2-iscsi devstack@c-api.service[116903]: WARNING stevedore.named [None req-3c083a97-899f-4850-be18-f512a31960f0 tempest-GroupSnapshotsV319Test-1514200574 tempest-GroupSnapshotsV319Test-1514200574-project] Could not load cinder.keymgr.conf_key_mgr.ConfKeyManager
May 10 17:45:03.036761 dv-cinder-841302-2-iscsi devstack@c-api.service[116903]: WARNING castellan.key_manager [None req-3c083a97-899f-4850-be18-f512a31960f0 tempest-GroupSnapshotsV319Test-1514200574 tempest-GroupSnapshotsV319Test-1514200574-project] Deprecation Warning : cinder.keymgr.conf_key_mgr.ConfKeyManager is not a stevedore based driver, trying to load it as a class: stevedore.exception.NoMatches: No 'castellan.drivers' driver found, looking for 'cinder.keymgr.conf_key_mgr.ConfKeyManager'
May 10 17:45:03.054326 dv-cinder-841302-2-iscsi devstack@c-api.service[116903]: DEBUG oslo_db.sqlalchemy.engines [None req-3c083a97-899f-4850-be18-f512a31960f0 tempest-GroupSnapshotsV319Test-1514200574 tempest-GroupSnapshotsV319Test-1514200574-project] MySQL server mode set to STRICT_TRANS_TABLES,STRICT_ALL_TABLES,NO_ZERO_IN_DATE,NO_ZERO_DATE,ERROR_FOR_DIVISION_BY_ZERO,TRADITIONAL,NO_ENGINE_SUBSTITUTION {{(pid=116903) _check_effective_sql_mode /usr/local/lib/python3.8/dist-packages/oslo_db/sqlalchemy/engines.py:314}}
May 10 17:45:03.065407 dv-cinder-841302-2-iscsi devstack@c-api.service[116903]: /usr/local/lib/python3.8/dist-packages/oslo_context/context.py:100: DeprecationWarning: Policy enforcement is depending on the value of is_admin. This key is deprecated. Please update your policy file to use the standard policy values.
May 10 17:45:03.065407 dv-cinder-841302-2-iscsi devstack@c-api.service[116903]: warnings.warn('Policy enforcement is depending on the value of '
May 10 17:45:03.088958 dv-cinder-841302-2-iscsi devstack@c-api.service[116903]: INFO cinder.api.openstack.wsgi [None req-3c083a97-899f-4850-be18-f512a31960f0 tempest-GroupSnapshotsV319Test-1514200574 tempest-GroupSnapshotsV319Test-1514200574-project] http://10.222.0.60/volume/v3/c1a0d44fd246445aa04b360404c401e7/volumes/d9d1b5a7-1b21-4e41-ae70-bc3a561a8018 returned with HTTP 200
May 10 17:45:03.095157 dv-cinder-841302-2-iscsi devstack@c-api.service[116903]: [pid: 116903|app: 0|req: 99/188] 10.222.0.60 () {60 vars in 1365 bytes} [Tue May 10 17:45:02 2022] GET /volume/v3/c1a0d44fd246445aa04b360404c401e7/volumes/d9d1b5a7-1b21-4e41-ae70-bc3a561a8018 => generated 1008 bytes in 159 msecs (HTTP/1.1 200) 7 headers in 287 bytes (2 switches on core 0)
May 10 17:45:03.109398 dv-cinder-841302-2-iscsi devstack@c-api.service[116902]: DEBUG cinder.api.middleware.request_id [None req-caa8899d-1bad-465c-8b39-29760cd07a9e None None] RequestId filter calling following filter/app {{(pid=116902) _context_setter /opt/stack/cinder/cinder/api/middleware/request_id.py:62}}
May 10 17:45:03.113904 dv-cinder-841302-2-iscsi devstack@c-api.service[116902]: INFO cinder.api.openstack.wsgi [None req-caa8899d-1bad-465c-8b39-29760cd07a9e tempest-GroupSnapshotsV319Test-1514200574 tempest-GroupSnapshotsV319Test-1514200574-project] POST http://10.222.0.60/volume/v3/c1a0d44fd246445aa04b360404c401e7/group_snapshots
May 10 17:45:03.114752 dv-cinder-841302-2-iscsi devstack@c-api.service[116902]: DEBUG cinder.api.openstack.wsgi [None req-caa8899d-1bad-465c-8b39-29760cd07a9e tempest-GroupSnapshotsV319Test-1514200574 tempest-GroupSnapshotsV319Test-1514200574-project] Action: 'create', calling method: version_select, body: {"group_snapshot": {"group_id": "a8cf39db-c94d-4a6e-a48e-7a7e791804da", "name": "tempest-GroupSnapshotsV319Test-Group_Snapshot-1584638680"}} {{(pid=116902) _process_stack /opt/stack/cinder/cinder/api/openstack/wsgi.py:866}}
May 10 17:45:03.115905 dv-cinder-841302-2-iscsi devstack@c-api.service[116902]: DEBUG cinder.api.v3.group_snapshots [None req-caa8899d-1bad-465c-8b39-29760cd07a9e tempest-GroupSnapshotsV319Test-1514200574 tempest-GroupSnapshotsV319Test-1514200574-project] Creating new group_snapshot {'group_snapshot': {'group_id': 'a8cf39db-c94d-4a6e-a48e-7a7e791804da', 'name': 'tempest-GroupSnapshotsV319Test-Group_Snapshot-1584638680'}} {{(pid=116902) create /opt/stack/cinder/cinder/api/v3/group_snapshots.py:154}}
May 10 17:45:03.123971 dv-cinder-841302-2-iscsi devstack@c-api.service[116902]: /usr/local/lib/python3.8/dist-packages/oslo_context/context.py:100: DeprecationWarning: Policy enforcement is depending on the value of is_admin. This key is deprecated. Please update your policy file to use the standard policy values.
