May 23 15:31:13.950660 dv-cinder-841125-8-iscsi devstack@placement-api.service[104563]: [pid: 104563|app: 0|req: 22/45] 10.222.0.30 () {60 vars in 1351 bytes} [Mon May 23 15:31:13 2022] DELETE /placement/resource_providers/4c0d77b8-73a4-4e36-963d-930440534365 => generated 246 bytes in 12 msecs (HTTP/1.1 404) 6 headers in 231 bytes (1 switches on core 0)
May 23 15:31:23.932391 dv-cinder-841125-8-iscsi devstack@placement-api.service[104562]: DEBUG dbcounter [-] [104562] Writing DB stats placement:SELECT=6 {{(pid=104562) stat_writer /usr/local/lib/python3.8/dist-packages/dbcounter.py:114}}
May 23 15:31:23.952543 dv-cinder-841125-8-iscsi devstack@placement-api.service[104563]: DEBUG dbcounter [-] [104563] Writing DB stats placement:SELECT=13,placement:DELETE=2 {{(pid=104563) stat_writer /usr/local/lib/python3.8/dist-packages/dbcounter.py:114}}
May 23 15:31:44.032394 dv-cinder-841125-8-iscsi devstack@placement-api.service[104562]: DEBUG placement.requestlog [req-c5d4e614-30d0-4f87-beec-4531d1175acb req-290d5bea-1490-4eaa-8d3f-01a6bf858820 None None] Starting request: 10.222.0.72 "GET /placement/resource_providers/719000fd-64c6-4e44-a230-1f151e09e02f/allocations" {{(pid=104562) __call__ /opt/stack/placement/placement/requestlog.py:55}}
May 23 15:31:44.066658 dv-cinder-841125-8-iscsi devstack@placement-api.service[104562]: INFO placement.requestlog [req-c5d4e614-30d0-4f87-beec-4531d1175acb req-290d5bea-1490-4eaa-8d3f-01a6bf858820 service placement] 10.222.0.72 "GET /placement/resource_providers/719000fd-64c6-4e44-a230-1f151e09e02f/allocations" status: 200 len: 557 microversion: 1.0
May 23 15:31:44.066997 dv-cinder-841125-8-iscsi devstack@placement-api.service[104562]: [pid: 104562|app: 0|req: 24/46] 10.222.0.72 () {58 vars in 1390 bytes} [Mon May 23 15:31:44 2022] GET /placement/resource_providers/719000fd-64c6-4e44-a230-1f151e09e02f/allocations => generated 557 bytes in 35 msecs (HTTP/1.1 200) 6 headers in 224 bytes (1 switches on core 0)
May 23 15:31:48.214013 dv-cinder-841125-8-iscsi devstack@placement-api.service[104563]: DEBUG placement.requestlog [req-adbbb73e-7895-4862-b40a-d4108c4dd0fe req-c9a22533-743a-4ffd-830d-85fb866c30a1 None None] Starting request: 10.222.0.30 "GET /placement/allocation_candidates?limit=1000&resources=DISK_GB%3A1%2CMEMORY_MB%3A1024%2CVCPU%3A1&root_required=%21COMPUTE_STATUS_DISABLED" {{(pid=104563) __call__ /opt/stack/placement/placement/requestlog.py:55}}
May 23 15:31:48.262097 dv-cinder-841125-8-iscsi devstack@placement-api.service[104563]: DEBUG placement.objects.research_context [req-adbbb73e-7895-4862-b40a-d4108c4dd0fe req-c9a22533-743a-4ffd-830d-85fb866c30a1 service placement] getting providers with 1 DISK_GB {{(pid=104563) __init__ /opt/stack/placement/placement/objects/research_context.py:136}}
May 23 15:31:48.268288 dv-cinder-841125-8-iscsi devstack@placement-api.service[104563]: DEBUG placement.objects.research_context [req-adbbb73e-7895-4862-b40a-d4108c4dd0fe req-c9a22533-743a-4ffd-830d-85fb866c30a1 service placement] getting providers with 1024 MEMORY_MB {{(pid=104563) __init__ /opt/stack/placement/placement/objects/research_context.py:136}}
May 23 15:31:48.277949 dv-cinder-841125-8-iscsi devstack@placement-api.service[104563]: DEBUG placement.objects.research_context [req-adbbb73e-7895-4862-b40a-d4108c4dd0fe req-c9a22533-743a-4ffd-830d-85fb866c30a1 service placement] getting providers with 1 VCPU {{(pid=104563) __init__ /opt/stack/placement/placement/objects/research_context.py:136}}
May 23 15:31:48.289933 dv-cinder-841125-8-iscsi devstack@placement-api.service[104563]: DEBUG placement.objects.research_context [req-adbbb73e-7895-4862-b40a-d4108c4dd0fe req-c9a22533-743a-4ffd-830d-85fb866c30a1 service placement] found 1 providers with available 1 DISK_GB {{(pid=104563) get_provider_ids_matching /opt/stack/placement/placement/objects/research_context.py:563}}
May 23 15:31:48.290386 dv-cinder-841125-8-iscsi devstack@placement-api.service[104563]: DEBUG placement.objects.research_context [req-adbbb73e-7895-4862-b40a-d4108c4dd0fe req-c9a22533-743a-4ffd-830d-85fb866c30a1 service placement] found 1 providers with available 1024 MEMORY_MB {{(pid=104563) get_provider_ids_matching /opt/stack/placement/placement/objects/research_context.py:563}}
May 23 15:31:48.290810 dv-cinder-841125-8-iscsi devstack@placement-api.service[104563]: DEBUG placement.objects.research_context [req-adbbb73e-7895-4862-b40a-d4108c4dd0fe req-c9a22533-743a-4ffd-830d-85fb866c30a1 service placement] found 1 providers after filtering by previous result {{(pid=104563) get_provider_ids_matching /opt/stack/placement/placement/objects/research_context.py:594}}
May 23 15:31:48.291397 dv-cinder-841125-8-iscsi devstack@placement-api.service[104563]: DEBUG placement.objects.research_context [req-adbbb73e-7895-4862-b40a-d4108c4dd0fe req-c9a22533-743a-4ffd-830d-85fb866c30a1 service placement] found 1 providers with available 1 VCPU {{(pid=104563) get_provider_ids_matching /opt/stack/placement/placement/objects/research_context.py:563}}
May 23 15:31:48.291746 dv-cinder-841125-8-iscsi devstack@placement-api.service[104563]: DEBUG placement.objects.research_context [req-adbbb73e-7895-4862-b40a-d4108c4dd0fe req-c9a22533-743a-4ffd-830d-85fb866c30a1 service placement] found 1 providers after filtering by previous result {{(pid=104563) get_provider_ids_matching /opt/stack/placement/placement/objects/research_context.py:594}}
May 23 15:31:48.302870 dv-cinder-841125-8-iscsi devstack@placement-api.service[104563]: DEBUG placement.objects.allocation_candidate [req-adbbb73e-7895-4862-b40a-d4108c4dd0fe req-c9a22533-743a-4ffd-830d-85fb866c30a1 service placement] RequestGroup(use_same_provider=False, resources={DISK_GB:1, MEMORY_MB:1024, VCPU:1}, traits=(), aggregates=[]) (suffix '') returned 1 matches {{(pid=104563) _get_by_requests /opt/stack/placement/placement/objects/allocation_candidate.py:156}}
May 23 15:31:48.303216 dv-cinder-841125-8-iscsi devstack@placement-api.service[104563]: DEBUG placement.objects.allocation_candidate [req-adbbb73e-7895-4862-b40a-d4108c4dd0fe req-c9a22533-743a-4ffd-830d-85fb866c30a1 service placement] Merging candidates yields 1 allocation requests and 1 provider summaries {{(pid=104563) _merge_candidates /opt/stack/placement/placement/objects/allocation_candidate.py:809}}
May 23 15:31:48.304639 dv-cinder-841125-8-iscsi devstack@placement-api.service[104563]: INFO placement.requestlog [req-adbbb73e-7895-4862-b40a-d4108c4dd0fe req-c9a22533-743a-4ffd-830d-85fb866c30a1 service placement] 10.222.0.30 "GET /placement/allocation_candidates?limit=1000&resources=DISK_GB%3A1%2CMEMORY_MB%3A1024%2CVCPU%3A1&root_required=%21COMPUTE_STATUS_DISABLED" status: 200 len: 767 microversion: 1.36
May 23 15:31:48.305213 dv-cinder-841125-8-iscsi devstack@placement-api.service[104563]: [pid: 104563|app: 0|req: 23/47] 10.222.0.30 () {60 vars in 1506 bytes} [Mon May 23 15:31:48 2022] GET /placement/allocation_candidates?limit=1000&resources=DISK_GB%3A1%2CMEMORY_MB%3A1024%2CVCPU%3A1&root_required=%21COMPUTE_STATUS_DISABLED => generated 767 bytes in 95 msecs (HTTP/1.1 200) 8 headers in 296 bytes (1 switches on core 0)
May 23 15:31:48.346445 dv-cinder-841125-8-iscsi devstack@placement-api.service[104562]: DEBUG placement.requestlog [req-adbbb73e-7895-4862-b40a-d4108c4dd0fe req-ebbcd181-2a9d-413a-9698-b6bbe0972f03 None None] Starting request: 10.222.0.30 "GET /placement/allocations/55f39cba-5943-42d5-9322-58f3af0d39f8" {{(pid=104562) __call__ /opt/stack/placement/placement/requestlog.py:55}}
May 23 15:31:48.366076 dv-cinder-841125-8-iscsi devstack@placement-api.service[104562]: INFO placement.requestlog [req-adbbb73e-7895-4862-b40a-d4108c4dd0fe req-ebbcd181-2a9d-413a-9698-b6bbe0972f03 service placement] 10.222.0.30 "GET /placement/allocations/55f39cba-5943-42d5-9322-58f3af0d39f8" status: 200 len: 19 microversion: 1.28
May 23 15:31:48.366843 dv-cinder-841125-8-iscsi devstack@placement-api.service[104562]: [pid: 104562|app: 0|req: 25/48] 10.222.0.30 () {60 vars in 1380 bytes} [Mon May 23 15:31:48 2022] GET /placement/allocations/55f39cba-5943-42d5-9322-58f3af0d39f8 => generated 19 bytes in 21 msecs (HTTP/1.1 200) 8 headers in 295 bytes (1 switches on core 0)
May 23 15:31:48.374659 dv-cinder-841125-8-iscsi devstack@placement-api.service[104563]: DEBUG placement.requestlog [req-adbbb73e-7895-4862-b40a-d4108c4dd0fe req-04b33f04-115c-41ac-a945-aae1f6628fb6 None None] Starting request: 10.222.0.30 "PUT /placement/allocations/55f39cba-5943-42d5-9322-58f3af0d39f8" {{(pid=104563) __call__ /opt/stack/placement/placement/requestlog.py:55}}
May 23 15:31:48.481216 dv-cinder-841125-8-iscsi devstack@placement-api.service[104563]: DEBUG placement.handlers.allocation [req-adbbb73e-7895-4862-b40a-d4108c4dd0fe req-04b33f04-115c-41ac-a945-aae1f6628fb6 service placement] Successfully wrote allocations [, , ] {{(pid=104563) _update_consumers_and_create_allocations /opt/stack/placement/placement/handlers/allocation.py:462}}
May 23 15:31:48.485324 dv-cinder-841125-8-iscsi devstack@placement-api.service[104563]: INFO placement.requestlog [req-adbbb73e-7895-4862-b40a-d4108c4dd0fe req-04b33f04-115c-41ac-a945-aae1f6628fb6 service placement] 10.222.0.30 "PUT /placement/allocations/55f39cba-5943-42d5-9322-58f3af0d39f8" status: 204 len: 0 microversion: 1.36
May 23 15:31:48.485771 dv-cinder-841125-8-iscsi devstack@placement-api.service[104563]: [pid: 104563|app: 0|req: 24/49] 10.222.0.30 () {64 vars in 1433 bytes} [Mon May 23 15:31:48 2022] PUT /placement/allocations/55f39cba-5943-42d5-9322-58f3af0d39f8 => generated 0 bytes in 111 msecs (HTTP/1.1 204) 5 headers in 199 bytes (2 switches on core 0)
May 23 15:31:48.852239 dv-cinder-841125-8-iscsi devstack@placement-api.service[104562]: DEBUG placement.requestlog [req-adbbb73e-7895-4862-b40a-d4108c4dd0fe req-6bec7250-d7b5-46fa-a56a-91c7dd752bed None None] Starting request: 10.222.0.72 "GET /placement/allocations/55f39cba-5943-42d5-9322-58f3af0d39f8" {{(pid=104562) __call__ /opt/stack/placement/placement/requestlog.py:55}}
May 23 15:31:48.871783 dv-cinder-841125-8-iscsi devstack@placement-api.service[104562]: INFO placement.requestlog [req-adbbb73e-7895-4862-b40a-d4108c4dd0fe req-6bec7250-d7b5-46fa-a56a-91c7dd752bed service placement] 10.222.0.72 "GET /placement/allocations/55f39cba-5943-42d5-9322-58f3af0d39f8" status: 200 len: 258 microversion: 1.28
May 23 15:31:48.872229 dv-cinder-841125-8-iscsi devstack@placement-api.service[104562]: [pid: 104562|app: 0|req: 26/50] 10.222.0.72 () {60 vars in 1377 bytes} [Mon May 23 15:31:48 2022] GET /placement/allocations/55f39cba-5943-42d5-9322-58f3af0d39f8 => generated 258 bytes in 20 msecs (HTTP/1.1 200) 8 headers in 296 bytes (1 switches on core 0)
May 23 15:31:58.480958 dv-cinder-841125-8-iscsi devstack@placement-api.service[104563]: DEBUG dbcounter [-] [104563] Writing DB stats placement:SELECT=27,placement:INSERT=6,placement:DELETE=2,placement:UPDATE=2 {{(pid=104563) stat_writer /usr/local/lib/python3.8/dist-packages/dbcounter.py:114}}
May 23 15:31:58.869095 dv-cinder-841125-8-iscsi devstack@placement-api.service[104562]: DEBUG dbcounter [-] [104562] Writing DB stats placement:SELECT=12 {{(pid=104562) stat_writer /usr/local/lib/python3.8/dist-packages/dbcounter.py:114}}
May 23 15:32:05.630139 dv-cinder-841125-8-iscsi devstack@placement-api.service[104563]: DEBUG placement.requestlog [req-8ee465cc-442e-4fa2-93ad-51b344ab9d8e req-93926171-b398-4c11-9b41-c073ac9d7961 None None] Starting request: 10.222.0.30 "GET /placement/allocation_candidates?limit=1000&resources=DISK_GB%3A1%2CMEMORY_MB%3A1024%2CVCPU%3A1&root_required=%21COMPUTE_STATUS_DISABLED" {{(pid=104563) __call__ /opt/stack/placement/placement/requestlog.py:55}}
May 23 15:32:05.699393 dv-cinder-841125-8-iscsi devstack@placement-api.service[104563]: DEBUG placement.objects.research_context [req-8ee465cc-442e-4fa2-93ad-51b344ab9d8e req-93926171-b398-4c11-9b41-c073ac9d7961 service placement] getting providers with 1 DISK_GB {{(pid=104563) __init__ /opt/stack/placement/placement/objects/research_context.py:136}}
May 23 15:32:05.721458 dv-cinder-841125-8-iscsi devstack@placement-api.service[104563]: DEBUG placement.objects.research_context [req-8ee465cc-442e-4fa2-93ad-51b344ab9d8e req-93926171-b398-4c11-9b41-c073ac9d7961 service placement] getting providers with 1024 MEMORY_MB {{(pid=104563) __init__ /opt/stack/placement/placement/objects/research_context.py:136}}
May 23 15:32:05.750323 dv-cinder-841125-8-iscsi devstack@placement-api.service[104563]: DEBUG placement.objects.research_context [req-8ee465cc-442e-4fa2-93ad-51b344ab9d8e req-93926171-b398-4c11-9b41-c073ac9d7961 service placement] getting providers with 1 VCPU {{(pid=104563) __init__ /opt/stack/placement/placement/objects/research_context.py:136}}
May 23 15:32:05.764004 dv-cinder-841125-8-iscsi devstack@placement-api.service[104563]: DEBUG placement.objects.research_context [req-8ee465cc-442e-4fa2-93ad-51b344ab9d8e req-93926171-b398-4c11-9b41-c073ac9d7961 service placement] found 1 providers with available 1 DISK_GB {{(pid=104563) get_provider_ids_matching /opt/stack/placement/placement/objects/research_context.py:563}}
May 23 15:32:05.765382 dv-cinder-841125-8-iscsi devstack@placement-api.service[104563]: DEBUG placement.objects.research_context [req-8ee465cc-442e-4fa2-93ad-51b344ab9d8e req-93926171-b398-4c11-9b41-c073ac9d7961 service placement] found 1 providers with available 1024 MEMORY_MB {{(pid=104563) get_provider_ids_matching /opt/stack/placement/placement/objects/research_context.py:563}}
May 23 15:32:05.765948 dv-cinder-841125-8-iscsi devstack@placement-api.service[104563]: DEBUG placement.objects.research_context [req-8ee465cc-442e-4fa2-93ad-51b344ab9d8e req-93926171-b398-4c11-9b41-c073ac9d7961 service placement] found 1 providers after filtering by previous result {{(pid=104563) get_provider_ids_matching /opt/stack/placement/placement/objects/research_context.py:594}}
May 23 15:32:05.766705 dv-cinder-841125-8-iscsi devstack@placement-api.service[104563]: DEBUG placement.objects.research_context [req-8ee465cc-442e-4fa2-93ad-51b344ab9d8e req-93926171-b398-4c11-9b41-c073ac9d7961 service placement] found 1 providers with available 1 VCPU {{(pid=104563) get_provider_ids_matching /opt/stack/placement/placement/objects/research_context.py:563}}
May 23 15:32:05.767337 dv-cinder-841125-8-iscsi devstack@placement-api.service[104563]: DEBUG placement.objects.research_context [req-8ee465cc-442e-4fa2-93ad-51b344ab9d8e req-93926171-b398-4c11-9b41-c073ac9d7961 service placement] found 1 providers after filtering by previous result {{(pid=104563) get_provider_ids_matching /opt/stack/placement/placement/objects/research_context.py:594}}
May 23 15:32:05.783410 dv-cinder-841125-8-iscsi devstack@placement-api.service[104563]: DEBUG placement.objects.allocation_candidate [req-8ee465cc-442e-4fa2-93ad-51b344ab9d8e req-93926171-b398-4c11-9b41-c073ac9d7961 service placement] RequestGroup(use_same_provider=False, resources={DISK_GB:1, MEMORY_MB:1024, VCPU:1}, traits=(), aggregates=[]) (suffix '') returned 1 matches {{(pid=104563) _get_by_requests /opt/stack/placement/placement/objects/allocation_candidate.py:156}}
May 23 15:32:05.784010 dv-cinder-841125-8-iscsi devstack@placement-api.service[104563]: DEBUG placement.objects.allocation_candidate [req-8ee465cc-442e-4fa2-93ad-51b344ab9d8e req-93926171-b398-4c11-9b41-c073ac9d7961 service placement] Merging candidates yields 1 allocation requests and 1 provider summaries {{(pid=104563) _merge_candidates /opt/stack/placement/placement/objects/allocation_candidate.py:809}}
May 23 15:32:05.787675 dv-cinder-841125-8-iscsi devstack@placement-api.service[104563]: INFO placement.requestlog [req-8ee465cc-442e-4fa2-93ad-51b344ab9d8e req-93926171-b398-4c11-9b41-c073ac9d7961 service placement] 10.222.0.30 "GET /placement/allocation_candidates?limit=1000&resources=DISK_GB%3A1%2CMEMORY_MB%3A1024%2CVCPU%3A1&root_required=%21COMPUTE_STATUS_DISABLED" status: 200 len: 767 microversion: 1.36
May 23 15:32:05.788077 dv-cinder-841125-8-iscsi devstack@placement-api.service[104563]: [pid: 104563|app: 0|req: 25/51] 10.222.0.30 () {60 vars in 1506 bytes} [Mon May 23 15:32:05 2022] GET /placement/allocation_candidates?limit=1000&resources=DISK_GB%3A1%2CMEMORY_MB%3A1024%2CVCPU%3A1&root_required=%21COMPUTE_STATUS_DISABLED => generated 767 bytes in 158 msecs (HTTP/1.1 200) 8 headers in 296 bytes (2 switches on core 0)
May 23 15:32:05.867545 dv-cinder-841125-8-iscsi devstack@placement-api.service[104562]: DEBUG placement.requestlog [req-8ee465cc-442e-4fa2-93ad-51b344ab9d8e req-91df4e5f-7321-45ca-a8eb-40ca4d86c967 None None] Starting request: 10.222.0.30 "GET /placement/allocations/cc0f4046-cea9-4426-9970-4ff8f307a3c0" {{(pid=104562) __call__ /opt/stack/placement/placement/requestlog.py:55}}
May 23 15:32:05.881461 dv-cinder-841125-8-iscsi devstack@placement-api.service[104562]: INFO placement.requestlog [req-8ee465cc-442e-4fa2-93ad-51b344ab9d8e req-91df4e5f-7321-45ca-a8eb-40ca4d86c967 service placement] 10.222.0.30 "GET /placement/allocations/cc0f4046-cea9-4426-9970-4ff8f307a3c0" status: 200 len: 19 microversion: 1.28
May 23 15:32:05.882258 dv-cinder-841125-8-iscsi devstack@placement-api.service[104562]: [pid: 104562|app: 0|req: 27/52] 10.222.0.30 () {60 vars in 1380 bytes} [Mon May 23 15:32:05 2022] GET /placement/allocations/cc0f4046-cea9-4426-9970-4ff8f307a3c0 => generated 19 bytes in 15 msecs (HTTP/1.1 200) 8 headers in 295 bytes (1 switches on core 0)
May 23 15:32:05.897274 dv-cinder-841125-8-iscsi devstack@placement-api.service[104563]: DEBUG placement.requestlog [req-8ee465cc-442e-4fa2-93ad-51b344ab9d8e req-233dcaf8-50dc-4199-848c-b86d4ae0422c None None] Starting request: 10.222.0.30 "PUT /placement/allocations/cc0f4046-cea9-4426-9970-4ff8f307a3c0" {{(pid=104563) __call__ /opt/stack/placement/placement/requestlog.py:55}}
May 23 15:32:05.960088 dv-cinder-841125-8-iscsi devstack@placement-api.service[104563]: DEBUG placement.handlers.allocation [req-8ee465cc-442e-4fa2-93ad-51b344ab9d8e req-233dcaf8-50dc-4199-848c-b86d4ae0422c service placement] Successfully wrote allocations [, , ] {{(pid=104563) _update_consumers_and_create_allocations /opt/stack/placement/placement/handlers/allocation.py:462}}
May 23 15:32:05.966789 dv-cinder-841125-8-iscsi devstack@placement-api.service[104563]: INFO placement.requestlog [req-8ee465cc-442e-4fa2-93ad-51b344ab9d8e req-233dcaf8-50dc-4199-848c-b86d4ae0422c service placement] 10.222.0.30 "PUT /placement/allocations/cc0f4046-cea9-4426-9970-4ff8f307a3c0" status: 204 len: 0 microversion: 1.36
May 23 15:32:05.967259 dv-cinder-841125-8-iscsi devstack@placement-api.service[104563]: [pid: 104563|app: 0|req: 26/53] 10.222.0.30 () {64 vars in 1433 bytes} [Mon May 23 15:32:05 2022] PUT /placement/allocations/cc0f4046-cea9-4426-9970-4ff8f307a3c0 => generated 0 bytes in 70 msecs (HTTP/1.1 204) 5 headers in 199 bytes (1 switches on core 0)
May 23 15:32:11.426780 dv-cinder-841125-8-iscsi devstack@placement-api.service[104562]: DEBUG placement.requestlog [req-8ee465cc-442e-4fa2-93ad-51b344ab9d8e req-e119d172-1ad0-4833-a6c7-a4498793a380 None None] Starting request: 10.222.0.72 "GET /placement/allocations/cc0f4046-cea9-4426-9970-4ff8f307a3c0" {{(pid=104562) __call__ /opt/stack/placement/placement/requestlog.py:55}}
May 23 15:32:11.444540 dv-cinder-841125-8-iscsi devstack@placement-api.service[104562]: INFO placement.requestlog [req-8ee465cc-442e-4fa2-93ad-51b344ab9d8e req-e119d172-1ad0-4833-a6c7-a4498793a380 service placement] 10.222.0.72 "GET /placement/allocations/cc0f4046-cea9-4426-9970-4ff8f307a3c0" status: 200 len: 259 microversion: 1.28
May 23 15:32:11.445076 dv-cinder-841125-8-iscsi devstack@placement-api.service[104562]: [pid: 104562|app: 0|req: 28/54] 10.222.0.72 () {60 vars in 1377 bytes} [Mon May 23 15:32:11 2022] GET /placement/allocations/cc0f4046-cea9-4426-9970-4ff8f307a3c0 => generated 259 bytes in 19 msecs (HTTP/1.1 200) 8 headers in 296 bytes (1 switches on core 0)
May 23 15:32:15.959826 dv-cinder-841125-8-iscsi devstack@placement-api.service[104563]: DEBUG dbcounter [-] [104563] Writing DB stats placement:SELECT=25,placement:INSERT=4,placement:DELETE=2,placement:UPDATE=2 {{(pid=104563) stat_writer /usr/local/lib/python3.8/dist-packages/dbcounter.py:114}}
May 23 15:32:21.444612 dv-cinder-841125-8-iscsi devstack@placement-api.service[104562]: DEBUG dbcounter [-] [104562] Writing DB stats placement:SELECT=6 {{(pid=104562) stat_writer /usr/local/lib/python3.8/dist-packages/dbcounter.py:114}}
May 23 15:32:47.197445 dv-cinder-841125-8-iscsi devstack@placement-api.service[104563]: DEBUG placement.requestlog [req-7c7ae5e1-49a0-46d1-9b1f-6b281a757e49 req-e43ffbbd-ac8d-4bde-9a00-d5ad2b4bbbcb None None] Starting request: 10.222.0.72 "GET /placement/resource_providers/719000fd-64c6-4e44-a230-1f151e09e02f/allocations" {{(pid=104563) __call__ /opt/stack/placement/placement/requestlog.py:55}}
May 23 15:32:47.254221 dv-cinder-841125-8-iscsi devstack@placement-api.service[104563]: INFO placement.requestlog [req-7c7ae5e1-49a0-46d1-9b1f-6b281a757e49 req-e43ffbbd-ac8d-4bde-9a00-d5ad2b4bbbcb service placement] 10.222.0.72 "GET /placement/resource_providers/719000fd-64c6-4e44-a230-1f151e09e02f/allocations" status: 200 len: 760 microversion: 1.0
May 23 15:32:47.257647 dv-cinder-841125-8-iscsi devstack@placement-api.service[104563]: [pid: 104563|app: 0|req: 27/55] 10.222.0.72 () {58 vars in 1390 bytes} [Mon May 23 15:32:47 2022] GET /placement/resource_providers/719000fd-64c6-4e44-a230-1f151e09e02f/allocations => generated 760 bytes in 61 msecs (HTTP/1.1 200) 6 headers in 224 bytes (1 switches on core 0)
May 23 15:32:50.141845 dv-cinder-841125-8-iscsi devstack@placement-api.service[104562]: DEBUG placement.requestlog [req-90a5f2f2-48b0-4571-8614-0e589b2e7cdd req-2aadc9b4-50fb-4770-b5d9-41cf9cf20101 None None] Starting request: 10.222.0.72 "DELETE /placement/allocations/9b9038c8-1395-4d48-b10b-2fe7310c4c76" {{(pid=104562) __call__ /opt/stack/placement/placement/requestlog.py:55}}
May 23 15:32:50.178306 dv-cinder-841125-8-iscsi devstack@placement-api.service[104562]: DEBUG placement.handlers.allocation [req-90a5f2f2-48b0-4571-8614-0e589b2e7cdd req-2aadc9b4-50fb-4770-b5d9-41cf9cf20101 service placement] Successfully deleted allocations [, , ] {{(pid=104562) delete_allocations /opt/stack/placement/placement/handlers/allocation.py:627}}
May 23 15:32:50.179228 dv-cinder-841125-8-iscsi devstack@placement-api.service[104562]: INFO placement.requestlog [req-90a5f2f2-48b0-4571-8614-0e589b2e7cdd req-2aadc9b4-50fb-4770-b5d9-41cf9cf20101 service placement] 10.222.0.72 "DELETE /placement/allocations/9b9038c8-1395-4d48-b10b-2fe7310c4c76" status: 204 len: 0 microversion: 1.0
May 23 15:32:50.179551 dv-cinder-841125-8-iscsi devstack@placement-api.service[104562]: [pid: 104562|app: 0|req: 29/56] 10.222.0.72 () {60 vars in 1355 bytes} [Mon May 23 15:32:50 2022] DELETE /placement/allocations/9b9038c8-1395-4d48-b10b-2fe7310c4c76 => generated 0 bytes in 38 msecs (HTTP/1.1 204) 5 headers in 198 bytes (1 switches on core 0)
May 23 15:32:52.149183 dv-cinder-841125-8-iscsi devstack@placement-api.service[104563]: DEBUG placement.requestlog [req-491ec31b-2ab5-47ac-bf49-76fbca743872 req-146c4c0f-c7cb-4606-8a54-7c93862232d2 None None] Starting request: 10.222.0.30 "GET /placement/allocation_candidates?limit=1000&resources=DISK_GB%3A1%2CMEMORY_MB%3A1024%2CVCPU%3A1&root_required=%21COMPUTE_STATUS_DISABLED" {{(pid=104563) __call__ /opt/stack/placement/placement/requestlog.py:55}}
May 23 15:32:52.182066 dv-cinder-841125-8-iscsi devstack@placement-api.service[104563]: DEBUG placement.objects.research_context [req-491ec31b-2ab5-47ac-bf49-76fbca743872 req-146c4c0f-c7cb-4606-8a54-7c93862232d2 service placement] getting providers with 1 DISK_GB {{(pid=104563) __init__ /opt/stack/placement/placement/objects/research_context.py:136}}
May 23 15:32:52.187933 dv-cinder-841125-8-iscsi devstack@placement-api.service[104563]: DEBUG placement.objects.research_context [req-491ec31b-2ab5-47ac-bf49-76fbca743872 req-146c4c0f-c7cb-4606-8a54-7c93862232d2 service placement] getting providers with 1024 MEMORY_MB {{(pid=104563) __init__ /opt/stack/placement/placement/objects/research_context.py:136}}
May 23 15:32:52.193255 dv-cinder-841125-8-iscsi devstack@placement-api.service[104563]: DEBUG placement.objects.research_context [req-491ec31b-2ab5-47ac-bf49-76fbca743872 req-146c4c0f-c7cb-4606-8a54-7c93862232d2 service placement] getting providers with 1 VCPU {{(pid=104563) __init__ /opt/stack/placement/placement/objects/research_context.py:136}}
May 23 15:32:52.198833 dv-cinder-841125-8-iscsi devstack@placement-api.service[104563]: DEBUG placement.objects.research_context [req-491ec31b-2ab5-47ac-bf49-76fbca743872 req-146c4c0f-c7cb-4606-8a54-7c93862232d2 service placement] found 1 providers with available 1 DISK_GB {{(pid=104563) get_provider_ids_matching /opt/stack/placement/placement/objects/research_context.py:563}}
May 23 15:32:52.199287 dv-cinder-841125-8-iscsi devstack@placement-api.service[104563]: DEBUG placement.objects.research_context [req-491ec31b-2ab5-47ac-bf49-76fbca743872 req-146c4c0f-c7cb-4606-8a54-7c93862232d2 service placement] found 1 providers with available 1024 MEMORY_MB {{(pid=104563) get_provider_ids_matching /opt/stack/placement/placement/objects/research_context.py:563}}
May 23 15:32:52.199562 dv-cinder-841125-8-iscsi devstack@placement-api.service[104563]: DEBUG placement.objects.research_context [req-491ec31b-2ab5-47ac-bf49-76fbca743872 req-146c4c0f-c7cb-4606-8a54-7c93862232d2 service placement] found 1 providers after filtering by previous result {{(pid=104563) get_provider_ids_matching /opt/stack/placement/placement/objects/research_context.py:594}}
May 23 15:32:52.199820 dv-cinder-841125-8-iscsi devstack@placement-api.service[104563]: DEBUG placement.objects.research_context [req-491ec31b-2ab5-47ac-bf49-76fbca743872 req-146c4c0f-c7cb-4606-8a54-7c93862232d2 service placement] found 1 providers with available 1 VCPU {{(pid=104563) get_provider_ids_matching /opt/stack/placement/placement/objects/research_context.py:563}}
May 23 15:32:52.200086 dv-cinder-841125-8-iscsi devstack@placement-api.service[104563]: DEBUG placement.objects.research_context [req-491ec31b-2ab5-47ac-bf49-76fbca743872 req-146c4c0f-c7cb-4606-8a54-7c93862232d2 service placement] found 1 providers after filtering by previous result {{(pid=104563) get_provider_ids_matching /opt/stack/placement/placement/objects/research_context.py:594}}
May 23 15:32:52.210054 dv-cinder-841125-8-iscsi devstack@placement-api.service[104563]: DEBUG placement.objects.allocation_candidate [req-491ec31b-2ab5-47ac-bf49-76fbca743872 req-146c4c0f-c7cb-4606-8a54-7c93862232d2 service placement] RequestGroup(use_same_provider=False, resources={DISK_GB:1, MEMORY_MB:1024, VCPU:1}, traits=(), aggregates=[]) (suffix '') returned 1 matches {{(pid=104563) _get_by_requests /opt/stack/placement/placement/objects/allocation_candidate.py:156}}
May 23 15:32:52.210389 dv-cinder-841125-8-iscsi devstack@placement-api.service[104563]: DEBUG placement.objects.allocation_candidate [req-491ec31b-2ab5-47ac-bf49-76fbca743872 req-146c4c0f-c7cb-4606-8a54-7c93862232d2 service placement] Merging candidates yields 1 allocation requests and 1 provider summaries {{(pid=104563) _merge_candidates /opt/stack/placement/placement/objects/allocation_candidate.py:809}}
May 23 15:32:52.211788 dv-cinder-841125-8-iscsi devstack@placement-api.service[104563]: INFO placement.requestlog [req-491ec31b-2ab5-47ac-bf49-76fbca743872 req-146c4c0f-c7cb-4606-8a54-7c93862232d2 service placement] 10.222.0.30 "GET /placement/allocation_candidates?limit=1000&resources=DISK_GB%3A1%2CMEMORY_MB%3A1024%2CVCPU%3A1&root_required=%21COMPUTE_STATUS_DISABLED" status: 200 len: 767 microversion: 1.36
May 23 15:32:52.212160 dv-cinder-841125-8-iscsi devstack@placement-api.service[104563]: [pid: 104563|app: 0|req: 28/57] 10.222.0.30 () {60 vars in 1506 bytes} [Mon May 23 15:32:52 2022] GET /placement/allocation_candidates?limit=1000&resources=DISK_GB%3A1%2CMEMORY_MB%3A1024%2CVCPU%3A1&root_required=%21COMPUTE_STATUS_DISABLED => generated 767 bytes in 63 msecs (HTTP/1.1 200) 8 headers in 296 bytes (2 switches on core 0)
May 23 15:32:52.250125 dv-cinder-841125-8-iscsi devstack@placement-api.service[104562]: DEBUG placement.requestlog [req-491ec31b-2ab5-47ac-bf49-76fbca743872 req-4cf38ce4-96c5-4be6-9afc-a4f12324cea4 None None] Starting request: 10.222.0.30 "GET /placement/allocations/bb26539d-bd10-48dd-9c5d-433060babfb6" {{(pid=104562) __call__ /opt/stack/placement/placement/requestlog.py:55}}
May 23 15:32:52.261399 dv-cinder-841125-8-iscsi devstack@placement-api.service[104562]: INFO placement.requestlog [req-491ec31b-2ab5-47ac-bf49-76fbca743872 req-4cf38ce4-96c5-4be6-9afc-a4f12324cea4 service placement] 10.222.0.30 "GET /placement/allocations/bb26539d-bd10-48dd-9c5d-433060babfb6" status: 200 len: 19 microversion: 1.28
May 23 15:32:52.261864 dv-cinder-841125-8-iscsi devstack@placement-api.service[104562]: [pid: 104562|app: 0|req: 30/58] 10.222.0.30 () {60 vars in 1380 bytes} [Mon May 23 15:32:52 2022] GET /placement/allocations/bb26539d-bd10-48dd-9c5d-433060babfb6 => generated 19 bytes in 12 msecs (HTTP/1.1 200) 8 headers in 295 bytes (1 switches on core 0)
May 23 15:32:52.267962 dv-cinder-841125-8-iscsi devstack@placement-api.service[104563]: DEBUG placement.requestlog [req-491ec31b-2ab5-47ac-bf49-76fbca743872 req-a53bd9a0-b486-4088-afee-0f03030f1d7f None None] Starting request: 10.222.0.30 "PUT /placement/allocations/bb26539d-bd10-48dd-9c5d-433060babfb6" {{(pid=104563) __call__ /opt/stack/placement/placement/requestlog.py:55}}
May 23 15:32:52.327506 dv-cinder-841125-8-iscsi devstack@placement-api.service[104563]: DEBUG placement.handlers.allocation [req-491ec31b-2ab5-47ac-bf49-76fbca743872 req-a53bd9a0-b486-4088-afee-0f03030f1d7f service placement] Successfully wrote allocations [, , ] {{(pid=104563) _update_consumers_and_create_allocations /opt/stack/placement/placement/handlers/allocation.py:462}}
May 23 15:32:52.331478 dv-cinder-841125-8-iscsi devstack@placement-api.service[104563]: INFO placement.requestlog [req-491ec31b-2ab5-47ac-bf49-76fbca743872 req-a53bd9a0-b486-4088-afee-0f03030f1d7f service placement] 10.222.0.30 "PUT /placement/allocations/bb26539d-bd10-48dd-9c5d-433060babfb6" status: 204 len: 0 microversion: 1.36
May 23 15:32:52.331925 dv-cinder-841125-8-iscsi devstack@placement-api.service[104563]: [pid: 104563|app: 0|req: 29/59] 10.222.0.30 () {64 vars in 1433 bytes} [Mon May 23 15:32:52 2022] PUT /placement/allocations/bb26539d-bd10-48dd-9c5d-433060babfb6 => generated 0 bytes in 64 msecs (HTTP/1.1 204) 5 headers in 199 bytes (2 switches on core 0)
May 23 15:32:53.121531 dv-cinder-841125-8-iscsi devstack@placement-api.service[104562]: DEBUG placement.requestlog [req-491ec31b-2ab5-47ac-bf49-76fbca743872 req-f9f21c59-5226-4008-86d9-cedbef491b94 None None] Starting request: 10.222.0.72 "GET /placement/allocations/bb26539d-bd10-48dd-9c5d-433060babfb6" {{(pid=104562) __call__ /opt/stack/placement/placement/requestlog.py:55}}
May 23 15:32:53.301429 dv-cinder-841125-8-iscsi devstack@placement-api.service[104562]: INFO placement.requestlog [req-491ec31b-2ab5-47ac-bf49-76fbca743872 req-f9f21c59-5226-4008-86d9-cedbef491b94 service placement] 10.222.0.72 "GET /placement/allocations/bb26539d-bd10-48dd-9c5d-433060babfb6" status: 200 len: 259 microversion: 1.28
May 23 15:32:53.303615 dv-cinder-841125-8-iscsi devstack@placement-api.service[104562]: [pid: 104562|app: 0|req: 31/60] 10.222.0.72 () {60 vars in 1377 bytes} [Mon May 23 15:32:53 2022] GET /placement/allocations/bb26539d-bd10-48dd-9c5d-433060babfb6 => generated 259 bytes in 182 msecs (HTTP/1.1 200) 8 headers in 296 bytes (1 switches on core 0)
May 23 15:32:53.347319 dv-cinder-841125-8-iscsi devstack@placement-api.service[104563]: DEBUG placement.requestlog [req-7e638131-45c7-4763-8d44-9f3abbdd7dcd req-646f45a8-bbbb-4c3c-a390-e3b7a25f8bd3 None None] Starting request: 10.222.0.30 "GET /placement/allocation_candidates?limit=1000&resources=DISK_GB%3A1%2CMEMORY_MB%3A1024%2CVCPU%3A1&root_required=%21COMPUTE_STATUS_DISABLED" {{(pid=104563) __call__ /opt/stack/placement/placement/requestlog.py:55}}
May 23 15:32:53.379036 dv-cinder-841125-8-iscsi devstack@placement-api.service[104563]: DEBUG placement.objects.research_context [req-7e638131-45c7-4763-8d44-9f3abbdd7dcd req-646f45a8-bbbb-4c3c-a390-e3b7a25f8bd3 service placement] getting providers with 1 DISK_GB {{(pid=104563) __init__ /opt/stack/placement/placement/objects/research_context.py:136}}
May 23 15:32:53.384332 dv-cinder-841125-8-iscsi devstack@placement-api.service[104563]: DEBUG placement.objects.research_context [req-7e638131-45c7-4763-8d44-9f3abbdd7dcd req-646f45a8-bbbb-4c3c-a390-e3b7a25f8bd3 service placement] getting providers with 1024 MEMORY_MB {{(pid=104563) __init__ /opt/stack/placement/placement/objects/research_context.py:136}}
May 23 15:32:53.390372 dv-cinder-841125-8-iscsi devstack@placement-api.service[104563]: DEBUG placement.objects.research_context [req-7e638131-45c7-4763-8d44-9f3abbdd7dcd req-646f45a8-bbbb-4c3c-a390-e3b7a25f8bd3 service placement] getting providers with 1 VCPU {{(pid=104563) __init__ /opt/stack/placement/placement/objects/research_context.py:136}}
May 23 15:32:53.396776 dv-cinder-841125-8-iscsi devstack@placement-api.service[104563]: DEBUG placement.objects.research_context [req-7e638131-45c7-4763-8d44-9f3abbdd7dcd req-646f45a8-bbbb-4c3c-a390-e3b7a25f8bd3 service placement] found 1 providers with available 1 DISK_GB {{(pid=104563) get_provider_ids_matching /opt/stack/placement/placement/objects/research_context.py:563}}
May 23 15:32:53.397155 dv-cinder-841125-8-iscsi devstack@placement-api.service[104563]: DEBUG placement.objects.research_context [req-7e638131-45c7-4763-8d44-9f3abbdd7dcd req-646f45a8-bbbb-4c3c-a390-e3b7a25f8bd3 service placement] found 1 providers with available 1024 MEMORY_MB {{(pid=104563) get_provider_ids_matching /opt/stack/placement/placement/objects/research_context.py:563}}
May 23 15:32:53.397500 dv-cinder-841125-8-iscsi devstack@placement-api.service[104563]: DEBUG placement.objects.research_context [req-7e638131-45c7-4763-8d44-9f3abbdd7dcd req-646f45a8-bbbb-4c3c-a390-e3b7a25f8bd3 service placement] found 1 providers after filtering by previous result {{(pid=104563) get_provider_ids_matching /opt/stack/placement/placement/objects/research_context.py:594}}
May 23 15:32:53.397953 dv-cinder-841125-8-iscsi devstack@placement-api.service[104563]: DEBUG placement.objects.research_context [req-7e638131-45c7-4763-8d44-9f3abbdd7dcd req-646f45a8-bbbb-4c3c-a390-e3b7a25f8bd3 service placement] found 1 providers with available 1 VCPU {{(pid=104563) get_provider_ids_matching /opt/stack/placement/placement/objects/research_context.py:563}}
May 23 15:32:53.398310 dv-cinder-841125-8-iscsi devstack@placement-api.service[104563]: DEBUG placement.objects.research_context [req-7e638131-45c7-4763-8d44-9f3abbdd7dcd req-646f45a8-bbbb-4c3c-a390-e3b7a25f8bd3 service placement] found 1 providers after filtering by previous result {{(pid=104563) get_provider_ids_matching /opt/stack/placement/placement/objects/research_context.py:594}}
May 23 15:32:53.413498 dv-cinder-841125-8-iscsi devstack@placement-api.service[104563]: DEBUG placement.objects.allocation_candidate [req-7e638131-45c7-4763-8d44-9f3abbdd7dcd req-646f45a8-bbbb-4c3c-a390-e3b7a25f8bd3 service placement] RequestGroup(use_same_provider=False, resources={DISK_GB:1, MEMORY_MB:1024, VCPU:1}, traits=(), aggregates=[]) (suffix '') returned 1 matches {{(pid=104563) _get_by_requests /opt/stack/placement/placement/objects/allocation_candidate.py:156}}
May 23 15:32:53.413891 dv-cinder-841125-8-iscsi devstack@placement-api.service[104563]: DEBUG placement.objects.allocation_candidate [req-7e638131-45c7-4763-8d44-9f3abbdd7dcd req-646f45a8-bbbb-4c3c-a390-e3b7a25f8bd3 service placement] Merging candidates yields 1 allocation requests and 1 provider summaries {{(pid=104563) _merge_candidates /opt/stack/placement/placement/objects/allocation_candidate.py:809}}
May 23 15:32:53.415878 dv-cinder-841125-8-iscsi devstack@placement-api.service[104563]: INFO placement.requestlog [req-7e638131-45c7-4763-8d44-9f3abbdd7dcd req-646f45a8-bbbb-4c3c-a390-e3b7a25f8bd3 service placement] 10.222.0.30 "GET /placement/allocation_candidates?limit=1000&resources=DISK_GB%3A1%2CMEMORY_MB%3A1024%2CVCPU%3A1&root_required=%21COMPUTE_STATUS_DISABLED" status: 200 len: 767 microversion: 1.36
May 23 15:32:53.416277 dv-cinder-841125-8-iscsi devstack@placement-api.service[104563]: [pid: 104563|app: 0|req: 30/61] 10.222.0.30 () {60 vars in 1506 bytes} [Mon May 23 15:32:53 2022] GET /placement/allocation_candidates?limit=1000&resources=DISK_GB%3A1%2CMEMORY_MB%3A1024%2CVCPU%3A1&root_required=%21COMPUTE_STATUS_DISABLED => generated 767 bytes in 69 msecs (HTTP/1.1 200) 8 headers in 296 bytes (1 switches on core 0)
May 23 15:32:53.457231 dv-cinder-841125-8-iscsi devstack@placement-api.service[104562]: DEBUG placement.requestlog [req-7e638131-45c7-4763-8d44-9f3abbdd7dcd req-d42999bc-2aca-4c16-882f-73b64cb497f2 None None] Starting request: 10.222.0.30 "GET /placement/allocations/9b9038c8-1395-4d48-b10b-2fe7310c4c76" {{(pid=104562) __call__ /opt/stack/placement/placement/requestlog.py:55}}
May 23 15:32:53.462668 dv-cinder-841125-8-iscsi devstack@placement-api.service[104563]: DEBUG placement.requestlog [req-491ec31b-2ab5-47ac-bf49-76fbca743872 req-86cb7407-5912-4f8e-a0c7-8f74a9d2bf8d None None] Starting request: 10.222.0.72 "GET /placement/resource_providers?in_tree=719000fd-64c6-4e44-a230-1f151e09e02f" {{(pid=104563) __call__ /opt/stack/placement/placement/requestlog.py:55}}
May 23 15:32:53.469111 dv-cinder-841125-8-iscsi devstack@placement-api.service[104562]: INFO placement.requestlog [req-7e638131-45c7-4763-8d44-9f3abbdd7dcd req-d42999bc-2aca-4c16-882f-73b64cb497f2 service placement] 10.222.0.30 "GET /placement/allocations/9b9038c8-1395-4d48-b10b-2fe7310c4c76" status: 200 len: 19 microversion: 1.28
May 23 15:32:53.469467 dv-cinder-841125-8-iscsi devstack@placement-api.service[104562]: [pid: 104562|app: 0|req: 32/62] 10.222.0.30 () {60 vars in 1380 bytes} [Mon May 23 15:32:53 2022] GET /placement/allocations/9b9038c8-1395-4d48-b10b-2fe7310c4c76 => generated 19 bytes in 13 msecs (HTTP/1.1 200) 8 headers in 295 bytes (1 switches on core 0)
May 23 15:32:53.475150 dv-cinder-841125-8-iscsi devstack@placement-api.service[104562]: DEBUG placement.requestlog [req-7e638131-45c7-4763-8d44-9f3abbdd7dcd req-820290cb-1f96-40ca-a17b-b860f402dc18 None None] Starting request: 10.222.0.30 "PUT /placement/allocations/9b9038c8-1395-4d48-b10b-2fe7310c4c76" {{(pid=104562) __call__ /opt/stack/placement/placement/requestlog.py:55}}
May 23 15:32:53.484841 dv-cinder-841125-8-iscsi devstack@placement-api.service[104563]: INFO placement.requestlog [req-491ec31b-2ab5-47ac-bf49-76fbca743872 req-86cb7407-5912-4f8e-a0c7-8f74a9d2bf8d service placement] 10.222.0.72 "GET /placement/resource_providers?in_tree=719000fd-64c6-4e44-a230-1f151e09e02f" status: 200 len: 865 microversion: 1.14
May 23 15:32:53.486334 dv-cinder-841125-8-iscsi devstack@placement-api.service[104563]: [pid: 104563|app: 0|req: 31/63] 10.222.0.72 () {60 vars in 1376 bytes} [Mon May 23 15:32:53 2022] GET /placement/resource_providers?in_tree=719000fd-64c6-4e44-a230-1f151e09e02f => generated 865 bytes in 23 msecs (HTTP/1.1 200) 6 headers in 225 bytes (1 switches on core 0)
May 23 15:32:53.519014 dv-cinder-841125-8-iscsi devstack@placement-api.service[104563]: DEBUG placement.requestlog [req-491ec31b-2ab5-47ac-bf49-76fbca743872 req-7a8739c5-21a4-4b29-a14d-ba6030c89d1c None None] Starting request: 10.222.0.72 "GET /placement/resource_providers/719000fd-64c6-4e44-a230-1f151e09e02f/inventories" {{(pid=104563) __call__ /opt/stack/placement/placement/requestlog.py:55}}
May 23 15:32:53.533299 dv-cinder-841125-8-iscsi devstack@placement-api.service[104562]: DEBUG placement.handlers.allocation [req-7e638131-45c7-4763-8d44-9f3abbdd7dcd req-820290cb-1f96-40ca-a17b-b860f402dc18 service placement] Successfully wrote allocations [, , ] {{(pid=104562) _update_consumers_and_create_allocations /opt/stack/placement/placement/handlers/allocation.py:462}}
May 23 15:32:53.538778 dv-cinder-841125-8-iscsi devstack@placement-api.service[104562]: INFO placement.requestlog [req-7e638131-45c7-4763-8d44-9f3abbdd7dcd req-820290cb-1f96-40ca-a17b-b860f402dc18 service placement] 10.222.0.30 "PUT /placement/allocations/9b9038c8-1395-4d48-b10b-2fe7310c4c76" status: 204 len: 0 microversion: 1.36
May 23 15:32:53.539298 dv-cinder-841125-8-iscsi devstack@placement-api.service[104562]: [pid: 104562|app: 0|req: 33/64] 10.222.0.30 () {64 vars in 1433 bytes} [Mon May 23 15:32:53 2022] PUT /placement/allocations/9b9038c8-1395-4d48-b10b-2fe7310c4c76 => generated 0 bytes in 64 msecs (HTTP/1.1 204) 5 headers in 199 bytes (2 switches on core 0)
May 23 15:32:53.541460 dv-cinder-841125-8-iscsi devstack@placement-api.service[104563]: INFO placement.requestlog [req-491ec31b-2ab5-47ac-bf49-76fbca743872 req-7a8739c5-21a4-4b29-a14d-ba6030c89d1c service placement] 10.222.0.72 "GET /placement/resource_providers/719000fd-64c6-4e44-a230-1f151e09e02f/inventories" status: 200 len: 398 microversion: 1.0
May 23 15:32:53.542524 dv-cinder-841125-8-iscsi devstack@placement-api.service[104563]: [pid: 104563|app: 0|req: 32/65] 10.222.0.72 () {58 vars in 1390 bytes} [Mon May 23 15:32:53 2022] GET /placement/resource_providers/719000fd-64c6-4e44-a230-1f151e09e02f/inventories => generated 398 bytes in 24 msecs (HTTP/1.1 200) 6 headers in 224 bytes (1 switches on core 0)
May 23 15:32:53.570551 dv-cinder-841125-8-iscsi devstack@placement-api.service[104562]: DEBUG placement.requestlog [req-491ec31b-2ab5-47ac-bf49-76fbca743872 req-dcc19fab-2e74-4ebc-8f93-9e637e5fabd8 None None] Starting request: 10.222.0.72 "GET /placement/resource_providers/719000fd-64c6-4e44-a230-1f151e09e02f/aggregates" {{(pid=104562) __call__ /opt/stack/placement/placement/requestlog.py:55}}
May 23 15:32:53.598113 dv-cinder-841125-8-iscsi devstack@placement-api.service[104562]: INFO placement.requestlog [req-491ec31b-2ab5-47ac-bf49-76fbca743872 req-dcc19fab-2e74-4ebc-8f93-9e637e5fabd8 service placement] 10.222.0.72 "GET /placement/resource_providers/719000fd-64c6-4e44-a230-1f151e09e02f/aggregates" status: 200 len: 54 microversion: 1.19
May 23 15:32:53.599041 dv-cinder-841125-8-iscsi devstack@placement-api.service[104562]: [pid: 104562|app: 0|req: 34/66] 10.222.0.72 () {60 vars in 1431 bytes} [Mon May 23 15:32:53 2022] GET /placement/resource_providers/719000fd-64c6-4e44-a230-1f151e09e02f/aggregates => generated 54 bytes in 29 msecs (HTTP/1.1 200) 8 headers in 295 bytes (1 switches on core 0)
May 23 15:32:53.639864 dv-cinder-841125-8-iscsi devstack@placement-api.service[104563]: DEBUG placement.requestlog [req-491ec31b-2ab5-47ac-bf49-76fbca743872 req-b8a1db09-355f-4c16-b5a5-cffd2ba5d0a4 None None] Starting request: 10.222.0.72 "GET /placement/resource_providers/719000fd-64c6-4e44-a230-1f151e09e02f/traits" {{(pid=104563) __call__ /opt/stack/placement/placement/requestlog.py:55}}
May 23 15:32:53.699668 dv-cinder-841125-8-iscsi devstack@placement-api.service[104563]: INFO placement.requestlog [req-491ec31b-2ab5-47ac-bf49-76fbca743872 req-b8a1db09-355f-4c16-b5a5-cffd2ba5d0a4 service placement] 10.222.0.72 "GET /placement/resource_providers/719000fd-64c6-4e44-a230-1f151e09e02f/traits" status: 200 len: 300 microversion: 1.6
May 23 15:32:53.700357 dv-cinder-841125-8-iscsi devstack@placement-api.service[104563]: [pid: 104563|app: 0|req: 33/67] 10.222.0.72 () {60 vars in 1418 bytes} [Mon May 23 15:32:53 2022] GET /placement/resource_providers/719000fd-64c6-4e44-a230-1f151e09e02f/traits => generated 300 bytes in 61 msecs (HTTP/1.1 200) 6 headers in 224 bytes (1 switches on core 0)
May 23 15:33:02.543788 dv-cinder-841125-8-iscsi devstack@placement-api.service[104562]: DEBUG placement.requestlog [req-7e638131-45c7-4763-8d44-9f3abbdd7dcd req-82da5f68-8b3d-4cd2-a466-81ef4ada884f None None] Starting request: 10.222.0.72 "GET /placement/allocations/9b9038c8-1395-4d48-b10b-2fe7310c4c76" {{(pid=104562) __call__ /opt/stack/placement/placement/requestlog.py:55}}
May 23 15:33:02.575532 dv-cinder-841125-8-iscsi devstack@placement-api.service[104562]: INFO placement.requestlog [req-7e638131-45c7-4763-8d44-9f3abbdd7dcd req-82da5f68-8b3d-4cd2-a466-81ef4ada884f service placement] 10.222.0.72 "GET /placement/allocations/9b9038c8-1395-4d48-b10b-2fe7310c4c76" status: 200 len: 259 microversion: 1.28
May 23 15:33:02.576572 dv-cinder-841125-8-iscsi devstack@placement-api.service[104562]: [pid: 104562|app: 0|req: 35/68] 10.222.0.72 () {60 vars in 1377 bytes} [Mon May 23 15:33:02 2022] GET /placement/allocations/9b9038c8-1395-4d48-b10b-2fe7310c4c76 => generated 259 bytes in 33 msecs (HTTP/1.1 200) 8 headers in 296 bytes (1 switches on core 0)
May 23 15:33:03.665968 dv-cinder-841125-8-iscsi devstack@placement-api.service[104563]: DEBUG dbcounter [-] [104563] Writing DB stats placement:SELECT=57,placement:INSERT=4,placement:DELETE=2,placement:UPDATE=2 {{(pid=104563) stat_writer /usr/local/lib/python3.8/dist-packages/dbcounter.py:114}}
May 23 15:33:12.567925 dv-cinder-841125-8-iscsi devstack@placement-api.service[104562]: DEBUG dbcounter [-] [104562] Writing DB stats placement:SELECT=36,placement:DELETE=4,placement:INSERT=4,placement:UPDATE=2 {{(pid=104562) stat_writer /usr/local/lib/python3.8/dist-packages/dbcounter.py:114}}
May 23 15:33:45.214369 dv-cinder-841125-8-iscsi devstack@placement-api.service[104563]: DEBUG placement.requestlog [req-2de72447-b332-4b79-bfbd-622545d6a1a5 req-b04cae78-0553-4ee2-a7d1-626e07c44f17 None None] Starting request: 10.222.0.72 "GET /placement/resource_providers/719000fd-64c6-4e44-a230-1f151e09e02f/allocations" {{(pid=104563) __call__ /opt/stack/placement/placement/requestlog.py:55}}
May 23 15:33:45.236324 dv-cinder-841125-8-iscsi devstack@placement-api.service[104563]: INFO placement.requestlog [req-2de72447-b332-4b79-bfbd-622545d6a1a5 req-b04cae78-0553-4ee2-a7d1-626e07c44f17 service placement] 10.222.0.72 "GET /placement/resource_providers/719000fd-64c6-4e44-a230-1f151e09e02f/allocations" status: 200 len: 861 microversion: 1.0
May 23 15:33:45.236689 dv-cinder-841125-8-iscsi devstack@placement-api.service[104563]: [pid: 104563|app: 0|req: 34/69] 10.222.0.72 () {58 vars in 1390 bytes} [Mon May 23 15:33:45 2022] GET /placement/resource_providers/719000fd-64c6-4e44-a230-1f151e09e02f/allocations => generated 861 bytes in 23 msecs (HTTP/1.1 200) 6 headers in 224 bytes (1 switches on core 0)
May 23 15:33:54.753512 dv-cinder-841125-8-iscsi devstack@placement-api.service[104562]: DEBUG placement.requestlog [req-17037807-66ca-46b1-917d-47d0118af2b1 req-9c212fe4-e54f-4b13-a06a-4360e8246017 None None] Starting request: 10.222.0.72 "DELETE /placement/allocations/cc0f4046-cea9-4426-9970-4ff8f307a3c0" {{(pid=104562) __call__ /opt/stack/placement/placement/requestlog.py:55}}
May 23 15:33:54.784048 dv-cinder-841125-8-iscsi devstack@placement-api.service[104562]: DEBUG placement.handlers.allocation [req-17037807-66ca-46b1-917d-47d0118af2b1 req-9c212fe4-e54f-4b13-a06a-4360e8246017 service placement] Successfully deleted allocations [, , ] {{(pid=104562) delete_allocations /opt/stack/placement/placement/handlers/allocation.py:627}}
May 23 15:33:54.784530 dv-cinder-841125-8-iscsi devstack@placement-api.service[104562]: INFO placement.requestlog [req-17037807-66ca-46b1-917d-47d0118af2b1 req-9c212fe4-e54f-4b13-a06a-4360e8246017 service placement] 10.222.0.72 "DELETE /placement/allocations/cc0f4046-cea9-4426-9970-4ff8f307a3c0" status: 204 len: 0 microversion: 1.0
May 23 15:33:54.784925 dv-cinder-841125-8-iscsi devstack@placement-api.service[104562]: [pid: 104562|app: 0|req: 36/70] 10.222.0.72 () {60 vars in 1355 bytes} [Mon May 23 15:33:54 2022] DELETE /placement/allocations/cc0f4046-cea9-4426-9970-4ff8f307a3c0 => generated 0 bytes in 32 msecs (HTTP/1.1 204) 5 headers in 198 bytes (2 switches on core 0)
May 23 15:33:55.233816 dv-cinder-841125-8-iscsi devstack@placement-api.service[104563]: DEBUG dbcounter [-] [104563] Writing DB stats placement:SELECT=6 {{(pid=104563) stat_writer /usr/local/lib/python3.8/dist-packages/dbcounter.py:114}}
May 23 15:34:01.602725 dv-cinder-841125-8-iscsi devstack@placement-api.service[104563]: DEBUG placement.requestlog [req-ab39136a-1767-45ef-bbf2-0e1b49b90811 req-5291f482-0b36-4acc-b4d3-3cf873737c10 None None] Starting request: 10.222.0.72 "DELETE /placement/allocations/e30f7223-50a4-46a7-b9df-cc24cc0ba14e" {{(pid=104563) __call__ /opt/stack/placement/placement/requestlog.py:55}}
May 23 15:34:01.630882 dv-cinder-841125-8-iscsi devstack@placement-api.service[104563]: DEBUG placement.handlers.allocation [req-ab39136a-1767-45ef-bbf2-0e1b49b90811 req-5291f482-0b36-4acc-b4d3-3cf873737c10 service placement] Successfully deleted allocations [, , ] {{(pid=104563) delete_allocations /opt/stack/placement/placement/handlers/allocation.py:627}}
May 23 15:34:01.631434 dv-cinder-841125-8-iscsi devstack@placement-api.service[104563]: INFO placement.requestlog [req-ab39136a-1767-45ef-bbf2-0e1b49b90811 req-5291f482-0b36-4acc-b4d3-3cf873737c10 service placement] 10.222.0.72 "DELETE /placement/allocations/e30f7223-50a4-46a7-b9df-cc24cc0ba14e" status: 204 len: 0 microversion: 1.0
May 23 15:34:01.631879 dv-cinder-841125-8-iscsi devstack@placement-api.service[104563]: [pid: 104563|app: 0|req: 35/71] 10.222.0.72 () {60 vars in 1355 bytes} [Mon May 23 15:34:01 2022] DELETE /placement/allocations/e30f7223-50a4-46a7-b9df-cc24cc0ba14e => generated 0 bytes in 29 msecs (HTTP/1.1 204) 5 headers in 198 bytes (2 switches on core 0)
