May 19 19:51:40.236507 dv-cinder-841125-7-smb devstack@keystone.service[80386]: DEBUG keystone.server.flask.request_processing.req_logging [None req-1e3a7679-e444-4b03-b5b7-eec9d9f02dba None admin] PATH_INFO: `/v3/role_assignments` {{(pid=80386) log_request_info /opt/stack/keystone/keystone/server/flask/request_processing/req_logging.py:29}}
May 19 19:51:40.236936 dv-cinder-841125-7-smb devstack@keystone.service[80387]: DEBUG keystone.server.flask.request_processing.req_logging [None req-da1261dc-5aeb-439f-a0d0-ab4fc5cb8917 None admin] REQUEST_METHOD: `GET` {{(pid=80387) log_request_info /opt/stack/keystone/keystone/server/flask/request_processing/req_logging.py:27}}
May 19 19:51:40.237944 dv-cinder-841125-7-smb devstack@keystone.service[80387]: DEBUG keystone.server.flask.request_processing.req_logging [None req-da1261dc-5aeb-439f-a0d0-ab4fc5cb8917 None admin] SCRIPT_NAME: `/identity` {{(pid=80387) log_request_info /opt/stack/keystone/keystone/server/flask/request_processing/req_logging.py:28}}
May 19 19:51:40.238479 dv-cinder-841125-7-smb devstack@keystone.service[80387]: DEBUG keystone.server.flask.request_processing.req_logging [None req-da1261dc-5aeb-439f-a0d0-ab4fc5cb8917 None admin] PATH_INFO: `/v3/users/7812142c5cb84169b039f563d7523295` {{(pid=80387) log_request_info /opt/stack/keystone/keystone/server/flask/request_processing/req_logging.py:29}}
May 19 19:51:40.239259 dv-cinder-841125-7-smb devstack@keystone.service[80386]: DEBUG keystone.common.rbac_enforcer.enforcer [None req-1e3a7679-e444-4b03-b5b7-eec9d9f02dba None admin] RBAC: Adding query filter params (role.id=5426d3f310a64c279067b2f050ec444b, scope.project.id=d2e749cf474848b5b3d79b6251182f14, user.id=8e432075b0554806a0f8d52bad9bd3f2) {{(pid=80386) _extract_filter_values /opt/stack/keystone/keystone/common/rbac_enforcer/enforcer.py:167}}
May 19 19:51:40.239487 dv-cinder-841125-7-smb devstack@keystone.service[80387]: DEBUG keystone.common.rbac_enforcer.enforcer [None req-da1261dc-5aeb-439f-a0d0-ab4fc5cb8917 None admin] RBAC: Authorizing `identity:get_user(user_id=7812142c5cb84169b039f563d7523295)` {{(pid=80387) enforce_call /opt/stack/keystone/keystone/common/rbac_enforcer/enforcer.py:449}}
May 19 19:51:40.239984 dv-cinder-841125-7-smb devstack@keystone.service[80386]: DEBUG keystone.common.rbac_enforcer.enforcer [None req-1e3a7679-e444-4b03-b5b7-eec9d9f02dba None admin] RBAC: Authorizing `identity:list_role_assignments()` {{(pid=80386) enforce_call /opt/stack/keystone/keystone/common/rbac_enforcer/enforcer.py:449}}
May 19 19:51:40.240994 dv-cinder-841125-7-smb devstack@keystone.service[80387]: DEBUG keystone.common.rbac_enforcer.enforcer [None req-da1261dc-5aeb-439f-a0d0-ab4fc5cb8917 None admin] RBAC: Authorization granted {{(pid=80387) enforce_call /opt/stack/keystone/keystone/common/rbac_enforcer/enforcer.py:457}}
May 19 19:51:40.241912 dv-cinder-841125-7-smb devstack@keystone.service[80386]: DEBUG keystone.common.rbac_enforcer.enforcer [None req-1e3a7679-e444-4b03-b5b7-eec9d9f02dba None admin] RBAC: Authorization granted {{(pid=80386) enforce_call /opt/stack/keystone/keystone/common/rbac_enforcer/enforcer.py:457}}
May 19 19:51:40.242818 dv-cinder-841125-7-smb devstack@keystone.service[80387]: [pid: 80387|app: 0|req: 67/128] 10.222.0.83 () {56 vars in 1177 bytes} [Thu May 19 19:51:40 2022] GET /identity/v3/users/7812142c5cb84169b039f563d7523295 => generated 275 bytes in 162 msecs (HTTP/1.1 200) 5 headers in 177 bytes (1 switches on core 0)
May 19 19:51:40.243402 dv-cinder-841125-7-smb devstack@keystone.service[80387]: DEBUG keystone.server.flask.request_processing.middleware.auth_context [None req-da1261dc-5aeb-439f-a0d0-ab4fc5cb8917 None admin] Authenticating user token {{(pid=80387) process_request /usr/local/lib/python3.8/dist-packages/keystonemiddleware/auth_token/__init__.py:407}}
May 19 19:51:40.256534 dv-cinder-841125-7-smb devstack@keystone.service[80386]: [pid: 80386|app: 0|req: 62/129] 10.222.0.83 () {56 vars in 1374 bytes} [Thu May 19 19:51:40 2022] GET /identity/v3/role_assignments?user.id=8e432075b0554806a0f8d52bad9bd3f2&scope.project.id=d2e749cf474848b5b3d79b6251182f14&role.id=5426d3f310a64c279067b2f050ec444b => generated 259 bytes in 175 msecs (HTTP/1.1 200) 5 headers in 177 bytes (1 switches on core 0)
May 19 19:51:40.257990 dv-cinder-841125-7-smb devstack@keystone.service[80386]: DEBUG keystone.server.flask.request_processing.middleware.auth_context [None req-1e3a7679-e444-4b03-b5b7-eec9d9f02dba None admin] Authenticating user token {{(pid=80386) process_request /usr/local/lib/python3.8/dist-packages/keystonemiddleware/auth_token/__init__.py:407}}
May 19 19:51:40.276480 dv-cinder-841125-7-smb devstack@keystone.service[80387]: DEBUG dbcounter [-] [80387] Writing DB stats keystone:SELECT=100 {{(pid=80387) stat_writer /usr/local/lib/python3.8/dist-packages/dbcounter.py:114}}
May 19 19:51:40.394675 dv-cinder-841125-7-smb devstack@keystone.service[80386]: DEBUG dbcounter [-] [80386] Writing DB stats keystone:SELECT=100 {{(pid=80386) stat_writer /usr/local/lib/python3.8/dist-packages/dbcounter.py:114}}
May 19 19:51:40.405127 dv-cinder-841125-7-smb devstack@keystone.service[80387]: DEBUG keystone.server.flask.request_processing.middleware.auth_context [None req-da1261dc-5aeb-439f-a0d0-ab4fc5cb8917 None admin] Validating token access rules against request {{(pid=80387) validate_allowed_request /usr/local/lib/python3.8/dist-packages/keystonemiddleware/auth_token/__init__.py:545}}
May 19 19:51:40.451262 dv-cinder-841125-7-smb devstack@keystone.service[80386]: DEBUG keystone.server.flask.request_processing.middleware.auth_context [None req-1e3a7679-e444-4b03-b5b7-eec9d9f02dba None admin] Validating token access rules against request {{(pid=80386) validate_allowed_request /usr/local/lib/python3.8/dist-packages/keystonemiddleware/auth_token/__init__.py:545}}
May 19 19:51:40.485990 dv-cinder-841125-7-smb devstack@keystone.service[80387]: DEBUG keystone.server.flask.request_processing.middleware.auth_context [None req-322e594c-8168-4f50-abcd-fce2802d2e82 None admin] RBAC: auth_context: {'token': , 'domain_id': None, 'trust_id': None, 'trustor_id': None, 'trustee_id': None, 'domain_name': None, 'group_ids': [], 'user_id': '71ef5310cc104330bfc272dec4b08dc5', 'user_domain_id': 'default', 'system_scope': 'all', 'project_id': None, 'project_domain_id': None, 'roles': ['admin', 'member', 'reader'], 'is_admin_project': True, 'service_user_id': None, 'service_user_domain_id': None, 'service_project_id': None, 'service_project_domain_id': None, 'service_roles': []} {{(pid=80387) fill_context /opt/stack/keystone/keystone/server/flask/request_processing/middleware/auth_context.py:478}}
May 19 19:51:40.487216 dv-cinder-841125-7-smb devstack@keystone.service[80387]: DEBUG keystone.server.flask.request_processing.req_logging [None req-322e594c-8168-4f50-abcd-fce2802d2e82 None admin] REQUEST_METHOD: `GET` {{(pid=80387) log_request_info /opt/stack/keystone/keystone/server/flask/request_processing/req_logging.py:27}}
May 19 19:51:40.487547 dv-cinder-841125-7-smb devstack@keystone.service[80387]: DEBUG keystone.server.flask.request_processing.req_logging [None req-322e594c-8168-4f50-abcd-fce2802d2e82 None admin] SCRIPT_NAME: `/identity` {{(pid=80387) log_request_info /opt/stack/keystone/keystone/server/flask/request_processing/req_logging.py:28}}
May 19 19:51:40.487828 dv-cinder-841125-7-smb devstack@keystone.service[80387]: DEBUG keystone.server.flask.request_processing.req_logging [None req-322e594c-8168-4f50-abcd-fce2802d2e82 None admin] PATH_INFO: `/v3/users/71ef5310cc104330bfc272dec4b08dc5` {{(pid=80387) log_request_info /opt/stack/keystone/keystone/server/flask/request_processing/req_logging.py:29}}
May 19 19:51:40.489159 dv-cinder-841125-7-smb devstack@keystone.service[80387]: DEBUG keystone.common.rbac_enforcer.enforcer [None req-322e594c-8168-4f50-abcd-fce2802d2e82 None admin] RBAC: Authorizing `identity:get_user(user_id=71ef5310cc104330bfc272dec4b08dc5)` {{(pid=80387) enforce_call /opt/stack/keystone/keystone/common/rbac_enforcer/enforcer.py:449}}
May 19 19:51:40.491622 dv-cinder-841125-7-smb devstack@keystone.service[80387]: DEBUG keystone.common.rbac_enforcer.enforcer [None req-322e594c-8168-4f50-abcd-fce2802d2e82 None admin] RBAC: Authorization granted {{(pid=80387) enforce_call /opt/stack/keystone/keystone/common/rbac_enforcer/enforcer.py:457}}
May 19 19:51:40.492758 dv-cinder-841125-7-smb devstack@keystone.service[80386]: DEBUG keystone.server.flask.request_processing.middleware.auth_context [None req-383e69c8-c89c-47f4-b62a-a580f73b0ef5 None admin] RBAC: auth_context: {'token': , 'domain_id': None, 'trust_id': None, 'trustor_id': None, 'trustee_id': None, 'domain_name': None, 'group_ids': [], 'user_id': '71ef5310cc104330bfc272dec4b08dc5', 'user_domain_id': 'default', 'system_scope': 'all', 'project_id': None, 'project_domain_id': None, 'roles': ['admin', 'member', 'reader'], 'is_admin_project': True, 'service_user_id': None, 'service_user_domain_id': None, 'service_project_id': None, 'service_project_domain_id': None, 'service_roles': []} {{(pid=80386) fill_context /opt/stack/keystone/keystone/server/flask/request_processing/middleware/auth_context.py:478}}
May 19 19:51:40.493935 dv-cinder-841125-7-smb devstack@keystone.service[80386]: DEBUG keystone.server.flask.request_processing.req_logging [None req-383e69c8-c89c-47f4-b62a-a580f73b0ef5 None admin] REQUEST_METHOD: `GET` {{(pid=80386) log_request_info /opt/stack/keystone/keystone/server/flask/request_processing/req_logging.py:27}}
May 19 19:51:40.494380 dv-cinder-841125-7-smb devstack@keystone.service[80387]: [pid: 80387|app: 0|req: 68/130] 10.222.0.83 () {56 vars in 1177 bytes} [Thu May 19 19:51:40 2022] GET /identity/v3/users/71ef5310cc104330bfc272dec4b08dc5 => generated 247 bytes in 251 msecs (HTTP/1.1 200) 5 headers in 177 bytes (1 switches on core 0)
May 19 19:51:40.494502 dv-cinder-841125-7-smb devstack@keystone.service[80386]: DEBUG keystone.server.flask.request_processing.req_logging [None req-383e69c8-c89c-47f4-b62a-a580f73b0ef5 None admin] SCRIPT_NAME: `/identity` {{(pid=80386) log_request_info /opt/stack/keystone/keystone/server/flask/request_processing/req_logging.py:28}}
May 19 19:51:40.494589 dv-cinder-841125-7-smb devstack@keystone.service[80386]: DEBUG keystone.server.flask.request_processing.req_logging [None req-383e69c8-c89c-47f4-b62a-a580f73b0ef5 None admin] PATH_INFO: `/v3/users/7812142c5cb84169b039f563d7523295` {{(pid=80386) log_request_info /opt/stack/keystone/keystone/server/flask/request_processing/req_logging.py:29}}
May 19 19:51:40.494929 dv-cinder-841125-7-smb devstack@keystone.service[80387]: DEBUG keystone.server.flask.request_processing.middleware.auth_context [None req-322e594c-8168-4f50-abcd-fce2802d2e82 None admin] Authenticating user token {{(pid=80387) process_request /usr/local/lib/python3.8/dist-packages/keystonemiddleware/auth_token/__init__.py:407}}
May 19 19:51:40.495957 dv-cinder-841125-7-smb devstack@keystone.service[80386]: DEBUG keystone.common.rbac_enforcer.enforcer [None req-383e69c8-c89c-47f4-b62a-a580f73b0ef5 None admin] RBAC: Authorizing `identity:get_user(user_id=7812142c5cb84169b039f563d7523295)` {{(pid=80386) enforce_call /opt/stack/keystone/keystone/common/rbac_enforcer/enforcer.py:449}}
May 19 19:51:40.497863 dv-cinder-841125-7-smb devstack@keystone.service[80386]: DEBUG keystone.common.rbac_enforcer.enforcer [None req-383e69c8-c89c-47f4-b62a-a580f73b0ef5 None admin] RBAC: Authorization granted {{(pid=80386) enforce_call /opt/stack/keystone/keystone/common/rbac_enforcer/enforcer.py:457}}
May 19 19:51:40.500028 dv-cinder-841125-7-smb devstack@keystone.service[80386]: [pid: 80386|app: 0|req: 63/131] 10.222.0.83 () {56 vars in 1177 bytes} [Thu May 19 19:51:40 2022] GET /identity/v3/users/7812142c5cb84169b039f563d7523295 => generated 275 bytes in 243 msecs (HTTP/1.1 200) 5 headers in 177 bytes (1 switches on core 0)
May 19 19:51:40.500920 dv-cinder-841125-7-smb devstack@keystone.service[80386]: DEBUG keystone.server.flask.request_processing.middleware.auth_context [None req-383e69c8-c89c-47f4-b62a-a580f73b0ef5 None admin] Authenticating user token {{(pid=80386) process_request /usr/local/lib/python3.8/dist-packages/keystonemiddleware/auth_token/__init__.py:407}}
May 19 19:51:40.606915 dv-cinder-841125-7-smb devstack@keystone.service[80387]: DEBUG dbcounter [-] [80387] Writing DB stats keystone:SELECT=100 {{(pid=80387) stat_writer /usr/local/lib/python3.8/dist-packages/dbcounter.py:114}}
May 19 19:51:40.611219 dv-cinder-841125-7-smb devstack@keystone.service[80386]: DEBUG keystone.server.flask.request_processing.middleware.auth_context [None req-383e69c8-c89c-47f4-b62a-a580f73b0ef5 None admin] Validating token access rules against request {{(pid=80386) validate_allowed_request /usr/local/lib/python3.8/dist-packages/keystonemiddleware/auth_token/__init__.py:545}}
May 19 19:51:40.617564 dv-cinder-841125-7-smb devstack@keystone.service[80387]: DEBUG keystone.server.flask.request_processing.middleware.auth_context [None req-322e594c-8168-4f50-abcd-fce2802d2e82 None admin] Validating token access rules against request {{(pid=80387) validate_allowed_request /usr/local/lib/python3.8/dist-packages/keystonemiddleware/auth_token/__init__.py:545}}
May 19 19:51:40.650487 dv-cinder-841125-7-smb devstack@keystone.service[80386]: DEBUG keystone.server.flask.request_processing.middleware.auth_context [None req-89398b58-3e4d-4ffb-92a9-6d29dbab02dc None admin] RBAC: auth_context: {'token': , 'domain_id': None, 'trust_id': None, 'trustor_id': None, 'trustee_id': None, 'domain_name': None, 'group_ids': [], 'user_id': '71ef5310cc104330bfc272dec4b08dc5', 'user_domain_id': 'default', 'system_scope': 'all', 'project_id': None, 'project_domain_id': None, 'roles': ['admin', 'member', 'reader'], 'is_admin_project': True, 'service_user_id': None, 'service_user_domain_id': None, 'service_project_id': None, 'service_project_domain_id': None, 'service_roles': []} {{(pid=80386) fill_context /opt/stack/keystone/keystone/server/flask/request_processing/middleware/auth_context.py:478}}
May 19 19:51:40.651283 dv-cinder-841125-7-smb devstack@keystone.service[80386]: DEBUG keystone.server.flask.request_processing.req_logging [None req-89398b58-3e4d-4ffb-92a9-6d29dbab02dc None admin] REQUEST_METHOD: `GET` {{(pid=80386) log_request_info /opt/stack/keystone/keystone/server/flask/request_processing/req_logging.py:27}}
May 19 19:51:40.651570 dv-cinder-841125-7-smb devstack@keystone.service[80386]: DEBUG keystone.server.flask.request_processing.req_logging [None req-89398b58-3e4d-4ffb-92a9-6d29dbab02dc None admin] SCRIPT_NAME: `/identity` {{(pid=80386) log_request_info /opt/stack/keystone/keystone/server/flask/request_processing/req_logging.py:28}}
May 19 19:51:40.651849 dv-cinder-841125-7-smb devstack@keystone.service[80386]: DEBUG keystone.server.flask.request_processing.req_logging [None req-89398b58-3e4d-4ffb-92a9-6d29dbab02dc None admin] PATH_INFO: `/v3/projects/d2e749cf474848b5b3d79b6251182f14` {{(pid=80386) log_request_info /opt/stack/keystone/keystone/server/flask/request_processing/req_logging.py:29}}
May 19 19:51:40.653185 dv-cinder-841125-7-smb devstack@keystone.service[80386]: DEBUG keystone.common.rbac_enforcer.enforcer [None req-89398b58-3e4d-4ffb-92a9-6d29dbab02dc None admin] RBAC: Authorizing `identity:get_project(project_id=d2e749cf474848b5b3d79b6251182f14)` {{(pid=80386) enforce_call /opt/stack/keystone/keystone/common/rbac_enforcer/enforcer.py:449}}
May 19 19:51:40.654621 dv-cinder-841125-7-smb devstack@keystone.service[80386]: DEBUG keystone.common.rbac_enforcer.enforcer [None req-89398b58-3e4d-4ffb-92a9-6d29dbab02dc None admin] RBAC: Authorization granted {{(pid=80386) enforce_call /opt/stack/keystone/keystone/common/rbac_enforcer/enforcer.py:457}}
May 19 19:51:40.656649 dv-cinder-841125-7-smb devstack@keystone.service[80386]: [pid: 80386|app: 0|req: 64/132] 10.222.0.83 () {56 vars in 1186 bytes} [Thu May 19 19:51:40 2022] GET /identity/v3/projects/d2e749cf474848b5b3d79b6251182f14 => generated 298 bytes in 156 msecs (HTTP/1.1 200) 5 headers in 177 bytes (1 switches on core 0)
May 19 19:51:40.657488 dv-cinder-841125-7-smb devstack@keystone.service[80386]: DEBUG keystone.server.flask.request_processing.middleware.auth_context [None req-89398b58-3e4d-4ffb-92a9-6d29dbab02dc None admin] Authenticating user token {{(pid=80386) process_request /usr/local/lib/python3.8/dist-packages/keystonemiddleware/auth_token/__init__.py:407}}
May 19 19:51:40.667683 dv-cinder-841125-7-smb devstack@keystone.service[80386]: DEBUG dbcounter [-] [80386] Writing DB stats keystone:SELECT=100 {{(pid=80386) stat_writer /usr/local/lib/python3.8/dist-packages/dbcounter.py:114}}
May 19 19:51:40.693740 dv-cinder-841125-7-smb devstack@keystone.service[80387]: DEBUG keystone.server.flask.request_processing.middleware.auth_context [None req-e1a66d29-cc88-465e-b0c6-0058c3a3d820 None admin] RBAC: auth_context: {'token': , 'domain_id': None, 'trust_id': None, 'trustor_id': None, 'trustee_id': None, 'domain_name': None, 'group_ids': [], 'user_id': '71ef5310cc104330bfc272dec4b08dc5', 'user_domain_id': 'default', 'system_scope': 'all', 'project_id': None, 'project_domain_id': None, 'roles': ['admin', 'member', 'reader'], 'is_admin_project': True, 'service_user_id': None, 'service_user_domain_id': None, 'service_project_id': None, 'service_project_domain_id': None, 'service_roles': []} {{(pid=80387) fill_context /opt/stack/keystone/keystone/server/flask/request_processing/middleware/auth_context.py:478}}
May 19 19:51:40.694670 dv-cinder-841125-7-smb devstack@keystone.service[80387]: DEBUG keystone.server.flask.request_processing.req_logging [None req-e1a66d29-cc88-465e-b0c6-0058c3a3d820 None admin] REQUEST_METHOD: `GET` {{(pid=80387) log_request_info /opt/stack/keystone/keystone/server/flask/request_processing/req_logging.py:27}}
May 19 19:51:40.694961 dv-cinder-841125-7-smb devstack@keystone.service[80387]: DEBUG keystone.server.flask.request_processing.req_logging [None req-e1a66d29-cc88-465e-b0c6-0058c3a3d820 None admin] SCRIPT_NAME: `/identity` {{(pid=80387) log_request_info /opt/stack/keystone/keystone/server/flask/request_processing/req_logging.py:28}}
May 19 19:51:40.695243 dv-cinder-841125-7-smb devstack@keystone.service[80387]: DEBUG keystone.server.flask.request_processing.req_logging [None req-e1a66d29-cc88-465e-b0c6-0058c3a3d820 None admin] PATH_INFO: `/v3/projects/d2e749cf474848b5b3d79b6251182f14` {{(pid=80387) log_request_info /opt/stack/keystone/keystone/server/flask/request_processing/req_logging.py:29}}
May 19 19:51:40.701150 dv-cinder-841125-7-smb devstack@keystone.service[80387]: DEBUG keystone.common.rbac_enforcer.enforcer [None req-e1a66d29-cc88-465e-b0c6-0058c3a3d820 None admin] RBAC: Authorizing `identity:get_project(project_id=d2e749cf474848b5b3d79b6251182f14)` {{(pid=80387) enforce_call /opt/stack/keystone/keystone/common/rbac_enforcer/enforcer.py:449}}
May 19 19:51:40.703731 dv-cinder-841125-7-smb devstack@keystone.service[80387]: DEBUG keystone.common.rbac_enforcer.enforcer [None req-e1a66d29-cc88-465e-b0c6-0058c3a3d820 None admin] RBAC: Authorization granted {{(pid=80387) enforce_call /opt/stack/keystone/keystone/common/rbac_enforcer/enforcer.py:457}}
May 19 19:51:40.706536 dv-cinder-841125-7-smb devstack@keystone.service[80387]: [pid: 80387|app: 0|req: 69/133] 10.222.0.83 () {56 vars in 1186 bytes} [Thu May 19 19:51:40 2022] GET /identity/v3/projects/d2e749cf474848b5b3d79b6251182f14 => generated 298 bytes in 211 msecs (HTTP/1.1 200) 5 headers in 177 bytes (1 switches on core 0)
May 19 19:51:40.707553 dv-cinder-841125-7-smb devstack@keystone.service[80387]: DEBUG keystone.server.flask.request_processing.middleware.auth_context [None req-e1a66d29-cc88-465e-b0c6-0058c3a3d820 None admin] Authenticating user token {{(pid=80387) process_request /usr/local/lib/python3.8/dist-packages/keystonemiddleware/auth_token/__init__.py:407}}
May 19 19:51:40.766757 dv-cinder-841125-7-smb devstack@keystone.service[80386]: DEBUG keystone.server.flask.request_processing.middleware.auth_context [None req-89398b58-3e4d-4ffb-92a9-6d29dbab02dc None admin] Validating token access rules against request {{(pid=80386) validate_allowed_request /usr/local/lib/python3.8/dist-packages/keystonemiddleware/auth_token/__init__.py:545}}
May 19 19:51:40.804270 dv-cinder-841125-7-smb devstack@keystone.service[80386]: DEBUG keystone.server.flask.request_processing.middleware.auth_context [None req-5e37b13b-9d43-4cb4-9d8f-b8faaeb042d9 None admin] RBAC: auth_context: {'token': , 'domain_id': None, 'trust_id': None, 'trustor_id': None, 'trustee_id': None, 'domain_name': None, 'group_ids': [], 'user_id': '71ef5310cc104330bfc272dec4b08dc5', 'user_domain_id': 'default', 'system_scope': 'all', 'project_id': None, 'project_domain_id': None, 'roles': ['admin', 'member', 'reader'], 'is_admin_project': True, 'service_user_id': None, 'service_user_domain_id': None, 'service_project_id': None, 'service_project_domain_id': None, 'service_roles': []} {{(pid=80386) fill_context /opt/stack/keystone/keystone/server/flask/request_processing/middleware/auth_context.py:478}}
May 19 19:51:40.805167 dv-cinder-841125-7-smb devstack@keystone.service[80386]: DEBUG keystone.server.flask.request_processing.req_logging [None req-5e37b13b-9d43-4cb4-9d8f-b8faaeb042d9 None admin] REQUEST_METHOD: `GET` {{(pid=80386) log_request_info /opt/stack/keystone/keystone/server/flask/request_processing/req_logging.py:27}}
May 19 19:51:40.805452 dv-cinder-841125-7-smb devstack@keystone.service[80386]: DEBUG keystone.server.flask.request_processing.req_logging [None req-5e37b13b-9d43-4cb4-9d8f-b8faaeb042d9 None admin] SCRIPT_NAME: `/identity` {{(pid=80386) log_request_info /opt/stack/keystone/keystone/server/flask/request_processing/req_logging.py:28}}
May 19 19:51:40.805853 dv-cinder-841125-7-smb devstack@keystone.service[80386]: DEBUG keystone.server.flask.request_processing.req_logging [None req-5e37b13b-9d43-4cb4-9d8f-b8faaeb042d9 None admin] PATH_INFO: `/v3/projects/ab904c2f0f3944569e1cc8eecc697581` {{(pid=80386) log_request_info /opt/stack/keystone/keystone/server/flask/request_processing/req_logging.py:29}}
May 19 19:51:40.807049 dv-cinder-841125-7-smb devstack@keystone.service[80386]: DEBUG keystone.common.rbac_enforcer.enforcer [None req-5e37b13b-9d43-4cb4-9d8f-b8faaeb042d9 None admin] RBAC: Authorizing `identity:get_project(project_id=ab904c2f0f3944569e1cc8eecc697581)` {{(pid=80386) enforce_call /opt/stack/keystone/keystone/common/rbac_enforcer/enforcer.py:449}}
May 19 19:51:40.808531 dv-cinder-841125-7-smb devstack@keystone.service[80386]: DEBUG keystone.common.rbac_enforcer.enforcer [None req-5e37b13b-9d43-4cb4-9d8f-b8faaeb042d9 None admin] RBAC: Authorization granted {{(pid=80386) enforce_call /opt/stack/keystone/keystone/common/rbac_enforcer/enforcer.py:457}}
May 19 19:51:40.810616 dv-cinder-841125-7-smb devstack@keystone.service[80386]: [pid: 80386|app: 0|req: 65/134] 10.222.0.83 () {56 vars in 1186 bytes} [Thu May 19 19:51:40 2022] GET /identity/v3/projects/ab904c2f0f3944569e1cc8eecc697581 => generated 312 bytes in 153 msecs (HTTP/1.1 200) 5 headers in 177 bytes (1 switches on core 0)
May 19 19:51:40.811379 dv-cinder-841125-7-smb devstack@keystone.service[80386]: DEBUG keystone.server.flask.request_processing.middleware.auth_context [None req-5e37b13b-9d43-4cb4-9d8f-b8faaeb042d9 None admin] Authenticating user token {{(pid=80386) process_request /usr/local/lib/python3.8/dist-packages/keystonemiddleware/auth_token/__init__.py:407}}
May 19 19:51:40.900862 dv-cinder-841125-7-smb devstack@keystone.service[80386]: DEBUG dbcounter [-] [80386] Writing DB stats keystone:SELECT=100 {{(pid=80386) stat_writer /usr/local/lib/python3.8/dist-packages/dbcounter.py:114}}
May 19 19:51:40.939201 dv-cinder-841125-7-smb devstack@keystone.service[80387]: DEBUG keystone.server.flask.request_processing.middleware.auth_context [None req-e1a66d29-cc88-465e-b0c6-0058c3a3d820 None admin] Validating token access rules against request {{(pid=80387) validate_allowed_request /usr/local/lib/python3.8/dist-packages/keystonemiddleware/auth_token/__init__.py:545}}
May 19 19:51:40.943068 dv-cinder-841125-7-smb devstack@keystone.service[80386]: DEBUG keystone.server.flask.request_processing.middleware.auth_context [None req-5e37b13b-9d43-4cb4-9d8f-b8faaeb042d9 None admin] Validating token access rules against request {{(pid=80386) validate_allowed_request /usr/local/lib/python3.8/dist-packages/keystonemiddleware/auth_token/__init__.py:545}}
May 19 19:51:41.008623 dv-cinder-841125-7-smb devstack@keystone.service[80386]: DEBUG keystone.server.flask.request_processing.middleware.auth_context [None req-5a605afa-1eca-4300-80f9-6d1a5ea3634c None admin] RBAC: auth_context: {'token': , 'domain_id': None, 'trust_id': None, 'trustor_id': None, 'trustee_id': None, 'domain_name': None, 'group_ids': [], 'user_id': '71ef5310cc104330bfc272dec4b08dc5', 'user_domain_id': 'default', 'system_scope': 'all', 'project_id': None, 'project_domain_id': None, 'roles': ['admin', 'member', 'reader'], 'is_admin_project': True, 'service_user_id': None, 'service_user_domain_id': None, 'service_project_id': None, 'service_project_domain_id': None, 'service_roles': []} {{(pid=80386) fill_context /opt/stack/keystone/keystone/server/flask/request_processing/middleware/auth_context.py:478}}
May 19 19:51:41.009532 dv-cinder-841125-7-smb devstack@keystone.service[80386]: DEBUG keystone.server.flask.request_processing.req_logging [None req-5a605afa-1eca-4300-80f9-6d1a5ea3634c None admin] REQUEST_METHOD: `PUT` {{(pid=80386) log_request_info /opt/stack/keystone/keystone/server/flask/request_processing/req_logging.py:27}}
May 19 19:51:41.009819 dv-cinder-841125-7-smb devstack@keystone.service[80386]: DEBUG keystone.server.flask.request_processing.req_logging [None req-5a605afa-1eca-4300-80f9-6d1a5ea3634c None admin] SCRIPT_NAME: `/identity` {{(pid=80386) log_request_info /opt/stack/keystone/keystone/server/flask/request_processing/req_logging.py:28}}
May 19 19:51:41.010096 dv-cinder-841125-7-smb devstack@keystone.service[80386]: DEBUG keystone.server.flask.request_processing.req_logging [None req-5a605afa-1eca-4300-80f9-6d1a5ea3634c None admin] PATH_INFO: `/v3/projects/d2e749cf474848b5b3d79b6251182f14/users/7812142c5cb84169b039f563d7523295/roles/48dd2929d87d42ef90a5b632142bda62` {{(pid=80386) log_request_info /opt/stack/keystone/keystone/server/flask/request_processing/req_logging.py:29}}
May 19 19:51:41.015582 dv-cinder-841125-7-smb devstack@keystone.service[80387]: DEBUG keystone.server.flask.request_processing.middleware.auth_context [None req-52e54d06-cffc-4e6f-8552-bb22ca9e593e None admin] RBAC: auth_context: {'token': , 'domain_id': None, 'trust_id': None, 'trustor_id': None, 'trustee_id': None, 'domain_name': None, 'group_ids': [], 'user_id': '71ef5310cc104330bfc272dec4b08dc5', 'user_domain_id': 'default', 'system_scope': 'all', 'project_id': None, 'project_domain_id': None, 'roles': ['admin', 'member', 'reader'], 'is_admin_project': True, 'service_user_id': None, 'service_user_domain_id': None, 'service_project_id': None, 'service_project_domain_id': None, 'service_roles': []} {{(pid=80387) fill_context /opt/stack/keystone/keystone/server/flask/request_processing/middleware/auth_context.py:478}}
May 19 19:51:41.016512 dv-cinder-841125-7-smb devstack@keystone.service[80387]: DEBUG keystone.server.flask.request_processing.req_logging [None req-52e54d06-cffc-4e6f-8552-bb22ca9e593e None admin] REQUEST_METHOD: `PUT` {{(pid=80387) log_request_info /opt/stack/keystone/keystone/server/flask/request_processing/req_logging.py:27}}
May 19 19:51:41.016802 dv-cinder-841125-7-smb devstack@keystone.service[80387]: DEBUG keystone.server.flask.request_processing.req_logging [None req-52e54d06-cffc-4e6f-8552-bb22ca9e593e None admin] SCRIPT_NAME: `/identity` {{(pid=80387) log_request_info /opt/stack/keystone/keystone/server/flask/request_processing/req_logging.py:28}}
May 19 19:51:41.017079 dv-cinder-841125-7-smb devstack@keystone.service[80387]: DEBUG keystone.server.flask.request_processing.req_logging [None req-52e54d06-cffc-4e6f-8552-bb22ca9e593e None admin] PATH_INFO: `/v3/projects/d2e749cf474848b5b3d79b6251182f14/users/71ef5310cc104330bfc272dec4b08dc5/roles/5c56a5775dba43f589362ff17647778d` {{(pid=80387) log_request_info /opt/stack/keystone/keystone/server/flask/request_processing/req_logging.py:29}}
May 19 19:51:41.018779 dv-cinder-841125-7-smb devstack@keystone.service[80386]: DEBUG keystone.common.rbac_enforcer.enforcer [None req-5a605afa-1eca-4300-80f9-6d1a5ea3634c None admin] RBAC: Authorizing `identity:create_grant(project_id=d2e749cf474848b5b3d79b6251182f14, user_id=7812142c5cb84169b039f563d7523295, role_id=48dd2929d87d42ef90a5b632142bda62)` {{(pid=80386) enforce_call /opt/stack/keystone/keystone/common/rbac_enforcer/enforcer.py:449}}
May 19 19:51:41.020364 dv-cinder-841125-7-smb devstack@keystone.service[80386]: DEBUG keystone.common.rbac_enforcer.enforcer [None req-5a605afa-1eca-4300-80f9-6d1a5ea3634c None admin] RBAC: Authorization granted {{(pid=80386) enforce_call /opt/stack/keystone/keystone/common/rbac_enforcer/enforcer.py:457}}
May 19 19:51:41.024208 dv-cinder-841125-7-smb devstack@keystone.service[80387]: DEBUG keystone.common.rbac_enforcer.enforcer [None req-52e54d06-cffc-4e6f-8552-bb22ca9e593e None admin] RBAC: Authorizing `identity:create_grant(project_id=d2e749cf474848b5b3d79b6251182f14, user_id=71ef5310cc104330bfc272dec4b08dc5, role_id=5c56a5775dba43f589362ff17647778d)` {{(pid=80387) enforce_call /opt/stack/keystone/keystone/common/rbac_enforcer/enforcer.py:449}}
May 19 19:51:41.025699 dv-cinder-841125-7-smb devstack@keystone.service[80387]: DEBUG keystone.common.rbac_enforcer.enforcer [None req-52e54d06-cffc-4e6f-8552-bb22ca9e593e None admin] RBAC: Authorization granted {{(pid=80387) enforce_call /opt/stack/keystone/keystone/common/rbac_enforcer/enforcer.py:457}}
May 19 19:51:41.136156 dv-cinder-841125-7-smb devstack@keystone.service[80386]: [pid: 80386|app: 0|req: 66/135] 10.222.0.83 () {58 vars in 1439 bytes} [Thu May 19 19:51:40 2022] PUT /identity/v3/projects/d2e749cf474848b5b3d79b6251182f14/users/7812142c5cb84169b039f563d7523295/roles/48dd2929d87d42ef90a5b632142bda62 => generated 0 bytes in 325 msecs (HTTP/1.1 204) 3 headers in 132 bytes (0 switches on core 0)
May 19 19:51:41.136940 dv-cinder-841125-7-smb devstack@keystone.service[80386]: DEBUG keystone.server.flask.request_processing.middleware.auth_context [None req-5a605afa-1eca-4300-80f9-6d1a5ea3634c None admin] Authenticating user token {{(pid=80386) process_request /usr/local/lib/python3.8/dist-packages/keystonemiddleware/auth_token/__init__.py:407}}
May 19 19:51:41.175218 dv-cinder-841125-7-smb devstack@keystone.service[80387]: [pid: 80387|app: 0|req: 70/136] 10.222.0.83 () {58 vars in 1439 bytes} [Thu May 19 19:51:40 2022] PUT /identity/v3/projects/d2e749cf474848b5b3d79b6251182f14/users/71ef5310cc104330bfc272dec4b08dc5/roles/5c56a5775dba43f589362ff17647778d => generated 0 bytes in 465 msecs (HTTP/1.1 204) 3 headers in 132 bytes (0 switches on core 0)
May 19 19:51:41.175218 dv-cinder-841125-7-smb devstack@keystone.service[80387]: DEBUG keystone.server.flask.request_processing.req_logging [None req-137e0fdb-eb8c-488f-9d2b-badcfbcb59f7 None None] REQUEST_METHOD: `GET` {{(pid=80387) log_request_info /opt/stack/keystone/keystone/server/flask/request_processing/req_logging.py:27}}
May 19 19:51:41.175218 dv-cinder-841125-7-smb devstack@keystone.service[80387]: DEBUG keystone.server.flask.request_processing.req_logging [None req-137e0fdb-eb8c-488f-9d2b-badcfbcb59f7 None None] SCRIPT_NAME: `/identity` {{(pid=80387) log_request_info /opt/stack/keystone/keystone/server/flask/request_processing/req_logging.py:28}}
May 19 19:51:41.175218 dv-cinder-841125-7-smb devstack@keystone.service[80387]: DEBUG keystone.server.flask.request_processing.req_logging [None req-137e0fdb-eb8c-488f-9d2b-badcfbcb59f7 None None] PATH_INFO: `/` {{(pid=80387) log_request_info /opt/stack/keystone/keystone/server/flask/request_processing/req_logging.py:29}}
May 19 19:51:41.177499 dv-cinder-841125-7-smb devstack@keystone.service[80387]: [pid: 80387|app: 0|req: 71/137] 10.222.0.83 () {54 vars in 926 bytes} [Thu May 19 19:51:41 2022] GET /identity => generated 270 bytes in 5 msecs (HTTP/1.1 300) 6 headers in 234 bytes (1 switches on core 0)
May 19 19:51:41.183900 dv-cinder-841125-7-smb devstack@keystone.service[80387]: DEBUG keystone.server.flask.request_processing.req_logging [None req-1baed5e9-a2b1-4253-9265-c31ced802ab3 None None] REQUEST_METHOD: `POST` {{(pid=80387) log_request_info /opt/stack/keystone/keystone/server/flask/request_processing/req_logging.py:27}}
May 19 19:51:41.184194 dv-cinder-841125-7-smb devstack@keystone.service[80387]: DEBUG keystone.server.flask.request_processing.req_logging [None req-1baed5e9-a2b1-4253-9265-c31ced802ab3 None None] SCRIPT_NAME: `/identity` {{(pid=80387) log_request_info /opt/stack/keystone/keystone/server/flask/request_processing/req_logging.py:28}}
May 19 19:51:41.188418 dv-cinder-841125-7-smb devstack@keystone.service[80387]: DEBUG keystone.server.flask.request_processing.req_logging [None req-1baed5e9-a2b1-4253-9265-c31ced802ab3 None None] PATH_INFO: `/v3/auth/tokens` {{(pid=80387) log_request_info /opt/stack/keystone/keystone/server/flask/request_processing/req_logging.py:29}}
May 19 19:51:41.223901 dv-cinder-841125-7-smb devstack@keystone.service[80387]: DEBUG keystone.auth.core [None req-1baed5e9-a2b1-4253-9265-c31ced802ab3 None None] MFA Rules not processed for user `71ef5310cc104330bfc272dec4b08dc5`. Rule list: `[]` (Enabled: `True`). {{(pid=80387) check_auth_methods_against_rules /opt/stack/keystone/keystone/auth/core.py:438}}
May 19 19:51:41.228335 dv-cinder-841125-7-smb devstack@keystone.service[80387]: DEBUG keystone.common.fernet_utils [None req-1baed5e9-a2b1-4253-9265-c31ced802ab3 None None] Loaded 2 Fernet keys from /etc/keystone/fernet-keys/, but `[fernet_tokens] max_active_keys = 3`; perhaps there have not been enough key rotations to reach `max_active_keys` yet? {{(pid=80387) load_keys /opt/stack/keystone/keystone/common/fernet_utils.py:286}}
May 19 19:51:41.267648 dv-cinder-841125-7-smb devstack@keystone.service[80387]: DEBUG dbcounter [-] [80387] Writing DB stats keystone:SELECT=99,keystone:INSERT=1 {{(pid=80387) stat_writer /usr/local/lib/python3.8/dist-packages/dbcounter.py:114}}
May 19 19:51:41.374446 dv-cinder-841125-7-smb devstack@keystone.service[80386]: DEBUG keystone.server.flask.request_processing.middleware.auth_context [None req-5a605afa-1eca-4300-80f9-6d1a5ea3634c None admin] Validating token access rules against request {{(pid=80386) validate_allowed_request /usr/local/lib/python3.8/dist-packages/keystonemiddleware/auth_token/__init__.py:545}}
May 19 19:51:41.383703 dv-cinder-841125-7-smb devstack@keystone.service[80387]: [pid: 80387|app: 0|req: 72/138] 10.222.0.83 () {58 vars in 1023 bytes} [Thu May 19 19:51:41 2022] POST /identity/v3/auth/tokens => generated 799 bytes in 201 msecs (HTTP/1.1 201) 6 headers in 363 bytes (2 switches on core 0)
May 19 19:51:41.420137 dv-cinder-841125-7-smb devstack@keystone.service[80386]: DEBUG keystone.server.flask.request_processing.middleware.auth_context [None req-f4176571-1434-445c-97b6-038a246876ec None admin] RBAC: auth_context: {'token': , 'domain_id': None, 'trust_id': None, 'trustor_id': None, 'trustee_id': None, 'domain_name': None, 'group_ids': [], 'user_id': '71ef5310cc104330bfc272dec4b08dc5', 'user_domain_id': 'default', 'system_scope': 'all', 'project_id': None, 'project_domain_id': None, 'roles': ['admin', 'member', 'reader'], 'is_admin_project': True, 'service_user_id': None, 'service_user_domain_id': None, 'service_project_id': None, 'service_project_domain_id': None, 'service_roles': []} {{(pid=80386) fill_context /opt/stack/keystone/keystone/server/flask/request_processing/middleware/auth_context.py:478}}
May 19 19:51:41.421088 dv-cinder-841125-7-smb devstack@keystone.service[80386]: DEBUG keystone.server.flask.request_processing.req_logging [None req-f4176571-1434-445c-97b6-038a246876ec None admin] REQUEST_METHOD: `PUT` {{(pid=80386) log_request_info /opt/stack/keystone/keystone/server/flask/request_processing/req_logging.py:27}}
May 19 19:51:41.421379 dv-cinder-841125-7-smb devstack@keystone.service[80386]: DEBUG keystone.server.flask.request_processing.req_logging [None req-f4176571-1434-445c-97b6-038a246876ec None admin] SCRIPT_NAME: `/identity` {{(pid=80386) log_request_info /opt/stack/keystone/keystone/server/flask/request_processing/req_logging.py:28}}
May 19 19:51:41.422804 dv-cinder-841125-7-smb devstack@keystone.service[80387]: DEBUG keystone.server.flask.request_processing.middleware.auth_context [None req-1baed5e9-a2b1-4253-9265-c31ced802ab3 None None] Authenticating user token {{(pid=80387) process_request /usr/local/lib/python3.8/dist-packages/keystonemiddleware/auth_token/__init__.py:407}}
May 19 19:51:41.425830 dv-cinder-841125-7-smb devstack@keystone.service[80386]: DEBUG keystone.server.flask.request_processing.req_logging [None req-f4176571-1434-445c-97b6-038a246876ec None admin] PATH_INFO: `/v3/projects/ab904c2f0f3944569e1cc8eecc697581/users/7812142c5cb84169b039f563d7523295/roles/73aeff57e3f54a81b7f990a5d467bb47` {{(pid=80386) log_request_info /opt/stack/keystone/keystone/server/flask/request_processing/req_logging.py:29}}
May 19 19:51:41.436187 dv-cinder-841125-7-smb devstack@keystone.service[80386]: DEBUG keystone.common.rbac_enforcer.enforcer [None req-f4176571-1434-445c-97b6-038a246876ec None admin] RBAC: Authorizing `identity:create_grant(project_id=ab904c2f0f3944569e1cc8eecc697581, user_id=7812142c5cb84169b039f563d7523295, role_id=73aeff57e3f54a81b7f990a5d467bb47)` {{(pid=80386) enforce_call /opt/stack/keystone/keystone/common/rbac_enforcer/enforcer.py:449}}
May 19 19:51:41.439143 dv-cinder-841125-7-smb devstack@keystone.service[80386]: DEBUG keystone.common.rbac_enforcer.enforcer [None req-f4176571-1434-445c-97b6-038a246876ec None admin] RBAC: Authorization granted {{(pid=80386) enforce_call /opt/stack/keystone/keystone/common/rbac_enforcer/enforcer.py:457}}
May 19 19:51:41.445539 dv-cinder-841125-7-smb devstack@keystone.service[80386]: DEBUG dbcounter [-] [80386] Writing DB stats keystone:SELECT=99,keystone:INSERT=1 {{(pid=80386) stat_writer /usr/local/lib/python3.8/dist-packages/dbcounter.py:114}}
May 19 19:51:41.514461 dv-cinder-841125-7-smb devstack@keystone.service[80386]: [pid: 80386|app: 0|req: 67/139] 10.222.0.83 () {58 vars in 1439 bytes} [Thu May 19 19:51:41 2022] PUT /identity/v3/projects/ab904c2f0f3944569e1cc8eecc697581/users/7812142c5cb84169b039f563d7523295/roles/73aeff57e3f54a81b7f990a5d467bb47 => generated 0 bytes in 378 msecs (HTTP/1.1 204) 3 headers in 132 bytes (0 switches on core 0)
May 19 19:51:41.562661 dv-cinder-841125-7-smb devstack@keystone.service[80387]: DEBUG keystone.server.flask.request_processing.middleware.auth_context [None req-1baed5e9-a2b1-4253-9265-c31ced802ab3 None None] Validating token access rules against request {{(pid=80387) validate_allowed_request /usr/local/lib/python3.8/dist-packages/keystonemiddleware/auth_token/__init__.py:545}}
May 19 19:51:41.602195 dv-cinder-841125-7-smb devstack@keystone.service[80387]: DEBUG keystone.server.flask.request_processing.middleware.auth_context [None req-9452e792-ad68-43d0-aeb8-fbd675fe46d8 None admin] RBAC: auth_context: {'token': , 'domain_id': None, 'trust_id': None, 'trustor_id': None, 'trustee_id': None, 'domain_name': None, 'group_ids': [], 'user_id': '71ef5310cc104330bfc272dec4b08dc5', 'user_domain_id': 'default', 'system_scope': 'all', 'project_id': None, 'project_domain_id': None, 'roles': ['admin', 'member', 'reader'], 'is_admin_project': True, 'service_user_id': None, 'service_user_domain_id': None, 'service_project_id': None, 'service_project_domain_id': None, 'service_roles': []} {{(pid=80387) fill_context /opt/stack/keystone/keystone/server/flask/request_processing/middleware/auth_context.py:478}}
May 19 19:51:41.603049 dv-cinder-841125-7-smb devstack@keystone.service[80387]: DEBUG keystone.server.flask.request_processing.req_logging [None req-9452e792-ad68-43d0-aeb8-fbd675fe46d8 None admin] REQUEST_METHOD: `GET` {{(pid=80387) log_request_info /opt/stack/keystone/keystone/server/flask/request_processing/req_logging.py:27}}
May 19 19:51:41.603418 dv-cinder-841125-7-smb devstack@keystone.service[80387]: DEBUG keystone.server.flask.request_processing.req_logging [None req-9452e792-ad68-43d0-aeb8-fbd675fe46d8 None admin] SCRIPT_NAME: `/identity` {{(pid=80387) log_request_info /opt/stack/keystone/keystone/server/flask/request_processing/req_logging.py:28}}
May 19 19:51:41.603715 dv-cinder-841125-7-smb devstack@keystone.service[80387]: DEBUG keystone.server.flask.request_processing.req_logging [None req-9452e792-ad68-43d0-aeb8-fbd675fe46d8 None admin] PATH_INFO: `/v3/roles/member` {{(pid=80387) log_request_info /opt/stack/keystone/keystone/server/flask/request_processing/req_logging.py:29}}
May 19 19:51:41.619745 dv-cinder-841125-7-smb devstack@keystone.service[80387]: DEBUG keystone.common.rbac_enforcer.enforcer [None req-9452e792-ad68-43d0-aeb8-fbd675fe46d8 None admin] Extracting inferred target data resulted in "NOT FOUND (404)". {{(pid=80387) enforce_call /opt/stack/keystone/keystone/common/rbac_enforcer/enforcer.py:409}}
May 19 19:51:41.628604 dv-cinder-841125-7-smb devstack@keystone.service[80387]: ERROR keystone.server.flask.application [None req-9452e792-ad68-43d0-aeb8-fbd675fe46d8 None admin] Could not find role: member.: keystone.exception.RoleNotFound: Could not find role: member.
May 19 19:51:41.628604 dv-cinder-841125-7-smb devstack@keystone.service[80387]: ERROR keystone.server.flask.application
Traceback (most recent call last):
May 19 19:51:41.628604 dv-cinder-841125-7-smb devstack@keystone.service[80387]: ERROR keystone.server.flask.application
File "/usr/local/lib/python3.8/dist-packages/flask/app.py", line 1523, in full_dispatch_request
May 19 19:51:41.628604 dv-cinder-841125-7-smb devstack@keystone.service[80387]: ERROR keystone.server.flask.application rv = self.dispatch_request()
May 19 19:51:41.628604 dv-cinder-841125-7-smb devstack@keystone.service[80387]: ERROR keystone.server.flask.application
File "/usr/local/lib/python3.8/dist-packages/flask/app.py", line 1509, in dispatch_request
May 19 19:51:41.628604 dv-cinder-841125-7-smb devstack@keystone.service[80387]: ERROR keystone.server.flask.application return self.ensure_sync(self.view_functions[rule.endpoint])(**req.view_args)
May 19 19:51:41.628604 dv-cinder-841125-7-smb devstack@keystone.service[80387]: ERROR keystone.server.flask.application
File "/usr/local/lib/python3.8/dist-packages/flask_restful/__init__.py", line 467, in wrapper
May 19 19:51:41.628604 dv-cinder-841125-7-smb devstack@keystone.service[80387]: ERROR keystone.server.flask.application resp = resource(*args, **kwargs)
May 19 19:51:41.628604 dv-cinder-841125-7-smb devstack@keystone.service[80387]: ERROR keystone.server.flask.application
File "/usr/local/lib/python3.8/dist-packages/flask/views.py", line 84, in view
May 19 19:51:41.628604 dv-cinder-841125-7-smb devstack@keystone.service[80387]: ERROR keystone.server.flask.application return current_app.ensure_sync(self.dispatch_request)(*args, **kwargs)
May 19 19:51:41.628604 dv-cinder-841125-7-smb devstack@keystone.service[80387]: ERROR keystone.server.flask.application
File "/usr/local/lib/python3.8/dist-packages/flask_restful/__init__.py", line 582, in dispatch_request
May 19 19:51:41.628604 dv-cinder-841125-7-smb devstack@keystone.service[80387]: ERROR keystone.server.flask.application resp = meth(*args, **kwargs)
May 19 19:51:41.628604 dv-cinder-841125-7-smb devstack@keystone.service[80387]: ERROR keystone.server.flask.application
File "/opt/stack/keystone/keystone/api/roles.py", line 50, in get
May 19 19:51:41.628604 dv-cinder-841125-7-smb devstack@keystone.service[80387]: ERROR keystone.server.flask.application return self._get_role(role_id)
May 19 19:51:41.628604 dv-cinder-841125-7-smb devstack@keystone.service[80387]: ERROR keystone.server.flask.application
File "/opt/stack/keystone/keystone/api/roles.py", line 70, in _get_role
May 19 19:51:41.628604 dv-cinder-841125-7-smb devstack@keystone.service[80387]: ERROR keystone.server.flask.application ENFORCER.enforce_call(action='identity:get_role')
May 19 19:51:41.629688 dv-cinder-841125-7-smb devstack@keystone.service[80387]: ERROR keystone.server.flask.application
File "/opt/stack/keystone/keystone/common/rbac_enforcer/enforcer.py", line 402, in enforce_call
May 19 19:51:41.629688 dv-cinder-841125-7-smb devstack@keystone.service[80387]: ERROR keystone.server.flask.application policy_dict.update(cls._extract_member_target_data(
May 19 19:51:41.629688 dv-cinder-841125-7-smb devstack@keystone.service[80387]: ERROR keystone.server.flask.application
File "/opt/stack/keystone/keystone/common/rbac_enforcer/enforcer.py", line 234, in _extract_member_target_data
May 19 19:51:41.629688 dv-cinder-841125-7-smb devstack@keystone.service[80387]: ERROR keystone.server.flask.application member_name: func(flask.request.view_args[key])
May 19 19:51:41.629688 dv-cinder-841125-7-smb devstack@keystone.service[80387]: ERROR keystone.server.flask.application
File "/opt/stack/keystone/keystone/common/manager.py", line 115, in wrapped
May 19 19:51:41.629688 dv-cinder-841125-7-smb devstack@keystone.service[80387]: ERROR keystone.server.flask.application __ret_val = __f(*args, **kwargs)
May 19 19:51:41.629688 dv-cinder-841125-7-smb devstack@keystone.service[80387]: ERROR keystone.server.flask.application
File "/usr/local/lib/python3.8/dist-packages/decorator.py", line 232, in fun
May 19 19:51:41.629688 dv-cinder-841125-7-smb devstack@keystone.service[80387]: ERROR keystone.server.flask.application return caller(func, *(extras + args), **kw)
May 19 19:51:41.629688 dv-cinder-841125-7-smb devstack@keystone.service[80387]: ERROR keystone.server.flask.application
File "/usr/local/lib/python3.8/dist-packages/dogpile/cache/region.py", line 1577, in get_or_create_for_user_func
May 19 19:51:41.629688 dv-cinder-841125-7-smb devstack@keystone.service[80387]: ERROR keystone.server.flask.application return self.get_or_create(
May 19 19:51:41.629688 dv-cinder-841125-7-smb devstack@keystone.service[80387]: ERROR keystone.server.flask.application
File "/usr/local/lib/python3.8/dist-packages/dogpile/cache/region.py", line 1042, in get_or_create
May 19 19:51:41.629688 dv-cinder-841125-7-smb devstack@keystone.service[80387]: ERROR keystone.server.flask.application with Lock(
May 19 19:51:41.629688 dv-cinder-841125-7-smb devstack@keystone.service[80387]: ERROR keystone.server.flask.application
File "/usr/local/lib/python3.8/dist-packages/dogpile/lock.py", line 185, in __enter__
May 19 19:51:41.629688 dv-cinder-841125-7-smb devstack@keystone.service[80387]: ERROR keystone.server.flask.application return self._enter()
May 19 19:51:41.629688 dv-cinder-841125-7-smb devstack@keystone.service[80387]: ERROR keystone.server.flask.application
File "/usr/local/lib/python3.8/dist-packages/dogpile/lock.py", line 94, in _enter
May 19 19:51:41.629688 dv-cinder-841125-7-smb devstack@keystone.service[80387]: ERROR keystone.server.flask.application generated = self._enter_create(value, createdtime)
May 19 19:51:41.630567 dv-cinder-841125-7-smb devstack@keystone.service[80387]: ERROR keystone.server.flask.application
File "/usr/local/lib/python3.8/dist-packages/dogpile/lock.py", line 178, in _enter_create
May 19 19:51:41.630567 dv-cinder-841125-7-smb devstack@keystone.service[80387]: ERROR keystone.server.flask.application return self.creator()
May 19 19:51:41.630567 dv-cinder-841125-7-smb devstack@keystone.service[80387]: ERROR keystone.server.flask.application
File "/usr/local/lib/python3.8/dist-packages/dogpile/cache/region.py", line 995, in gen_value
May 19 19:51:41.630567 dv-cinder-841125-7-smb devstack@keystone.service[80387]: ERROR keystone.server.flask.application created_value = creator(
May 19 19:51:41.630567 dv-cinder-841125-7-smb devstack@keystone.service[80387]: ERROR keystone.server.flask.application
File "/opt/stack/keystone/keystone/assignment/core.py", line 1276, in get_role
May 19 19:51:41.630567 dv-cinder-841125-7-smb devstack@keystone.service[80387]: ERROR keystone.server.flask.application return self.driver.get_role(role_id)
May 19 19:51:41.630567 dv-cinder-841125-7-smb devstack@keystone.service[80387]: ERROR keystone.server.flask.application
File "/opt/stack/keystone/keystone/assignment/role_backends/sql.py", line 70, in get_role
May 19 19:51:41.630567 dv-cinder-841125-7-smb devstack@keystone.service[80387]: ERROR keystone.server.flask.application return self._get_role(session, role_id).to_dict()
May 19 19:51:41.630567 dv-cinder-841125-7-smb devstack@keystone.service[80387]: ERROR keystone.server.flask.application
File "/opt/stack/keystone/keystone/assignment/role_backends/sql.py", line 65, in _get_role
May 19 19:51:41.630567 dv-cinder-841125-7-smb devstack@keystone.service[80387]: ERROR keystone.server.flask.application raise exception.RoleNotFound(role_id=role_id)
May 19 19:51:41.630567 dv-cinder-841125-7-smb devstack@keystone.service[80387]: ERROR keystone.server.flask.application keystone.exception.RoleNotFound: Could not find role: member.
May 19 19:51:41.630567 dv-cinder-841125-7-smb devstack@keystone.service[80387]: ERROR keystone.server.flask.application
May 19 19:51:41.630567 dv-cinder-841125-7-smb devstack@keystone.service[80387]: [pid: 80387|app: 0|req: 73/140] 10.222.0.83 () {56 vars in 1099 bytes} [Thu May 19 19:51:41 2022] GET /identity/v3/roles/member => generated 84 bytes in 207 msecs (HTTP/1.1 404) 5 headers in 183 bytes (2 switches on core 0)
