May 16 18:55:31.384075 dv-cinder-841125-5-smb devstack@n-api.service[116966]: DEBUG nova.policy [None req-ffc34ba2-1da5-42d5-9522-b6512b329e99 tempest-DeleteServersTestJSON-1420109491 tempest-DeleteServersTestJSON-1420109491-project] Policy check for os_compute_api:os-extended-server-attributes failed with credentials {'is_admin': False, 'user_id': 'fc4d8b65a9ff48dea1a9ad5a8acbcb78', 'user_domain_id': 'default', 'system_scope': None, 'domain_id': None, 'project_id': '2d30de36cbbb477f8ac415d2458f3e01', 'project_domain_id': 'default', 'roles': ['reader', 'member'], 'is_admin_project': True, 'service_user_id': None, 'service_user_domain_id': None, 'service_project_id': None, 'service_project_domain_id': None, 'service_roles': []} {{(pid=116966) authorize /opt/stack/nova/nova/policy.py:199}}
May 16 18:55:31.400163 dv-cinder-841125-5-smb devstack@n-api.service[116966]: INFO nova.api.openstack.requestlog [None req-ffc34ba2-1da5-42d5-9522-b6512b329e99 tempest-DeleteServersTestJSON-1420109491 tempest-DeleteServersTestJSON-1420109491-project] 10.222.0.57 "GET /compute/v2.1/servers/85288c31-384a-46be-9fe0-3e7f28150c0a" status: 200 len: 1273 microversion: 2.1 time: 0.731755
May 16 18:55:31.410221 dv-cinder-841125-5-smb devstack@n-api.service[116966]: [pid: 116966|app: 0|req: 16/22] 10.222.0.57 () {58 vars in 1235 bytes} [Mon May 16 18:55:30 2022] GET /compute/v2.1/servers/85288c31-384a-46be-9fe0-3e7f28150c0a => generated 1273 bytes in 743 msecs (HTTP/1.1 200) 9 headers in 358 bytes (1 switches on core 0)
May 16 18:55:32.426954 dv-cinder-841125-5-smb devstack@n-api.service[116966]: DEBUG nova.api.openstack.wsgi [None req-8ec8cc95-051c-4c0f-89da-11e6986dc852 tempest-DeleteServersTestJSON-1420109491 tempest-DeleteServersTestJSON-1420109491-project] Calling method '>' {{(pid=116966) _process_stack /opt/stack/nova/nova/api/openstack/wsgi.py:513}}
May 16 18:55:32.428347 dv-cinder-841125-5-smb devstack@n-api.service[116966]: DEBUG nova.compute.api [None req-8ec8cc95-051c-4c0f-89da-11e6986dc852 tempest-DeleteServersTestJSON-1420109491 tempest-DeleteServersTestJSON-1420109491-project] [instance: 85288c31-384a-46be-9fe0-3e7f28150c0a] Fetching instance by UUID {{(pid=116966) get /opt/stack/nova/nova/compute/api.py:2920}}
May 16 18:55:32.440950 dv-cinder-841125-5-smb devstack@n-api.service[116966]: DEBUG oslo_concurrency.lockutils [None req-8ec8cc95-051c-4c0f-89da-11e6986dc852 tempest-DeleteServersTestJSON-1420109491 tempest-DeleteServersTestJSON-1420109491-project] Lock "e9d7216d-f7fa-48b6-84f6-3564eced2875" acquired by "nova.context.set_target_cell..get_or_set_cached_cell_and_set_connections" :: waited 0.000s {{(pid=116966) inner /usr/local/lib/python3.8/dist-packages/oslo_concurrency/lockutils.py:386}}
May 16 18:55:32.441623 dv-cinder-841125-5-smb devstack@n-api.service[116966]: DEBUG oslo_concurrency.lockutils [None req-8ec8cc95-051c-4c0f-89da-11e6986dc852 tempest-DeleteServersTestJSON-1420109491 tempest-DeleteServersTestJSON-1420109491-project] Lock "e9d7216d-f7fa-48b6-84f6-3564eced2875" "released" by "nova.context.set_target_cell..get_or_set_cached_cell_and_set_connections" :: held 0.001s {{(pid=116966) inner /usr/local/lib/python3.8/dist-packages/oslo_concurrency/lockutils.py:400}}
May 16 18:55:32.454705 dv-cinder-841125-5-smb devstack@n-api.service[116966]: DEBUG oslo_concurrency.lockutils [None req-8ec8cc95-051c-4c0f-89da-11e6986dc852 tempest-DeleteServersTestJSON-1420109491 tempest-DeleteServersTestJSON-1420109491-project] Lock "e9d7216d-f7fa-48b6-84f6-3564eced2875" acquired by "nova.context.set_target_cell..get_or_set_cached_cell_and_set_connections" :: waited 0.000s {{(pid=116966) inner /usr/local/lib/python3.8/dist-packages/oslo_concurrency/lockutils.py:386}}
May 16 18:55:32.456344 dv-cinder-841125-5-smb devstack@n-api.service[116966]: DEBUG oslo_concurrency.lockutils [None req-8ec8cc95-051c-4c0f-89da-11e6986dc852 tempest-DeleteServersTestJSON-1420109491 tempest-DeleteServersTestJSON-1420109491-project] Lock "e9d7216d-f7fa-48b6-84f6-3564eced2875" "released" by "nova.context.set_target_cell..get_or_set_cached_cell_and_set_connections" :: held 0.012s {{(pid=116966) inner /usr/local/lib/python3.8/dist-packages/oslo_concurrency/lockutils.py:400}}
May 16 18:55:32.687920 dv-cinder-841125-5-smb devstack@n-api.service[116966]: DEBUG nova.policy [None req-8ec8cc95-051c-4c0f-89da-11e6986dc852 tempest-DeleteServersTestJSON-1420109491 tempest-DeleteServersTestJSON-1420109491-project] Policy check for os_compute_api:os-extended-server-attributes failed with credentials {'is_admin': False, 'user_id': 'fc4d8b65a9ff48dea1a9ad5a8acbcb78', 'user_domain_id': 'default', 'system_scope': None, 'domain_id': None, 'project_id': '2d30de36cbbb477f8ac415d2458f3e01', 'project_domain_id': 'default', 'roles': ['reader', 'member'], 'is_admin_project': True, 'service_user_id': None, 'service_user_domain_id': None, 'service_project_id': None, 'service_project_domain_id': None, 'service_roles': []} {{(pid=116966) authorize /opt/stack/nova/nova/policy.py:199}}
May 16 18:55:32.700829 dv-cinder-841125-5-smb devstack@n-api.service[116966]: INFO nova.api.openstack.requestlog [None req-8ec8cc95-051c-4c0f-89da-11e6986dc852 tempest-DeleteServersTestJSON-1420109491 tempest-DeleteServersTestJSON-1420109491-project] 10.222.0.57 "GET /compute/v2.1/servers/85288c31-384a-46be-9fe0-3e7f28150c0a" status: 200 len: 1273 microversion: 2.1 time: 0.278028
May 16 18:55:32.717386 dv-cinder-841125-5-smb devstack@n-api.service[116966]: [pid: 116966|app: 0|req: 17/23] 10.222.0.57 () {58 vars in 1235 bytes} [Mon May 16 18:55:32 2022] GET /compute/v2.1/servers/85288c31-384a-46be-9fe0-3e7f28150c0a => generated 1273 bytes in 295 msecs (HTTP/1.1 200) 9 headers in 358 bytes (1 switches on core 0)
May 16 18:55:33.145007 dv-cinder-841125-5-smb devstack@n-api.service[116967]: DEBUG nova.api.openstack.wsgi [None req-cc2ed355-40f3-488d-80bf-f574d04e2449 tempest-AttachVolumeNegativeTest-1992967431 tempest-AttachVolumeNegativeTest-1992967431-project] Action: 'create', calling method: .version_select at 0x7f640a7fcaf0>, body: {"keypair": {"name": "tempest-keypair-770756632", "public_key": "ecdsa-sha2-nistp384 AAAAE2VjZHNhLXNoYTItbmlzdHAzODQAAAAIbmlzdHAzODQAAABhBCGtN1MAtYUWET9jZgGdSM+ePljaKelpTpIkVimaLulM/JJOxRn0mMWthuGLmBKUxbiw9wKEuW/N09BHgKTdq/vTv9rWKaRFlBJaTtvNMgVVMhEcJW6uWnfsodNHn9XaKA=="}} {{(pid=116967) _process_stack /opt/stack/nova/nova/api/openstack/wsgi.py:511}}
May 16 18:55:33.152021 dv-cinder-841125-5-smb devstack@n-api.service[116966]: DEBUG nova.api.openstack.wsgi [None req-7255e23e-82bc-4968-9c7a-9541243dba33 tempest-ServerRescueNegativeTestJSON-497244238 tempest-ServerRescueNegativeTestJSON-497244238-project] Action: 'create', calling method: >, body: {"server": {"name": "tempest-ServerRescueNegativeTestJSON-server-1454090106", "imageRef": "62969203-c5b5-44f9-beb6-3ad8b5be4d8d", "flavorRef": "452", "adminPass": "***", "networks": [{"uuid": "}]}} {{(pid=116966) _process_stack /opt/stack/nova/nova/api/openstack/wsgi.py:511}}
May 16 18:55:33.225202 dv-cinder-841125-5-smb devstack@n-api.service[116967]: DEBUG nova.quota [None req-cc2ed355-40f3-488d-80bf-f574d04e2449 tempest-AttachVolumeNegativeTest-1992967431 tempest-AttachVolumeNegativeTest-1992967431-project] Getting quotas for project 5cb9923a66b64c9398429f653fd50294. Resources: {'key_pairs'} {{(pid=116967) _get_quotas /opt/stack/nova/nova/quota.py:393}}
May 16 18:55:33.281239 dv-cinder-841125-5-smb devstack@n-api.service[116967]: DEBUG nova.quota [None req-cc2ed355-40f3-488d-80bf-f574d04e2449 tempest-AttachVolumeNegativeTest-1992967431 tempest-AttachVolumeNegativeTest-1992967431-project] Getting quotas for user aee3dc85db974df98f4ba8b0aa994024 and project 5cb9923a66b64c9398429f653fd50294. Resources: {'key_pairs'} {{(pid=116967) _get_quotas /opt/stack/nova/nova/quota.py:383}}
May 16 18:55:33.484499 dv-cinder-841125-5-smb devstack@n-api.service[116967]: INFO nova.api.openstack.requestlog [None req-cc2ed355-40f3-488d-80bf-f574d04e2449 tempest-AttachVolumeNegativeTest-1992967431 tempest-AttachVolumeNegativeTest-1992967431-project] 10.222.0.57 "POST /compute/v2.1/os-keypairs" status: 200 len: 385 microversion: 2.1 time: 1.113798
May 16 18:55:33.506750 dv-cinder-841125-5-smb devstack@n-api.service[116966]: DEBUG nova.network.neutron [None req-7255e23e-82bc-4968-9c7a-9541243dba33 tempest-ServerRescueNegativeTestJSON-497244238 tempest-ServerRescueNegativeTestJSON-497244238-project] validate_networks() for [('283e3813-c05f-4a70-81b6-16397ef5e896', None, None, None, None, None)] {{(pid=116966) validate_networks /opt/stack/nova/nova/network/neutron.py:2608}}
May 16 18:55:33.508481 dv-cinder-841125-5-smb devstack@n-api.service[116967]: [pid: 116967|app: 0|req: 7/24] 10.222.0.57 () {60 vars in 1158 bytes} [Mon May 16 18:55:32 2022] POST /compute/v2.1/os-keypairs => generated 385 bytes in 1138 msecs (HTTP/1.1 200) 9 headers in 357 bytes (1 switches on core 0)
May 16 18:55:33.724158 dv-cinder-841125-5-smb devstack@n-api.service[116967]: DEBUG nova.api.openstack.wsgi [None req-98d9e042-9115-4b3b-9943-d4c176dcc826 tempest-DeleteServersTestJSON-1420109491 tempest-DeleteServersTestJSON-1420109491-project] Calling method '>' {{(pid=116967) _process_stack /opt/stack/nova/nova/api/openstack/wsgi.py:513}}
May 16 18:55:33.725048 dv-cinder-841125-5-smb devstack@n-api.service[116967]: DEBUG nova.compute.api [None req-98d9e042-9115-4b3b-9943-d4c176dcc826 tempest-DeleteServersTestJSON-1420109491 tempest-DeleteServersTestJSON-1420109491-project] [instance: 85288c31-384a-46be-9fe0-3e7f28150c0a] Fetching instance by UUID {{(pid=116967) get /opt/stack/nova/nova/compute/api.py:2920}}
May 16 18:55:33.750037 dv-cinder-841125-5-smb devstack@n-api.service[116967]: DEBUG oslo_concurrency.lockutils [None req-98d9e042-9115-4b3b-9943-d4c176dcc826 tempest-DeleteServersTestJSON-1420109491 tempest-DeleteServersTestJSON-1420109491-project] Lock "e9d7216d-f7fa-48b6-84f6-3564eced2875" acquired by "nova.context.set_target_cell..get_or_set_cached_cell_and_set_connections" :: waited 0.000s {{(pid=116967) inner /usr/local/lib/python3.8/dist-packages/oslo_concurrency/lockutils.py:386}}
May 16 18:55:33.753850 dv-cinder-841125-5-smb devstack@n-api.service[116967]: DEBUG oslo_concurrency.lockutils [None req-98d9e042-9115-4b3b-9943-d4c176dcc826 tempest-DeleteServersTestJSON-1420109491 tempest-DeleteServersTestJSON-1420109491-project] Lock "e9d7216d-f7fa-48b6-84f6-3564eced2875" "released" by "nova.context.set_target_cell..get_or_set_cached_cell_and_set_connections" :: held 0.007s {{(pid=116967) inner /usr/local/lib/python3.8/dist-packages/oslo_concurrency/lockutils.py:400}}
May 16 18:55:33.757241 dv-cinder-841125-5-smb devstack@n-api.service[116967]: DEBUG oslo_concurrency.lockutils [None req-98d9e042-9115-4b3b-9943-d4c176dcc826 tempest-DeleteServersTestJSON-1420109491 tempest-DeleteServersTestJSON-1420109491-project] Lock "e9d7216d-f7fa-48b6-84f6-3564eced2875" acquired by "nova.context.set_target_cell..get_or_set_cached_cell_and_set_connections" :: waited 0.002s {{(pid=116967) inner /usr/local/lib/python3.8/dist-packages/oslo_concurrency/lockutils.py:386}}
May 16 18:55:33.757803 dv-cinder-841125-5-smb devstack@n-api.service[116967]: DEBUG oslo_concurrency.lockutils [None req-98d9e042-9115-4b3b-9943-d4c176dcc826 tempest-DeleteServersTestJSON-1420109491 tempest-DeleteServersTestJSON-1420109491-project] Lock "e9d7216d-f7fa-48b6-84f6-3564eced2875" "released" by "nova.context.set_target_cell..get_or_set_cached_cell_and_set_connections" :: held 0.001s {{(pid=116967) inner /usr/local/lib/python3.8/dist-packages/oslo_concurrency/lockutils.py:400}}
May 16 18:55:34.843393 dv-cinder-841125-5-smb devstack@n-api.service[116967]: DEBUG nova.policy [None req-98d9e042-9115-4b3b-9943-d4c176dcc826 tempest-DeleteServersTestJSON-1420109491 tempest-DeleteServersTestJSON-1420109491-project] Policy check for os_compute_api:os-extended-server-attributes failed with credentials {'is_admin': False, 'user_id': 'fc4d8b65a9ff48dea1a9ad5a8acbcb78', 'user_domain_id': 'default', 'system_scope': None, 'domain_id': None, 'project_id': '2d30de36cbbb477f8ac415d2458f3e01', 'project_domain_id': 'default', 'roles': ['reader', 'member'], 'is_admin_project': True, 'service_user_id': None, 'service_user_domain_id': None, 'service_project_id': None, 'service_project_domain_id': None, 'service_roles': []} {{(pid=116967) authorize /opt/stack/nova/nova/policy.py:199}}
May 16 18:55:34.856235 dv-cinder-841125-5-smb devstack@n-api.service[116967]: INFO nova.api.openstack.requestlog [None req-98d9e042-9115-4b3b-9943-d4c176dcc826 tempest-DeleteServersTestJSON-1420109491 tempest-DeleteServersTestJSON-1420109491-project] 10.222.0.57 "GET /compute/v2.1/servers/85288c31-384a-46be-9fe0-3e7f28150c0a" status: 200 len: 1315 microversion: 2.1 time: 1.136405
May 16 18:55:34.864261 dv-cinder-841125-5-smb devstack@n-api.service[116967]: [pid: 116967|app: 0|req: 8/25] 10.222.0.57 () {58 vars in 1235 bytes} [Mon May 16 18:55:33 2022] GET /compute/v2.1/servers/85288c31-384a-46be-9fe0-3e7f28150c0a => generated 1315 bytes in 1148 msecs (HTTP/1.1 200) 9 headers in 358 bytes (2 switches on core 0)
May 16 18:55:35.877392 dv-cinder-841125-5-smb devstack@n-api.service[116967]: DEBUG nova.api.openstack.wsgi [None req-f2fee4dd-c0ee-42cc-b7cc-9d1b1ae88ee9 tempest-DeleteServersTestJSON-1420109491 tempest-DeleteServersTestJSON-1420109491-project] Calling method '>' {{(pid=116967) _process_stack /opt/stack/nova/nova/api/openstack/wsgi.py:513}}
May 16 18:55:35.878324 dv-cinder-841125-5-smb devstack@n-api.service[116967]: DEBUG nova.compute.api [None req-f2fee4dd-c0ee-42cc-b7cc-9d1b1ae88ee9 tempest-DeleteServersTestJSON-1420109491 tempest-DeleteServersTestJSON-1420109491-project] [instance: 85288c31-384a-46be-9fe0-3e7f28150c0a] Fetching instance by UUID {{(pid=116967) get /opt/stack/nova/nova/compute/api.py:2920}}
May 16 18:55:35.899055 dv-cinder-841125-5-smb devstack@n-api.service[116967]: DEBUG oslo_concurrency.lockutils [None req-f2fee4dd-c0ee-42cc-b7cc-9d1b1ae88ee9 tempest-DeleteServersTestJSON-1420109491 tempest-DeleteServersTestJSON-1420109491-project] Lock "e9d7216d-f7fa-48b6-84f6-3564eced2875" acquired by "nova.context.set_target_cell..get_or_set_cached_cell_and_set_connections" :: waited 0.000s {{(pid=116967) inner /usr/local/lib/python3.8/dist-packages/oslo_concurrency/lockutils.py:386}}
May 16 18:55:35.919330 dv-cinder-841125-5-smb devstack@n-api.service[116967]: DEBUG oslo_concurrency.lockutils [None req-f2fee4dd-c0ee-42cc-b7cc-9d1b1ae88ee9 tempest-DeleteServersTestJSON-1420109491 tempest-DeleteServersTestJSON-1420109491-project] Lock "e9d7216d-f7fa-48b6-84f6-3564eced2875" "released" by "nova.context.set_target_cell..get_or_set_cached_cell_and_set_connections" :: held 0.001s {{(pid=116967) inner /usr/local/lib/python3.8/dist-packages/oslo_concurrency/lockutils.py:400}}
May 16 18:55:35.925958 dv-cinder-841125-5-smb devstack@n-api.service[116967]: DEBUG oslo_concurrency.lockutils [None req-f2fee4dd-c0ee-42cc-b7cc-9d1b1ae88ee9 tempest-DeleteServersTestJSON-1420109491 tempest-DeleteServersTestJSON-1420109491-project] Lock "e9d7216d-f7fa-48b6-84f6-3564eced2875" acquired by "nova.context.set_target_cell..get_or_set_cached_cell_and_set_connections" :: waited 0.005s {{(pid=116967) inner /usr/local/lib/python3.8/dist-packages/oslo_concurrency/lockutils.py:386}}
May 16 18:55:35.928032 dv-cinder-841125-5-smb devstack@n-api.service[116967]: DEBUG oslo_concurrency.lockutils [None req-f2fee4dd-c0ee-42cc-b7cc-9d1b1ae88ee9 tempest-DeleteServersTestJSON-1420109491 tempest-DeleteServersTestJSON-1420109491-project] Lock "e9d7216d-f7fa-48b6-84f6-3564eced2875" "released" by "nova.context.set_target_cell..get_or_set_cached_cell_and_set_connections" :: held 0.001s {{(pid=116967) inner /usr/local/lib/python3.8/dist-packages/oslo_concurrency/lockutils.py:400}}
May 16 18:55:36.830763 dv-cinder-841125-5-smb devstack@n-api.service[116967]: DEBUG nova.policy [None req-f2fee4dd-c0ee-42cc-b7cc-9d1b1ae88ee9 tempest-DeleteServersTestJSON-1420109491 tempest-DeleteServersTestJSON-1420109491-project] Policy check for os_compute_api:os-extended-server-attributes failed with credentials {'is_admin': False, 'user_id': 'fc4d8b65a9ff48dea1a9ad5a8acbcb78', 'user_domain_id': 'default', 'system_scope': None, 'domain_id': None, 'project_id': '2d30de36cbbb477f8ac415d2458f3e01', 'project_domain_id': 'default', 'roles': ['reader', 'member'], 'is_admin_project': True, 'service_user_id': None, 'service_user_domain_id': None, 'service_project_id': None, 'service_project_domain_id': None, 'service_roles': []} {{(pid=116967) authorize /opt/stack/nova/nova/policy.py:199}}
May 16 18:55:36.872776 dv-cinder-841125-5-smb devstack@n-api.service[116967]: INFO nova.api.openstack.requestlog [None req-f2fee4dd-c0ee-42cc-b7cc-9d1b1ae88ee9 tempest-DeleteServersTestJSON-1420109491 tempest-DeleteServersTestJSON-1420109491-project] 10.222.0.57 "GET /compute/v2.1/servers/85288c31-384a-46be-9fe0-3e7f28150c0a" status: 200 len: 1315 microversion: 2.1 time: 0.984692
May 16 18:55:36.880343 dv-cinder-841125-5-smb devstack@n-api.service[116967]: [pid: 116967|app: 0|req: 9/26] 10.222.0.57 () {58 vars in 1235 bytes} [Mon May 16 18:55:35 2022] GET /compute/v2.1/servers/85288c31-384a-46be-9fe0-3e7f28150c0a => generated 1315 bytes in 1009 msecs (HTTP/1.1 200) 9 headers in 358 bytes (1 switches on core 0)
May 16 18:55:37.842917 dv-cinder-841125-5-smb devstack@n-api.service[116966]: DEBUG nova.virt.hardware [None req-7255e23e-82bc-4968-9c7a-9541243dba33 tempest-ServerRescueNegativeTestJSON-497244238 tempest-ServerRescueNegativeTestJSON-497244238-project] Flavor limits 0:0:0 {{(pid=116966) get_cpu_topology_constraints /opt/stack/nova/nova/virt/hardware.py:343}}
May 16 18:55:37.843481 dv-cinder-841125-5-smb devstack@n-api.service[116966]: DEBUG nova.virt.hardware [None req-7255e23e-82bc-4968-9c7a-9541243dba33 tempest-ServerRescueNegativeTestJSON-497244238 tempest-ServerRescueNegativeTestJSON-497244238-project] Image limits 0:0:0 {{(pid=116966) get_cpu_topology_constraints /opt/stack/nova/nova/virt/hardware.py:347}}
May 16 18:55:37.846242 dv-cinder-841125-5-smb devstack@n-api.service[116966]: DEBUG nova.virt.hardware [None req-7255e23e-82bc-4968-9c7a-9541243dba33 tempest-ServerRescueNegativeTestJSON-497244238 tempest-ServerRescueNegativeTestJSON-497244238-project] Flavor pref 0:0:0 {{(pid=116966) get_cpu_topology_constraints /opt/stack/nova/nova/virt/hardware.py:383}}
May 16 18:55:37.846994 dv-cinder-841125-5-smb devstack@n-api.service[116966]: DEBUG nova.virt.hardware [None req-7255e23e-82bc-4968-9c7a-9541243dba33 tempest-ServerRescueNegativeTestJSON-497244238 tempest-ServerRescueNegativeTestJSON-497244238-project] Image pref 0:0:0 {{(pid=116966) get_cpu_topology_constraints /opt/stack/nova/nova/virt/hardware.py:387}}
May 16 18:55:37.847444 dv-cinder-841125-5-smb devstack@n-api.service[116966]: DEBUG nova.virt.hardware [None req-7255e23e-82bc-4968-9c7a-9541243dba33 tempest-ServerRescueNegativeTestJSON-497244238 tempest-ServerRescueNegativeTestJSON-497244238-project] Chose sockets=0, cores=0, threads=0; limits were sockets=65536, cores=65536, threads=65536 {{(pid=116966) get_cpu_topology_constraints /opt/stack/nova/nova/virt/hardware.py:425}}
May 16 18:55:37.897598 dv-cinder-841125-5-smb devstack@n-api.service[116966]: DEBUG oslo_concurrency.lockutils [None req-7255e23e-82bc-4968-9c7a-9541243dba33 tempest-ServerRescueNegativeTestJSON-497244238 tempest-ServerRescueNegativeTestJSON-497244238-project] Lock "00000000-0000-0000-0000-000000000000" acquired by "nova.context.set_target_cell..get_or_set_cached_cell_and_set_connections" :: waited 0.000s {{(pid=116966) inner /usr/local/lib/python3.8/dist-packages/oslo_concurrency/lockutils.py:386}}
May 16 18:55:37.897846 dv-cinder-841125-5-smb devstack@n-api.service[116967]: DEBUG nova.api.openstack.wsgi [None req-fd97e706-7785-4632-aa95-1675b015b06b tempest-DeleteServersTestJSON-1420109491 tempest-DeleteServersTestJSON-1420109491-project] Calling method '>' {{(pid=116967) _process_stack /opt/stack/nova/nova/api/openstack/wsgi.py:513}}
May 16 18:55:37.898523 dv-cinder-841125-5-smb devstack@n-api.service[116966]: DEBUG oslo_concurrency.lockutils [None req-7255e23e-82bc-4968-9c7a-9541243dba33 tempest-ServerRescueNegativeTestJSON-497244238 tempest-ServerRescueNegativeTestJSON-497244238-project] Lock "00000000-0000-0000-0000-000000000000" "released" by "nova.context.set_target_cell..get_or_set_cached_cell_and_set_connections" :: held 0.001s {{(pid=116966) inner /usr/local/lib/python3.8/dist-packages/oslo_concurrency/lockutils.py:400}}
May 16 18:55:37.899124 dv-cinder-841125-5-smb devstack@n-api.service[116967]: DEBUG nova.compute.api [None req-fd97e706-7785-4632-aa95-1675b015b06b tempest-DeleteServersTestJSON-1420109491 tempest-DeleteServersTestJSON-1420109491-project] [instance: 85288c31-384a-46be-9fe0-3e7f28150c0a] Fetching instance by UUID {{(pid=116967) get /opt/stack/nova/nova/compute/api.py:2920}}
May 16 18:55:37.900160 dv-cinder-841125-5-smb devstack@n-api.service[116966]: DEBUG oslo_concurrency.lockutils [None req-7255e23e-82bc-4968-9c7a-9541243dba33 tempest-ServerRescueNegativeTestJSON-497244238 tempest-ServerRescueNegativeTestJSON-497244238-project] Lock "e9d7216d-f7fa-48b6-84f6-3564eced2875" acquired by "nova.context.set_target_cell..get_or_set_cached_cell_and_set_connections" :: waited 0.000s {{(pid=116966) inner /usr/local/lib/python3.8/dist-packages/oslo_concurrency/lockutils.py:386}}
May 16 18:55:37.903253 dv-cinder-841125-5-smb devstack@n-api.service[116966]: DEBUG oslo_concurrency.lockutils [None req-7255e23e-82bc-4968-9c7a-9541243dba33 tempest-ServerRescueNegativeTestJSON-497244238 tempest-ServerRescueNegativeTestJSON-497244238-project] Lock "e9d7216d-f7fa-48b6-84f6-3564eced2875" "released" by "nova.context.set_target_cell..get_or_set_cached_cell_and_set_connections" :: held 0.002s {{(pid=116966) inner /usr/local/lib/python3.8/dist-packages/oslo_concurrency/lockutils.py:400}}
May 16 18:55:37.911423 dv-cinder-841125-5-smb devstack@n-api.service[116967]: DEBUG oslo_concurrency.lockutils [None req-fd97e706-7785-4632-aa95-1675b015b06b tempest-DeleteServersTestJSON-1420109491 tempest-DeleteServersTestJSON-1420109491-project] Lock "e9d7216d-f7fa-48b6-84f6-3564eced2875" acquired by "nova.context.set_target_cell..get_or_set_cached_cell_and_set_connections" :: waited 0.000s {{(pid=116967) inner /usr/local/lib/python3.8/dist-packages/oslo_concurrency/lockutils.py:386}}
May 16 18:55:37.911975 dv-cinder-841125-5-smb devstack@n-api.service[116967]: DEBUG oslo_concurrency.lockutils [None req-fd97e706-7785-4632-aa95-1675b015b06b tempest-DeleteServersTestJSON-1420109491 tempest-DeleteServersTestJSON-1420109491-project] Lock "e9d7216d-f7fa-48b6-84f6-3564eced2875" "released" by "nova.context.set_target_cell..get_or_set_cached_cell_and_set_connections" :: held 0.001s {{(pid=116967) inner /usr/local/lib/python3.8/dist-packages/oslo_concurrency/lockutils.py:400}}
May 16 18:55:37.912927 dv-cinder-841125-5-smb devstack@n-api.service[116967]: DEBUG oslo_concurrency.lockutils [None req-fd97e706-7785-4632-aa95-1675b015b06b tempest-DeleteServersTestJSON-1420109491 tempest-DeleteServersTestJSON-1420109491-project] Lock "e9d7216d-f7fa-48b6-84f6-3564eced2875" acquired by "nova.context.set_target_cell..get_or_set_cached_cell_and_set_connections" :: waited 0.000s {{(pid=116967) inner /usr/local/lib/python3.8/dist-packages/oslo_concurrency/lockutils.py:386}}
May 16 18:55:37.913401 dv-cinder-841125-5-smb devstack@n-api.service[116967]: DEBUG oslo_concurrency.lockutils [None req-fd97e706-7785-4632-aa95-1675b015b06b tempest-DeleteServersTestJSON-1420109491 tempest-DeleteServersTestJSON-1420109491-project] Lock "e9d7216d-f7fa-48b6-84f6-3564eced2875" "released" by "nova.context.set_target_cell..get_or_set_cached_cell_and_set_connections" :: held 0.000s {{(pid=116967) inner /usr/local/lib/python3.8/dist-packages/oslo_concurrency/lockutils.py:400}}
May 16 18:55:38.018772 dv-cinder-841125-5-smb devstack@n-api.service[116966]: DEBUG nova.quota [None req-7255e23e-82bc-4968-9c7a-9541243dba33 tempest-ServerRescueNegativeTestJSON-497244238 tempest-ServerRescueNegativeTestJSON-497244238-project] Getting quotas for project 7fba276b14064d01ac87668a9875e2a4. Resources: {'ram', 'instances', 'cores'} {{(pid=116966) _get_quotas /opt/stack/nova/nova/quota.py:393}}
May 16 18:55:38.042728 dv-cinder-841125-5-smb devstack@n-api.service[116966]: DEBUG nova.quota [None req-7255e23e-82bc-4968-9c7a-9541243dba33 tempest-ServerRescueNegativeTestJSON-497244238 tempest-ServerRescueNegativeTestJSON-497244238-project] Getting quotas for user de3a0a29edd04c48a015dc36e73bf872 and project 7fba276b14064d01ac87668a9875e2a4. Resources: {'ram', 'instances', 'cores'} {{(pid=116966) _get_quotas /opt/stack/nova/nova/quota.py:383}}
May 16 18:55:38.098307 dv-cinder-841125-5-smb devstack@n-api.service[116966]: DEBUG nova.compute.api [None req-7255e23e-82bc-4968-9c7a-9541243dba33 tempest-ServerRescueNegativeTestJSON-497244238 tempest-ServerRescueNegativeTestJSON-497244238-project] Going to run 1 instances... {{(pid=116966) _provision_instances /opt/stack/nova/nova/compute/api.py:1389}}
May 16 18:55:38.108724 dv-cinder-841125-5-smb devstack@n-api.service[116966]: DEBUG nova.compute.api [None req-7255e23e-82bc-4968-9c7a-9541243dba33 tempest-ServerRescueNegativeTestJSON-497244238 tempest-ServerRescueNegativeTestJSON-497244238-project] [instance: 4b288973-2cd6-4c17-b747-fe5d9d211049] block_device_mapping [BlockDeviceMapping(attachment_id=,boot_index=0,connection_info=None,created_at=,delete_on_termination=True,deleted=,deleted_at=,destination_type='local',device_name=None,device_type='disk',disk_bus=None,guest_format=None,id=,image_id='62969203-c5b5-44f9-beb6-3ad8b5be4d8d',instance=,instance_uuid=,no_device=False,snapshot_id=None,source_type='image',tag=None,updated_at=,uuid=,volume_id=None,volume_size=None,volume_type=None)] {{(pid=116966) _bdm_validate_set_size_and_instance /opt/stack/nova/nova/compute/api.py:1807}}
May 16 18:55:38.392533 dv-cinder-841125-5-smb devstack@n-api.service[116966]: INFO nova.api.openstack.requestlog [None req-7255e23e-82bc-4968-9c7a-9541243dba33 tempest-ServerRescueNegativeTestJSON-497244238 tempest-ServerRescueNegativeTestJSON-497244238-project] 10.222.0.57 "POST /compute/v2.1/servers" status: 202 len: 383 microversion: 2.1 time: 5.568547
May 16 18:55:38.394795 dv-cinder-841125-5-smb devstack@n-api.service[116966]: [pid: 116966|app: 0|req: 18/27] 10.222.0.57 () {60 vars in 1146 bytes} [Mon May 16 18:55:32 2022] POST /compute/v2.1/servers => generated 383 bytes in 5572 msecs (HTTP/1.1 202) 10 headers in 451 bytes (1 switches on core 0)
May 16 18:55:38.407080 dv-cinder-841125-5-smb devstack@n-api.service[116966]: DEBUG nova.api.openstack.wsgi [None req-cdbd8a28-3854-42bc-a699-91ff22bf8bc8 tempest-ServerRescueNegativeTestJSON-497244238 tempest-ServerRescueNegativeTestJSON-497244238-project] Calling method '>' {{(pid=116966) _process_stack /opt/stack/nova/nova/api/openstack/wsgi.py:513}}
May 16 18:55:38.413177 dv-cinder-841125-5-smb devstack@n-api.service[116966]: DEBUG nova.compute.api [None req-cdbd8a28-3854-42bc-a699-91ff22bf8bc8 tempest-ServerRescueNegativeTestJSON-497244238 tempest-ServerRescueNegativeTestJSON-497244238-project] [instance: 4b288973-2cd6-4c17-b747-fe5d9d211049] Fetching instance by UUID {{(pid=116966) get /opt/stack/nova/nova/compute/api.py:2920}}
May 16 18:55:38.983328 dv-cinder-841125-5-smb devstack@n-api.service[116966]: DEBUG nova.policy [None req-cdbd8a28-3854-42bc-a699-91ff22bf8bc8 tempest-ServerRescueNegativeTestJSON-497244238 tempest-ServerRescueNegativeTestJSON-497244238-project] Policy check for os_compute_api:os-extended-server-attributes failed with credentials {'is_admin': False, 'user_id': 'de3a0a29edd04c48a015dc36e73bf872', 'user_domain_id': 'default', 'system_scope': None, 'domain_id': None, 'project_id': '7fba276b14064d01ac87668a9875e2a4', 'project_domain_id': 'default', 'roles': ['reader', 'member'], 'is_admin_project': True, 'service_user_id': None, 'service_user_domain_id': None, 'service_project_id': None, 'service_project_domain_id': None, 'service_roles': []} {{(pid=116966) authorize /opt/stack/nova/nova/policy.py:199}}
May 16 18:55:39.012255 dv-cinder-841125-5-smb devstack@n-api.service[116966]: INFO nova.api.openstack.requestlog [None req-cdbd8a28-3854-42bc-a699-91ff22bf8bc8 tempest-ServerRescueNegativeTestJSON-497244238 tempest-ServerRescueNegativeTestJSON-497244238-project] 10.222.0.57 "GET /compute/v2.1/servers/4b288973-2cd6-4c17-b747-fe5d9d211049" status: 200 len: 1222 microversion: 2.1 time: 0.598554
May 16 18:55:39.016965 dv-cinder-841125-5-smb devstack@n-api.service[116966]: [pid: 116966|app: 0|req: 19/28] 10.222.0.57 () {58 vars in 1235 bytes} [Mon May 16 18:55:38 2022] GET /compute/v2.1/servers/4b288973-2cd6-4c17-b747-fe5d9d211049 => generated 1222 bytes in 616 msecs (HTTP/1.1 200) 9 headers in 358 bytes (1 switches on core 0)
May 16 18:55:39.490810 dv-cinder-841125-5-smb devstack@n-api.service[116966]: DEBUG nova.api.openstack.wsgi [req-fa83efcc-1a91-485f-9cdd-0dc0b02e6e99 req-34a8c7c7-932f-431c-a0c1-2b7f0848b06a service nova] Action: 'create', calling method: >, body: {"events": [{"name": "network-changed", "server_uuid": "85288c31-384a-46be-9fe0-3e7f28150c0a", "tag": "a34c1e1d-84d8-4b90-9862-1b6b6a204dc7"}]} {{(pid=116966) _process_stack /opt/stack/nova/nova/api/openstack/wsgi.py:511}}
May 16 18:55:39.549393 dv-cinder-841125-5-smb devstack@n-api.service[116966]: DEBUG oslo_concurrency.lockutils [req-fa83efcc-1a91-485f-9cdd-0dc0b02e6e99 req-34a8c7c7-932f-431c-a0c1-2b7f0848b06a service nova] Lock "e9d7216d-f7fa-48b6-84f6-3564eced2875" acquired by "nova.context.set_target_cell..get_or_set_cached_cell_and_set_connections" :: waited 0.000s {{(pid=116966) inner /usr/local/lib/python3.8/dist-packages/oslo_concurrency/lockutils.py:386}}
May 16 18:55:39.550473 dv-cinder-841125-5-smb devstack@n-api.service[116966]: DEBUG oslo_concurrency.lockutils [req-fa83efcc-1a91-485f-9cdd-0dc0b02e6e99 req-34a8c7c7-932f-431c-a0c1-2b7f0848b06a service nova] Lock "e9d7216d-f7fa-48b6-84f6-3564eced2875" "released" by "nova.context.set_target_cell..get_or_set_cached_cell_and_set_connections" :: held 0.014s {{(pid=116966) inner /usr/local/lib/python3.8/dist-packages/oslo_concurrency/lockutils.py:400}}
May 16 18:55:39.634737 dv-cinder-841125-5-smb devstack@n-api.service[116966]: INFO nova.api.openstack.compute.server_external_events [req-fa83efcc-1a91-485f-9cdd-0dc0b02e6e99 req-34a8c7c7-932f-431c-a0c1-2b7f0848b06a service nova] Creating event network-changed:a34c1e1d-84d8-4b90-9862-1b6b6a204dc7 for instance 85288c31-384a-46be-9fe0-3e7f28150c0a on hv-cinder-84112
May 16 18:55:39.649605 dv-cinder-841125-5-smb devstack@n-api.service[116966]: DEBUG oslo_concurrency.lockutils [req-fa83efcc-1a91-485f-9cdd-0dc0b02e6e99 req-34a8c7c7-932f-431c-a0c1-2b7f0848b06a service nova] Acquired lock "compute-rpcapi-router" {{(pid=116966) lock /usr/local/lib/python3.8/dist-packages/oslo_concurrency/lockutils.py:294}}
May 16 18:55:39.654263 dv-cinder-841125-5-smb devstack@n-api.service[116966]: DEBUG oslo_concurrency.lockutils [None req-6d4c3596-768a-49c8-ab7b-e2732bc64e82 None None] Lock "00000000-0000-0000-0000-000000000000" acquired by "nova.context.set_target_cell..get_or_set_cached_cell_and_set_connections" :: waited 0.000s {{(pid=116966) inner /usr/local/lib/python3.8/dist-packages/oslo_concurrency/lockutils.py:386}}
May 16 18:55:39.658815 dv-cinder-841125-5-smb devstack@n-api.service[116966]: DEBUG oslo_concurrency.lockutils [None req-6d4c3596-768a-49c8-ab7b-e2732bc64e82 None None] Lock "00000000-0000-0000-0000-000000000000" "released" by "nova.context.set_target_cell..get_or_set_cached_cell_and_set_connections" :: held 0.005s {{(pid=116966) inner /usr/local/lib/python3.8/dist-packages/oslo_concurrency/lockutils.py:400}}
May 16 18:55:39.662910 dv-cinder-841125-5-smb devstack@n-api.service[116966]: DEBUG oslo_concurrency.lockutils [None req-6d4c3596-768a-49c8-ab7b-e2732bc64e82 None None] Lock "e9d7216d-f7fa-48b6-84f6-3564eced2875" acquired by "nova.context.set_target_cell..get_or_set_cached_cell_and_set_connections" :: waited 0.000s {{(pid=116966) inner /usr/local/lib/python3.8/dist-packages/oslo_concurrency/lockutils.py:386}}
May 16 18:55:39.665569 dv-cinder-841125-5-smb devstack@n-api.service[116966]: DEBUG oslo_concurrency.lockutils [None req-6d4c3596-768a-49c8-ab7b-e2732bc64e82 None None] Lock "e9d7216d-f7fa-48b6-84f6-3564eced2875" "released" by "nova.context.set_target_cell..get_or_set_cached_cell_and_set_connections" :: held 0.001s {{(pid=116966) inner /usr/local/lib/python3.8/dist-packages/oslo_concurrency/lockutils.py:400}}
May 16 18:55:39.707426 dv-cinder-841125-5-smb devstack@n-api.service[116966]: INFO nova.compute.rpcapi [None req-6d4c3596-768a-49c8-ab7b-e2732bc64e82 None None] Automatically selected compute RPC version 6.0 from minimum service version 61
May 16 18:55:39.709929 dv-cinder-841125-5-smb devstack@n-api.service[116966]: DEBUG oslo_concurrency.lockutils [None req-6d4c3596-768a-49c8-ab7b-e2732bc64e82 None None] Releasing lock "compute-rpcapi-router" {{(pid=116966) lock /usr/local/lib/python3.8/dist-packages/oslo_concurrency/lockutils.py:312}}
May 16 18:55:39.750653 dv-cinder-841125-5-smb devstack@n-api.service[116967]: DEBUG nova.policy [None req-fd97e706-7785-4632-aa95-1675b015b06b tempest-DeleteServersTestJSON-1420109491 tempest-DeleteServersTestJSON-1420109491-project] Policy check for os_compute_api:os-extended-server-attributes failed with credentials {'is_admin': False, 'user_id': 'fc4d8b65a9ff48dea1a9ad5a8acbcb78', 'user_domain_id': 'default', 'system_scope': None, 'domain_id': None, 'project_id': '2d30de36cbbb477f8ac415d2458f3e01', 'project_domain_id': 'default', 'roles': ['reader', 'member'], 'is_admin_project': True, 'service_user_id': None, 'service_user_domain_id': None, 'service_project_id': None, 'service_project_domain_id': None, 'service_roles': []} {{(pid=116967) authorize /opt/stack/nova/nova/policy.py:199}}
May 16 18:55:39.761284 dv-cinder-841125-5-smb devstack@n-api.service[116966]: INFO nova.api.openstack.requestlog [None req-6d4c3596-768a-49c8-ab7b-e2732bc64e82 None None] 10.222.0.57 "POST /compute/v2.1/os-server-external-events" status: 200 len: 179 microversion: 2.1 time: 0.742824
May 16 18:55:39.762046 dv-cinder-841125-5-smb devstack@n-api.service[116966]: [pid: 116966|app: 0|req: 20/29] 10.222.0.57 () {64 vars in 1317 bytes} [Mon May 16 18:55:39 2022] POST /compute/v2.1/os-server-external-events => generated 179 bytes in 745 msecs (HTTP/1.1 200) 9 headers in 357 bytes (1 switches on core 0)
May 16 18:55:39.762331 dv-cinder-841125-5-smb devstack@n-api.service[116967]: INFO nova.api.openstack.requestlog [None req-fd97e706-7785-4632-aa95-1675b015b06b tempest-DeleteServersTestJSON-1420109491 tempest-DeleteServersTestJSON-1420109491-project] 10.222.0.57 "GET /compute/v2.1/servers/85288c31-384a-46be-9fe0-3e7f28150c0a" status: 200 len: 1315 microversion: 2.1 time: 1.867034
May 16 18:55:39.764633 dv-cinder-841125-5-smb devstack@n-api.service[116967]: [pid: 116967|app: 0|req: 10/30] 10.222.0.57 () {58 vars in 1235 bytes} [Mon May 16 18:55:37 2022] GET /compute/v2.1/servers/85288c31-384a-46be-9fe0-3e7f28150c0a => generated 1315 bytes in 1871 msecs (HTTP/1.1 200) 9 headers in 358 bytes (2 switches on core 0)
May 16 18:55:39.768855 dv-cinder-841125-5-smb devstack@n-api.service[116966]: DEBUG nova.api.openstack.wsgi [None req-328a398f-2684-47e1-b838-a89665d2ff12 tempest-ServerRescueNegativeTestJSON-497244238 tempest-ServerRescueNegativeTestJSON-497244238-project] Action: 'create', calling method: >, body: {"server": {"name": "tempest-ServerRescueNegativeTestJSON-server-289318849", "imageRef": "62969203-c5b5-44f9-beb6-3ad8b5be4d8d", "flavorRef": "452", "adminPass": "***", "networks": [{"uuid": "}]}} {{(pid=116966) _process_stack /opt/stack/nova/nova/api/openstack/wsgi.py:511}}
May 16 18:55:39.944305 dv-cinder-841125-5-smb devstack@n-api.service[116966]: DEBUG nova.network.neutron [None req-328a398f-2684-47e1-b838-a89665d2ff12 tempest-ServerRescueNegativeTestJSON-497244238 tempest-ServerRescueNegativeTestJSON-497244238-project] validate_networks() for [('283e3813-c05f-4a70-81b6-16397ef5e896', None, None, None, None, None)] {{(pid=116966) validate_networks /opt/stack/nova/nova/network/neutron.py:2608}}
May 16 18:55:40.786321 dv-cinder-841125-5-smb devstack@n-api.service[116967]: DEBUG nova.api.openstack.wsgi [None req-40409377-9da6-4090-b520-946ba8f08c5d tempest-DeleteServersTestJSON-1420109491 tempest-DeleteServersTestJSON-1420109491-project] Calling method '>' {{(pid=116967) _process_stack /opt/stack/nova/nova/api/openstack/wsgi.py:513}}
May 16 18:55:40.787000 dv-cinder-841125-5-smb devstack@n-api.service[116967]: DEBUG nova.compute.api [None req-40409377-9da6-4090-b520-946ba8f08c5d tempest-DeleteServersTestJSON-1420109491 tempest-DeleteServersTestJSON-1420109491-project] [instance: 85288c31-384a-46be-9fe0-3e7f28150c0a] Fetching instance by UUID {{(pid=116967) get /opt/stack/nova/nova/compute/api.py:2920}}
May 16 18:55:40.796996 dv-cinder-841125-5-smb devstack@n-api.service[116967]: DEBUG oslo_concurrency.lockutils [None req-40409377-9da6-4090-b520-946ba8f08c5d tempest-DeleteServersTestJSON-1420109491 tempest-DeleteServersTestJSON-1420109491-project] Lock "e9d7216d-f7fa-48b6-84f6-3564eced2875" acquired by "nova.context.set_target_cell..get_or_set_cached_cell_and_set_connections" :: waited 0.000s {{(pid=116967) inner /usr/local/lib/python3.8/dist-packages/oslo_concurrency/lockutils.py:386}}
May 16 18:55:40.797470 dv-cinder-841125-5-smb devstack@n-api.service[116967]: DEBUG oslo_concurrency.lockutils [None req-40409377-9da6-4090-b520-946ba8f08c5d tempest-DeleteServersTestJSON-1420109491 tempest-DeleteServersTestJSON-1420109491-project] Lock "e9d7216d-f7fa-48b6-84f6-3564eced2875" "released" by "nova.context.set_target_cell..get_or_set_cached_cell_and_set_connections" :: held 0.001s {{(pid=116967) inner /usr/local/lib/python3.8/dist-packages/oslo_concurrency/lockutils.py:400}}
May 16 18:55:40.798402 dv-cinder-841125-5-smb devstack@n-api.service[116967]: DEBUG oslo_concurrency.lockutils [None req-40409377-9da6-4090-b520-946ba8f08c5d tempest-DeleteServersTestJSON-1420109491 tempest-DeleteServersTestJSON-1420109491-project] Lock "e9d7216d-f7fa-48b6-84f6-3564eced2875" acquired by "nova.context.set_target_cell..get_or_set_cached_cell_and_set_connections" :: waited 0.000s {{(pid=116967) inner /usr/local/lib/python3.8/dist-packages/oslo_concurrency/lockutils.py:386}}
May 16 18:55:40.799973 dv-cinder-841125-5-smb devstack@n-api.service[116967]: DEBUG oslo_concurrency.lockutils [None req-40409377-9da6-4090-b520-946ba8f08c5d tempest-DeleteServersTestJSON-1420109491 tempest-DeleteServersTestJSON-1420109491-project] Lock "e9d7216d-f7fa-48b6-84f6-3564eced2875" "released" by "nova.context.set_target_cell..get_or_set_cached_cell_and_set_connections" :: held 0.000s {{(pid=116967) inner /usr/local/lib/python3.8/dist-packages/oslo_concurrency/lockutils.py:400}}
May 16 18:55:42.352156 dv-cinder-841125-5-smb devstack@n-api.service[116967]: DEBUG nova.policy [None req-40409377-9da6-4090-b520-946ba8f08c5d tempest-DeleteServersTestJSON-1420109491 tempest-DeleteServersTestJSON-1420109491-project] Policy check for os_compute_api:os-extended-server-attributes failed with credentials {'is_admin': False, 'user_id': 'fc4d8b65a9ff48dea1a9ad5a8acbcb78', 'user_domain_id': 'default', 'system_scope': None, 'domain_id': None, 'project_id': '2d30de36cbbb477f8ac415d2458f3e01', 'project_domain_id': 'default', 'roles': ['reader', 'member'], 'is_admin_project': True, 'service_user_id': None, 'service_user_domain_id': None, 'service_project_id': None, 'service_project_domain_id': None, 'service_roles': []} {{(pid=116967) authorize /opt/stack/nova/nova/policy.py:199}}
May 16 18:55:42.368306 dv-cinder-841125-5-smb devstack@n-api.service[116967]: INFO nova.api.openstack.requestlog [None req-40409377-9da6-4090-b520-946ba8f08c5d tempest-DeleteServersTestJSON-1420109491 tempest-DeleteServersTestJSON-1420109491-project] 10.222.0.57 "GET /compute/v2.1/servers/85288c31-384a-46be-9fe0-3e7f28150c0a" status: 200 len: 1315 microversion: 2.1 time: 1.585891
May 16 18:55:42.369114 dv-cinder-841125-5-smb devstack@n-api.service[116967]: [pid: 116967|app: 0|req: 11/31] 10.222.0.57 () {58 vars in 1235 bytes} [Mon May 16 18:55:40 2022] GET /compute/v2.1/servers/85288c31-384a-46be-9fe0-3e7f28150c0a => generated 1315 bytes in 1590 msecs (HTTP/1.1 200) 9 headers in 358 bytes (1 switches on core 0)
May 16 18:55:42.748854 dv-cinder-841125-5-smb devstack@n-api.service[116966]: DEBUG nova.virt.hardware [None req-328a398f-2684-47e1-b838-a89665d2ff12 tempest-ServerRescueNegativeTestJSON-497244238 tempest-ServerRescueNegativeTestJSON-497244238-project] Flavor limits 0:0:0 {{(pid=116966) get_cpu_topology_constraints /opt/stack/nova/nova/virt/hardware.py:343}}
May 16 18:55:42.751881 dv-cinder-841125-5-smb devstack@n-api.service[116966]: DEBUG nova.virt.hardware [None req-328a398f-2684-47e1-b838-a89665d2ff12 tempest-ServerRescueNegativeTestJSON-497244238 tempest-ServerRescueNegativeTestJSON-497244238-project] Image limits 0:0:0 {{(pid=116966) get_cpu_topology_constraints /opt/stack/nova/nova/virt/hardware.py:347}}
May 16 18:55:42.753244 dv-cinder-841125-5-smb devstack@n-api.service[116966]: DEBUG nova.virt.hardware [None req-328a398f-2684-47e1-b838-a89665d2ff12 tempest-ServerRescueNegativeTestJSON-497244238 tempest-ServerRescueNegativeTestJSON-497244238-project] Flavor pref 0:0:0 {{(pid=116966) get_cpu_topology_constraints /opt/stack/nova/nova/virt/hardware.py:383}}
May 16 18:55:42.755801 dv-cinder-841125-5-smb devstack@n-api.service[116966]: DEBUG nova.virt.hardware [None req-328a398f-2684-47e1-b838-a89665d2ff12 tempest-ServerRescueNegativeTestJSON-497244238 tempest-ServerRescueNegativeTestJSON-497244238-project] Image pref 0:0:0 {{(pid=116966) get_cpu_topology_constraints /opt/stack/nova/nova/virt/hardware.py:387}}
May 16 18:55:42.758242 dv-cinder-841125-5-smb devstack@n-api.service[116966]: DEBUG nova.virt.hardware [None req-328a398f-2684-47e1-b838-a89665d2ff12 tempest-ServerRescueNegativeTestJSON-497244238 tempest-ServerRescueNegativeTestJSON-497244238-project] Chose sockets=0, cores=0, threads=0; limits were sockets=65536, cores=65536, threads=65536 {{(pid=116966) get_cpu_topology_constraints /opt/stack/nova/nova/virt/hardware.py:425}}
May 16 18:55:42.797601 dv-cinder-841125-5-smb devstack@n-api.service[116966]: DEBUG oslo_concurrency.lockutils [None req-328a398f-2684-47e1-b838-a89665d2ff12 tempest-ServerRescueNegativeTestJSON-497244238 tempest-ServerRescueNegativeTestJSON-497244238-project] Lock "00000000-0000-0000-0000-000000000000" acquired by "nova.context.set_target_cell..get_or_set_cached_cell_and_set_connections" :: waited 0.000s {{(pid=116966) inner /usr/local/lib/python3.8/dist-packages/oslo_concurrency/lockutils.py:386}}
May 16 18:55:42.801251 dv-cinder-841125-5-smb devstack@n-api.service[116966]: DEBUG oslo_concurrency.lockutils [None req-328a398f-2684-47e1-b838-a89665d2ff12 tempest-ServerRescueNegativeTestJSON-497244238 tempest-ServerRescueNegativeTestJSON-497244238-project] Lock "00000000-0000-0000-0000-000000000000" "released" by "nova.context.set_target_cell..get_or_set_cached_cell_and_set_connections" :: held 0.008s {{(pid=116966) inner /usr/local/lib/python3.8/dist-packages/oslo_concurrency/lockutils.py:400}}
May 16 18:55:42.810637 dv-cinder-841125-5-smb devstack@n-api.service[116966]: DEBUG oslo_concurrency.lockutils [None req-328a398f-2684-47e1-b838-a89665d2ff12 tempest-ServerRescueNegativeTestJSON-497244238 tempest-ServerRescueNegativeTestJSON-497244238-project] Lock "e9d7216d-f7fa-48b6-84f6-3564eced2875" acquired by "nova.context.set_target_cell..get_or_set_cached_cell_and_set_connections" :: waited 0.000s {{(pid=116966) inner /usr/local/lib/python3.8/dist-packages/oslo_concurrency/lockutils.py:386}}
May 16 18:55:42.811467 dv-cinder-841125-5-smb devstack@n-api.service[116966]: DEBUG oslo_concurrency.lockutils [None req-328a398f-2684-47e1-b838-a89665d2ff12 tempest-ServerRescueNegativeTestJSON-497244238 tempest-ServerRescueNegativeTestJSON-497244238-project] Lock "e9d7216d-f7fa-48b6-84f6-3564eced2875" "released" by "nova.context.set_target_cell..get_or_set_cached_cell_and_set_connections" :: held 0.002s {{(pid=116966) inner /usr/local/lib/python3.8/dist-packages/oslo_concurrency/lockutils.py:400}}
May 16 18:55:42.929750 dv-cinder-841125-5-smb devstack@n-api.service[116966]: DEBUG nova.quota [None req-328a398f-2684-47e1-b838-a89665d2ff12 tempest-ServerRescueNegativeTestJSON-497244238 tempest-ServerRescueNegativeTestJSON-497244238-project] Getting quotas for project 7fba276b14064d01ac87668a9875e2a4. Resources: {'ram', 'instances', 'cores'} {{(pid=116966) _get_quotas /opt/stack/nova/nova/quota.py:393}}
May 16 18:55:42.955283 dv-cinder-841125-5-smb devstack@n-api.service[116966]: DEBUG nova.quota [None req-328a398f-2684-47e1-b838-a89665d2ff12 tempest-ServerRescueNegativeTestJSON-497244238 tempest-ServerRescueNegativeTestJSON-497244238-project] Getting quotas for user de3a0a29edd04c48a015dc36e73bf872 and project 7fba276b14064d01ac87668a9875e2a4. Resources: {'ram', 'instances', 'cores'} {{(pid=116966) _get_quotas /opt/stack/nova/nova/quota.py:383}}
May 16 18:55:43.026940 dv-cinder-841125-5-smb devstack@n-api.service[116966]: DEBUG nova.compute.api [None req-328a398f-2684-47e1-b838-a89665d2ff12 tempest-ServerRescueNegativeTestJSON-497244238 tempest-ServerRescueNegativeTestJSON-497244238-project] Going to run 1 instances... {{(pid=116966) _provision_instances /opt/stack/nova/nova/compute/api.py:1389}}
May 16 18:55:43.035585 dv-cinder-841125-5-smb devstack@n-api.service[116966]: DEBUG nova.compute.api [None req-328a398f-2684-47e1-b838-a89665d2ff12 tempest-ServerRescueNegativeTestJSON-497244238 tempest-ServerRescueNegativeTestJSON-497244238-project] [instance: 49f8cc75-d2d8-4962-a588-c4b6c3c3dadc] block_device_mapping [BlockDeviceMapping(attachment_id=,boot_index=0,connection_info=None,created_at=,delete_on_termination=True,deleted=,deleted_at=,destination_type='local',device_name=None,device_type='disk',disk_bus=None,guest_format=None,id=,image_id='62969203-c5b5-44f9-beb6-3ad8b5be4d8d',instance=,instance_uuid=,no_device=False,snapshot_id=None,source_type='image',tag=None,updated_at=,uuid=,volume_id=None,volume_size=None,volume_type=None)] {{(pid=116966) _bdm_validate_set_size_and_instance /opt/stack/nova/nova/compute/api.py:1807}}
May 16 18:55:43.198869 dv-cinder-841125-5-smb devstack@n-api.service[116966]: INFO nova.api.openstack.requestlog [None req-328a398f-2684-47e1-b838-a89665d2ff12 tempest-ServerRescueNegativeTestJSON-497244238 tempest-ServerRescueNegativeTestJSON-497244238-project] 10.222.0.57 "POST /compute/v2.1/servers" status: 202 len: 383 microversion: 2.1 time: 3.435083
May 16 18:55:43.204282 dv-cinder-841125-5-smb devstack@n-api.service[116966]: [pid: 116966|app: 0|req: 21/32] 10.222.0.57 () {60 vars in 1146 bytes} [Mon May 16 18:55:39 2022] POST /compute/v2.1/servers => generated 383 bytes in 3441 msecs (HTTP/1.1 202) 10 headers in 451 bytes (1 switches on core 0)
May 16 18:55:43.227688 dv-cinder-841125-5-smb devstack@n-api.service[116966]: DEBUG nova.api.openstack.wsgi [None req-1b4f86ed-a0a7-4e0c-ae0a-c057fb3fff7d tempest-ServerRescueNegativeTestJSON-497244238 tempest-ServerRescueNegativeTestJSON-497244238-project] Calling method '>' {{(pid=116966) _process_stack /opt/stack/nova/nova/api/openstack/wsgi.py:513}}
May 16 18:55:43.229703 dv-cinder-841125-5-smb devstack@n-api.service[116966]: DEBUG nova.compute.api [None req-1b4f86ed-a0a7-4e0c-ae0a-c057fb3fff7d tempest-ServerRescueNegativeTestJSON-497244238 tempest-ServerRescueNegativeTestJSON-497244238-project] [instance: 49f8cc75-d2d8-4962-a588-c4b6c3c3dadc] Fetching instance by UUID {{(pid=116966) get /opt/stack/nova/nova/compute/api.py:2920}}
May 16 18:55:43.374026 dv-cinder-841125-5-smb devstack@n-api.service[116967]: DEBUG nova.api.openstack.wsgi [None req-e4e5821b-5fd0-449b-8d9b-9bd4bac78de1 tempest-AttachVolumeShelveTestJSON-1385896903 tempest-AttachVolumeShelveTestJSON-1385896903-project] Action: 'create', calling method: .version_select at 0x7f640a7d6940>, body: {"keypair": {"name": "tempest-keypair-1323264843", "public_key": "ecdsa-sha2-nistp384 AAAAE2VjZHNhLXNoYTItbmlzdHAzODQAAAAIbmlzdHAzODQAAABhBJak/ezTqIFwkgBuRVfDgkHtr20Zr2NoKwzXMIBBxhkG4pc2zrVzYmllfChAYk3OdkPI3W4MBwLMS4mwS9cxFIwo+Tot1xyzvUDsLhrf6TImpQN8xfQ3viy1OvTsqEvHFA=="}} {{(pid=116967) _process_stack /opt/stack/nova/nova/api/openstack/wsgi.py:511}}
May 16 18:55:43.392138 dv-cinder-841125-5-smb devstack@n-api.service[116967]: DEBUG nova.quota [None req-e4e5821b-5fd0-449b-8d9b-9bd4bac78de1 tempest-AttachVolumeShelveTestJSON-1385896903 tempest-AttachVolumeShelveTestJSON-1385896903-project] Getting quotas for project f170c9ea3c1d4b919aa385cde17a3707. Resources: {'key_pairs'} {{(pid=116967) _get_quotas /opt/stack/nova/nova/quota.py:393}}
May 16 18:55:43.397465 dv-cinder-841125-5-smb devstack@n-api.service[116967]: DEBUG nova.quota [None req-e4e5821b-5fd0-449b-8d9b-9bd4bac78de1 tempest-AttachVolumeShelveTestJSON-1385896903 tempest-AttachVolumeShelveTestJSON-1385896903-project] Getting quotas for user 3c08679206854d2ca87bfaad624b1ebe and project f170c9ea3c1d4b919aa385cde17a3707. Resources: {'key_pairs'} {{(pid=116967) _get_quotas /opt/stack/nova/nova/quota.py:383}}
May 16 18:55:43.433617 dv-cinder-841125-5-smb devstack@n-api.service[116967]: INFO nova.api.openstack.requestlog [None req-e4e5821b-5fd0-449b-8d9b-9bd4bac78de1 tempest-AttachVolumeShelveTestJSON-1385896903 tempest-AttachVolumeShelveTestJSON-1385896903-project] 10.222.0.57 "POST /compute/v2.1/os-keypairs" status: 201 len: 401 microversion: 2.20 time: 1.047647
