May 10 14:16:36.634126 dv-cinder-841125-4-iscsi neutron-server[104062]: DEBUG neutron_lib.callbacks.manager [None req-3c6af839-d2a0-4076-9171-e942e7734a8c None None] Publish callbacks ['neutron.plugins.ml2.plugin.Ml2Plugin._port_provisioned-1718043'] for port (10675328-f931-4264-bcbe-60ab5cb1b00f), provisioning_complete {{(pid=104062) _notify_loop /usr/local/lib/python3.8/dist-packages/neutron_lib/callbacks/manager.py:176}}
May 10 14:16:36.709220 dv-cinder-841125-4-iscsi neutron-server[104060]: DEBUG neutron_lib.callbacks.manager [None req-b6c84300-9e9f-499d-a625-a3df058f1759 admin admin] Publish callbacks ['neutron.plugins.ml2.plugin.External_net_db_mixin._before_network_delete_handler-1316882'] for network (b2958e5d-21f9-444d-b156-7864119f75b7), before_delete {{(pid=104060) _notify_loop /usr/local/lib/python3.8/dist-packages/neutron_lib/callbacks/manager.py:176}}
May 10 14:16:36.723538 dv-cinder-841125-4-iscsi neutron-server[104060]: DEBUG neutron_lib.callbacks.manager [None req-e26d0b82-36d5-45c2-813c-dfeb6a6fd77c admin admin] Publish callbacks ['neutron.plugins.ml2.plugin.SecurityGroupServerNotifierRpcMixin._notify_sg_on_port_change-1742196', 'neutron.plugins.ml2.ovo_rpc._ObjectChangeHandler.handle_event-54295', 'neutron.api.rpc.agentnotifiers.dhcp_rpc_agent_api.DhcpAgentNotifyAPI._native_event_send_dhcp_notification-744272', 'neutron.db.l3_dvrscheduler_db._notify_l3_agent_new_port-8775010508400'] for port (381f67be-5228-49a7-8124-cc12ec29b460), after_create {{(pid=104060) _notify_loop /usr/local/lib/python3.8/dist-packages/neutron_lib/callbacks/manager.py:176}}
May 10 14:16:36.751465 dv-cinder-841125-4-iscsi neutron-server[104063]: DEBUG neutron.db.l3_hamode_db [None req-7f05792d-c706-464d-ae8d-8662e224fbc9 None None] neutron.services.l3_router.l3_router_plugin.L3RouterPlugin method _process_sync_ha_data called with arguments (, [{'id': '3f274cc4-f6ac-4df7-93a5-58520f6a6c33', 'name': 'tempest-ServerRescueNegativeTestJSON-1690169712-router', 'tenant_id': 'b8a7f6dc00b5487b9c323783ef5aaa2b', 'admin_state_up': True, 'status': 'ACTIVE', 'external_gateway_info': {'network_id': '60bf7f5a-0a6b-457c-afde-304cd1423372', 'external_fixed_ips': [{'subnet_id': 'baa47522-18e8-4a29-b035-476b939c24cc', 'ip_address': '172.27.1.23'}], 'enable_snat': True}, 'gw_port_id': '62226b7a-505a-4f93-953c-12e4f6f1db49', 'description': '', 'availability_zones': ['nova'], 'distributed': False, 'ha': False, 'ha_vr_id': 0, 'availability_zone_hints': [], 'routes': [], 'flavor_id': None, 'tags': [], 'created_at': '2022-05-10T14:16:27Z', 'updated_at': '2022-05-10T14:16:30Z', 'revision_number': 3, 'project_id': 'b8a7f6dc00b5487b9c323783ef5aaa2b', 'gw_port': {'id': '62226b7a-505a-4f93-953c-12e4f6f1db49', 'name': '', 'network_id': '60bf7f5a-0a6b-457c-afde-304cd1423372', 'tenant_id': '', 'mac_address': 'fa:16:3e:a9:37:87', 'admin_state_up': True, 'status': 'DOWN', 'device_id': '3f274cc4-f6ac-4df7-93a5-58520f6a6c33', 'device_owner': 'network:router_gateway', 'standard_attr_id': 84, 'fixed_ips': [{'subnet_id': 'baa47522-18e8-4a29-b035-476b939c24cc', 'ip_address': '172.27.1.23', 'prefixlen': 24}], 'allowed_address_pairs': [], 'extra_dhcp_opts': [], 'security_groups': [], 'description': '', 'binding:vnic_type': 'normal', 'binding:profile': {}, 'binding:host_id': '', 'binding:vif_type': 'unbound', 'binding:vif_details': {}, 'port_security_enabled': False, 'tags': [], 'created_at': '2022-05-10T14:16:29Z', 'updated_at': '2022-05-10T14:16:29Z', 'revision_number': 1, 'project_id': '', 'subnets': [{'id': 'baa47522-18e8-4a29-b035-476b939c24cc', 'cidr': '172.27.1.0/24', 'gateway_ip': '172.27.1.1', 'dns_nameservers': [], 'ipv6_ra_mode': None, 'subnetpool_id': None}], 'extra_subnets': [], 'address_scopes': {4: None, 6: None}, 'mtu': 1500}, 'enable_snat': True, 'gw_port_host': 'dv-cinder-841125-4-iscsi'}], 'dv-cinder-841125-4-iscsi', False) {} {{(pid=104063) wrapper /usr/local/lib/python3.8/dist-packages/oslo_log/helpers.py:65}}
May 10 14:16:36.760148 dv-cinder-841125-4-iscsi neutron-server[104060]: DEBUG neutron.scheduler.dhcp_agent_scheduler [None req-e26d0b82-36d5-45c2-813c-dfeb6a6fd77c admin admin] Network 3e5ec3c3-4d17-4222-ba80-44b733b6bca6 is already hosted by enough agents. {{(pid=104060) _get_dhcp_agents_hosting_network /opt/stack/neutron/neutron/scheduler/dhcp_agent_scheduler.py:275}}
May 10 14:16:36.784387 dv-cinder-841125-4-iscsi neutron-server[104060]: DEBUG neutron.scheduler.base_scheduler [None req-e26d0b82-36d5-45c2-813c-dfeb6a6fd77c admin admin] Resources bound (agent type, host, resource id): {{(pid=104060) schedule /opt/stack/neutron/neutron/scheduler/base_scheduler.py:57}}
May 10 14:16:36.787211 dv-cinder-841125-4-iscsi neutron-server[104060]: DEBUG neutron.db.l3_dvrscheduler_db [None req-e26d0b82-36d5-45c2-813c-dfeb6a6fd77c admin admin] Received port after_create {{(pid=104060) _notify_l3_agent_new_port /opt/stack/neutron/neutron/db/l3_dvrscheduler_db.py:536}}
May 10 14:16:36.788057 dv-cinder-841125-4-iscsi neutron-server[104060]: DEBUG neutron_lib.callbacks.manager [None req-e26d0b82-36d5-45c2-813c-dfeb6a6fd77c admin admin] Publish callbacks ['neutron.services.l3_router.l3_router_plugin.DVRResourceOperationHandler._add_csnat_on_interface_create-578694'] for router_interface (905a6f77-3224-4c49-882e-99965b21a5de), before_create {{(pid=104060) _notify_loop /usr/local/lib/python3.8/dist-packages/neutron_lib/callbacks/manager.py:176}}
May 10 14:16:36.790835 dv-cinder-841125-4-iscsi neutron-server[104063]: DEBUG neutron.api.rpc.handlers.l3_rpc [None req-7f05792d-c706-464d-ae8d-8662e224fbc9 None None] Checking router: 3f274cc4-f6ac-4df7-93a5-58520f6a6c33 for host: dv-cinder-841125-4-iscsi {{(pid=104063) _ensure_host_set_on_ports /opt/stack/neutron/neutron/api/rpc/handlers/l3_rpc.py:155}}
May 10 14:16:36.791382 dv-cinder-841125-4-iscsi neutron-server[104063]: DEBUG neutron.api.rpc.handlers.l3_rpc [None req-7f05792d-c706-464d-ae8d-8662e224fbc9 None None] Updating router 3f274cc4-f6ac-4df7-93a5-58520f6a6c33 port 62226b7a-505a-4f93-953c-12e4f6f1db49 binding host dv-cinder-841125-4-iscsi {{(pid=104063) _ensure_host_set_on_port /opt/stack/neutron/neutron/api/rpc/handlers/l3_rpc.py:205}}
May 10 14:16:36.817294 dv-cinder-841125-4-iscsi neutron-server[104061]: DEBUG neutron_lib.callbacks.manager [None req-5534622a-ac92-4d94-a8f3-e37f10febd75 admin admin] Publish callbacks ['neutron.services.l3_router.l3_router_plugin.L3_HA_NAT_db_mixin._after_router_create-574864', 'neutron.services.l3_router.l3_router_plugin.DVRResourceOperationHandler._create_snat_interfaces_after_change-580561'] for router (517a1b0f-4f99-4199-b3a0-cf11c9d37ac6), after_create {{(pid=104061) _notify_loop /usr/local/lib/python3.8/dist-packages/neutron_lib/callbacks/manager.py:176}}
May 10 14:16:36.838953 dv-cinder-841125-4-iscsi neutron-server[104063]: DEBUG neutron_lib.callbacks.manager [None req-7f05792d-c706-464d-ae8d-8662e224fbc9 None None] Publish callbacks ['neutron.plugins.ml2.plugin.SecurityGroupDbMixin._ensure_default_security_group_handler-1742296'] for port (62226b7a-505a-4f93-953c-12e4f6f1db49), before_update {{(pid=104063) _notify_loop /usr/local/lib/python3.8/dist-packages/neutron_lib/callbacks/manager.py:176}}
May 10 14:16:36.940999 dv-cinder-841125-4-iscsi neutron-server[104061]: DEBUG neutron_lib.callbacks.manager [None req-92d50107-83ed-4664-90b7-67b0d07d1265 admin admin] Publish callbacks [] for port (b0bd206f-5715-44bb-adcb-0289ffa1318c), precommit_update {{(pid=104061) _notify_loop /usr/local/lib/python3.8/dist-packages/neutron_lib/callbacks/manager.py:176}}
May 10 14:16:37.008283 dv-cinder-841125-4-iscsi neutron-server[104061]: DEBUG neutron_lib.callbacks.manager [None req-92d50107-83ed-4664-90b7-67b0d07d1265 admin admin] Publish callbacks ['neutron.plugins.ml2.plugin.SecurityGroupServerNotifierRpcMixin._notify_sg_on_port_change-1742196', 'neutron.plugins.ml2.ovo_rpc._ObjectChangeHandler.handle_event-54295', 'neutron.api.rpc.agentnotifiers.dhcp_rpc_agent_api.DhcpAgentNotifyAPI._native_event_send_dhcp_notification-744272', 'neutron.db.l3_db.L3RpcNotifierMixin._notify_gateway_port_ip_changed-8775011034534', 'neutron.db.l3_dvrscheduler_db._notify_l3_agent_port_update-8775010508418', 'neutron.db.l3_hascheduler_db._notify_l3_agent_ha_port_update-8775010508436'] for port (b0bd206f-5715-44bb-adcb-0289ffa1318c), after_update {{(pid=104061) _notify_loop /usr/local/lib/python3.8/dist-packages/neutron_lib/callbacks/manager.py:176}}
May 10 14:16:37.009110 dv-cinder-841125-4-iscsi neutron-server[104061]: DEBUG neutron_lib.callbacks.manager [None req-92d50107-83ed-4664-90b7-67b0d07d1265 admin admin] Publish callbacks ['neutron.api.rpc.agentnotifiers.dhcp_rpc_agent_api.DhcpAgentNotifyAPI._after_router_interface_created-744258', 'neutron.services.l3_router.l3_router_plugin.DVRResourceOperationHandler._update_snat_v6_addrs_after_intf_update-579259'] for router_interface (ba90ff3a-7c61-4ce6-bf27-fc1d849d127a), after_create {{(pid=104061) _notify_loop /usr/local/lib/python3.8/dist-packages/neutron_lib/callbacks/manager.py:176}}
May 10 14:16:37.036384 dv-cinder-841125-4-iscsi neutron-server[104062]: DEBUG neutron_lib.callbacks.manager [None req-44302f1b-a387-4986-8092-60df11562d90 None None] Publish callbacks ['neutron.services.segments.db._update_segment_host_mapping_for_agent-8775010808351', 'neutron.plugins.ml2.plugin.Ml2Plugin._retry_binding_revived_agents-1718141'] for agent (f1697909-ac6f-45c5-87b3-0e43879c2fae), after_update {{(pid=104062) _notify_loop /usr/local/lib/python3.8/dist-packages/neutron_lib/callbacks/manager.py:176}}
May 10 14:16:37.042161 dv-cinder-841125-4-iscsi neutron-server[104060]: DEBUG neutron.api.rpc.handlers.resources_rpc [None req-e26d0b82-36d5-45c2-813c-dfeb6a6fd77c admin admin] Pushing event updated for resources: {'Port': ['ID=381f67be-5228-49a7-8124-cc12ec29b460,revision_number=1']} {{(pid=104060) push /opt/stack/neutron/neutron/api/rpc/handlers/resources_rpc.py:237}}
May 10 14:16:37.057935 dv-cinder-841125-4-iscsi neutron-server[104062]: DEBUG neutron.plugins.ml2.plugin [None req-3c6af839-d2a0-4076-9171-e942e7734a8c None None] Current status of the port 10675328-f931-4264-bcbe-60ab5cb1b00f is: ACTIVE; New status is: ACTIVE {{(pid=104062) _update_individual_port_db_status /opt/stack/neutron/neutron/plugins/ml2/plugin.py:2296}}
May 10 14:16:37.059065 dv-cinder-841125-4-iscsi neutron-server[104062]: DEBUG neutron.plugins.ml2.rpc [None req-3c6af839-d2a0-4076-9171-e942e7734a8c None None] Device 2dbfed0c-9905-43f9-95b1-07aaa8081738 up at agent ovs-agent-dv-cinder-841125-4-iscsi {{(pid=104062) update_device_up /opt/stack/neutron/neutron/plugins/ml2/rpc.py:296}}
May 10 14:16:37.176972 dv-cinder-841125-4-iscsi neutron-server[104062]: DEBUG neutron_lib.callbacks.manager [None req-55ed9458-0c94-4f4e-8f61-de2246de850e None None] Publish callbacks [] for port (5d4aaecc-58a3-4c45-8f7a-ed6491d7f2f3), precommit_update {{(pid=104062) _notify_loop /usr/local/lib/python3.8/dist-packages/neutron_lib/callbacks/manager.py:176}}
May 10 14:16:37.182603 dv-cinder-841125-4-iscsi neutron-server[104061]: DEBUG neutron.api.rpc.handlers.resources_rpc [None req-92d50107-83ed-4664-90b7-67b0d07d1265 admin admin] Pushing event updated for resources: {'Port': ['ID=b0bd206f-5715-44bb-adcb-0289ffa1318c,revision_number=2']} {{(pid=104061) push /opt/stack/neutron/neutron/api/rpc/handlers/resources_rpc.py:237}}
May 10 14:16:37.186605 dv-cinder-841125-4-iscsi neutron-server[104062]: DEBUG neutron.plugins.ml2.plugin [None req-489f2b23-dab4-4ea1-9388-a7888092e4d1 None None] Current status of the port 172942ef-8982-4bc7-b218-465a371d8954 is: ACTIVE; New status is: ACTIVE {{(pid=104062) _update_individual_port_db_status /opt/stack/neutron/neutron/plugins/ml2/plugin.py:2296}}
May 10 14:16:37.199502 dv-cinder-841125-4-iscsi neutron-server[104062]: DEBUG neutron.db.provisioning_blocks [None req-3c6af839-d2a0-4076-9171-e942e7734a8c None None] Provisioning complete for port 2dbfed0c-9905-43f9-95b1-07aaa8081738 triggered by entity L2. {{(pid=104062) provisioning_complete /opt/stack/neutron/neutron/db/provisioning_blocks.py:145}}
May 10 14:16:37.199900 dv-cinder-841125-4-iscsi neutron-server[104062]: DEBUG neutron_lib.callbacks.manager [None req-3c6af839-d2a0-4076-9171-e942e7734a8c None None] Publish callbacks ['neutron.plugins.ml2.plugin.Ml2Plugin._port_provisioned-1718043'] for port (2dbfed0c-9905-43f9-95b1-07aaa8081738), provisioning_complete {{(pid=104062) _notify_loop /usr/local/lib/python3.8/dist-packages/neutron_lib/callbacks/manager.py:176}}
May 10 14:16:37.203413 dv-cinder-841125-4-iscsi neutron-server[104062]: DEBUG neutron.db.provisioning_blocks [None req-489f2b23-dab4-4ea1-9388-a7888092e4d1 None None] Provisioning complete for port 2dbfed0c-9905-43f9-95b1-07aaa8081738 triggered by entity DHCP. {{(pid=104062) provisioning_complete /opt/stack/neutron/neutron/db/provisioning_blocks.py:145}}
May 10 14:16:37.203413 dv-cinder-841125-4-iscsi neutron-server[104062]: DEBUG neutron_lib.callbacks.manager [None req-489f2b23-dab4-4ea1-9388-a7888092e4d1 None None] Publish callbacks ['neutron.plugins.ml2.plugin.Ml2Plugin._port_provisioned-1718043'] for port (2dbfed0c-9905-43f9-95b1-07aaa8081738), provisioning_complete {{(pid=104062) _notify_loop /usr/local/lib/python3.8/dist-packages/neutron_lib/callbacks/manager.py:176}}
May 10 14:16:37.251697 dv-cinder-841125-4-iscsi neutron-server[104061]: DEBUG neutron.scheduler.dhcp_agent_scheduler [None req-92d50107-83ed-4664-90b7-67b0d07d1265 admin admin] Network d4e3b58d-1cf0-42df-b72b-500ddf896ce1 is already hosted by enough agents. {{(pid=104061) _get_dhcp_agents_hosting_network /opt/stack/neutron/neutron/scheduler/dhcp_agent_scheduler.py:275}}
May 10 14:16:37.255907 dv-cinder-841125-4-iscsi neutron-server[104061]: DEBUG neutron.scheduler.base_scheduler [None req-92d50107-83ed-4664-90b7-67b0d07d1265 admin admin] Resources bound (agent type, host, resource id): {{(pid=104061) schedule /opt/stack/neutron/neutron/scheduler/base_scheduler.py:57}}
May 10 14:16:37.258415 dv-cinder-841125-4-iscsi neutron-server[104062]: DEBUG neutron_lib.callbacks.manager [None req-55ed9458-0c94-4f4e-8f61-de2246de850e None None] Publish callbacks ['neutron.plugins.ml2.plugin.SecurityGroupServerNotifierRpcMixin._notify_sg_on_port_change-1742196', 'neutron.plugins.ml2.ovo_rpc._ObjectChangeHandler.handle_event-54295', 'neutron.api.rpc.agentnotifiers.dhcp_rpc_agent_api.DhcpAgentNotifyAPI._native_event_send_dhcp_notification-744272', 'neutron.db.l3_db.L3RpcNotifierMixin._notify_gateway_port_ip_changed-8775011034534', 'neutron.db.l3_dvrscheduler_db._notify_l3_agent_port_update-8775010508418', 'neutron.db.l3_hascheduler_db._notify_l3_agent_ha_port_update-8775010508436'] for port (5d4aaecc-58a3-4c45-8f7a-ed6491d7f2f3), after_update {{(pid=104062) _notify_loop /usr/local/lib/python3.8/dist-packages/neutron_lib/callbacks/manager.py:176}}
May 10 14:16:37.306112 dv-cinder-841125-4-iscsi neutron-server[104060]: DEBUG neutron_lib.callbacks.manager [None req-b6c84300-9e9f-499d-a625-a3df058f1759 admin admin] Publish callbacks ['neutron.plugins.ml2.plugin.Ml2Plugin._network_delete_precommit_handler-1408700', 'neutron.services.segments.db._delete_segments_for_network-8775010808369'] for network (b2958e5d-21f9-444d-b156-7864119f75b7), precommit_delete {{(pid=104060) _notify_loop /usr/local/lib/python3.8/dist-packages/neutron_lib/callbacks/manager.py:176}}
May 10 14:16:37.319440 dv-cinder-841125-4-iscsi neutron-server[104060]: DEBUG neutron_lib.callbacks.manager [None req-e26d0b82-36d5-45c2-813c-dfeb6a6fd77c admin admin] Publish callbacks ['neutron.plugins.ml2.plugin.SecurityGroupDbMixin._ensure_default_security_group_handler-1742296'] for port (381f67be-5228-49a7-8124-cc12ec29b460), before_update {{(pid=104060) _notify_loop /usr/local/lib/python3.8/dist-packages/neutron_lib/callbacks/manager.py:176}}
May 10 14:16:37.336052 dv-cinder-841125-4-iscsi neutron-server[104062]: DEBUG neutron.plugins.ml2.managers [None req-55ed9458-0c94-4f4e-8f61-de2246de850e None None] Attempting to bind port 5d4aaecc-58a3-4c45-8f7a-ed6491d7f2f3 on host dv-cinder-841125-4-iscsi for vnic_type normal with profile {{(pid=104062) bind_port /opt/stack/neutron/neutron/plugins/ml2/managers.py:795}}
May 10 14:16:37.336673 dv-cinder-841125-4-iscsi neutron-server[104062]: DEBUG neutron.plugins.ml2.managers [None req-55ed9458-0c94-4f4e-8f61-de2246de850e None None] Attempting to bind port 5d4aaecc-58a3-4c45-8f7a-ed6491d7f2f3 by drivers openvswitch,hyperv on host dv-cinder-841125-4-iscsi at level 0 using segments [{'id': 'e643d9bc-b34c-4f53-9101-38370e21abc3', 'network_type': 'flat', 'physical_network': 'physnet1', 'segmentation_id': None, 'network_id': '60bf7f5a-0a6b-457c-afde-304cd1423372'}] {{(pid=104062) _bind_port_level /opt/stack/neutron/neutron/plugins/ml2/managers.py:820}}
May 10 14:16:37.336801 dv-cinder-841125-4-iscsi neutron-server[104062]: DEBUG neutron.plugins.ml2.drivers.mech_agent [None req-55ed9458-0c94-4f4e-8f61-de2246de850e None None] Attempting to bind port 5d4aaecc-58a3-4c45-8f7a-ed6491d7f2f3 on network 60bf7f5a-0a6b-457c-afde-304cd1423372 {{(pid=104062) bind_port /opt/stack/neutron/neutron/plugins/ml2/drivers/mech_agent.py:91}}
May 10 14:16:37.340311 dv-cinder-841125-4-iscsi neutron-server[104062]: DEBUG neutron.api.rpc.handlers.resources_rpc [None req-bda255e3-cb36-45f4-88b4-d91ba41a49ca None None] Pushing event updated for resources: {'Port': ['ID=5d4aaecc-58a3-4c45-8f7a-ed6491d7f2f3,revision_number=2']} {{(pid=104062) push /opt/stack/neutron/neutron/api/rpc/handlers/resources_rpc.py:237}}
May 10 14:16:37.351117 dv-cinder-841125-4-iscsi neutron-server[104060]: DEBUG neutron_lib.callbacks.manager [None req-b6c84300-9e9f-499d-a625-a3df058f1759 admin admin] Subscribe: > segment before_delete 55550000 {{(pid=104060) subscribe /usr/local/lib/python3.8/dist-packages/neutron_lib/callbacks/manager.py:45}}
May 10 14:16:37.351586 dv-cinder-841125-4-iscsi neutron-server[104060]: DEBUG neutron_lib.callbacks.manager [None req-b6c84300-9e9f-499d-a625-a3df058f1759 admin admin] Subscribe: > subnet precommit_delete_associations 55550000 {{(pid=104060) subscribe /usr/local/lib/python3.8/dist-packages/neutron_lib/callbacks/manager.py:45}}
May 10 14:16:37.352465 dv-cinder-841125-4-iscsi neutron-server[104060]: DEBUG neutron_lib.callbacks.manager [None req-b6c84300-9e9f-499d-a625-a3df058f1759 admin admin] Subscribe: > segment_host_mapping after_create 55550000 {{(pid=104060) subscribe /usr/local/lib/python3.8/dist-packages/neutron_lib/callbacks/manager.py:45}}
May 10 14:16:37.353000 dv-cinder-841125-4-iscsi neutron-server[104060]: DEBUG neutron_lib.callbacks.manager [None req-b6c84300-9e9f-499d-a625-a3df058f1759 admin admin] Subscribe: > port after_create 55550000 {{(pid=104060) subscribe /usr/local/lib/python3.8/dist-packages/neutron_lib/callbacks/manager.py:45}}
May 10 14:16:37.353822 dv-cinder-841125-4-iscsi neutron-server[104060]: DEBUG neutron_lib.callbacks.manager [None req-b6c84300-9e9f-499d-a625-a3df058f1759 admin admin] Subscribe: > port after_delete 55550000 {{(pid=104060) subscribe /usr/local/lib/python3.8/dist-packages/neutron_lib/callbacks/manager.py:45}}
May 10 14:16:37.353822 dv-cinder-841125-4-iscsi neutron-server[104060]: DEBUG neutron_lib.callbacks.manager [None req-b6c84300-9e9f-499d-a625-a3df058f1759 admin admin] Subscribe: > port after_update 55550000 {{(pid=104060) subscribe /usr/local/lib/python3.8/dist-packages/neutron_lib/callbacks/manager.py:45}}
May 10 14:16:37.354257 dv-cinder-841125-4-iscsi neutron-server[104060]: DEBUG neutron_lib.callbacks.manager [None req-b6c84300-9e9f-499d-a625-a3df058f1759 admin admin] Subscribe: > segment after_delete 55550000 {{(pid=104060) subscribe /usr/local/lib/python3.8/dist-packages/neutron_lib/callbacks/manager.py:45}}
May 10 14:16:37.354681 dv-cinder-841125-4-iscsi neutron-server[104060]: DEBUG neutron_lib.callbacks.manager [None req-b6c84300-9e9f-499d-a625-a3df058f1759 admin admin] Subscribe: > subnet after_create 55550000 {{(pid=104060) subscribe /usr/local/lib/python3.8/dist-packages/neutron_lib/callbacks/manager.py:45}}
May 10 14:16:37.355090 dv-cinder-841125-4-iscsi neutron-server[104060]: DEBUG neutron_lib.callbacks.manager [None req-b6c84300-9e9f-499d-a625-a3df058f1759 admin admin] Subscribe: > subnet after_delete 55550000 {{(pid=104060) subscribe /usr/local/lib/python3.8/dist-packages/neutron_lib/callbacks/manager.py:45}}
May 10 14:16:37.355502 dv-cinder-841125-4-iscsi neutron-server[104060]: DEBUG neutron_lib.callbacks.manager [None req-b6c84300-9e9f-499d-a625-a3df058f1759 admin admin] Subscribe: > subnet after_update 55550000 {{(pid=104060) subscribe /usr/local/lib/python3.8/dist-packages/neutron_lib/callbacks/manager.py:45}}
May 10 14:16:37.362887 dv-cinder-841125-4-iscsi neutron-server[104061]: DEBUG neutron.scheduler.l3_agent_scheduler [None req-5534622a-ac92-4d94-a8f3-e37f10febd75 admin admin] Router 517a1b0f-4f99-4199-b3a0-cf11c9d37ac6 is scheduled to L3 agent f1697909-ac6f-45c5-87b3-0e43879c2fae with binding_index 1 {{(pid=104061) bind_router /opt/stack/neutron/neutron/scheduler/l3_agent_scheduler.py:209}}
May 10 14:16:37.403028 dv-cinder-841125-4-iscsi neutron-server[104062]: DEBUG neutron.plugins.ml2.drivers.mech_agent [None req-55ed9458-0c94-4f4e-8f61-de2246de850e None None] Checking agent: {'id': 'c2228627-ded1-4da0-b9da-8704b066b5e9', 'agent_type': 'Open vSwitch agent', 'binary': 'neutron-openvswitch-agent', 'topic': 'N/A', 'host': 'dv-cinder-841125-4-iscsi', 'admin_state_up': True, 'created_at': datetime.datetime(2022, 5, 10, 14, 7, 41), 'started_at': datetime.datetime(2022, 5, 10, 14, 8, 11), 'heartbeat_timestamp': datetime.datetime(2022, 5, 10, 14, 16, 11), 'description': None, 'resources_synced': None, 'availability_zone': None, 'alive': True, 'configurations': {'arp_responder_enabled': False, 'baremetal_smartnic': False, 'bridge_mappings': {'physnet1': 'br-data'}, 'datapath_type': 'system', 'devices': 0, 'enable_distributed_routing': False, 'extensions': [], 'in_distributed_mode': False, 'integration_bridge': 'br-int', 'l2_population': False, 'log_agent_heartbeats': False, 'ovs_capabilities': {'datapath_types': ['netdev', 'system'], 'iface_types': ['erspan', 'geneve', 'gre', 'internal', 'ip6erspan', 'ip6gre', 'lisp', 'patch', 'stt', 'system', 'tap', 'vxlan']}, 'ovs_hybrid_plug': False, 'resource_provider_bandwidths': {}, 'resource_provider_hypervisors': {'br-data': 'dv-cinder-841125-4-iscsi'}, 'resource_provider_inventory_defaults': {'allocation_ratio': 1.0, 'min_unit': 1, 'step_size': 1, 'reserved': 0}, 'resource_provider_packet_processing_inventory_defaults': {'allocation_ratio': 1.0, 'min_unit': 1, 'step_size': 1, 'reserved': 0}, 'resource_provider_packet_processing_with_direction': {}, 'resource_provider_packet_processing_without_direction': {}, 'tunnel_types': [], 'tunneling_ip': None, 'vhostuser_socket_dir': '/var/run/openvswitch'}, 'resource_versions': {'AddressGroup': '1.2', 'Agent': '1.1', 'ConntrackHelper': '1.0', 'LocalIPAssociation': '1.0', 'Log': '1.0', 'NDPProxy': '1.0', 'Network': '1.1', 'Port': '1.7', 'PortForwarding': '1.3', 'QosPolicy': '1.10', 'SecurityGroup': '1.5', 'SecurityGroupRule': '1.2', 'SubPort': '1.0', 'Subnet': '1.1', 'Trunk': '1.1'}} {{(pid=104062) bind_port /opt/stack/neutron/neutron/plugins/ml2/drivers/mech_agent.py:110}}
May 10 14:16:37.403942 dv-cinder-841125-4-iscsi neutron-server[104062]: DEBUG neutron.plugins.ml2.drivers.mech_agent [None req-55ed9458-0c94-4f4e-8f61-de2246de850e None None] Checking segment: {'id': 'e643d9bc-b34c-4f53-9101-38370e21abc3', 'network_type': 'flat', 'physical_network': 'physnet1', 'segmentation_id': None, 'network_id': '60bf7f5a-0a6b-457c-afde-304cd1423372'} for mappings: {'physnet1': 'br-data'} with network types: ['local', 'flat', 'vlan'] {{(pid=104062) check_segment_for_agent /opt/stack/neutron/neutron/plugins/ml2/drivers/mech_agent.py:373}}
May 10 14:16:37.404482 dv-cinder-841125-4-iscsi neutron-server[104062]: DEBUG neutron_lib.callbacks.manager [None req-55ed9458-0c94-4f4e-8f61-de2246de850e None None] Publish callbacks [] for ovs_bridge_name (None), before_read {{(pid=104062) _notify_loop /usr/local/lib/python3.8/dist-packages/neutron_lib/callbacks/manager.py:176}}
May 10 14:16:37.405155 dv-cinder-841125-4-iscsi neutron-server[104062]: DEBUG neutron.plugins.ml2.drivers.mech_agent [None req-55ed9458-0c94-4f4e-8f61-de2246de850e None None] Bound using segment: {'id': 'e643d9bc-b34c-4f53-9101-38370e21abc3', 'network_type': 'flat', 'physical_network': 'physnet1', 'segmentation_id': None, 'network_id': '60bf7f5a-0a6b-457c-afde-304cd1423372'} {{(pid=104062) bind_port /opt/stack/neutron/neutron/plugins/ml2/drivers/mech_agent.py:120}}
May 10 14:16:37.405786 dv-cinder-841125-4-iscsi neutron-server[104062]: DEBUG neutron.plugins.ml2.managers [None req-55ed9458-0c94-4f4e-8f61-de2246de850e None None] Bound port: 5d4aaecc-58a3-4c45-8f7a-ed6491d7f2f3, host: dv-cinder-841125-4-iscsi, vif_type: ovs, vif_details: {"connectivity": "l2", "port_filter": true, "ovs_hybrid_plug": false, "datapath_type": "system", "bridge_name": "br-int"}, binding_levels: [{'bound_driver': 'openvswitch', 'bound_segment': {'id': 'e643d9bc-b34c-4f53-9101-38370e21abc3', 'network_type': 'flat', 'physical_network': 'physnet1', 'segmentation_id': None, 'network_id': '60bf7f5a-0a6b-457c-afde-304cd1423372'}}] {{(pid=104062) _bind_port_level /opt/stack/neutron/neutron/plugins/ml2/managers.py:932}}
May 10 14:16:37.406350 dv-cinder-841125-4-iscsi neutron-server[104062]: DEBUG neutron_lib.callbacks.manager [None req-55ed9458-0c94-4f4e-8f61-de2246de850e None None] Publish callbacks ['neutron.plugins.ml2.plugin.SecurityGroupDbMixin._ensure_default_security_group_handler-1742296'] for port (5d4aaecc-58a3-4c45-8f7a-ed6491d7f2f3), before_update {{(pid=104062) _notify_loop /usr/local/lib/python3.8/dist-packages/neutron_lib/callbacks/manager.py:176}}
May 10 14:16:37.447563 dv-cinder-841125-4-iscsi neutron-server[104061]: DEBUG neutron.scheduler.l3_agent_scheduler [None req-92d50107-83ed-4664-90b7-67b0d07d1265 admin admin] Router ba90ff3a-7c61-4ce6-bf27-fc1d849d127a has already been hosted by L3 agent f1697909-ac6f-45c5-87b3-0e43879c2fae {{(pid=104061) _get_candidates /opt/stack/neutron/neutron/scheduler/l3_agent_scheduler.py:126}}
May 10 14:16:37.495165 dv-cinder-841125-4-iscsi neutron-server[104062]: DEBUG neutron.plugins.ml2.plugin [None req-3c6af839-d2a0-4076-9171-e942e7734a8c None None] Current status of the port 2dbfed0c-9905-43f9-95b1-07aaa8081738 is: DOWN; New status is: ACTIVE {{(pid=104062) _update_individual_port_db_status /opt/stack/neutron/neutron/plugins/ml2/plugin.py:2296}}
May 10 14:16:37.495717 dv-cinder-841125-4-iscsi neutron-server[104062]: DEBUG neutron_lib.callbacks.manager [None req-3c6af839-d2a0-4076-9171-e942e7734a8c None None] Publish callbacks ['neutron.plugins.ml2.plugin.SecurityGroupDbMixin._ensure_default_security_group_handler-1742296'] for port (2dbfed0c-9905-43f9-95b1-07aaa8081738), before_update {{(pid=104062) _notify_loop /usr/local/lib/python3.8/dist-packages/neutron_lib/callbacks/manager.py:176}}
May 10 14:16:37.500058 dv-cinder-841125-4-iscsi neutron-server[104062]: DEBUG neutron.plugins.ml2.plugin [None req-489f2b23-dab4-4ea1-9388-a7888092e4d1 None None] Current status of the port 2dbfed0c-9905-43f9-95b1-07aaa8081738 is: DOWN; New status is: ACTIVE {{(pid=104062) _update_individual_port_db_status /opt/stack/neutron/neutron/plugins/ml2/plugin.py:2296}}
May 10 14:16:37.500608 dv-cinder-841125-4-iscsi neutron-server[104062]: DEBUG neutron_lib.callbacks.manager [None req-489f2b23-dab4-4ea1-9388-a7888092e4d1 None None] Publish callbacks ['neutron.plugins.ml2.plugin.SecurityGroupDbMixin._ensure_default_security_group_handler-1742296'] for port (2dbfed0c-9905-43f9-95b1-07aaa8081738), before_update {{(pid=104062) _notify_loop /usr/local/lib/python3.8/dist-packages/neutron_lib/callbacks/manager.py:176}}
May 10 14:16:37.513497 dv-cinder-841125-4-iscsi neutron-server[104063]: DEBUG neutron_lib.callbacks.manager [None req-7f05792d-c706-464d-ae8d-8662e224fbc9 None None] Publish callbacks [] for port (62226b7a-505a-4f93-953c-12e4f6f1db49), precommit_update {{(pid=104063) _notify_loop /usr/local/lib/python3.8/dist-packages/neutron_lib/callbacks/manager.py:176}}
May 10 14:16:37.573204 dv-cinder-841125-4-iscsi neutron-server[104063]: DEBUG neutron_lib.callbacks.manager [None req-7f05792d-c706-464d-ae8d-8662e224fbc9 None None] Publish callbacks ['neutron.plugins.ml2.plugin.SecurityGroupServerNotifierRpcMixin._notify_sg_on_port_change-1742196', 'neutron.plugins.ml2.ovo_rpc._ObjectChangeHandler.handle_event-54295', 'neutron.api.rpc.agentnotifiers.dhcp_rpc_agent_api.DhcpAgentNotifyAPI._native_event_send_dhcp_notification-744272', 'neutron.db.l3_db.L3RpcNotifierMixin._notify_gateway_port_ip_changed-8775011034534', 'neutron.db.l3_dvrscheduler_db._notify_l3_agent_port_update-8775010508418', 'neutron.db.l3_hascheduler_db._notify_l3_agent_ha_port_update-8775010508436'] for port (62226b7a-505a-4f93-953c-12e4f6f1db49), after_update {{(pid=104063) _notify_loop /usr/local/lib/python3.8/dist-packages/neutron_lib/callbacks/manager.py:176}}
May 10 14:16:37.591301 dv-cinder-841125-4-iscsi neutron-server[104062]: DEBUG neutron.plugins.ml2.db [None req-55ed9458-0c94-4f4e-8f61-de2246de850e None None] For port 5d4aaecc-58a3-4c45-8f7a-ed6491d7f2f3, host dv-cinder-841125-4-iscsi, cleared binding levels {{(pid=104062) clear_binding_levels /opt/stack/neutron/neutron/plugins/ml2/db.py:87}}
May 10 14:16:37.618430 dv-cinder-841125-4-iscsi neutron-server[104060]: DEBUG neutron_lib.callbacks.manager [None req-b6c84300-9e9f-499d-a625-a3df058f1759 admin admin] Subscribe: > subnet after_create 55550000 {{(pid=104060) subscribe /usr/local/lib/python3.8/dist-packages/neutron_lib/callbacks/manager.py:45}}
May 10 14:16:37.619111 dv-cinder-841125-4-iscsi neutron-server[104060]: DEBUG neutron_lib.callbacks.manager [None req-b6c84300-9e9f-499d-a625-a3df058f1759 admin admin] Subscribe: > subnet after_delete 55550000 {{(pid=104060) subscribe /usr/local/lib/python3.8/dist-packages/neutron_lib/callbacks/manager.py:45}}
May 10 14:16:37.619458 dv-cinder-841125-4-iscsi neutron-server[104060]: DEBUG neutron_lib.callbacks.manager [None req-b6c84300-9e9f-499d-a625-a3df058f1759 admin admin] Subscribe: > subnet before_create 55550000 {{(pid=104060) subscribe /usr/local/lib/python3.8/dist-packages/neutron_lib/callbacks/manager.py:45}}
May 10 14:16:37.619796 dv-cinder-841125-4-iscsi neutron-server[104060]: DEBUG neutron_lib.callbacks.manager [None req-b6c84300-9e9f-499d-a625-a3df058f1759 admin admin] Subscribe: > subnet before_update 55550000 {{(pid=104060) subscribe /usr/local/lib/python3.8/dist-packages/neutron_lib/callbacks/manager.py:45}}
May 10 14:16:37.620169 dv-cinder-841125-4-iscsi neutron-server[104060]: DEBUG neutron.services.segments.db [None req-b6c84300-9e9f-499d-a625-a3df058f1759 admin admin] neutron.services.segments.plugin.Plugin method get_segments called with arguments (,) {'filters': {'network_id': ['b2958e5d-21f9-444d-b156-7864119f75b7']}} {{(pid=104060) wrapper /usr/local/lib/python3.8/dist-packages/oslo_log/helpers.py:65}}
May 10 14:16:37.632470 dv-cinder-841125-4-iscsi neutron-server[104062]: DEBUG neutron.plugins.ml2.db [None req-3c6af839-d2a0-4076-9171-e942e7734a8c None None] For port 2dbfed0c-9905-43f9-95b1-07aaa8081738, host dv-cinder-841125-4-iscsi, got binding levels [PortBindingLevel(driver='openvswitch',host='dv-cinder-841125-4-iscsi',level=0,port_id=2dbfed0c-9905-43f9-95b1-07aaa8081738,segment=NetworkSegment(32e433c4-4dcf-497a-abf6-0da413611201),segment_id=32e433c4-4dcf-497a-abf6-0da413611201)] {{(pid=104062) get_binding_level_objs /opt/stack/neutron/neutron/plugins/ml2/db.py:74}}
May 10 14:16:37.643966 dv-cinder-841125-4-iscsi neutron-server[104062]: DEBUG neutron.plugins.ml2.db [None req-55ed9458-0c94-4f4e-8f61-de2246de850e None None] For port 5d4aaecc-58a3-4c45-8f7a-ed6491d7f2f3, host dv-cinder-841125-4-iscsi, set binding levels [PortBindingLevel(driver='openvswitch',host='dv-cinder-841125-4-iscsi',level=0,port_id=5d4aaecc-58a3-4c45-8f7a-ed6491d7f2f3,segment=NetworkSegment(e643d9bc-b34c-4f53-9101-38370e21abc3),segment_id=e643d9bc-b34c-4f53-9101-38370e21abc3)] {{(pid=104062) set_binding_levels /opt/stack/neutron/neutron/plugins/ml2/db.py:59}}
May 10 14:16:37.653648 dv-cinder-841125-4-iscsi neutron-server[104060]: DEBUG neutron.services.segments.db [None req-b6c84300-9e9f-499d-a625-a3df058f1759 admin admin] neutron.services.segments.plugin.Plugin method delete_segment called with arguments (, '4ea78d3d-88db-4259-98cc-325eec68433a') {'for_net_delete': True} {{(pid=104060) wrapper /usr/local/lib/python3.8/dist-packages/oslo_log/helpers.py:65}}
May 10 14:16:37.654154 dv-cinder-841125-4-iscsi neutron-server[104060]: DEBUG neutron.services.segments.db [None req-b6c84300-9e9f-499d-a625-a3df058f1759 admin admin] neutron.services.segments.plugin.Plugin method get_segment called with arguments (, '4ea78d3d-88db-4259-98cc-325eec68433a') {} {{(pid=104060) wrapper /usr/local/lib/python3.8/dist-packages/oslo_log/helpers.py:65}}
May 10 14:16:37.660963 dv-cinder-841125-4-iscsi neutron-server[104063]: DEBUG neutron.api.rpc.handlers.resources_rpc [None req-8ddf107e-40c5-4ae2-a738-0cfba53bfd8d None None] Pushing event updated for resources: {'Port': ['ID=62226b7a-505a-4f93-953c-12e4f6f1db49,revision_number=2']} {{(pid=104063) push /opt/stack/neutron/neutron/api/rpc/handlers/resources_rpc.py:237}}
May 10 14:16:37.684878 dv-cinder-841125-4-iscsi neutron-server[104063]: DEBUG neutron.plugins.ml2.managers [None req-7f05792d-c706-464d-ae8d-8662e224fbc9 None None] Attempting to bind port 62226b7a-505a-4f93-953c-12e4f6f1db49 on host dv-cinder-841125-4-iscsi for vnic_type normal with profile {{(pid=104063) bind_port /opt/stack/neutron/neutron/plugins/ml2/managers.py:795}}
May 10 14:16:37.685259 dv-cinder-841125-4-iscsi neutron-server[104063]: DEBUG neutron.plugins.ml2.managers [None req-7f05792d-c706-464d-ae8d-8662e224fbc9 None None] Attempting to bind port 62226b7a-505a-4f93-953c-12e4f6f1db49 by drivers openvswitch,hyperv on host dv-cinder-841125-4-iscsi at level 0 using segments [{'id': 'e643d9bc-b34c-4f53-9101-38370e21abc3', 'network_type': 'flat', 'physical_network': 'physnet1', 'segmentation_id': None, 'network_id': '60bf7f5a-0a6b-457c-afde-304cd1423372'}] {{(pid=104063) _bind_port_level /opt/stack/neutron/neutron/plugins/ml2/managers.py:820}}
May 10 14:16:37.695796 dv-cinder-841125-4-iscsi neutron-server[104063]: DEBUG neutron.plugins.ml2.drivers.mech_agent [None req-7f05792d-c706-464d-ae8d-8662e224fbc9 None None] Attempting to bind port 62226b7a-505a-4f93-953c-12e4f6f1db49 on network 60bf7f5a-0a6b-457c-afde-304cd1423372 {{(pid=104063) bind_port /opt/stack/neutron/neutron/plugins/ml2/drivers/mech_agent.py:91}}
May 10 14:16:37.707706 dv-cinder-841125-4-iscsi neutron-server[104062]: DEBUG neutron_lib.callbacks.manager [None req-3c6af839-d2a0-4076-9171-e942e7734a8c None None] Publish callbacks ['neutron.plugins.ml2.plugin.SecurityGroupServerNotifierRpcMixin._notify_sg_on_port_change-1742196', 'neutron.plugins.ml2.ovo_rpc._ObjectChangeHandler.handle_event-54295', 'neutron.api.rpc.agentnotifiers.dhcp_rpc_agent_api.DhcpAgentNotifyAPI._native_event_send_dhcp_notification-744272', 'neutron.db.l3_db.L3RpcNotifierMixin._notify_gateway_port_ip_changed-8775011034534', 'neutron.db.l3_dvrscheduler_db._notify_l3_agent_port_update-8775010508418', 'neutron.db.l3_hascheduler_db._notify_l3_agent_ha_port_update-8775010508436'] for port (2dbfed0c-9905-43f9-95b1-07aaa8081738), after_update {{(pid=104062) _notify_loop /usr/local/lib/python3.8/dist-packages/neutron_lib/callbacks/manager.py:176}}
May 10 14:16:37.710570 dv-cinder-841125-4-iscsi neutron-server[104063]: DEBUG neutron.plugins.ml2.drivers.mech_agent [None req-7f05792d-c706-464d-ae8d-8662e224fbc9 None None] Checking agent: {'id': 'c2228627-ded1-4da0-b9da-8704b066b5e9', 'agent_type': 'Open vSwitch agent', 'binary': 'neutron-openvswitch-agent', 'topic': 'N/A', 'host': 'dv-cinder-841125-4-iscsi', 'admin_state_up': True, 'created_at': datetime.datetime(2022, 5, 10, 14, 7, 41), 'started_at': datetime.datetime(2022, 5, 10, 14, 8, 11), 'heartbeat_timestamp': datetime.datetime(2022, 5, 10, 14, 16, 11), 'description': None, 'resources_synced': None, 'availability_zone': None, 'alive': True, 'configurations': {'arp_responder_enabled': False, 'baremetal_smartnic': False, 'bridge_mappings': {'physnet1': 'br-data'}, 'datapath_type': 'system', 'devices': 0, 'enable_distributed_routing': False, 'extensions': [], 'in_distributed_mode': False, 'integration_bridge': 'br-int', 'l2_population': False, 'log_agent_heartbeats': False, 'ovs_capabilities': {'datapath_types': ['netdev', 'system'], 'iface_types': ['erspan', 'geneve', 'gre', 'internal', 'ip6erspan', 'ip6gre', 'lisp', 'patch', 'stt', 'system', 'tap', 'vxlan']}, 'ovs_hybrid_plug': False, 'resource_provider_bandwidths': {}, 'resource_provider_hypervisors': {'br-data': 'dv-cinder-841125-4-iscsi'}, 'resource_provider_inventory_defaults': {'allocation_ratio': 1.0, 'min_unit': 1, 'step_size': 1, 'reserved': 0}, 'resource_provider_packet_processing_inventory_defaults': {'allocation_ratio': 1.0, 'min_unit': 1, 'step_size': 1, 'reserved': 0}, 'resource_provider_packet_processing_with_direction': {}, 'resource_provider_packet_processing_without_direction': {}, 'tunnel_types': [], 'tunneling_ip': None, 'vhostuser_socket_dir': '/var/run/openvswitch'}, 'resource_versions': {'AddressGroup': '1.2', 'Agent': '1.1', 'ConntrackHelper': '1.0', 'LocalIPAssociation': '1.0', 'Log': '1.0', 'NDPProxy': '1.0', 'Network': '1.1', 'Port': '1.7', 'PortForwarding': '1.3', 'QosPolicy': '1.10', 'SecurityGroup': '1.5', 'SecurityGroupRule': '1.2', 'SubPort': '1.0', 'Subnet': '1.1', 'Trunk': '1.1'}} {{(pid=104063) bind_port /opt/stack/neutron/neutron/plugins/ml2/drivers/mech_agent.py:110}}
May 10 14:16:37.710962 dv-cinder-841125-4-iscsi neutron-server[104063]: DEBUG neutron.plugins.ml2.drivers.mech_agent [None req-7f05792d-c706-464d-ae8d-8662e224fbc9 None None] Checking segment: {'id': 'e643d9bc-b34c-4f53-9101-38370e21abc3', 'network_type': 'flat', 'physical_network': 'physnet1', 'segmentation_id': None, 'network_id': '60bf7f5a-0a6b-457c-afde-304cd1423372'} for mappings: {'physnet1': 'br-data'} with network types: ['local', 'flat', 'vlan'] {{(pid=104063) check_segment_for_agent /opt/stack/neutron/neutron/plugins/ml2/drivers/mech_agent.py:373}}
May 10 14:16:37.717190 dv-cinder-841125-4-iscsi neutron-server[104063]: DEBUG neutron_lib.callbacks.manager [None req-7f05792d-c706-464d-ae8d-8662e224fbc9 None None] Publish callbacks [] for ovs_bridge_name (None), before_read {{(pid=104063) _notify_loop /usr/local/lib/python3.8/dist-packages/neutron_lib/callbacks/manager.py:176}}
May 10 14:16:37.717190 dv-cinder-841125-4-iscsi neutron-server[104063]: DEBUG neutron.plugins.ml2.drivers.mech_agent [None req-7f05792d-c706-464d-ae8d-8662e224fbc9 None None] Bound using segment: {'id': 'e643d9bc-b34c-4f53-9101-38370e21abc3', 'network_type': 'flat', 'physical_network': 'physnet1', 'segmentation_id': None, 'network_id': '60bf7f5a-0a6b-457c-afde-304cd1423372'} {{(pid=104063) bind_port /opt/stack/neutron/neutron/plugins/ml2/drivers/mech_agent.py:120}}
May 10 14:16:37.717190 dv-cinder-841125-4-iscsi neutron-server[104063]: DEBUG neutron.plugins.ml2.managers [None req-7f05792d-c706-464d-ae8d-8662e224fbc9 None None] Bound port: 62226b7a-505a-4f93-953c-12e4f6f1db49, host: dv-cinder-841125-4-iscsi, vif_type: ovs, vif_details: {"connectivity": "l2", "port_filter": true, "ovs_hybrid_plug": false, "datapath_type": "system", "bridge_name": "br-int"}, binding_levels: [{'bound_driver': 'openvswitch', 'bound_segment': {'id': 'e643d9bc-b34c-4f53-9101-38370e21abc3', 'network_type': 'flat', 'physical_network': 'physnet1', 'segmentation_id': None, 'network_id': '60bf7f5a-0a6b-457c-afde-304cd1423372'}}] {{(pid=104063) _bind_port_level /opt/stack/neutron/neutron/plugins/ml2/managers.py:932}}
May 10 14:16:37.717504 dv-cinder-841125-4-iscsi neutron-server[104062]: DEBUG neutron.plugins.ml2.rpc [None req-3c6af839-d2a0-4076-9171-e942e7734a8c None None] Device 9948a6cf-eeac-4456-91d0-5ab3b1eae806 up at agent ovs-agent-dv-cinder-841125-4-iscsi {{(pid=104062) update_device_up /opt/stack/neutron/neutron/plugins/ml2/rpc.py:296}}
May 10 14:16:37.717619 dv-cinder-841125-4-iscsi neutron-server[104063]: DEBUG neutron_lib.callbacks.manager [None req-7f05792d-c706-464d-ae8d-8662e224fbc9 None None] Publish callbacks ['neutron.plugins.ml2.plugin.SecurityGroupDbMixin._ensure_default_security_group_handler-1742296'] for port (62226b7a-505a-4f93-953c-12e4f6f1db49), before_update {{(pid=104063) _notify_loop /usr/local/lib/python3.8/dist-packages/neutron_lib/callbacks/manager.py:176}}
May 10 14:16:37.739975 dv-cinder-841125-4-iscsi neutron-server[104060]: DEBUG neutron_lib.callbacks.manager [None req-b6c84300-9e9f-499d-a625-a3df058f1759 admin admin] Publish callbacks ['neutron.plugins.ml2.db._prevent_segment_delete_with_port_bound-8775010808890', 'neutron.services.segments.plugin.Plugin._prevent_segment_delete_with_subnet_associated-3233604'] for segment (4ea78d3d-88db-4259-98cc-325eec68433a), before_delete {{(pid=104060) _notify_loop /usr/local/lib/python3.8/dist-packages/neutron_lib/callbacks/manager.py:176}}
May 10 14:16:37.788030 dv-cinder-841125-4-iscsi neutron-server[104062]: DEBUG neutron_lib.callbacks.manager [None req-55ed9458-0c94-4f4e-8f61-de2246de850e None None] Publish callbacks ['neutron.plugins.ml2.plugin.SecurityGroupServerNotifierRpcMixin._notify_sg_on_port_change-1742196', 'neutron.plugins.ml2.ovo_rpc._ObjectChangeHandler.handle_event-54295', 'neutron.api.rpc.agentnotifiers.dhcp_rpc_agent_api.DhcpAgentNotifyAPI._native_event_send_dhcp_notification-744272', 'neutron.db.l3_db.L3RpcNotifierMixin._notify_gateway_port_ip_changed-8775011034534', 'neutron.db.l3_dvrscheduler_db._notify_l3_agent_port_update-8775010508418', 'neutron.db.l3_hascheduler_db._notify_l3_agent_ha_port_update-8775010508436'] for port (5d4aaecc-58a3-4c45-8f7a-ed6491d7f2f3), after_update {{(pid=104062) _notify_loop /usr/local/lib/python3.8/dist-packages/neutron_lib/callbacks/manager.py:176}}
May 10 14:16:37.799469 dv-cinder-841125-4-iscsi neutron-server[104060]: INFO neutron.wsgi [req-a8140117-b789-4da9-8466-eedcb049f7d1 req-20b8049b-3c63-4dcb-a6d8-35378e33fdf0 tempest-DeleteServersTestJSON-2025847537 tempest-DeleteServersTestJSON-2025847537-project] 10.222.0.58 "GET /v2.0/ports?device_id=30dfc192-c4f0-4f6b-8b06-70c5d807b5eb HTTP/1.1" status: 200 len: 210 time: 0.1104901
May 10 14:16:37.800761 dv-cinder-841125-4-iscsi neutron-server[104060]: DEBUG neutron_lib.callbacks.manager [None req-b6c84300-9e9f-499d-a625-a3df058f1759 admin admin] Publish callbacks ['neutron.plugins.ml2.plugin.Ml2Plugin._handle_segment_change-1380074'] for segment (4ea78d3d-88db-4259-98cc-325eec68433a), precommit_delete {{(pid=104060) _notify_loop /usr/local/lib/python3.8/dist-packages/neutron_lib/callbacks/manager.py:176}}
May 10 14:16:37.820302 dv-cinder-841125-4-iscsi neutron-server[104060]: DEBUG neutron.plugins.ml2.drivers.type_vlan [None req-b6c84300-9e9f-499d-a625-a3df058f1759 admin admin] Releasing vlan 557 on physical network physnet1 to pool {{(pid=104060) release_segment /opt/stack/neutron/neutron/plugins/ml2/drivers/type_vlan.py:304}}
May 10 14:16:37.820628 dv-cinder-841125-4-iscsi neutron-server[104060]: DEBUG neutron_lib.callbacks.manager [None req-b6c84300-9e9f-499d-a625-a3df058f1759 admin admin] Publish callbacks ['neutron.plugins.ml2.plugin.Ml2Plugin._handle_segment_change-1380074', 'neutron.services.segments.plugin.NovaSegmentNotifier._notify_segment_deleted-26781483'] for segment (4ea78d3d-88db-4259-98cc-325eec68433a), after_delete {{(pid=104060) _notify_loop /usr/local/lib/python3.8/dist-packages/neutron_lib/callbacks/manager.py:176}}
May 10 14:16:37.833502 dv-cinder-841125-4-iscsi neutron-server[104060]: /usr/lib/python3/dist-packages/secretstorage/dhcrypto.py:15: CryptographyDeprecationWarning: int_from_bytes is deprecated, use int.from_bytes instead
May 10 14:16:37.833502 dv-cinder-841125-4-iscsi neutron-server[104060]: from cryptography.utils import int_from_bytes
May 10 14:16:37.833502 dv-cinder-841125-4-iscsi neutron-server[104060]: /usr/lib/python3/dist-packages/secretstorage/util.py:19: CryptographyDeprecationWarning: int_from_bytes is deprecated, use int.from_bytes instead
May 10 14:16:37.833502 dv-cinder-841125-4-iscsi neutron-server[104060]: from cryptography.utils import int_from_bytes
May 10 14:16:37.833502 dv-cinder-841125-4-iscsi neutron-server[104060]: Traceback (most recent call last):
May 10 14:16:37.833502 dv-cinder-841125-4-iscsi neutron-server[104060]: File "/usr/local/lib/python3.8/dist-packages/eventlet/hubs/hub.py", line 476, in fire_timers
May 10 14:16:37.833502 dv-cinder-841125-4-iscsi neutron-server[104060]: timer()
May 10 14:16:37.833502 dv-cinder-841125-4-iscsi neutron-server[104060]: File "/usr/local/lib/python3.8/dist-packages/eventlet/hubs/timer.py", line 59, in __call__
May 10 14:16:37.833502 dv-cinder-841125-4-iscsi neutron-server[104060]: cb(*args, **kw)
May 10 14:16:37.833502 dv-cinder-841125-4-iscsi neutron-server[104060]: File "/opt/stack/neutron/neutron/common/utils.py", line 922, in wrapper
May 10 14:16:37.833502 dv-cinder-841125-4-iscsi neutron-server[104060]: return func(*args, **kwargs)
May 10 14:16:37.833502 dv-cinder-841125-4-iscsi neutron-server[104060]: File "/opt/stack/neutron/neutron/notifiers/batch_notifier.py", line 58, in synced_send
May 10 14:16:37.833502 dv-cinder-841125-4-iscsi neutron-server[104060]: self._notify()
May 10 14:16:37.833502 dv-cinder-841125-4-iscsi neutron-server[104060]: File "/opt/stack/neutron/neutron/notifiers/batch_notifier.py", line 69, in _notify
May 10 14:16:37.833502 dv-cinder-841125-4-iscsi neutron-server[104060]: self.callback(batched_events)
May 10 14:16:37.833502 dv-cinder-841125-4-iscsi neutron-server[104060]: File "/opt/stack/neutron/neutron/services/segments/plugin.py", line 211, in _send_notifications
May 10 14:16:37.833502 dv-cinder-841125-4-iscsi neutron-server[104060]: event.method(event)
May 10 14:16:37.833502 dv-cinder-841125-4-iscsi neutron-server[104060]: File "/opt/stack/neutron/neutron/services/segments/plugin.py", line 383, in _delete_nova_inventory
May 10 14:16:37.833502 dv-cinder-841125-4-iscsi neutron-server[104060]: aggregate_id = self._get_aggregate_id(event.segment_id)
May 10 14:16:37.833502 dv-cinder-841125-4-iscsi neutron-server[104060]: File "/opt/stack/neutron/neutron/services/segments/plugin.py", line 370, in _get_aggregate_id
May 10 14:16:37.833502 dv-cinder-841125-4-iscsi neutron-server[104060]: aggregate_uuid = self.p_client.list_aggregates(
May 10 14:16:37.833502 dv-cinder-841125-4-iscsi neutron-server[104060]: File "/usr/local/lib/python3.8/dist-packages/neutron_lib/placement/client.py", line 58, in wrapper
May 10 14:16:37.833502 dv-cinder-841125-4-iscsi neutron-server[104060]: return f(self, *a, **k)
May 10 14:16:37.833502 dv-cinder-841125-4-iscsi neutron-server[104060]: File "/usr/local/lib/python3.8/dist-packages/neutron_lib/placement/client.py", line 554, in list_aggregates
May 10 14:16:37.833502 dv-cinder-841125-4-iscsi neutron-server[104060]: return self._get(url).json()
May 10 14:16:37.833502 dv-cinder-841125-4-iscsi neutron-server[104060]: File "/usr/local/lib/python3.8/dist-packages/neutron_lib/placement/client.py", line 190, in _get
May 10 14:16:37.833502 dv-cinder-841125-4-iscsi neutron-server[104060]: return self._client.get(url, endpoint_filter=self._ks_filter,
May 10 14:16:37.833502 dv-cinder-841125-4-iscsi neutron-server[104060]: File "/usr/local/lib/python3.8/dist-packages/keystoneauth1/session.py", line 1141, in get
May 10 14:16:37.833502 dv-cinder-841125-4-iscsi neutron-server[104060]: return self.request(url, 'GET', **kwargs)
May 10 14:16:37.833502 dv-cinder-841125-4-iscsi neutron-server[104060]: File "/usr/local/lib/python3.8/dist-packages/keystoneauth1/session.py", line 811, in request
May 10 14:16:37.833502 dv-cinder-841125-4-iscsi neutron-server[104060]: base_url = self.get_endpoint(auth, allow=allow,
May 10 14:16:37.833502 dv-cinder-841125-4-iscsi neutron-server[104060]: File "/usr/local/lib/python3.8/dist-packages/keystoneauth1/session.py", line 1241, in get_endpoint
May 10 14:16:37.833502 dv-cinder-841125-4-iscsi neutron-server[104060]: auth = self._auth_required(auth, 'determine endpoint URL')
May 10 14:16:37.833502 dv-cinder-841125-4-iscsi neutron-server[104060]: File "/usr/local/lib/python3.8/dist-packages/keystoneauth1/session.py", line 1181, in _auth_required
May 10 14:16:37.833502 dv-cinder-841125-4-iscsi neutron-server[104060]: raise exceptions.MissingAuthPlugin(msg_fmt % msg)
May 10 14:16:37.833502 dv-cinder-841125-4-iscsi neutron-server[104060]: keystoneauth1.exceptions.auth_plugins.MissingAuthPlugin: An auth plugin is required to determine endpoint URL
May 10 14:16:37.847855 dv-cinder-841125-4-iscsi neutron-server[104063]: DEBUG neutron.plugins.ml2.db [None req-7f05792d-c706-464d-ae8d-8662e224fbc9 None None] For port 62226b7a-505a-4f93-953c-12e4f6f1db49, host dv-cinder-841125-4-iscsi, cleared binding levels {{(pid=104063) clear_binding_levels /opt/stack/neutron/neutron/plugins/ml2/db.py:87}}
May 10 14:16:37.850361 dv-cinder-841125-4-iscsi neutron-server[104061]: DEBUG neutron.api.rpc.agentnotifiers.l3_rpc_agent_api [None req-5534622a-ac92-4d94-a8f3-e37f10febd75 admin admin] Notify agent at l3_agent.dv-cinder-841125-4-iscsi the message routers_updated {{(pid=104061) _agent_notification /opt/stack/neutron/neutron/api/rpc/agentnotifiers/l3_rpc_agent_api.py:65}}
