May 10 14:18:25.172905 dv-cinder-841125-4-iscsi devstack@c-api.service[110808]: [pid: 110808|app: 0|req: 229/436] 10.222.0.58 () {58 vars in 1324 bytes} [Tue May 10 14:18:25 2022] GET /volume/v3/2c1037d775114df4b21dbdfa5f639cb6/volumes/b10309d4-c3a3-4cdc-87e4-4c5ce74a84f6 => generated 929 bytes in 37 msecs (HTTP/1.1 200) 7 headers in 285 bytes (2 switches on core 0)
May 10 14:18:25.184749 dv-cinder-841125-4-iscsi devstack@c-api.service[110809]: DEBUG cinder.api.middleware.request_id [None req-b240fdd2-7f4c-486e-be29-db8a9106d8bd None None] RequestId filter calling following filter/app {{(pid=110809) _context_setter /opt/stack/cinder/cinder/api/middleware/request_id.py:62}}
May 10 14:18:25.188215 dv-cinder-841125-4-iscsi devstack@c-api.service[110809]: INFO cinder.api.openstack.wsgi [None req-b240fdd2-7f4c-486e-be29-db8a9106d8bd tempest-VolumesActionsTest-1651077347 tempest-VolumesActionsTest-1651077347-project] POST http://10.222.0.58/volume/v3/2c1037d775114df4b21dbdfa5f639cb6/volumes/b10309d4-c3a3-4cdc-87e4-4c5ce74a84f6/action
May 10 14:18:25.188919 dv-cinder-841125-4-iscsi devstack@c-api.service[110809]: DEBUG cinder.api.openstack.wsgi [None req-b240fdd2-7f4c-486e-be29-db8a9106d8bd tempest-VolumesActionsTest-1651077347 tempest-VolumesActionsTest-1651077347-project] Action body: b'{"os-update_readonly_flag": {"readonly": false}}' {{(pid=110809) get_method /opt/stack/cinder/cinder/api/openstack/wsgi.py:983}}
May 10 14:18:25.189243 dv-cinder-841125-4-iscsi devstack@c-api.service[110809]: DEBUG cinder.api.openstack.wsgi [None req-b240fdd2-7f4c-486e-be29-db8a9106d8bd tempest-VolumesActionsTest-1651077347 tempest-VolumesActionsTest-1651077347-project] Action: 'action', calling method: _volume_readonly_update, body: {"os-update_readonly_flag": {"readonly": false}} {{(pid=110809) _process_stack /opt/stack/cinder/cinder/api/openstack/wsgi.py:866}}
May 10 14:18:25.204741 dv-cinder-841125-4-iscsi devstack@c-api.service[110809]: /usr/local/lib/python3.8/dist-packages/oslo_context/context.py:100: DeprecationWarning: Policy enforcement is depending on the value of is_admin. This key is deprecated. Please update your policy file to use the standard policy values.
May 10 14:18:25.204741 dv-cinder-841125-4-iscsi devstack@c-api.service[110809]: warnings.warn('Policy enforcement is depending on the value of '
May 10 14:18:25.205823 dv-cinder-841125-4-iscsi devstack@c-api.service[110809]: INFO cinder.volume.api [None req-b240fdd2-7f4c-486e-be29-db8a9106d8bd tempest-VolumesActionsTest-1651077347 tempest-VolumesActionsTest-1651077347-project] Volume info retrieved successfully.
May 10 14:18:25.279228 dv-cinder-841125-4-iscsi devstack@c-api.service[110809]: INFO cinder.volume.api [None req-b240fdd2-7f4c-486e-be29-db8a9106d8bd tempest-VolumesActionsTest-1651077347 tempest-VolumesActionsTest-1651077347-project] Update volume admin metadata completed successfully.
May 10 14:18:25.279482 dv-cinder-841125-4-iscsi devstack@c-api.service[110809]: INFO cinder.volume.api [None req-b240fdd2-7f4c-486e-be29-db8a9106d8bd tempest-VolumesActionsTest-1651077347 tempest-VolumesActionsTest-1651077347-project] Update readonly setting on volume completed successfully.
May 10 14:18:25.279973 dv-cinder-841125-4-iscsi devstack@c-api.service[110809]: INFO cinder.api.openstack.wsgi [None req-b240fdd2-7f4c-486e-be29-db8a9106d8bd tempest-VolumesActionsTest-1651077347 tempest-VolumesActionsTest-1651077347-project] http://10.222.0.58/volume/v3/2c1037d775114df4b21dbdfa5f639cb6/volumes/b10309d4-c3a3-4cdc-87e4-4c5ce74a84f6/action returned with HTTP 202
May 10 14:18:25.280806 dv-cinder-841125-4-iscsi devstack@c-api.service[110809]: [pid: 110809|app: 0|req: 208/437] 10.222.0.58 () {60 vars in 1366 bytes} [Tue May 10 14:18:25 2022] POST /volume/v3/2c1037d775114df4b21dbdfa5f639cb6/volumes/b10309d4-c3a3-4cdc-87e4-4c5ce74a84f6/action => generated 0 bytes in 97 msecs (HTTP/1.1 202) 7 headers in 289 bytes (1 switches on core 0)
May 10 14:18:25.286686 dv-cinder-841125-4-iscsi devstack@c-api.service[110808]: DEBUG cinder.api.middleware.request_id [None req-d005b137-ba2d-4c1b-ab0e-bbe08839d2fa None None] RequestId filter calling following filter/app {{(pid=110808) _context_setter /opt/stack/cinder/cinder/api/middleware/request_id.py:62}}
May 10 14:18:25.290376 dv-cinder-841125-4-iscsi devstack@c-api.service[110808]: INFO cinder.api.openstack.wsgi [None req-d005b137-ba2d-4c1b-ab0e-bbe08839d2fa tempest-VolumesActionsTest-1651077347 tempest-VolumesActionsTest-1651077347-project] GET http://10.222.0.58/volume/v3/2c1037d775114df4b21dbdfa5f639cb6/volumes/b10309d4-c3a3-4cdc-87e4-4c5ce74a84f6
May 10 14:18:25.293634 dv-cinder-841125-4-iscsi devstack@c-api.service[110808]: DEBUG cinder.api.openstack.wsgi [None req-d005b137-ba2d-4c1b-ab0e-bbe08839d2fa tempest-VolumesActionsTest-1651077347 tempest-VolumesActionsTest-1651077347-project] Empty body provided in request {{(pid=110808) get_body /opt/stack/cinder/cinder/api/openstack/wsgi.py:715}}
May 10 14:18:25.293634 dv-cinder-841125-4-iscsi devstack@c-api.service[110808]: DEBUG cinder.api.openstack.wsgi [None req-d005b137-ba2d-4c1b-ab0e-bbe08839d2fa tempest-VolumesActionsTest-1651077347 tempest-VolumesActionsTest-1651077347-project] Calling method 'show' {{(pid=110808) _process_stack /opt/stack/cinder/cinder/api/openstack/wsgi.py:868}}
May 10 14:18:25.305710 dv-cinder-841125-4-iscsi devstack@c-api.service[110808]: /usr/local/lib/python3.8/dist-packages/oslo_context/context.py:100: DeprecationWarning: Policy enforcement is depending on the value of is_admin. This key is deprecated. Please update your policy file to use the standard policy values.
May 10 14:18:25.305710 dv-cinder-841125-4-iscsi devstack@c-api.service[110808]: warnings.warn('Policy enforcement is depending on the value of '
May 10 14:18:25.312876 dv-cinder-841125-4-iscsi devstack@c-api.service[110808]: INFO cinder.volume.api [None req-d005b137-ba2d-4c1b-ab0e-bbe08839d2fa tempest-VolumesActionsTest-1651077347 tempest-VolumesActionsTest-1651077347-project] Volume info retrieved successfully.
May 10 14:18:25.326738 dv-cinder-841125-4-iscsi devstack@c-api.service[110808]: INFO cinder.api.openstack.wsgi [None req-d005b137-ba2d-4c1b-ab0e-bbe08839d2fa tempest-VolumesActionsTest-1651077347 tempest-VolumesActionsTest-1651077347-project] http://10.222.0.58/volume/v3/2c1037d775114df4b21dbdfa5f639cb6/volumes/b10309d4-c3a3-4cdc-87e4-4c5ce74a84f6 returned with HTTP 200
May 10 14:18:25.327761 dv-cinder-841125-4-iscsi devstack@c-api.service[110808]: [pid: 110808|app: 0|req: 230/438] 10.222.0.58 () {58 vars in 1324 bytes} [Tue May 10 14:18:25 2022] GET /volume/v3/2c1037d775114df4b21dbdfa5f639cb6/volumes/b10309d4-c3a3-4cdc-87e4-4c5ce74a84f6 => generated 930 bytes in 43 msecs (HTTP/1.1 200) 7 headers in 285 bytes (1 switches on core 0)
May 10 14:18:25.342173 dv-cinder-841125-4-iscsi devstack@c-api.service[110809]: DEBUG cinder.api.middleware.request_id [None req-b94ef370-035c-4cfa-9f00-f3ea64ef3338 None None] RequestId filter calling following filter/app {{(pid=110809) _context_setter /opt/stack/cinder/cinder/api/middleware/request_id.py:62}}
May 10 14:18:25.345631 dv-cinder-841125-4-iscsi devstack@c-api.service[110809]: INFO cinder.api.openstack.wsgi [None req-b94ef370-035c-4cfa-9f00-f3ea64ef3338 tempest-VolumesActionsTest-1651077347 tempest-VolumesActionsTest-1651077347-project] POST http://10.222.0.58/volume/v3/2c1037d775114df4b21dbdfa5f639cb6/volumes/b10309d4-c3a3-4cdc-87e4-4c5ce74a84f6/action
May 10 14:18:25.347074 dv-cinder-841125-4-iscsi devstack@c-api.service[110809]: DEBUG cinder.api.openstack.wsgi [None req-b94ef370-035c-4cfa-9f00-f3ea64ef3338 tempest-VolumesActionsTest-1651077347 tempest-VolumesActionsTest-1651077347-project] Action body: b'{"os-volume_upload_image": {"image_name": "tempest-VolumesActionsTest-Image-742644501", "disk_format": "raw"}}' {{(pid=110809) get_method /opt/stack/cinder/cinder/api/openstack/wsgi.py:983}}
May 10 14:18:25.347419 dv-cinder-841125-4-iscsi devstack@c-api.service[110809]: DEBUG cinder.api.openstack.wsgi [None req-b94ef370-035c-4cfa-9f00-f3ea64ef3338 tempest-VolumesActionsTest-1651077347 tempest-VolumesActionsTest-1651077347-project] Action: 'action', calling method: _volume_upload_image, body: {"os-volume_upload_image": {"image_name": "tempest-VolumesActionsTest-Image-742644501", "disk_format": "raw"}} {{(pid=110809) _process_stack /opt/stack/cinder/cinder/api/openstack/wsgi.py:866}}
May 10 14:18:25.361521 dv-cinder-841125-4-iscsi devstack@c-api.service[110809]: /usr/local/lib/python3.8/dist-packages/oslo_context/context.py:100: DeprecationWarning: Policy enforcement is depending on the value of is_admin. This key is deprecated. Please update your policy file to use the standard policy values.
May 10 14:18:25.361521 dv-cinder-841125-4-iscsi devstack@c-api.service[110809]: warnings.warn('Policy enforcement is depending on the value of '
May 10 14:18:25.362520 dv-cinder-841125-4-iscsi devstack@c-api.service[110809]: INFO cinder.volume.api [None req-b94ef370-035c-4cfa-9f00-f3ea64ef3338 tempest-VolumesActionsTest-1651077347 tempest-VolumesActionsTest-1651077347-project] Volume info retrieved successfully.
May 10 14:18:25.436916 dv-cinder-841125-4-iscsi devstack@c-api.service[110809]: /usr/local/lib/python3.8/dist-packages/oslo_context/context.py:100: DeprecationWarning: Policy enforcement is depending on the value of is_admin. This key is deprecated. Please update your policy file to use the standard policy values.
May 10 14:18:25.436916 dv-cinder-841125-4-iscsi devstack@c-api.service[110809]: warnings.warn('Policy enforcement is depending on the value of '
May 10 14:18:25.465370 dv-cinder-841125-4-iscsi devstack@c-api.service[110808]: DEBUG cinder.api.middleware.request_id [None req-cdfb0c23-e9e6-4103-86fa-aabc8af10071 None None] RequestId filter calling following filter/app {{(pid=110808) _context_setter /opt/stack/cinder/cinder/api/middleware/request_id.py:62}}
May 10 14:18:25.469109 dv-cinder-841125-4-iscsi devstack@c-api.service[110808]: INFO cinder.api.openstack.wsgi [None req-cdfb0c23-e9e6-4103-86fa-aabc8af10071 tempest-VolumeQuotasNegativeTestJSON-1139544694 tempest-VolumeQuotasNegativeTestJSON-1139544694-project] GET http://10.222.0.58/volume/v3/60b28373984a47cda134ce8849619220/volumes/5da783cc-f36b-470f-be3b-6de583feb196
May 10 14:18:25.469550 dv-cinder-841125-4-iscsi devstack@c-api.service[110808]: DEBUG cinder.api.openstack.wsgi [None req-cdfb0c23-e9e6-4103-86fa-aabc8af10071 tempest-VolumeQuotasNegativeTestJSON-1139544694 tempest-VolumeQuotasNegativeTestJSON-1139544694-project] Empty body provided in request {{(pid=110808) get_body /opt/stack/cinder/cinder/api/openstack/wsgi.py:715}}
May 10 14:18:25.469996 dv-cinder-841125-4-iscsi devstack@c-api.service[110808]: DEBUG cinder.api.openstack.wsgi [None req-cdfb0c23-e9e6-4103-86fa-aabc8af10071 tempest-VolumeQuotasNegativeTestJSON-1139544694 tempest-VolumeQuotasNegativeTestJSON-1139544694-project] Calling method 'show' {{(pid=110808) _process_stack /opt/stack/cinder/cinder/api/openstack/wsgi.py:868}}
May 10 14:18:25.484141 dv-cinder-841125-4-iscsi devstack@c-api.service[110808]: /usr/local/lib/python3.8/dist-packages/oslo_context/context.py:100: DeprecationWarning: Policy enforcement is depending on the value of is_admin. This key is deprecated. Please update your policy file to use the standard policy values.
May 10 14:18:25.484141 dv-cinder-841125-4-iscsi devstack@c-api.service[110808]: warnings.warn('Policy enforcement is depending on the value of '
May 10 14:18:25.491082 dv-cinder-841125-4-iscsi devstack@c-api.service[110808]: INFO cinder.volume.api [None req-cdfb0c23-e9e6-4103-86fa-aabc8af10071 tempest-VolumeQuotasNegativeTestJSON-1139544694 tempest-VolumeQuotasNegativeTestJSON-1139544694-project] Volume info retrieved successfully.
May 10 14:18:25.499423 dv-cinder-841125-4-iscsi devstack@c-api.service[110808]: INFO cinder.api.openstack.wsgi [None req-cdfb0c23-e9e6-4103-86fa-aabc8af10071 tempest-VolumeQuotasNegativeTestJSON-1139544694 tempest-VolumeQuotasNegativeTestJSON-1139544694-project] http://10.222.0.58/volume/v3/60b28373984a47cda134ce8849619220/volumes/5da783cc-f36b-470f-be3b-6de583feb196 returned with HTTP 200
May 10 14:18:25.500131 dv-cinder-841125-4-iscsi devstack@c-api.service[110808]: [pid: 110808|app: 0|req: 231/439] 10.222.0.58 () {58 vars in 1324 bytes} [Tue May 10 14:18:25 2022] GET /volume/v3/60b28373984a47cda134ce8849619220/volumes/5da783cc-f36b-470f-be3b-6de583feb196 => generated 919 bytes in 36 msecs (HTTP/1.1 200) 7 headers in 285 bytes (1 switches on core 0)
May 10 14:18:25.649014 dv-cinder-841125-4-iscsi devstack@c-api.service[110809]: INFO cinder.volume.api [None req-b94ef370-035c-4cfa-9f00-f3ea64ef3338 tempest-VolumesActionsTest-1651077347 tempest-VolumesActionsTest-1651077347-project] Copy volume to image completed successfully.
May 10 14:18:25.649936 dv-cinder-841125-4-iscsi devstack@c-api.service[110809]: INFO cinder.api.openstack.wsgi [None req-b94ef370-035c-4cfa-9f00-f3ea64ef3338 tempest-VolumesActionsTest-1651077347 tempest-VolumesActionsTest-1651077347-project] http://10.222.0.58/volume/v3/2c1037d775114df4b21dbdfa5f639cb6/volumes/b10309d4-c3a3-4cdc-87e4-4c5ce74a84f6/action returned with HTTP 202
May 10 14:18:25.650749 dv-cinder-841125-4-iscsi devstack@c-api.service[110809]: [pid: 110809|app: 0|req: 209/440] 10.222.0.58 () {60 vars in 1367 bytes} [Tue May 10 14:18:25 2022] POST /volume/v3/2c1037d775114df4b21dbdfa5f639cb6/volumes/b10309d4-c3a3-4cdc-87e4-4c5ce74a84f6/action => generated 697 bytes in 310 msecs (HTTP/1.1 202) 7 headers in 291 bytes (1 switches on core 0)
May 10 14:18:25.690018 dv-cinder-841125-4-iscsi devstack@c-api.service[110808]: DEBUG cinder.api.middleware.request_id [None req-2ff460be-7668-42cf-8389-2d5cde948358 None None] RequestId filter calling following filter/app {{(pid=110808) _context_setter /opt/stack/cinder/cinder/api/middleware/request_id.py:62}}
May 10 14:18:25.691916 dv-cinder-841125-4-iscsi devstack@c-api.service[110808]: INFO cinder.api.openstack.wsgi [None req-2ff460be-7668-42cf-8389-2d5cde948358 tempest-VolumesSnapshotTestJSON-1071485369 tempest-VolumesSnapshotTestJSON-1071485369-project] GET http://10.222.0.58/volume/v3/709b9712f09a42a785d046e0c0f3846e/volumes/2ccd700a-edd1-4849-8705-72b6b4f707f1
May 10 14:18:25.692412 dv-cinder-841125-4-iscsi devstack@c-api.service[110808]: DEBUG cinder.api.openstack.wsgi [None req-2ff460be-7668-42cf-8389-2d5cde948358 tempest-VolumesSnapshotTestJSON-1071485369 tempest-VolumesSnapshotTestJSON-1071485369-project] Empty body provided in request {{(pid=110808) get_body /opt/stack/cinder/cinder/api/openstack/wsgi.py:715}}
May 10 14:18:25.692874 dv-cinder-841125-4-iscsi devstack@c-api.service[110808]: DEBUG cinder.api.openstack.wsgi [None req-2ff460be-7668-42cf-8389-2d5cde948358 tempest-VolumesSnapshotTestJSON-1071485369 tempest-VolumesSnapshotTestJSON-1071485369-project] Calling method 'show' {{(pid=110808) _process_stack /opt/stack/cinder/cinder/api/openstack/wsgi.py:868}}
May 10 14:18:25.707626 dv-cinder-841125-4-iscsi devstack@c-api.service[110808]: /usr/local/lib/python3.8/dist-packages/oslo_context/context.py:100: DeprecationWarning: Policy enforcement is depending on the value of is_admin. This key is deprecated. Please update your policy file to use the standard policy values.
May 10 14:18:25.707626 dv-cinder-841125-4-iscsi devstack@c-api.service[110808]: warnings.warn('Policy enforcement is depending on the value of '
May 10 14:18:25.709053 dv-cinder-841125-4-iscsi devstack@c-api.service[110809]: DEBUG cinder.api.middleware.request_id [None req-b4ed843b-ce60-44e0-809d-15c77322f65b None None] RequestId filter calling following filter/app {{(pid=110809) _context_setter /opt/stack/cinder/cinder/api/middleware/request_id.py:62}}
May 10 14:18:25.713175 dv-cinder-841125-4-iscsi devstack@c-api.service[110809]: INFO cinder.api.openstack.wsgi [None req-b4ed843b-ce60-44e0-809d-15c77322f65b tempest-VolumesSnapshotListTestJSON-1906639859 tempest-VolumesSnapshotListTestJSON-1906639859-project] GET http://10.222.0.58/volume/v3/64cdfef13989407893648db00239b75a/snapshots/2c569b1c-c1ff-4060-8f9d-09e1f93847be
May 10 14:18:25.713605 dv-cinder-841125-4-iscsi devstack@c-api.service[110809]: DEBUG cinder.api.openstack.wsgi [None req-b4ed843b-ce60-44e0-809d-15c77322f65b tempest-VolumesSnapshotListTestJSON-1906639859 tempest-VolumesSnapshotListTestJSON-1906639859-project] Empty body provided in request {{(pid=110809) get_body /opt/stack/cinder/cinder/api/openstack/wsgi.py:715}}
May 10 14:18:25.714058 dv-cinder-841125-4-iscsi devstack@c-api.service[110809]: DEBUG cinder.api.openstack.wsgi [None req-b4ed843b-ce60-44e0-809d-15c77322f65b tempest-VolumesSnapshotListTestJSON-1906639859 tempest-VolumesSnapshotListTestJSON-1906639859-project] Calling method 'show' {{(pid=110809) _process_stack /opt/stack/cinder/cinder/api/openstack/wsgi.py:868}}
May 10 14:18:25.715029 dv-cinder-841125-4-iscsi devstack@c-api.service[110808]: INFO cinder.volume.api [None req-2ff460be-7668-42cf-8389-2d5cde948358 tempest-VolumesSnapshotTestJSON-1071485369 tempest-VolumesSnapshotTestJSON-1071485369-project] Volume info retrieved successfully.
May 10 14:18:25.724068 dv-cinder-841125-4-iscsi devstack@c-api.service[110809]: /usr/local/lib/python3.8/dist-packages/oslo_context/context.py:100: DeprecationWarning: Policy enforcement is depending on the value of is_admin. This key is deprecated. Please update your policy file to use the standard policy values.
May 10 14:18:25.724068 dv-cinder-841125-4-iscsi devstack@c-api.service[110809]: warnings.warn('Policy enforcement is depending on the value of '
May 10 14:18:25.725099 dv-cinder-841125-4-iscsi devstack@c-api.service[110809]: INFO cinder.volume.api [None req-b4ed843b-ce60-44e0-809d-15c77322f65b tempest-VolumesSnapshotListTestJSON-1906639859 tempest-VolumesSnapshotListTestJSON-1906639859-project] Snapshot retrieved successfully.
May 10 14:18:25.726281 dv-cinder-841125-4-iscsi devstack@c-api.service[110808]: INFO cinder.api.openstack.wsgi [None req-2ff460be-7668-42cf-8389-2d5cde948358 tempest-VolumesSnapshotTestJSON-1071485369 tempest-VolumesSnapshotTestJSON-1071485369-project] http://10.222.0.58/volume/v3/709b9712f09a42a785d046e0c0f3846e/volumes/2ccd700a-edd1-4849-8705-72b6b4f707f1 returned with HTTP 200
May 10 14:18:25.726919 dv-cinder-841125-4-iscsi devstack@c-api.service[110809]: INFO cinder.api.openstack.wsgi [None req-b4ed843b-ce60-44e0-809d-15c77322f65b tempest-VolumesSnapshotListTestJSON-1906639859 tempest-VolumesSnapshotListTestJSON-1906639859-project] http://10.222.0.58/volume/v3/64cdfef13989407893648db00239b75a/snapshots/2c569b1c-c1ff-4060-8f9d-09e1f93847be returned with HTTP 200
May 10 14:18:25.727149 dv-cinder-841125-4-iscsi devstack@c-api.service[110808]: [pid: 110808|app: 0|req: 232/441] 10.222.0.58 () {58 vars in 1324 bytes} [Tue May 10 14:18:25 2022] GET /volume/v3/709b9712f09a42a785d046e0c0f3846e/volumes/2ccd700a-edd1-4849-8705-72b6b4f707f1 => generated 914 bytes in 41 msecs (HTTP/1.1 200) 7 headers in 285 bytes (1 switches on core 0)
May 10 14:18:25.729895 dv-cinder-841125-4-iscsi devstack@c-api.service[110809]: [pid: 110809|app: 0|req: 210/442] 10.222.0.58 () {58 vars in 1330 bytes} [Tue May 10 14:18:25 2022] GET /volume/v3/64cdfef13989407893648db00239b75a/snapshots/2c569b1c-c1ff-4060-8f9d-09e1f93847be => generated 446 bytes in 20 msecs (HTTP/1.1 200) 7 headers in 285 bytes (1 switches on core 0)
May 10 14:18:26.512238 dv-cinder-841125-4-iscsi devstack@c-api.service[110808]: DEBUG cinder.api.middleware.request_id [None req-a18d1934-e5ca-481f-8750-d9c9a153095c None None] RequestId filter calling following filter/app {{(pid=110808) _context_setter /opt/stack/cinder/cinder/api/middleware/request_id.py:62}}
May 10 14:18:26.515740 dv-cinder-841125-4-iscsi devstack@c-api.service[110808]: INFO cinder.api.openstack.wsgi [None req-a18d1934-e5ca-481f-8750-d9c9a153095c tempest-VolumeQuotasNegativeTestJSON-1139544694 tempest-VolumeQuotasNegativeTestJSON-1139544694-project] GET http://10.222.0.58/volume/v3/60b28373984a47cda134ce8849619220/volumes/5da783cc-f36b-470f-be3b-6de583feb196
May 10 14:18:26.516250 dv-cinder-841125-4-iscsi devstack@c-api.service[110808]: DEBUG cinder.api.openstack.wsgi [None req-a18d1934-e5ca-481f-8750-d9c9a153095c tempest-VolumeQuotasNegativeTestJSON-1139544694 tempest-VolumeQuotasNegativeTestJSON-1139544694-project] Empty body provided in request {{(pid=110808) get_body /opt/stack/cinder/cinder/api/openstack/wsgi.py:715}}
May 10 14:18:26.516730 dv-cinder-841125-4-iscsi devstack@c-api.service[110808]: DEBUG cinder.api.openstack.wsgi [None req-a18d1934-e5ca-481f-8750-d9c9a153095c tempest-VolumeQuotasNegativeTestJSON-1139544694 tempest-VolumeQuotasNegativeTestJSON-1139544694-project] Calling method 'show' {{(pid=110808) _process_stack /opt/stack/cinder/cinder/api/openstack/wsgi.py:868}}
May 10 14:18:26.533002 dv-cinder-841125-4-iscsi devstack@c-api.service[110808]: /usr/local/lib/python3.8/dist-packages/oslo_context/context.py:100: DeprecationWarning: Policy enforcement is depending on the value of is_admin. This key is deprecated. Please update your policy file to use the standard policy values.
May 10 14:18:26.533002 dv-cinder-841125-4-iscsi devstack@c-api.service[110808]: warnings.warn('Policy enforcement is depending on the value of '
May 10 14:18:26.546454 dv-cinder-841125-4-iscsi devstack@c-api.service[110808]: INFO cinder.volume.api [None req-a18d1934-e5ca-481f-8750-d9c9a153095c tempest-VolumeQuotasNegativeTestJSON-1139544694 tempest-VolumeQuotasNegativeTestJSON-1139544694-project] Volume info retrieved successfully.
May 10 14:18:26.555961 dv-cinder-841125-4-iscsi devstack@c-api.service[110808]: INFO cinder.api.openstack.wsgi [None req-a18d1934-e5ca-481f-8750-d9c9a153095c tempest-VolumeQuotasNegativeTestJSON-1139544694 tempest-VolumeQuotasNegativeTestJSON-1139544694-project] http://10.222.0.58/volume/v3/60b28373984a47cda134ce8849619220/volumes/5da783cc-f36b-470f-be3b-6de583feb196 returned with HTTP 200
May 10 14:18:26.556678 dv-cinder-841125-4-iscsi devstack@c-api.service[110808]: [pid: 110808|app: 0|req: 233/443] 10.222.0.58 () {58 vars in 1324 bytes} [Tue May 10 14:18:26 2022] GET /volume/v3/60b28373984a47cda134ce8849619220/volumes/5da783cc-f36b-470f-be3b-6de583feb196 => generated 920 bytes in 46 msecs (HTTP/1.1 200) 7 headers in 285 bytes (1 switches on core 0)
May 10 14:18:26.568546 dv-cinder-841125-4-iscsi devstack@c-api.service[110809]: DEBUG cinder.api.middleware.request_id [None req-fe2240fd-eb33-4f9a-879d-f1d13aacd06c None None] RequestId filter calling following filter/app {{(pid=110809) _context_setter /opt/stack/cinder/cinder/api/middleware/request_id.py:62}}
May 10 14:18:26.573338 dv-cinder-841125-4-iscsi devstack@c-api.service[110809]: INFO cinder.api.openstack.wsgi [None req-fe2240fd-eb33-4f9a-879d-f1d13aacd06c tempest-VolumeQuotasNegativeTestJSON-547475596 tempest-VolumeQuotasNegativeTestJSON-547475596-project-admin] PUT http://10.222.0.58/volume/v3/0a636dce4e8c47488685088b7e855b80/os-quota-sets/60b28373984a47cda134ce8849619220
May 10 14:18:26.574037 dv-cinder-841125-4-iscsi devstack@c-api.service[110809]: DEBUG cinder.api.openstack.wsgi [None req-fe2240fd-eb33-4f9a-879d-f1d13aacd06c tempest-VolumeQuotasNegativeTestJSON-547475596 tempest-VolumeQuotasNegativeTestJSON-547475596-project-admin] Action: 'update', calling method: update, body: {"quota_set": {"gigabytes": 1, "volumes": -1}} {{(pid=110809) _process_stack /opt/stack/cinder/cinder/api/openstack/wsgi.py:866}}
May 10 14:18:26.736136 dv-cinder-841125-4-iscsi devstack@c-api.service[110808]: DEBUG cinder.api.middleware.request_id [None req-515976f4-0030-4217-81fd-7b7c570a5b71 None None] RequestId filter calling following filter/app {{(pid=110808) _context_setter /opt/stack/cinder/cinder/api/middleware/request_id.py:62}}
May 10 14:18:26.742466 dv-cinder-841125-4-iscsi devstack@c-api.service[110808]: INFO cinder.api.openstack.wsgi [None req-515976f4-0030-4217-81fd-7b7c570a5b71 tempest-VolumesSnapshotListTestJSON-1906639859 tempest-VolumesSnapshotListTestJSON-1906639859-project] GET http://10.222.0.58/volume/v3/64cdfef13989407893648db00239b75a/snapshots/2c569b1c-c1ff-4060-8f9d-09e1f93847be
May 10 14:18:26.743005 dv-cinder-841125-4-iscsi devstack@c-api.service[110808]: DEBUG cinder.api.openstack.wsgi [None req-515976f4-0030-4217-81fd-7b7c570a5b71 tempest-VolumesSnapshotListTestJSON-1906639859 tempest-VolumesSnapshotListTestJSON-1906639859-project] Empty body provided in request {{(pid=110808) get_body /opt/stack/cinder/cinder/api/openstack/wsgi.py:715}}
May 10 14:18:26.743369 dv-cinder-841125-4-iscsi devstack@c-api.service[110808]: DEBUG cinder.api.openstack.wsgi [None req-515976f4-0030-4217-81fd-7b7c570a5b71 tempest-VolumesSnapshotListTestJSON-1906639859 tempest-VolumesSnapshotListTestJSON-1906639859-project] Calling method 'show' {{(pid=110808) _process_stack /opt/stack/cinder/cinder/api/openstack/wsgi.py:868}}
May 10 14:18:26.752359 dv-cinder-841125-4-iscsi devstack@c-api.service[110808]: /usr/local/lib/python3.8/dist-packages/oslo_context/context.py:100: DeprecationWarning: Policy enforcement is depending on the value of is_admin. This key is deprecated. Please update your policy file to use the standard policy values.
May 10 14:18:26.752359 dv-cinder-841125-4-iscsi devstack@c-api.service[110808]: warnings.warn('Policy enforcement is depending on the value of '
May 10 14:18:26.753367 dv-cinder-841125-4-iscsi devstack@c-api.service[110808]: INFO cinder.volume.api [None req-515976f4-0030-4217-81fd-7b7c570a5b71 tempest-VolumesSnapshotListTestJSON-1906639859 tempest-VolumesSnapshotListTestJSON-1906639859-project] Snapshot retrieved successfully.
May 10 14:18:26.755228 dv-cinder-841125-4-iscsi devstack@c-api.service[110808]: INFO cinder.api.openstack.wsgi [None req-515976f4-0030-4217-81fd-7b7c570a5b71 tempest-VolumesSnapshotListTestJSON-1906639859 tempest-VolumesSnapshotListTestJSON-1906639859-project] http://10.222.0.58/volume/v3/64cdfef13989407893648db00239b75a/snapshots/2c569b1c-c1ff-4060-8f9d-09e1f93847be returned with HTTP 200
May 10 14:18:26.755939 dv-cinder-841125-4-iscsi devstack@c-api.service[110808]: [pid: 110808|app: 0|req: 234/444] 10.222.0.58 () {58 vars in 1330 bytes} [Tue May 10 14:18:26 2022] GET /volume/v3/64cdfef13989407893648db00239b75a/snapshots/2c569b1c-c1ff-4060-8f9d-09e1f93847be => generated 446 bytes in 21 msecs (HTTP/1.1 200) 7 headers in 285 bytes (2 switches on core 0)
May 10 14:18:26.757079 dv-cinder-841125-4-iscsi devstack@c-api.service[110808]: DEBUG cinder.api.middleware.request_id [None req-2c8e75af-04bd-449d-b639-1ffdad6d2b76 None None] RequestId filter calling following filter/app {{(pid=110808) _context_setter /opt/stack/cinder/cinder/api/middleware/request_id.py:62}}
May 10 14:18:26.760507 dv-cinder-841125-4-iscsi devstack@c-api.service[110808]: INFO cinder.api.openstack.wsgi [None req-2c8e75af-04bd-449d-b639-1ffdad6d2b76 tempest-VolumesSnapshotTestJSON-1071485369 tempest-VolumesSnapshotTestJSON-1071485369-project] GET http://10.222.0.58/volume/v3/709b9712f09a42a785d046e0c0f3846e/volumes/2ccd700a-edd1-4849-8705-72b6b4f707f1
May 10 14:18:26.760957 dv-cinder-841125-4-iscsi devstack@c-api.service[110808]: DEBUG cinder.api.openstack.wsgi [None req-2c8e75af-04bd-449d-b639-1ffdad6d2b76 tempest-VolumesSnapshotTestJSON-1071485369 tempest-VolumesSnapshotTestJSON-1071485369-project] Empty body provided in request {{(pid=110808) get_body /opt/stack/cinder/cinder/api/openstack/wsgi.py:715}}
May 10 14:18:26.761399 dv-cinder-841125-4-iscsi devstack@c-api.service[110808]: DEBUG cinder.api.openstack.wsgi [None req-2c8e75af-04bd-449d-b639-1ffdad6d2b76 tempest-VolumesSnapshotTestJSON-1071485369 tempest-VolumesSnapshotTestJSON-1071485369-project] Calling method 'show' {{(pid=110808) _process_stack /opt/stack/cinder/cinder/api/openstack/wsgi.py:868}}
May 10 14:18:26.765229 dv-cinder-841125-4-iscsi devstack@c-api.service[110809]: INFO cinder.api.openstack.wsgi [None req-fe2240fd-eb33-4f9a-879d-f1d13aacd06c tempest-VolumeQuotasNegativeTestJSON-547475596 tempest-VolumeQuotasNegativeTestJSON-547475596-project-admin] http://10.222.0.58/volume/v3/0a636dce4e8c47488685088b7e855b80/os-quota-sets/60b28373984a47cda134ce8849619220 returned with HTTP 200
May 10 14:18:26.766074 dv-cinder-841125-4-iscsi devstack@c-api.service[110809]: [pid: 110809|app: 0|req: 211/445] 10.222.0.58 () {60 vars in 1350 bytes} [Tue May 10 14:18:26 2022] PUT /volume/v3/0a636dce4e8c47488685088b7e855b80/os-quota-sets/60b28373984a47cda134ce8849619220 => generated 316 bytes in 199 msecs (HTTP/1.1 200) 7 headers in 285 bytes (1 switches on core 0)
May 10 14:18:26.773723 dv-cinder-841125-4-iscsi devstack@c-api.service[110809]: DEBUG cinder.api.middleware.request_id [None req-062c90b2-4b79-4f51-aedd-75902c6685c1 None None] RequestId filter calling following filter/app {{(pid=110809) _context_setter /opt/stack/cinder/cinder/api/middleware/request_id.py:62}}
May 10 14:18:26.775671 dv-cinder-841125-4-iscsi devstack@c-api.service[110808]: /usr/local/lib/python3.8/dist-packages/oslo_context/context.py:100: DeprecationWarning: Policy enforcement is depending on the value of is_admin. This key is deprecated. Please update your policy file to use the standard policy values.
May 10 14:18:26.775671 dv-cinder-841125-4-iscsi devstack@c-api.service[110808]: warnings.warn('Policy enforcement is depending on the value of '
May 10 14:18:26.777496 dv-cinder-841125-4-iscsi devstack@c-api.service[110809]: INFO cinder.api.openstack.wsgi [None req-062c90b2-4b79-4f51-aedd-75902c6685c1 tempest-VolumeQuotasNegativeTestJSON-1139544694 tempest-VolumeQuotasNegativeTestJSON-1139544694-project] POST http://10.222.0.58/volume/v3/60b28373984a47cda134ce8849619220/volumes
May 10 14:18:26.778275 dv-cinder-841125-4-iscsi devstack@c-api.service[110809]: DEBUG cinder.api.openstack.wsgi [None req-062c90b2-4b79-4f51-aedd-75902c6685c1 tempest-VolumeQuotasNegativeTestJSON-1139544694 tempest-VolumeQuotasNegativeTestJSON-1139544694-project] Action: 'create', calling method: create, body: {"volume": {"size": 2}} {{(pid=110809) _process_stack /opt/stack/cinder/cinder/api/openstack/wsgi.py:866}}
May 10 14:18:26.779243 dv-cinder-841125-4-iscsi devstack@c-api.service[110809]: DEBUG cinder.api.v3.volumes [None req-062c90b2-4b79-4f51-aedd-75902c6685c1 tempest-VolumeQuotasNegativeTestJSON-1139544694 tempest-VolumeQuotasNegativeTestJSON-1139544694-project] Create volume request body: {'volume': {'size': 2}} {{(pid=110809) create /opt/stack/cinder/cinder/api/v3/volumes.py:298}}
May 10 14:18:26.779614 dv-cinder-841125-4-iscsi devstack@c-api.service[110809]: INFO cinder.api.v3.volumes [None req-062c90b2-4b79-4f51-aedd-75902c6685c1 tempest-VolumeQuotasNegativeTestJSON-1139544694 tempest-VolumeQuotasNegativeTestJSON-1139544694-project] Create volume of 2 GB
May 10 14:18:26.783962 dv-cinder-841125-4-iscsi devstack@c-api.service[110808]: INFO cinder.volume.api [None req-2c8e75af-04bd-449d-b639-1ffdad6d2b76 tempest-VolumesSnapshotTestJSON-1071485369 tempest-VolumesSnapshotTestJSON-1071485369-project] Volume info retrieved successfully.
May 10 14:18:26.787701 dv-cinder-841125-4-iscsi devstack@c-api.service[110809]: INFO cinder.volume.api [None req-062c90b2-4b79-4f51-aedd-75902c6685c1 tempest-VolumeQuotasNegativeTestJSON-1139544694 tempest-VolumeQuotasNegativeTestJSON-1139544694-project] Availability Zones retrieved successfully.
May 10 14:18:26.793772 dv-cinder-841125-4-iscsi devstack@c-api.service[110808]: INFO cinder.api.openstack.wsgi [None req-2c8e75af-04bd-449d-b639-1ffdad6d2b76 tempest-VolumesSnapshotTestJSON-1071485369 tempest-VolumesSnapshotTestJSON-1071485369-project] http://10.222.0.58/volume/v3/709b9712f09a42a785d046e0c0f3846e/volumes/2ccd700a-edd1-4849-8705-72b6b4f707f1 returned with HTTP 200
May 10 14:18:26.794552 dv-cinder-841125-4-iscsi devstack@c-api.service[110808]: [pid: 110808|app: 0|req: 235/446] 10.222.0.58 () {58 vars in 1324 bytes} [Tue May 10 14:18:26 2022] GET /volume/v3/709b9712f09a42a785d046e0c0f3846e/volumes/2ccd700a-edd1-4849-8705-72b6b4f707f1 => generated 914 bytes in 38 msecs (HTTP/1.1 200) 7 headers in 285 bytes (1 switches on core 0)
May 10 14:18:26.805897 dv-cinder-841125-4-iscsi devstack@c-api.service[110809]: DEBUG cinder.volume.api [None req-062c90b2-4b79-4f51-aedd-75902c6685c1 tempest-VolumeQuotasNegativeTestJSON-1139544694 tempest-VolumeQuotasNegativeTestJSON-1139544694-project] Flow 'volume_create_api' (267a3caa-0525-48ed-8b87-1787dcbec55f) transitioned into state 'RUNNING' from state 'PENDING' {{(pid=110809) _flow_receiver /usr/local/lib/python3.8/dist-packages/taskflow/listeners/logging.py:141}}
May 10 14:18:26.808400 dv-cinder-841125-4-iscsi devstack@c-api.service[110809]: DEBUG cinder.volume.api [None req-062c90b2-4b79-4f51-aedd-75902c6685c1 tempest-VolumeQuotasNegativeTestJSON-1139544694 tempest-VolumeQuotasNegativeTestJSON-1139544694-project] Task 'cinder.volume.flows.api.create_volume.ExtractVolumeRequestTask;volume:create' (a933958f-fe71-4303-b8e1-1b7574f3a5ba) transitioned into state 'RUNNING' from state 'PENDING' {{(pid=110809) _task_receiver /usr/local/lib/python3.8/dist-packages/taskflow/listeners/logging.py:190}}
May 10 14:18:26.810927 dv-cinder-841125-4-iscsi devstack@c-api.service[110809]: DEBUG cinder.volume.flows.api.create_volume [None req-062c90b2-4b79-4f51-aedd-75902c6685c1 tempest-VolumeQuotasNegativeTestJSON-1139544694 tempest-VolumeQuotasNegativeTestJSON-1139544694-project] Validating volume size '2' using validate_int {{(pid=110809) _extract_size /opt/stack/cinder/cinder/volume/flows/api/create_volume.py:225}}
May 10 14:18:26.841378 dv-cinder-841125-4-iscsi devstack@c-api.service[110809]: DEBUG cinder.volume.api [None req-062c90b2-4b79-4f51-aedd-75902c6685c1 tempest-VolumeQuotasNegativeTestJSON-1139544694 tempest-VolumeQuotasNegativeTestJSON-1139544694-project] Task 'cinder.volume.flows.api.create_volume.ExtractVolumeRequestTask;volume:create' (a933958f-fe71-4303-b8e1-1b7574f3a5ba) transitioned into state 'SUCCESS' from state 'RUNNING' with result '{'size': 2, 'snapshot_id': None, 'source_volid': None, 'volume_type': VolumeType(created_at=2022-05-10T14:01:13Z,deleted=False,deleted_at=None,description='Default Volume Type',extra_specs={},id=031ea583-70b7-4817-be45-f5ef4ffd30c1,is_public=True,name='__DEFAULT__',projects=[],qos_specs=,qos_specs_id=None,updated_at=2022-05-10T14:01:13Z), 'volume_type_id': '031ea583-70b7-4817-be45-f5ef4ffd30c1', 'encryption_key_id': None, 'qos_specs': None, 'consistencygroup_id': None, 'cgsnapshot_id': None, 'group_id': None, 'replication_status': 'disabled', 'refresh_az': False, 'backup_id': None, 'multiattach': False, 'availability_zones': ['nova']}' {{(pid=110809) _task_receiver /usr/local/lib/python3.8/dist-packages/taskflow/listeners/logging.py:178}}
May 10 14:18:26.843388 dv-cinder-841125-4-iscsi devstack@c-api.service[110809]: DEBUG cinder.volume.api [None req-062c90b2-4b79-4f51-aedd-75902c6685c1 tempest-VolumeQuotasNegativeTestJSON-1139544694 tempest-VolumeQuotasNegativeTestJSON-1139544694-project] Task 'cinder.volume.flows.api.create_volume.QuotaReserveTask;volume:create' (e3d9e8c4-fbf5-44ec-8f32-de08714eeafb) transitioned into state 'RUNNING' from state 'PENDING' {{(pid=110809) _task_receiver /usr/local/lib/python3.8/dist-packages/taskflow/listeners/logging.py:190}}
May 10 14:18:26.881655 dv-cinder-841125-4-iscsi devstack@c-api.service[110809]: WARNING cinder.quota_utils [None req-062c90b2-4b79-4f51-aedd-75902c6685c1 tempest-VolumeQuotasNegativeTestJSON-1139544694 tempest-VolumeQuotasNegativeTestJSON-1139544694-project] Quota exceeded for 60b28373984a47cda134ce8849619220, tried to create 2G volume (1G of 1G already consumed).: cinder.exception.OverQuota: Quota exceeded for resources: ['gigabytes']
May 10 14:18:26.911533 dv-cinder-841125-4-iscsi devstack@c-api.service[110809]: WARNING cinder.volume.api [None req-062c90b2-4b79-4f51-aedd-75902c6685c1 tempest-VolumeQuotasNegativeTestJSON-1139544694 tempest-VolumeQuotasNegativeTestJSON-1139544694-project] Task 'cinder.volume.flows.api.create_volume.QuotaReserveTask;volume:create' (e3d9e8c4-fbf5-44ec-8f32-de08714eeafb) transitioned into state 'FAILURE' from state 'RUNNING'
May 10 14:18:26.911533 dv-cinder-841125-4-iscsi devstack@c-api.service[110809]: Failure: cinder.exception.VolumeSizeExceedsAvailableQuota: Requested volume or snapshot exceeds allowed gigabytes quota. Requested 2G, quota is 1G and 1G has been consumed.
May 10 14:18:26.916125 dv-cinder-841125-4-iscsi devstack@c-api.service[110809]: DEBUG cinder.volume.api [None req-062c90b2-4b79-4f51-aedd-75902c6685c1 tempest-VolumeQuotasNegativeTestJSON-1139544694 tempest-VolumeQuotasNegativeTestJSON-1139544694-project] Task 'cinder.volume.flows.api.create_volume.QuotaReserveTask;volume:create' (e3d9e8c4-fbf5-44ec-8f32-de08714eeafb) transitioned into state 'REVERTING' from state 'FAILURE' {{(pid=110809) _task_receiver /usr/local/lib/python3.8/dist-packages/taskflow/listeners/logging.py:190}}
May 10 14:18:26.918067 dv-cinder-841125-4-iscsi devstack@c-api.service[110809]: WARNING cinder.volume.api [None req-062c90b2-4b79-4f51-aedd-75902c6685c1 tempest-VolumeQuotasNegativeTestJSON-1139544694 tempest-VolumeQuotasNegativeTestJSON-1139544694-project] Task 'cinder.volume.flows.api.create_volume.QuotaReserveTask;volume:create' (e3d9e8c4-fbf5-44ec-8f32-de08714eeafb) transitioned into state 'REVERTED' from state 'REVERTING' with result 'None'
May 10 14:18:26.919765 dv-cinder-841125-4-iscsi devstack@c-api.service[110809]: DEBUG cinder.volume.api [None req-062c90b2-4b79-4f51-aedd-75902c6685c1 tempest-VolumeQuotasNegativeTestJSON-1139544694 tempest-VolumeQuotasNegativeTestJSON-1139544694-project] Task 'cinder.volume.flows.api.create_volume.ExtractVolumeRequestTask;volume:create' (a933958f-fe71-4303-b8e1-1b7574f3a5ba) transitioned into state 'REVERTING' from state 'SUCCESS' {{(pid=110809) _task_receiver /usr/local/lib/python3.8/dist-packages/taskflow/listeners/logging.py:190}}
May 10 14:18:26.921598 dv-cinder-841125-4-iscsi devstack@c-api.service[110809]: WARNING cinder.volume.api [None req-062c90b2-4b79-4f51-aedd-75902c6685c1 tempest-VolumeQuotasNegativeTestJSON-1139544694 tempest-VolumeQuotasNegativeTestJSON-1139544694-project] Task 'cinder.volume.flows.api.create_volume.ExtractVolumeRequestTask;volume:create' (a933958f-fe71-4303-b8e1-1b7574f3a5ba) transitioned into state 'REVERTED' from state 'REVERTING' with result 'None'
May 10 14:18:26.924492 dv-cinder-841125-4-iscsi devstack@c-api.service[110809]: WARNING cinder.volume.api [None req-062c90b2-4b79-4f51-aedd-75902c6685c1 tempest-VolumeQuotasNegativeTestJSON-1139544694 tempest-VolumeQuotasNegativeTestJSON-1139544694-project] Flow 'volume_create_api' (267a3caa-0525-48ed-8b87-1787dcbec55f) transitioned into state 'REVERTED' from state 'RUNNING'
May 10 14:18:26.925092 dv-cinder-841125-4-iscsi devstack@c-api.service[110809]: INFO cinder.api.middleware.fault [None req-062c90b2-4b79-4f51-aedd-75902c6685c1 tempest-VolumeQuotasNegativeTestJSON-1139544694 tempest-VolumeQuotasNegativeTestJSON-1139544694-project] http://10.222.0.58/volume/v3/60b28373984a47cda134ce8849619220/volumes returned with HTTP 413
May 10 14:18:26.926729 dv-cinder-841125-4-iscsi devstack@c-api.service[110809]: [pid: 110809|app: 0|req: 212/447] 10.222.0.58 () {60 vars in 1234 bytes} [Tue May 10 14:18:26 2022] POST /volume/v3/60b28373984a47cda134ce8849619220/volumes => generated 208 bytes in 154 msecs (HTTP/1.1 413) 8 headers in 323 bytes (2 switches on core 0)
May 10 14:18:26.932061 dv-cinder-841125-4-iscsi devstack@c-api.service[110808]: DEBUG cinder.api.middleware.request_id [None req-2c25243c-31be-4cad-bf6e-0c359211866b None None] RequestId filter calling following filter/app {{(pid=110808) _context_setter /opt/stack/cinder/cinder/api/middleware/request_id.py:62}}
May 10 14:18:26.936617 dv-cinder-841125-4-iscsi devstack@c-api.service[110808]: INFO cinder.api.openstack.wsgi [None req-2c25243c-31be-4cad-bf6e-0c359211866b tempest-VolumeQuotasNegativeTestJSON-547475596 tempest-VolumeQuotasNegativeTestJSON-547475596-project-admin] PUT http://10.222.0.58/volume/v3/0a636dce4e8c47488685088b7e855b80/os-quota-sets/60b28373984a47cda134ce8849619220
May 10 14:18:26.937307 dv-cinder-841125-4-iscsi devstack@c-api.service[110808]: DEBUG cinder.api.openstack.wsgi [None req-2c25243c-31be-4cad-bf6e-0c359211866b tempest-VolumeQuotasNegativeTestJSON-547475596 tempest-VolumeQuotasNegativeTestJSON-547475596-project-admin] Action: 'update', calling method: update, body: {"quota_set": {"volumes": 1, "gigabytes": -1}} {{(pid=110808) _process_stack /opt/stack/cinder/cinder/api/openstack/wsgi.py:866}}
May 10 14:18:27.097022 dv-cinder-841125-4-iscsi devstack@c-api.service[110808]: INFO cinder.api.openstack.wsgi [None req-2c25243c-31be-4cad-bf6e-0c359211866b tempest-VolumeQuotasNegativeTestJSON-547475596 tempest-VolumeQuotasNegativeTestJSON-547475596-project-admin] http://10.222.0.58/volume/v3/0a636dce4e8c47488685088b7e855b80/os-quota-sets/60b28373984a47cda134ce8849619220 returned with HTTP 200
May 10 14:18:27.097720 dv-cinder-841125-4-iscsi devstack@c-api.service[110808]: [pid: 110808|app: 0|req: 236/448] 10.222.0.58 () {60 vars in 1350 bytes} [Tue May 10 14:18:26 2022] PUT /volume/v3/0a636dce4e8c47488685088b7e855b80/os-quota-sets/60b28373984a47cda134ce8849619220 => generated 316 bytes in 167 msecs (HTTP/1.1 200) 7 headers in 285 bytes (1 switches on core 0)
May 10 14:18:27.104511 dv-cinder-841125-4-iscsi devstack@c-api.service[110809]: DEBUG cinder.api.middleware.request_id [None req-510ae365-f05b-4c40-a6c9-d0668f0547da None None] RequestId filter calling following filter/app {{(pid=110809) _context_setter /opt/stack/cinder/cinder/api/middleware/request_id.py:62}}
May 10 14:18:27.108290 dv-cinder-841125-4-iscsi devstack@c-api.service[110809]: INFO cinder.api.openstack.wsgi [None req-510ae365-f05b-4c40-a6c9-d0668f0547da tempest-VolumeQuotasNegativeTestJSON-1139544694 tempest-VolumeQuotasNegativeTestJSON-1139544694-project] POST http://10.222.0.58/volume/v3/60b28373984a47cda134ce8849619220/volumes
May 10 14:18:27.110513 dv-cinder-841125-4-iscsi devstack@c-api.service[110809]: DEBUG cinder.api.openstack.wsgi [None req-510ae365-f05b-4c40-a6c9-d0668f0547da tempest-VolumeQuotasNegativeTestJSON-1139544694 tempest-VolumeQuotasNegativeTestJSON-1139544694-project] Action: 'create', calling method: create, body: {"volume": {"size": 1}} {{(pid=110809) _process_stack /opt/stack/cinder/cinder/api/openstack/wsgi.py:866}}
May 10 14:18:27.110513 dv-cinder-841125-4-iscsi devstack@c-api.service[110809]: DEBUG cinder.api.v3.volumes [None req-510ae365-f05b-4c40-a6c9-d0668f0547da tempest-VolumeQuotasNegativeTestJSON-1139544694 tempest-VolumeQuotasNegativeTestJSON-1139544694-project] Create volume request body: {'volume': {'size': 1}} {{(pid=110809) create /opt/stack/cinder/cinder/api/v3/volumes.py:298}}
May 10 14:18:27.110513 dv-cinder-841125-4-iscsi devstack@c-api.service[110809]: INFO cinder.api.v3.volumes [None req-510ae365-f05b-4c40-a6c9-d0668f0547da tempest-VolumeQuotasNegativeTestJSON-1139544694 tempest-VolumeQuotasNegativeTestJSON-1139544694-project] Create volume of 1 GB
May 10 14:18:27.110777 dv-cinder-841125-4-iscsi devstack@c-api.service[110809]: /usr/local/lib/python3.8/dist-packages/oslo_context/context.py:100: DeprecationWarning: Policy enforcement is depending on the value of is_admin. This key is deprecated. Please update your policy file to use the standard policy values.
May 10 14:18:27.110777 dv-cinder-841125-4-iscsi devstack@c-api.service[110809]: warnings.warn('Policy enforcement is depending on the value of '
May 10 14:18:27.117047 dv-cinder-841125-4-iscsi devstack@c-api.service[110809]: INFO cinder.volume.api [None req-510ae365-f05b-4c40-a6c9-d0668f0547da tempest-VolumeQuotasNegativeTestJSON-1139544694 tempest-VolumeQuotasNegativeTestJSON-1139544694-project] Availability Zones retrieved successfully.
May 10 14:18:27.132876 dv-cinder-841125-4-iscsi devstack@c-api.service[110809]: DEBUG cinder.volume.api [None req-510ae365-f05b-4c40-a6c9-d0668f0547da tempest-VolumeQuotasNegativeTestJSON-1139544694 tempest-VolumeQuotasNegativeTestJSON-1139544694-project] Flow 'volume_create_api' (5a967474-af81-45e2-a345-da3d62598590) transitioned into state 'RUNNING' from state 'PENDING' {{(pid=110809) _flow_receiver /usr/local/lib/python3.8/dist-packages/taskflow/listeners/logging.py:141}}
May 10 14:18:27.135373 dv-cinder-841125-4-iscsi devstack@c-api.service[110809]: DEBUG cinder.volume.api [None req-510ae365-f05b-4c40-a6c9-d0668f0547da tempest-VolumeQuotasNegativeTestJSON-1139544694 tempest-VolumeQuotasNegativeTestJSON-1139544694-project] Task 'cinder.volume.flows.api.create_volume.ExtractVolumeRequestTask;volume:create' (c281e6e2-5fa3-4dae-ac68-eb28460a49bb) transitioned into state 'RUNNING' from state 'PENDING' {{(pid=110809) _task_receiver /usr/local/lib/python3.8/dist-packages/taskflow/listeners/logging.py:190}}
May 10 14:18:27.137711 dv-cinder-841125-4-iscsi devstack@c-api.service[110809]: DEBUG cinder.volume.flows.api.create_volume [None req-510ae365-f05b-4c40-a6c9-d0668f0547da tempest-VolumeQuotasNegativeTestJSON-1139544694 tempest-VolumeQuotasNegativeTestJSON-1139544694-project] Validating volume size '1' using validate_int {{(pid=110809) _extract_size /opt/stack/cinder/cinder/volume/flows/api/create_volume.py:225}}
May 10 14:18:27.167379 dv-cinder-841125-4-iscsi devstack@c-api.service[110809]: DEBUG cinder.volume.api [None req-510ae365-f05b-4c40-a6c9-d0668f0547da tempest-VolumeQuotasNegativeTestJSON-1139544694 tempest-VolumeQuotasNegativeTestJSON-1139544694-project] Task 'cinder.volume.flows.api.create_volume.ExtractVolumeRequestTask;volume:create' (c281e6e2-5fa3-4dae-ac68-eb28460a49bb) transitioned into state 'SUCCESS' from state 'RUNNING' with result '{'size': 1, 'snapshot_id': None, 'source_volid': None, 'volume_type': VolumeType(created_at=2022-05-10T14:01:13Z,deleted=False,deleted_at=None,description='Default Volume Type',extra_specs={},id=031ea583-70b7-4817-be45-f5ef4ffd30c1,is_public=True,name='__DEFAULT__',projects=[],qos_specs=,qos_specs_id=None,updated_at=2022-05-10T14:01:13Z), 'volume_type_id': '031ea583-70b7-4817-be45-f5ef4ffd30c1', 'encryption_key_id': None, 'qos_specs': None, 'consistencygroup_id': None, 'cgsnapshot_id': None, 'group_id': None, 'replication_status': 'disabled', 'refresh_az': False, 'backup_id': None, 'multiattach': False, 'availability_zones': ['nova']}' {{(pid=110809) _task_receiver /usr/local/lib/python3.8/dist-packages/taskflow/listeners/logging.py:178}}
May 10 14:18:27.169321 dv-cinder-841125-4-iscsi devstack@c-api.service[110809]: DEBUG cinder.volume.api [None req-510ae365-f05b-4c40-a6c9-d0668f0547da tempest-VolumeQuotasNegativeTestJSON-1139544694 tempest-VolumeQuotasNegativeTestJSON-1139544694-project] Task 'cinder.volume.flows.api.create_volume.QuotaReserveTask;volume:create' (c337ccf0-9078-4200-906f-a66e007ea59b) transitioned into state 'RUNNING' from state 'PENDING' {{(pid=110809) _task_receiver /usr/local/lib/python3.8/dist-packages/taskflow/listeners/logging.py:190}}
May 10 14:18:27.206085 dv-cinder-841125-4-iscsi devstack@c-api.service[110809]: WARNING cinder.quota_utils [None req-510ae365-f05b-4c40-a6c9-d0668f0547da tempest-VolumeQuotasNegativeTestJSON-1139544694 tempest-VolumeQuotasNegativeTestJSON-1139544694-project] Quota exceeded for 60b28373984a47cda134ce8849619220, tried to create volume (1 volumes already consumed).: cinder.exception.OverQuota: Quota exceeded for resources: ['volumes']
May 10 14:18:27.207822 dv-cinder-841125-4-iscsi devstack@c-api.service[110809]: WARNING cinder.volume.api [None req-510ae365-f05b-4c40-a6c9-d0668f0547da tempest-VolumeQuotasNegativeTestJSON-1139544694 tempest-VolumeQuotasNegativeTestJSON-1139544694-project] Task 'cinder.volume.flows.api.create_volume.QuotaReserveTask;volume:create' (c337ccf0-9078-4200-906f-a66e007ea59b) transitioned into state 'FAILURE' from state 'RUNNING'
May 10 14:18:27.207822 dv-cinder-841125-4-iscsi devstack@c-api.service[110809]: Failure: cinder.exception.VolumeLimitExceeded: Maximum number of volumes allowed (1) exceeded for quota 'volumes'.
May 10 14:18:27.212049 dv-cinder-841125-4-iscsi devstack@c-api.service[110809]: DEBUG cinder.volume.api [None req-510ae365-f05b-4c40-a6c9-d0668f0547da tempest-VolumeQuotasNegativeTestJSON-1139544694 tempest-VolumeQuotasNegativeTestJSON-1139544694-project] Task 'cinder.volume.flows.api.create_volume.QuotaReserveTask;volume:create' (c337ccf0-9078-4200-906f-a66e007ea59b) transitioned into state 'REVERTING' from state 'FAILURE' {{(pid=110809) _task_receiver /usr/local/lib/python3.8/dist-packages/taskflow/listeners/logging.py:190}}
May 10 14:18:27.213878 dv-cinder-841125-4-iscsi devstack@c-api.service[110809]: WARNING cinder.volume.api [None req-510ae365-f05b-4c40-a6c9-d0668f0547da tempest-VolumeQuotasNegativeTestJSON-1139544694 tempest-VolumeQuotasNegativeTestJSON-1139544694-project] Task 'cinder.volume.flows.api.create_volume.QuotaReserveTask;volume:create' (c337ccf0-9078-4200-906f-a66e007ea59b) transitioned into state 'REVERTED' from state 'REVERTING' with result 'None'
May 10 14:18:27.215565 dv-cinder-841125-4-iscsi devstack@c-api.service[110809]: DEBUG cinder.volume.api [None req-510ae365-f05b-4c40-a6c9-d0668f0547da tempest-VolumeQuotasNegativeTestJSON-1139544694 tempest-VolumeQuotasNegativeTestJSON-1139544694-project] Task 'cinder.volume.flows.api.create_volume.ExtractVolumeRequestTask;volume:create' (c281e6e2-5fa3-4dae-ac68-eb28460a49bb) transitioned into state 'REVERTING' from state 'SUCCESS' {{(pid=110809) _task_receiver /usr/local/lib/python3.8/dist-packages/taskflow/listeners/logging.py:190}}
