May 09 18:44:16.431399 dv-cinder-841125-3-smb neutron-server[110366]: DEBUG neutron_lib.callbacks.manager [None req-8f9c1183-17b8-4c4f-a9f5-79e6a7441825 None None] Publish callbacks ['neutron.plugins.ml2.plugin.SecurityGroupServerNotifierRpcMixin._notify_sg_on_port_change-1532877', 'neutron.plugins.ml2.ovo_rpc._ObjectChangeHandler.handle_event-241920', 'neutron.api.rpc.agentnotifiers.dhcp_rpc_agent_api.DhcpAgentNotifyAPI._native_event_send_dhcp_notification-486480', 'neutron.db.l3_db.L3RpcNotifierMixin._notify_gateway_port_ip_changed-8737769676939', 'neutron.db.l3_dvrscheduler_db._notify_l3_agent_port_update-8737769155175', 'neutron.db.l3_hascheduler_db._notify_l3_agent_ha_port_update-8737769155193'] for port (07325126-8f80-4df3-89b9-a3be6b04bd27), after_update {{(pid=110366) _notify_loop /usr/local/lib/python3.8/dist-packages/neutron_lib/callbacks/manager.py:176}}
May 09 18:44:16.471314 dv-cinder-841125-3-smb neutron-server[110365]: DEBUG neutron_lib.callbacks.manager [None req-d0b8ee29-36b1-4553-9388-b7a0b57c8530 admin admin] Publish callbacks ['neutron.plugins.ml2.ovo_rpc._ObjectChangeHandler.handle_event-269691'] for security_group (7c7436f1-b4c7-4492-97b4-e31c1e198b64), after_create {{(pid=110365) _notify_loop /usr/local/lib/python3.8/dist-packages/neutron_lib/callbacks/manager.py:176}}
May 09 18:44:16.503927 dv-cinder-841125-3-smb neutron-server[110366]: DEBUG neutron.api.rpc.handlers.resources_rpc [None req-8f9c1183-17b8-4c4f-a9f5-79e6a7441825 None None] Pushing event updated for resources: {'Port': ['ID=07325126-8f80-4df3-89b9-a3be6b04bd27,revision_number=5']} {{(pid=110366) push /opt/stack/neutron/neutron/api/rpc/handlers/resources_rpc.py:237}}
May 09 18:44:16.540815 dv-cinder-841125-3-smb neutron-server[110365]: INFO neutron.wsgi [req-90ff36ad-d651-499d-9575-3de9a55127b0 req-2b4834f9-4719-4ff9-9b30-73df88f3bfe6 tempest-AttachVolumeTestJSON-1221230608 tempest-AttachVolumeTestJSON-1221230608-project] 10.222.0.76 "GET /v2.0/security-groups?name=tempest-securitygroup--276181561&fields=id&tenant_id=6afc64c7fdda4adeb65471f1ca5e8360 HTTP/1.1" status: 200 len: 267 time: 0.2504914
May 09 18:44:16.546947 dv-cinder-841125-3-smb neutron-server[110365]: DEBUG neutron.db.db_base_plugin_common [None req-3b68491c-c88c-4c26-a414-088a0bc0f702 tempest-AttachVolumeShelveTestJSON-1354315422 tempest-AttachVolumeShelveTestJSON-1354315422-project] Allocated IP 172.28.0.233 (3c0f588e-c038-4cfe-9f4b-97cb5cda97b2/f7a090d3-151c-44d5-858c-b82d0ca0eb06/8541db26-48b7-46c3-a4fb-04d81dd49be7) {{(pid=110365) _store_ip_allocation /opt/stack/neutron/neutron/db/db_base_plugin_common.py:131}}
May 09 18:44:16.583042 dv-cinder-841125-3-smb neutron-server[110365]: DEBUG neutron.pecan_wsgi.hooks.policy_enforcement [req-705fa8d6-6557-4a4e-9b7c-319eea60038c req-dd0b462a-d012-483c-a942-3368ee83ed86 service neutron] Attributes excluded by policy engine: ['standard_attr_id', 'vlan_transparent'] {{(pid=110365) _exclude_attributes_by_policy /opt/stack/neutron/neutron/pecan_wsgi/hooks/policy_enforcement.py:259}}
May 09 18:44:16.584501 dv-cinder-841125-3-smb neutron-server[110365]: INFO neutron.wsgi [req-705fa8d6-6557-4a4e-9b7c-319eea60038c req-dd0b462a-d012-483c-a942-3368ee83ed86 service neutron] 10.222.0.61 "GET /v2.0/networks?shared=True HTTP/1.1" status: 200 len: 870 time: 0.6754320
May 09 18:44:16.645207 dv-cinder-841125-3-smb neutron-server[110365]: INFO neutron.wsgi [None req-d0b8ee29-36b1-4553-9388-b7a0b57c8530 admin admin] 10.222.0.76 "GET /v2.0/security-groups?tenant_id=9ab53c9f2a3d49f8bd9340e9fc9751ae&name=default HTTP/1.1" status: 200 len: 2996 time: 1.6770291
May 09 18:44:16.652556 dv-cinder-841125-3-smb neutron-server[110365]: INFO neutron.wsgi [req-3557032c-06de-4beb-8736-a63820ef0e8c req-9de8f995-3bab-40b2-b2b1-3b593eb6d686 tempest-DeleteServersTestJSON-1422165458 tempest-DeleteServersTestJSON-1422165458-project] 10.222.0.76 "GET /v2.0/security-groups?id=0c6b4009-7f31-4e81-beb9-e1aff0c1b4ce&fields=id&fields=name HTTP/1.1" status: 200 len: 286 time: 0.2667623
May 09 18:44:16.654577 dv-cinder-841125-3-smb neutron-server[110364]: DEBUG neutron.wsgi [-] (110364) accepted ('10.222.0.76', 55368) {{(pid=110364) server /usr/local/lib/python3.8/dist-packages/eventlet/wsgi.py:1004}}
May 09 18:44:16.711774 dv-cinder-841125-3-smb neutron-server[110366]: DEBUG novaclient.v2.client [-] REQ: curl -g -i --cacert "/opt/stack/data/ca-bundle.pem" -X POST http://10.222.0.76/compute/v2.1/os-server-external-events -H "Accept: application/json" -H "Content-Type: application/json" -H "User-Agent: python-novaclient" -H "X-Auth-Token: {SHA256}372dc9eb49c23e5d015e02fa0208d4d355acb8599a767e7284e9beb74b546dcd" -H "X-OpenStack-Nova-API-Version: 2.1" -H "X-OpenStack-Request-ID: req-ab66f31f-16c2-49aa-ab0f-13ac595a5e56" -d '{"events": [{"server_uuid": "bef50e81-ef75-4b77-8952-14571d98d6b2", "name": "network-vif-plugged", "status": "completed", "tag": "07325126-8f80-4df3-89b9-a3be6b04bd27"}]}' {{(pid=110366) _http_log_request /usr/local/lib/python3.8/dist-packages/keystoneauth1/session.py:519}}
May 09 18:44:16.714054 dv-cinder-841125-3-smb neutron-server[110365]: DEBUG neutron.api.rpc.handlers.resources_rpc [None req-d0b8ee29-36b1-4553-9388-b7a0b57c8530 admin admin] Pushing event updated for resources: {'SecurityGroup': ['ID=7c7436f1-b4c7-4492-97b4-e31c1e198b64,revision_number=1']} {{(pid=110365) push /opt/stack/neutron/neutron/api/rpc/handlers/resources_rpc.py:237}}
May 09 18:44:16.718992 dv-cinder-841125-3-smb neutron-server[110365]: DEBUG neutron.wsgi [-] (110365) accepted ('10.222.0.76', 55372) {{(pid=110365) server /usr/local/lib/python3.8/dist-packages/eventlet/wsgi.py:1004}}
May 09 18:44:16.728963 dv-cinder-841125-3-smb neutron-server[110364]: DEBUG neutron_lib.callbacks.manager [None req-700c7ee4-fa9c-4a69-8e36-fed12aa32430 admin admin] Publish callbacks [] for security_group (7c7436f1-b4c7-4492-97b4-e31c1e198b64), before_delete {{(pid=110364) _notify_loop /usr/local/lib/python3.8/dist-packages/neutron_lib/callbacks/manager.py:176}}
May 09 18:44:16.755526 dv-cinder-841125-3-smb neutron-server[110364]: DEBUG neutron_lib.callbacks.manager [None req-700c7ee4-fa9c-4a69-8e36-fed12aa32430 admin admin] Publish callbacks [] for security_group (7c7436f1-b4c7-4492-97b4-e31c1e198b64), precommit_delete {{(pid=110364) _notify_loop /usr/local/lib/python3.8/dist-packages/neutron_lib/callbacks/manager.py:176}}
May 09 18:44:16.758566 dv-cinder-841125-3-smb neutron-server[110365]: DEBUG neutron_lib.callbacks.manager [None req-a94ee926-701f-464f-a912-99f0e58b52b2 admin admin] Publish callbacks [] for security_group (None), before_create {{(pid=110365) _notify_loop /usr/local/lib/python3.8/dist-packages/neutron_lib/callbacks/manager.py:176}}
May 09 18:44:16.840734 dv-cinder-841125-3-smb neutron-server[110365]: DEBUG neutron.pecan_wsgi.hooks.policy_enforcement [req-90ff36ad-d651-499d-9575-3de9a55127b0 req-fe3c8237-4766-4925-8ccc-1fa6da189c44 tempest-AttachVolumeTestJSON-1221230608 tempest-AttachVolumeTestJSON-1221230608-project] Attributes excluded by policy engine: ['standard_attr_id', 'vlan_transparent', 'provider:network_type', 'provider:physical_network', 'provider:segmentation_id'] {{(pid=110365) _exclude_attributes_by_policy /opt/stack/neutron/neutron/pecan_wsgi/hooks/policy_enforcement.py:259}}
May 09 18:44:16.842493 dv-cinder-841125-3-smb neutron-server[110365]: INFO neutron.wsgi [req-90ff36ad-d651-499d-9575-3de9a55127b0 req-fe3c8237-4766-4925-8ccc-1fa6da189c44 tempest-AttachVolumeTestJSON-1221230608 tempest-AttachVolumeTestJSON-1221230608-project] 10.222.0.76 "GET /v2.0/networks?id=fb4801a3-4d52-470a-b52f-77051f5631dc HTTP/1.1" status: 200 len: 810 time: 0.2798123
May 09 18:44:16.910901 dv-cinder-841125-3-smb neutron-server[110364]: DEBUG neutron_lib.callbacks.manager [None req-700c7ee4-fa9c-4a69-8e36-fed12aa32430 admin admin] Publish callbacks ['neutron.plugins.ml2.ovo_rpc._ObjectChangeHandler.handle_event-269691'] for security_group (7c7436f1-b4c7-4492-97b4-e31c1e198b64), after_delete {{(pid=110364) _notify_loop /usr/local/lib/python3.8/dist-packages/neutron_lib/callbacks/manager.py:176}}
May 09 18:44:16.911107 dv-cinder-841125-3-smb neutron-server[110364]: DEBUG neutron_lib.callbacks.manager [None req-700c7ee4-fa9c-4a69-8e36-fed12aa32430 admin admin] Publish callbacks [] for security_group (None), before_response {{(pid=110364) _notify_loop /usr/local/lib/python3.8/dist-packages/neutron_lib/callbacks/manager.py:176}}
May 09 18:44:16.912377 dv-cinder-841125-3-smb neutron-server[110364]: INFO neutron.wsgi [None req-700c7ee4-fa9c-4a69-8e36-fed12aa32430 admin admin] 10.222.0.76 "DELETE /v2.0/security-groups/7c7436f1-b4c7-4492-97b4-e31c1e198b64 HTTP/1.1" status: 204 len: 168 time: 0.2568545
May 09 18:44:16.921739 dv-cinder-841125-3-smb neutron-server[110364]: DEBUG neutron.api.rpc.handlers.resources_rpc [None req-700c7ee4-fa9c-4a69-8e36-fed12aa32430 admin admin] Pushing event deleted for resources: {'SecurityGroup': ['ID=7c7436f1-b4c7-4492-97b4-e31c1e198b64,revision_number=None']} {{(pid=110364) push /opt/stack/neutron/neutron/api/rpc/handlers/resources_rpc.py:237}}
May 09 18:44:16.929957 dv-cinder-841125-3-smb neutron-server[110365]: INFO neutron.wsgi [req-90ff36ad-d651-499d-9575-3de9a55127b0 req-3134c70a-b28d-4ae9-8ac4-7787887ae231 tempest-AttachVolumeTestJSON-1221230608 tempest-AttachVolumeTestJSON-1221230608-project] 10.222.0.76 "GET /v2.0/quotas/6afc64c7fdda4adeb65471f1ca5e8360 HTTP/1.1" status: 200 len: 375 time: 0.0555592
May 09 18:44:16.945863 dv-cinder-841125-3-smb neutron-server[110365]: DEBUG neutron.pecan_wsgi.hooks.policy_enforcement [req-fc61ae12-d0a8-4b2a-978e-2279b7ca6db2 req-02433e1b-519e-45a8-a8c7-735e86172d5d tempest-ServerRescueNegativeTestJSON-1708194103 tempest-ServerRescueNegativeTestJSON-1708194103-project] Attributes excluded by policy engine: ['standard_attr_id', 'binding:profile', 'binding:host_id', 'binding:vif_type', 'binding:vif_details'] {{(pid=110365) _exclude_attributes_by_policy /opt/stack/neutron/neutron/pecan_wsgi/hooks/policy_enforcement.py:259}}
May 09 18:44:16.950841 dv-cinder-841125-3-smb neutron-server[110365]: INFO neutron.wsgi [req-fc61ae12-d0a8-4b2a-978e-2279b7ca6db2 req-02433e1b-519e-45a8-a8c7-735e86172d5d tempest-ServerRescueNegativeTestJSON-1708194103 tempest-ServerRescueNegativeTestJSON-1708194103-project] 10.222.0.76 "GET /v2.0/ports?device_id=040b66cf-7458-449a-97c4-bfce6d35d126 HTTP/1.1" status: 200 len: 943 time: 0.1592448
May 09 18:44:17.059807 dv-cinder-841125-3-smb neutron-server[110366]: DEBUG neutron_lib.callbacks.manager [None req-cafb19ce-92a2-4253-989c-10538ebf0e01 None None] Publish callbacks ['neutron.services.segments.db._update_segment_host_mapping_for_agent-8737769632260', 'neutron.plugins.ml2.plugin.Ml2Plugin._retry_binding_revived_agents-1361065'] for agent (80c31309-829f-4a7b-9771-e46962b366e7), after_update {{(pid=110366) _notify_loop /usr/local/lib/python3.8/dist-packages/neutron_lib/callbacks/manager.py:176}}
May 09 18:44:17.072160 dv-cinder-841125-3-smb neutron-server[110365]: DEBUG neutron.pecan_wsgi.hooks.policy_enforcement [req-7f5e01df-f4a5-4a4a-820a-4fe5cb41d713 req-eb1eb129-44db-431c-9e08-9f181f6a7dd8 service neutron] Attributes excluded by policy engine: ['standard_attr_id'] {{(pid=110365) _exclude_attributes_by_policy /opt/stack/neutron/neutron/pecan_wsgi/hooks/policy_enforcement.py:259}}
May 09 18:44:17.073679 dv-cinder-841125-3-smb neutron-server[110365]: INFO neutron.wsgi [req-7f5e01df-f4a5-4a4a-820a-4fe5cb41d713 req-eb1eb129-44db-431c-9e08-9f181f6a7dd8 service neutron] 10.222.0.61 "GET /v2.0/ports?tenant_id=e057754c25e8487ab0f24908357b9a31&device_id=040b66cf-7458-449a-97c4-bfce6d35d126 HTTP/1.1" status: 200 len: 1127 time: 0.1714551
May 09 18:44:17.097839 dv-cinder-841125-3-smb neutron-server[110365]: INFO neutron.wsgi [req-90ff36ad-d651-499d-9575-3de9a55127b0 req-5748b07d-f58b-4853-902d-388e47db2cf8 tempest-AttachVolumeTestJSON-1221230608 tempest-AttachVolumeTestJSON-1221230608-project] 10.222.0.76 "GET /v2.0/ports?tenant_id=6afc64c7fdda4adeb65471f1ca5e8360&fields=id HTTP/1.1" status: 200 len: 302 time: 0.1350987
May 09 18:44:17.156619 dv-cinder-841125-3-smb neutron-server[110365]: INFO neutron.wsgi [req-7f5e01df-f4a5-4a4a-820a-4fe5cb41d713 req-b5dfc7cf-cd0f-4c10-83ce-48fe27c376e9 service neutron] 10.222.0.61 "GET /v2.0/floatingips?fixed_ip_address=172.20.0.9&port_id=ce08d022-0c12-4568-85bf-3ffd898966a5 HTTP/1.1" status: 200 len: 217 time: 0.0631969
May 09 18:44:17.171363 dv-cinder-841125-3-smb neutron-server[110365]: INFO neutron.wsgi [req-fc61ae12-d0a8-4b2a-978e-2279b7ca6db2 req-15a118bd-5eab-4601-855e-006ff2e8415f tempest-ServerRescueNegativeTestJSON-1708194103 tempest-ServerRescueNegativeTestJSON-1708194103-project] 10.222.0.76 "GET /v2.0/security-groups?id=1037e4f4-1ce9-45e2-af50-626ce4887275&fields=id&fields=name HTTP/1.1" status: 200 len: 286 time: 0.2194910
May 09 18:44:17.273871 dv-cinder-841125-3-smb neutron-server[110365]: DEBUG neutron_lib.callbacks.manager [None req-3b68491c-c88c-4c26-a414-088a0bc0f702 tempest-AttachVolumeShelveTestJSON-1354315422 tempest-AttachVolumeShelveTestJSON-1354315422-project] Publish callbacks [] for port (8541db26-48b7-46c3-a4fb-04d81dd49be7), precommit_create {{(pid=110365) _notify_loop /usr/local/lib/python3.8/dist-packages/neutron_lib/callbacks/manager.py:176}}
May 09 18:44:17.298486 dv-cinder-841125-3-smb neutron-server[110364]: DEBUG neutron.pecan_wsgi.hooks.policy_enforcement [req-29e3499f-9460-4378-b560-2687e1f2ccc2 req-c110b2d6-8152-4fec-8126-81b63b334d95 tempest-AttachVolumeNegativeTest-665604237 tempest-AttachVolumeNegativeTest-665604237-project] Attributes excluded by policy engine: ['standard_attr_id', 'vlan_transparent', 'provider:network_type', 'provider:physical_network', 'provider:segmentation_id'] {{(pid=110364) _exclude_attributes_by_policy /opt/stack/neutron/neutron/pecan_wsgi/hooks/policy_enforcement.py:259}}
May 09 18:44:17.299939 dv-cinder-841125-3-smb neutron-server[110364]: INFO neutron.wsgi [req-29e3499f-9460-4378-b560-2687e1f2ccc2 req-c110b2d6-8152-4fec-8126-81b63b334d95 tempest-AttachVolumeNegativeTest-665604237 tempest-AttachVolumeNegativeTest-665604237-project] 10.222.0.61 "GET /v2.0/networks?id=211caf85-cc37-4d33-ac02-f71edc0eb0a1 HTTP/1.1" status: 200 len: 814 time: 0.1157787
May 09 18:44:17.319522 dv-cinder-841125-3-smb neutron-server[110365]: INFO neutron.wsgi [req-c29c4b47-9e6e-47b7-b739-17b173dc9585 req-366a79da-e107-42d4-93b6-05c41385279d tempest-AttachVolumeNegativeTest-665604237 tempest-AttachVolumeNegativeTest-665604237-project] 10.222.0.76 "GET /v2.0/ports?device_id=f840e3b3-5533-4ae6-977f-40293045fa5a HTTP/1.1" status: 200 len: 210 time: 0.0640433
May 09 18:44:17.349389 dv-cinder-841125-3-smb neutron-server[110365]: DEBUG neutron_lib.callbacks.manager [None req-a94ee926-701f-464f-a912-99f0e58b52b2 admin admin] Publish callbacks [] for security_group (3c005b6f-273c-42d0-8d35-db62222b07f1), precommit_create {{(pid=110365) _notify_loop /usr/local/lib/python3.8/dist-packages/neutron_lib/callbacks/manager.py:176}}
May 09 18:44:17.353488 dv-cinder-841125-3-smb neutron-server[110365]: DEBUG neutron.pecan_wsgi.hooks.policy_enforcement [req-7f5e01df-f4a5-4a4a-820a-4fe5cb41d713 req-5a0cfbd3-193c-40a8-b90f-eac70d5c433b service neutron] Attributes excluded by policy engine: ['standard_attr_id', 'shared'] {{(pid=110365) _exclude_attributes_by_policy /opt/stack/neutron/neutron/pecan_wsgi/hooks/policy_enforcement.py:259}}
May 09 18:44:17.354895 dv-cinder-841125-3-smb neutron-server[110365]: INFO neutron.wsgi [req-7f5e01df-f4a5-4a4a-820a-4fe5cb41d713 req-5a0cfbd3-193c-40a8-b90f-eac70d5c433b service neutron] 10.222.0.61 "GET /v2.0/subnets?id=c1ae08f0-b786-4c3e-aca1-8b469877a6d9 HTTP/1.1" status: 200 len: 857 time: 0.1513536
May 09 18:44:17.415959 dv-cinder-841125-3-smb neutron-server[110364]: INFO neutron.wsgi [req-29e3499f-9460-4378-b560-2687e1f2ccc2 req-fa46f05b-d61b-442b-9346-ef9e07df9d34 tempest-AttachVolumeNegativeTest-665604237 tempest-AttachVolumeNegativeTest-665604237-project] 10.222.0.61 "GET /v2.0/security-groups?fields=id&fields=name&tenant_id=e105dd1810f5467ab2ae04402e48cb5e HTTP/1.1" status: 200 len: 380 time: 0.0986457
May 09 18:44:17.419969 dv-cinder-841125-3-smb neutron-server[110365]: INFO neutron.wsgi [req-90ff36ad-d651-499d-9575-3de9a55127b0 req-744abb03-7c1a-407f-af2e-e744e8cc2e7e service neutron] 10.222.0.76 "GET /v2.0/networks/fb4801a3-4d52-470a-b52f-77051f5631dc?fields=segments HTTP/1.1" status: 200 len: 212 time: 0.2750826
May 09 18:44:17.431499 dv-cinder-841125-3-smb neutron-server[110364]: DEBUG neutron.api.v2.base [req-29e3499f-9460-4378-b560-2687e1f2ccc2 req-a4a917d3-0fc2-494b-9835-254802611d7c tempest-AttachVolumeNegativeTest-665604237 tempest-AttachVolumeNegativeTest-665604237-project] Request body: {'port': {'device_id': 'f840e3b3-5533-4ae6-977f-40293045fa5a', 'network_id': '211caf85-cc37-4d33-ac02-f71edc0eb0a1', 'admin_state_up': True, 'tenant_id': 'e105dd1810f5467ab2ae04402e48cb5e', 'security_groups': ['ab218974-b2b0-4462-b405-71b665f2e3e9']}} {{(pid=110364) prepare_request_body /opt/stack/neutron/neutron/api/v2/base.py:730}}
May 09 18:44:17.486904 dv-cinder-841125-3-smb neutron-server[110365]: DEBUG neutron_lib.callbacks.manager [None req-a94ee926-701f-464f-a912-99f0e58b52b2 admin admin] Publish callbacks ['neutron.plugins.ml2.ovo_rpc._ObjectChangeHandler.handle_event-269691'] for security_group (3c005b6f-273c-42d0-8d35-db62222b07f1), after_create {{(pid=110365) _notify_loop /usr/local/lib/python3.8/dist-packages/neutron_lib/callbacks/manager.py:176}}
May 09 18:44:17.494501 dv-cinder-841125-3-smb neutron-server[110365]: DEBUG neutron.pecan_wsgi.hooks.policy_enforcement [req-7f5e01df-f4a5-4a4a-820a-4fe5cb41d713 req-ac82fcd3-c049-4173-bc12-f3f3ec5530af service neutron] Attributes excluded by policy engine: ['standard_attr_id'] {{(pid=110365) _exclude_attributes_by_policy /opt/stack/neutron/neutron/pecan_wsgi/hooks/policy_enforcement.py:259}}
May 09 18:44:17.495995 dv-cinder-841125-3-smb neutron-server[110365]: INFO neutron.wsgi [req-7f5e01df-f4a5-4a4a-820a-4fe5cb41d713 req-ac82fcd3-c049-4173-bc12-f3f3ec5530af service neutron] 10.222.0.61 "GET /v2.0/ports?network_id=5d2d64aa-ffd2-4cb1-bd73-7b91c4ab501b&device_owner=network%3Adhcp HTTP/1.1" status: 200 len: 1210 time: 0.1336243
May 09 18:44:17.581904 dv-cinder-841125-3-smb neutron-server[110366]: DEBUG novaclient.v2.client [-] RESP: [200] Connection: close Content-Length: 183 Content-Type: application/json Date: Mon, 09 May 2022 18:44:16 GMT OpenStack-API-Version: compute 2.1 Server: Apache/2.4.41 (Ubuntu) Vary: OpenStack-API-Version,X-OpenStack-Nova-API-Version X-OpenStack-Nova-API-Version: 2.1 x-compute-request-id: req-c89fe1a0-2713-4d3b-a949-acc913a2529d x-openstack-request-id: req-c89fe1a0-2713-4d3b-a949-acc913a2529d {{(pid=110366) _http_log_response /usr/local/lib/python3.8/dist-packages/keystoneauth1/session.py:550}}
May 09 18:44:17.582740 dv-cinder-841125-3-smb neutron-server[110366]: DEBUG novaclient.v2.client [-] RESP BODY: {"events": [{"server_uuid": "bef50e81-ef75-4b77-8952-14571d98d6b2", "name": "network-vif-plugged", "status": "completed", "tag": "07325126-8f80-4df3-89b9-a3be6b04bd27", "code": 200}]} {{(pid=110366) _http_log_response /usr/local/lib/python3.8/dist-packages/keystoneauth1/session.py:582}}
May 09 18:44:17.582998 dv-cinder-841125-3-smb neutron-server[110366]: DEBUG novaclient.v2.client [-] POST call to compute for http://10.222.0.76/compute/v2.1/os-server-external-events used request id req-c89fe1a0-2713-4d3b-a949-acc913a2529d {{(pid=110366) request /usr/local/lib/python3.8/dist-packages/keystoneauth1/session.py:954}}
May 09 18:44:17.583484 dv-cinder-841125-3-smb neutron-server[110366]: INFO neutron.notifiers.nova [-] Nova event matching ['req-c89fe1a0-2713-4d3b-a949-acc913a2529d'] response: {'server_uuid': 'bef50e81-ef75-4b77-8952-14571d98d6b2', 'name': 'network-vif-plugged', 'status': 'completed', 'tag': '07325126-8f80-4df3-89b9-a3be6b04bd27', 'code': 200}
May 09 18:44:17.609542 dv-cinder-841125-3-smb neutron-server[110365]: INFO neutron.wsgi [None req-a94ee926-701f-464f-a912-99f0e58b52b2 admin admin] 10.222.0.76 "GET /v2.0/security-groups?tenant_id=4228100b086e4a3896d3b807d5ba381b&name=default HTTP/1.1" status: 200 len: 2996 time: 0.8874285
May 09 18:44:17.610276 dv-cinder-841125-3-smb neutron-server[110365]: DEBUG neutron.api.rpc.handlers.resources_rpc [None req-a94ee926-701f-464f-a912-99f0e58b52b2 admin admin] Pushing event updated for resources: {'SecurityGroup': ['ID=3c005b6f-273c-42d0-8d35-db62222b07f1,revision_number=1']} {{(pid=110365) push /opt/stack/neutron/neutron/api/rpc/handlers/resources_rpc.py:237}}
May 09 18:44:17.612223 dv-cinder-841125-3-smb neutron-server[110364]: DEBUG neutron.wsgi [-] (110364) accepted ('10.222.0.76', 55390) {{(pid=110364) server /usr/local/lib/python3.8/dist-packages/eventlet/wsgi.py:1004}}
May 09 18:44:17.616692 dv-cinder-841125-3-smb neutron-server[110365]: DEBUG neutron_lib.callbacks.manager [None req-3b68491c-c88c-4c26-a414-088a0bc0f702 tempest-AttachVolumeShelveTestJSON-1354315422 tempest-AttachVolumeShelveTestJSON-1354315422-project] Publish callbacks ['neutron.plugins.ml2.plugin.SecurityGroupServerNotifierRpcMixin._notify_sg_on_port_change-1532877', 'neutron.plugins.ml2.ovo_rpc._ObjectChangeHandler.handle_event-241920', 'neutron.api.rpc.agentnotifiers.dhcp_rpc_agent_api.DhcpAgentNotifyAPI._native_event_send_dhcp_notification-486480', 'neutron.db.l3_dvrscheduler_db._notify_l3_agent_new_port-8737769155157'] for port (8541db26-48b7-46c3-a4fb-04d81dd49be7), after_create {{(pid=110365) _notify_loop /usr/local/lib/python3.8/dist-packages/neutron_lib/callbacks/manager.py:176}}
May 09 18:44:17.684878 dv-cinder-841125-3-smb neutron-server[110365]: INFO neutron.wsgi [req-90ff36ad-d651-499d-9575-3de9a55127b0 req-a65000b7-e2a7-409d-be6b-d973da0acf58 service neutron] 10.222.0.76 "GET /v2.0/networks/fb4801a3-4d52-470a-b52f-77051f5631dc?fields=provider%3Aphysical_network&fields=provider%3Anetwork_type HTTP/1.1" status: 200 len: 281 time: 0.2579284
May 09 18:44:17.686883 dv-cinder-841125-3-smb neutron-server[110365]: DEBUG neutron.scheduler.dhcp_agent_scheduler [None req-3b68491c-c88c-4c26-a414-088a0bc0f702 tempest-AttachVolumeShelveTestJSON-1354315422 tempest-AttachVolumeShelveTestJSON-1354315422-project] Network 3c0f588e-c038-4cfe-9f4b-97cb5cda97b2 is already hosted by enough agents. {{(pid=110365) _get_dhcp_agents_hosting_network /opt/stack/neutron/neutron/scheduler/dhcp_agent_scheduler.py:275}}
May 09 18:44:17.705323 dv-cinder-841125-3-smb neutron-server[110365]: DEBUG neutron.scheduler.base_scheduler [None req-3b68491c-c88c-4c26-a414-088a0bc0f702 tempest-AttachVolumeShelveTestJSON-1354315422 tempest-AttachVolumeShelveTestJSON-1354315422-project] Resources bound (agent type, host, resource id): {{(pid=110365) schedule /opt/stack/neutron/neutron/scheduler/base_scheduler.py:57}}
May 09 18:44:17.713260 dv-cinder-841125-3-smb neutron-server[110365]: DEBUG neutron.db.l3_dvrscheduler_db [None req-3b68491c-c88c-4c26-a414-088a0bc0f702 tempest-AttachVolumeShelveTestJSON-1354315422 tempest-AttachVolumeShelveTestJSON-1354315422-project] Received port after_create {{(pid=110365) _notify_l3_agent_new_port /opt/stack/neutron/neutron/db/l3_dvrscheduler_db.py:536}}
May 09 18:44:17.721173 dv-cinder-841125-3-smb neutron-server[110365]: DEBUG neutron.api.rpc.handlers.resources_rpc [None req-3b68491c-c88c-4c26-a414-088a0bc0f702 tempest-AttachVolumeShelveTestJSON-1354315422 tempest-AttachVolumeShelveTestJSON-1354315422-project] Pushing event updated for resources: {'Port': ['ID=8541db26-48b7-46c3-a4fb-04d81dd49be7,revision_number=1']} {{(pid=110365) push /opt/stack/neutron/neutron/api/rpc/handlers/resources_rpc.py:237}}
May 09 18:44:17.730045 dv-cinder-841125-3-smb neutron-server[110364]: DEBUG neutron.pecan_wsgi.hooks.quota_enforcement [req-29e3499f-9460-4378-b560-2687e1f2ccc2 req-a4a917d3-0fc2-494b-9835-254802611d7c tempest-AttachVolumeNegativeTest-665604237 tempest-AttachVolumeNegativeTest-665604237-project] Made reservation on behalf of e105dd1810f5467ab2ae04402e48cb5e for: {'port': 1} {{(pid=110364) before /opt/stack/neutron/neutron/pecan_wsgi/hooks/quota_enforcement.py:53}}
May 09 18:44:17.743559 dv-cinder-841125-3-smb neutron-server[110364]: DEBUG neutron_lib.callbacks.manager [req-29e3499f-9460-4378-b560-2687e1f2ccc2 req-a4a917d3-0fc2-494b-9835-254802611d7c tempest-AttachVolumeNegativeTest-665604237 tempest-AttachVolumeNegativeTest-665604237-project] Publish callbacks ['neutron.plugins.ml2.plugin.SecurityGroupDbMixin._ensure_default_security_group_handler-1532771'] for port (None), before_create {{(pid=110364) _notify_loop /usr/local/lib/python3.8/dist-packages/neutron_lib/callbacks/manager.py:176}}
May 09 18:44:17.772739 dv-cinder-841125-3-smb neutron-server[110365]: INFO neutron.wsgi [req-7f5e01df-f4a5-4a4a-820a-4fe5cb41d713 req-f31607c3-7b33-4dce-b4c6-72ffc5188852 service neutron] 10.222.0.61 "GET /v2.0/networks/5d2d64aa-ffd2-4cb1-bd73-7b91c4ab501b?fields=segments HTTP/1.1" status: 200 len: 212 time: 0.2606051
May 09 18:44:17.787478 dv-cinder-841125-3-smb neutron-server[110364]: DEBUG neutron_lib.callbacks.manager [None req-6eb43709-6552-4cb7-9c8a-47424798871c admin admin] Publish callbacks [] for security_group (3c005b6f-273c-42d0-8d35-db62222b07f1), before_delete {{(pid=110364) _notify_loop /usr/local/lib/python3.8/dist-packages/neutron_lib/callbacks/manager.py:176}}
May 09 18:44:17.870946 dv-cinder-841125-3-smb neutron-server[110364]: DEBUG neutron_lib.callbacks.manager [None req-6eb43709-6552-4cb7-9c8a-47424798871c admin admin] Publish callbacks [] for security_group (3c005b6f-273c-42d0-8d35-db62222b07f1), precommit_delete {{(pid=110364) _notify_loop /usr/local/lib/python3.8/dist-packages/neutron_lib/callbacks/manager.py:176}}
May 09 18:44:17.876725 dv-cinder-841125-3-smb neutron-server[110366]: DEBUG neutron.plugins.ml2.rpc [None req-8f9c1183-17b8-4c4f-a9f5-79e6a7441825 None None] Device 076fac3a-edc7-4e9f-8588-2de85b00203b details requested by agent hyperv_hv-cinder-84112 with host hv-cinder-84112 {{(pid=110366) get_device_details /opt/stack/neutron/neutron/plugins/ml2/rpc.py:102}}
May 09 18:44:17.887987 dv-cinder-841125-3-smb neutron-server[110365]: DEBUG neutron_lib.callbacks.manager [None req-3b68491c-c88c-4c26-a414-088a0bc0f702 tempest-AttachVolumeShelveTestJSON-1354315422 tempest-AttachVolumeShelveTestJSON-1354315422-project] Publish callbacks [] for floatingip (c5b9bac1-0abc-453b-a232-451fecb71566), precommit_create {{(pid=110365) _notify_loop /usr/local/lib/python3.8/dist-packages/neutron_lib/callbacks/manager.py:176}}
May 09 18:44:17.914813 dv-cinder-841125-3-smb neutron-server[110365]: DEBUG neutron.pecan_wsgi.hooks.policy_enforcement [req-61ab1d0e-1f90-43b3-95cf-a2d3abb66415 req-a98435e6-e6c4-4b00-a5db-da5673bc3cd0 tempest-DeleteServersTestJSON-1422165458 tempest-DeleteServersTestJSON-1422165458-project] Attributes excluded by policy engine: ['standard_attr_id', 'binding:profile', 'binding:host_id', 'binding:vif_type', 'binding:vif_details'] {{(pid=110365) _exclude_attributes_by_policy /opt/stack/neutron/neutron/pecan_wsgi/hooks/policy_enforcement.py:259}}
May 09 18:44:17.922794 dv-cinder-841125-3-smb neutron-server[110365]: INFO neutron.wsgi [req-61ab1d0e-1f90-43b3-95cf-a2d3abb66415 req-a98435e6-e6c4-4b00-a5db-da5673bc3cd0 tempest-DeleteServersTestJSON-1422165458 tempest-DeleteServersTestJSON-1422165458-project] 10.222.0.76 "GET /v2.0/ports?device_id=bef50e81-ef75-4b77-8952-14571d98d6b2 HTTP/1.1" status: 200 len: 946 time: 0.1357667
May 09 18:44:17.978443 dv-cinder-841125-3-smb neutron-server[110364]: DEBUG neutron.db.db_base_plugin_common [req-29e3499f-9460-4378-b560-2687e1f2ccc2 req-a4a917d3-0fc2-494b-9835-254802611d7c tempest-AttachVolumeNegativeTest-665604237 tempest-AttachVolumeNegativeTest-665604237-project] Allocated IP 172.20.0.12 (211caf85-cc37-4d33-ac02-f71edc0eb0a1/bc4b43cb-bcc7-4042-be22-05aec1adcac0/7dba903a-f69e-4546-ad26-b8d5490f18ef) {{(pid=110364) _store_ip_allocation /opt/stack/neutron/neutron/db/db_base_plugin_common.py:131}}
May 09 18:44:18.004259 dv-cinder-841125-3-smb neutron-server[110365]: INFO neutron.wsgi [req-61ab1d0e-1f90-43b3-95cf-a2d3abb66415 req-9207146f-0ced-462d-b8bb-f2fb9858e650 tempest-DeleteServersTestJSON-1422165458 tempest-DeleteServersTestJSON-1422165458-project] 10.222.0.76 "GET /v2.0/security-groups?id=0c6b4009-7f31-4e81-beb9-e1aff0c1b4ce&fields=id&fields=name HTTP/1.1" status: 200 len: 286 time: 0.0804100
May 09 18:44:18.018251 dv-cinder-841125-3-smb neutron-server[110365]: INFO neutron.wsgi [req-7f5e01df-f4a5-4a4a-820a-4fe5cb41d713 req-a51a46b8-2f9a-40be-8b35-2b2a2e959a2b service neutron] 10.222.0.61 "GET /v2.0/networks/5d2d64aa-ffd2-4cb1-bd73-7b91c4ab501b?fields=provider%3Aphysical_network&fields=provider%3Anetwork_type HTTP/1.1" status: 200 len: 281 time: 0.2329087
May 09 18:44:18.049488 dv-cinder-841125-3-smb neutron-server[110366]: DEBUG neutron.plugins.ml2.db [None req-8f9c1183-17b8-4c4f-a9f5-79e6a7441825 None None] For port 076fac3a-edc7-4e9f-8588-2de85b00203b, host hv-cinder-84112, got binding levels [PortBindingLevel(driver='hyperv',host='hv-cinder-84112',level=0,port_id=076fac3a-edc7-4e9f-8588-2de85b00203b,segment=NetworkSegment(e6185fd8-6794-4e38-8e9b-46721d78a737),segment_id=e6185fd8-6794-4e38-8e9b-46721d78a737)] {{(pid=110366) get_binding_level_objs /opt/stack/neutron/neutron/plugins/ml2/db.py:74}}
May 09 18:44:18.069256 dv-cinder-841125-3-smb neutron-server[110366]: DEBUG neutron.plugins.ml2.rpc [None req-8f9c1183-17b8-4c4f-a9f5-79e6a7441825 None None] Returning: {'device': '076fac3a-edc7-4e9f-8588-2de85b00203b', 'network_id': '5d2d64aa-ffd2-4cb1-bd73-7b91c4ab501b', 'port_id': '076fac3a-edc7-4e9f-8588-2de85b00203b', 'mac_address': 'fa:16:3e:b0:13:36', 'admin_state_up': True, 'network_type': 'vlan', 'segmentation_id': 752, 'physical_network': 'physnet1', 'mtu': 1500, 'fixed_ips': [{'subnet_id': 'c1ae08f0-b786-4c3e-aca1-8b469877a6d9', 'ip_address': '172.20.0.4'}], 'device_owner': 'compute:nova', 'allowed_address_pairs': [], 'port_security_enabled': True, 'qos_policy_id': None, 'qos_network_policy_id': None, 'profile': {}, 'propagate_uplink_status': False} {{(pid=110366) _get_device_details /opt/stack/neutron/neutron/plugins/ml2/rpc.py:184}}
May 09 18:44:18.117034 dv-cinder-841125-3-smb neutron-server[110366]: DEBUG neutron.plugins.ml2.plugin [None req-8f9c1183-17b8-4c4f-a9f5-79e6a7441825 None None] Current status of the port 076fac3a-edc7-4e9f-8588-2de85b00203b is: DOWN; New status is: BUILD {{(pid=110366) _update_individual_port_db_status /opt/stack/neutron/neutron/plugins/ml2/plugin.py:2296}}
May 09 18:44:18.117489 dv-cinder-841125-3-smb neutron-server[110366]: DEBUG neutron_lib.callbacks.manager [None req-8f9c1183-17b8-4c4f-a9f5-79e6a7441825 None None] Publish callbacks ['neutron.plugins.ml2.plugin.SecurityGroupDbMixin._ensure_default_security_group_handler-1532771'] for port (076fac3a-edc7-4e9f-8588-2de85b00203b), before_update {{(pid=110366) _notify_loop /usr/local/lib/python3.8/dist-packages/neutron_lib/callbacks/manager.py:176}}
May 09 18:44:18.132538 dv-cinder-841125-3-smb neutron-server[110364]: DEBUG neutron_lib.callbacks.manager [None req-6eb43709-6552-4cb7-9c8a-47424798871c admin admin] Publish callbacks ['neutron.plugins.ml2.ovo_rpc._ObjectChangeHandler.handle_event-269691'] for security_group (3c005b6f-273c-42d0-8d35-db62222b07f1), after_delete {{(pid=110364) _notify_loop /usr/local/lib/python3.8/dist-packages/neutron_lib/callbacks/manager.py:176}}
May 09 18:44:18.132538 dv-cinder-841125-3-smb neutron-server[110364]: DEBUG neutron_lib.callbacks.manager [None req-6eb43709-6552-4cb7-9c8a-47424798871c admin admin] Publish callbacks [] for security_group (None), before_response {{(pid=110364) _notify_loop /usr/local/lib/python3.8/dist-packages/neutron_lib/callbacks/manager.py:176}}
May 09 18:44:18.135889 dv-cinder-841125-3-smb neutron-server[110364]: INFO neutron.wsgi [None req-6eb43709-6552-4cb7-9c8a-47424798871c admin admin] 10.222.0.76 "DELETE /v2.0/security-groups/3c005b6f-273c-42d0-8d35-db62222b07f1 HTTP/1.1" status: 204 len: 168 time: 0.5190418
May 09 18:44:18.150220 dv-cinder-841125-3-smb neutron-server[110365]: DEBUG neutron_lib.callbacks.manager [None req-3b68491c-c88c-4c26-a414-088a0bc0f702 tempest-AttachVolumeShelveTestJSON-1354315422 tempest-AttachVolumeShelveTestJSON-1354315422-project] Publish callbacks ['neutron.plugins.ml2.plugin.SecurityGroupDbMixin._ensure_default_security_group_handler-1532771'] for port (8541db26-48b7-46c3-a4fb-04d81dd49be7), before_update {{(pid=110365) _notify_loop /usr/local/lib/python3.8/dist-packages/neutron_lib/callbacks/manager.py:176}}
May 09 18:44:18.159004 dv-cinder-841125-3-smb neutron-server[110366]: DEBUG neutron.notifiers.nova [None req-8f9c1183-17b8-4c4f-a9f5-79e6a7441825 None None] Ignoring state change previous_port_status: DOWN current_port_status: BUILD port_id 076fac3a-edc7-4e9f-8588-2de85b00203b {{(pid=110366) record_port_status_changed /opt/stack/neutron/neutron/notifiers/nova.py:233}}
May 09 18:44:18.225836 dv-cinder-841125-3-smb neutron-server[110366]: DEBUG neutron.plugins.ml2.db [None req-8f9c1183-17b8-4c4f-a9f5-79e6a7441825 None None] For port 076fac3a-edc7-4e9f-8588-2de85b00203b, host hv-cinder-84112, got binding levels [PortBindingLevel(driver='hyperv',host='hv-cinder-84112',level=0,port_id=076fac3a-edc7-4e9f-8588-2de85b00203b,segment=NetworkSegment(e6185fd8-6794-4e38-8e9b-46721d78a737),segment_id=e6185fd8-6794-4e38-8e9b-46721d78a737)] {{(pid=110366) get_binding_level_objs /opt/stack/neutron/neutron/plugins/ml2/db.py:74}}
May 09 18:44:18.268441 dv-cinder-841125-3-smb neutron-server[110364]: DEBUG neutron.api.rpc.handlers.resources_rpc [None req-6eb43709-6552-4cb7-9c8a-47424798871c admin admin] Pushing event deleted for resources: {'SecurityGroup': ['ID=3c005b6f-273c-42d0-8d35-db62222b07f1,revision_number=None']} {{(pid=110364) push /opt/stack/neutron/neutron/api/rpc/handlers/resources_rpc.py:237}}
May 09 18:44:18.337033 dv-cinder-841125-3-smb neutron-server[110365]: DEBUG neutron.pecan_wsgi.hooks.policy_enforcement [req-c460a429-15b9-4a07-b15f-8bacbb853d00 req-8ad976b6-353f-4cb1-8d7b-f2261584176b service neutron] Attributes excluded by policy engine: ['standard_attr_id'] {{(pid=110365) _exclude_attributes_by_policy /opt/stack/neutron/neutron/pecan_wsgi/hooks/policy_enforcement.py:259}}
May 09 18:44:18.339143 dv-cinder-841125-3-smb neutron-server[110365]: INFO neutron.wsgi [req-c460a429-15b9-4a07-b15f-8bacbb853d00 req-8ad976b6-353f-4cb1-8d7b-f2261584176b service neutron] 10.222.0.61 "GET /v2.0/ports?device_id=bef50e81-ef75-4b77-8952-14571d98d6b2 HTTP/1.1" status: 200 len: 1130 time: 0.2953882
May 09 18:44:18.344682 dv-cinder-841125-3-smb neutron-server[110366]: DEBUG neutron_lib.callbacks.manager [None req-8f9c1183-17b8-4c4f-a9f5-79e6a7441825 None None] Publish callbacks ['neutron.plugins.ml2.plugin.SecurityGroupServerNotifierRpcMixin._notify_sg_on_port_change-1532877', 'neutron.plugins.ml2.ovo_rpc._ObjectChangeHandler.handle_event-241920', 'neutron.api.rpc.agentnotifiers.dhcp_rpc_agent_api.DhcpAgentNotifyAPI._native_event_send_dhcp_notification-486480', 'neutron.db.l3_db.L3RpcNotifierMixin._notify_gateway_port_ip_changed-8737769676939', 'neutron.db.l3_dvrscheduler_db._notify_l3_agent_port_update-8737769155175', 'neutron.db.l3_hascheduler_db._notify_l3_agent_ha_port_update-8737769155193'] for port (076fac3a-edc7-4e9f-8588-2de85b00203b), after_update {{(pid=110366) _notify_loop /usr/local/lib/python3.8/dist-packages/neutron_lib/callbacks/manager.py:176}}
May 09 18:44:18.361843 dv-cinder-841125-3-smb neutron-server[110364]: DEBUG neutron.wsgi [-] (110364) accepted ('10.222.0.76', 55420) {{(pid=110364) server /usr/local/lib/python3.8/dist-packages/eventlet/wsgi.py:1004}}
May 09 18:44:18.370729 dv-cinder-841125-3-smb neutron-server[110365]: INFO neutron.wsgi [req-14bc2219-9de8-4240-954f-81c42fc58bc3 req-8f93c8e9-b841-4cdd-b045-ae3c0dcff330 tempest-AttachVolumeTestJSON-1221230608 tempest-AttachVolumeTestJSON-1221230608-project] 10.222.0.76 "GET /v2.0/ports?device_id=4a9a28e1-abd4-48f1-9ac7-c130d2af3ee1 HTTP/1.1" status: 200 len: 210 time: 0.1072400
May 09 18:44:18.400893 dv-cinder-841125-3-smb neutron-server[110364]: DEBUG neutron_lib.callbacks.manager [req-29e3499f-9460-4378-b560-2687e1f2ccc2 req-a4a917d3-0fc2-494b-9835-254802611d7c tempest-AttachVolumeNegativeTest-665604237 tempest-AttachVolumeNegativeTest-665604237-project] Publish callbacks [] for port (7dba903a-f69e-4546-ad26-b8d5490f18ef), precommit_create {{(pid=110364) _notify_loop /usr/local/lib/python3.8/dist-packages/neutron_lib/callbacks/manager.py:176}}
May 09 18:44:18.402288 dv-cinder-841125-3-smb neutron-server[110366]: DEBUG neutron.api.rpc.handlers.resources_rpc [None req-8f9c1183-17b8-4c4f-a9f5-79e6a7441825 None None] Pushing event updated for resources: {'Port': ['ID=076fac3a-edc7-4e9f-8588-2de85b00203b,revision_number=4']} {{(pid=110366) push /opt/stack/neutron/neutron/api/rpc/handlers/resources_rpc.py:237}}
May 09 18:44:18.412525 dv-cinder-841125-3-smb neutron-server[110365]: DEBUG neutron.pecan_wsgi.hooks.policy_enforcement [req-129f578b-6f8f-434e-93df-6a3032978948 req-fca78f64-0f9e-4e62-9ea9-bba282e85beb tempest-ServerRescueNegativeTestJSON-1708194103 tempest-ServerRescueNegativeTestJSON-1708194103-project] Attributes excluded by policy engine: ['standard_attr_id', 'binding:profile', 'binding:host_id', 'binding:vif_type', 'binding:vif_details'] {{(pid=110365) _exclude_attributes_by_policy /opt/stack/neutron/neutron/pecan_wsgi/hooks/policy_enforcement.py:259}}
May 09 18:44:18.415102 dv-cinder-841125-3-smb neutron-server[110365]: INFO neutron.wsgi [req-129f578b-6f8f-434e-93df-6a3032978948 req-fca78f64-0f9e-4e62-9ea9-bba282e85beb tempest-ServerRescueNegativeTestJSON-1708194103 tempest-ServerRescueNegativeTestJSON-1708194103-project] 10.222.0.76 "GET /v2.0/ports?device_id=040b66cf-7458-449a-97c4-bfce6d35d126 HTTP/1.1" status: 200 len: 943 time: 0.1259134
May 09 18:44:18.432166 dv-cinder-841125-3-smb neutron-server[110364]: DEBUG neutron_lib.callbacks.manager [None req-ee8f40e3-91ce-465c-965f-d3ed127a4bba admin admin] Publish callbacks [] for security_group (None), before_create {{(pid=110364) _notify_loop /usr/local/lib/python3.8/dist-packages/neutron_lib/callbacks/manager.py:176}}
May 09 18:44:18.580065 dv-cinder-841125-3-smb neutron-server[110364]: DEBUG neutron_lib.callbacks.manager [None req-ee8f40e3-91ce-465c-965f-d3ed127a4bba admin admin] Publish callbacks [] for security_group (ce0a4f8d-63a7-4a0a-a31a-5e1a9340b6dd), precommit_create {{(pid=110364) _notify_loop /usr/local/lib/python3.8/dist-packages/neutron_lib/callbacks/manager.py:176}}
May 09 18:44:18.605066 dv-cinder-841125-3-smb neutron-server[110364]: DEBUG neutron_lib.callbacks.manager [req-29e3499f-9460-4378-b560-2687e1f2ccc2 req-a4a917d3-0fc2-494b-9835-254802611d7c tempest-AttachVolumeNegativeTest-665604237 tempest-AttachVolumeNegativeTest-665604237-project] Publish callbacks ['neutron.plugins.ml2.plugin.SecurityGroupServerNotifierRpcMixin._notify_sg_on_port_change-1532877', 'neutron.plugins.ml2.ovo_rpc._ObjectChangeHandler.handle_event-241920', 'neutron.api.rpc.agentnotifiers.dhcp_rpc_agent_api.DhcpAgentNotifyAPI._native_event_send_dhcp_notification-486480', 'neutron.db.l3_dvrscheduler_db._notify_l3_agent_new_port-8737769155157', 'neutron.services.segments.plugin.NovaSegmentNotifier._notify_port_created_or_deleted-9474477'] for port (7dba903a-f69e-4546-ad26-b8d5490f18ef), after_create {{(pid=110364) _notify_loop /usr/local/lib/python3.8/dist-packages/neutron_lib/callbacks/manager.py:176}}
May 09 18:44:18.624135 dv-cinder-841125-3-smb neutron-server[110366]: DEBUG neutron.plugins.ml2.db [None req-8f9c1183-17b8-4c4f-a9f5-79e6a7441825 None None] get_ports_and_sgs() called for port_ids ['076fac3a-edc7-4e9f-8588-2de85b00203b'] {{(pid=110366) get_ports_and_sgs /opt/stack/neutron/neutron/plugins/ml2/db.py:156}}
May 09 18:44:18.650667 dv-cinder-841125-3-smb neutron-server[110364]: DEBUG neutron.scheduler.dhcp_agent_scheduler [req-29e3499f-9460-4378-b560-2687e1f2ccc2 req-a4a917d3-0fc2-494b-9835-254802611d7c tempest-AttachVolumeNegativeTest-665604237 tempest-AttachVolumeNegativeTest-665604237-project] Network 211caf85-cc37-4d33-ac02-f71edc0eb0a1 is already hosted by enough agents. {{(pid=110364) _get_dhcp_agents_hosting_network /opt/stack/neutron/neutron/scheduler/dhcp_agent_scheduler.py:275}}
May 09 18:44:18.654826 dv-cinder-841125-3-smb neutron-server[110364]: DEBUG neutron.scheduler.base_scheduler [req-29e3499f-9460-4378-b560-2687e1f2ccc2 req-a4a917d3-0fc2-494b-9835-254802611d7c tempest-AttachVolumeNegativeTest-665604237 tempest-AttachVolumeNegativeTest-665604237-project] Resources bound (agent type, host, resource id): {{(pid=110364) schedule /opt/stack/neutron/neutron/scheduler/base_scheduler.py:57}}
May 09 18:44:18.662320 dv-cinder-841125-3-smb neutron-server[110364]: DEBUG neutron.db.l3_dvrscheduler_db [req-29e3499f-9460-4378-b560-2687e1f2ccc2 req-a4a917d3-0fc2-494b-9835-254802611d7c tempest-AttachVolumeNegativeTest-665604237 tempest-AttachVolumeNegativeTest-665604237-project] Received port after_create {{(pid=110364) _notify_l3_agent_new_port /opt/stack/neutron/neutron/db/l3_dvrscheduler_db.py:536}}
May 09 18:44:18.668986 dv-cinder-841125-3-smb neutron-server[110364]: DEBUG neutron_lib.callbacks.manager [None req-ee8f40e3-91ce-465c-965f-d3ed127a4bba admin admin] Publish callbacks ['neutron.plugins.ml2.ovo_rpc._ObjectChangeHandler.handle_event-269691'] for security_group (ce0a4f8d-63a7-4a0a-a31a-5e1a9340b6dd), after_create {{(pid=110364) _notify_loop /usr/local/lib/python3.8/dist-packages/neutron_lib/callbacks/manager.py:176}}
May 09 18:44:18.700969 dv-cinder-841125-3-smb neutron-server[110364]: DEBUG neutron.api.rpc.handlers.resources_rpc [None req-a4a917d3-0fc2-494b-9835-254802611d7c tempest-AttachVolumeNegativeTest-665604237 tempest-AttachVolumeNegativeTest-665604237-project] Pushing event updated for resources: {'Port': ['ID=7dba903a-f69e-4546-ad26-b8d5490f18ef,revision_number=1']} {{(pid=110364) push /opt/stack/neutron/neutron/api/rpc/handlers/resources_rpc.py:237}}
May 09 18:44:18.754629 dv-cinder-841125-3-smb neutron-server[110365]: DEBUG neutron_lib.callbacks.manager [None req-3b68491c-c88c-4c26-a414-088a0bc0f702 tempest-AttachVolumeShelveTestJSON-1354315422 tempest-AttachVolumeShelveTestJSON-1354315422-project] Publish callbacks [] for port (8541db26-48b7-46c3-a4fb-04d81dd49be7), precommit_update {{(pid=110365) _notify_loop /usr/local/lib/python3.8/dist-packages/neutron_lib/callbacks/manager.py:176}}
May 09 18:44:18.772236 dv-cinder-841125-3-smb neutron-server[110364]: INFO neutron.wsgi [None req-ee8f40e3-91ce-465c-965f-d3ed127a4bba admin admin] 10.222.0.76 "GET /v2.0/security-groups?tenant_id=72a9ffb06ea0447a93c2e25478338ab5&name=default HTTP/1.1" status: 200 len: 2996 time: 0.4059253
May 09 18:44:18.779825 dv-cinder-841125-3-smb neutron-server[110364]: DEBUG neutron.api.rpc.handlers.resources_rpc [None req-ee8f40e3-91ce-465c-965f-d3ed127a4bba admin admin] Pushing event updated for resources: {'SecurityGroup': ['ID=ce0a4f8d-63a7-4a0a-a31a-5e1a9340b6dd,revision_number=1']} {{(pid=110364) push /opt/stack/neutron/neutron/api/rpc/handlers/resources_rpc.py:237}}
May 09 18:44:18.783352 dv-cinder-841125-3-smb neutron-server[110364]: DEBUG neutron.wsgi [-] (110364) accepted ('10.222.0.76', 55422) {{(pid=110364) server /usr/local/lib/python3.8/dist-packages/eventlet/wsgi.py:1004}}
May 09 18:44:18.818344 dv-cinder-841125-3-smb neutron-server[110364]: DEBUG neutron.pecan_wsgi.hooks.policy_enforcement [req-29e3499f-9460-4378-b560-2687e1f2ccc2 req-a4a917d3-0fc2-494b-9835-254802611d7c tempest-AttachVolumeNegativeTest-665604237 tempest-AttachVolumeNegativeTest-665604237-project] Attributes excluded by policy engine: ['standard_attr_id', 'binding:profile', 'binding:host_id', 'binding:vif_type', 'binding:vif_details', 'network'] {{(pid=110364) _exclude_attributes_by_policy /opt/stack/neutron/neutron/pecan_wsgi/hooks/policy_enforcement.py:259}}
May 09 18:44:18.819640 dv-cinder-841125-3-smb neutron-server[110364]: DEBUG neutron_lib.callbacks.manager [req-29e3499f-9460-4378-b560-2687e1f2ccc2 req-a4a917d3-0fc2-494b-9835-254802611d7c tempest-AttachVolumeNegativeTest-665604237 tempest-AttachVolumeNegativeTest-665604237-project] Publish callbacks ['neutron.notifiers.nova.Notifier._send_nova_notification-126394', 'neutron.api.rpc.agentnotifiers.dhcp_rpc_agent_api.DhcpAgentNotifyAPI._send_dhcp_notification-486526'] for port (None), before_response {{(pid=110364) _notify_loop /usr/local/lib/python3.8/dist-packages/neutron_lib/callbacks/manager.py:176}}
May 09 18:44:18.854132 dv-cinder-841125-3-smb neutron-server[110365]: DEBUG neutron.pecan_wsgi.hooks.policy_enforcement [req-b5af31ef-a051-4de9-9a50-ee34ef4a6206 req-096a9f54-b35b-4f1d-b1b4-4b6c9dfa8181 tempest-AttachVolumeNegativeTest-665604237 tempest-AttachVolumeNegativeTest-665604237-project] Attributes excluded by policy engine: ['standard_attr_id', 'binding:profile', 'binding:host_id', 'binding:vif_type', 'binding:vif_details'] {{(pid=110365) _exclude_attributes_by_policy /opt/stack/neutron/neutron/pecan_wsgi/hooks/policy_enforcement.py:259}}
May 09 18:44:18.862677 dv-cinder-841125-3-smb neutron-server[110365]: INFO neutron.wsgi [req-b5af31ef-a051-4de9-9a50-ee34ef4a6206 req-096a9f54-b35b-4f1d-b1b4-4b6c9dfa8181 tempest-AttachVolumeNegativeTest-665604237 tempest-AttachVolumeNegativeTest-665604237-project] 10.222.0.76 "GET /v2.0/ports?device_id=f840e3b3-5533-4ae6-977f-40293045fa5a HTTP/1.1" status: 200 len: 932 time: 0.1237426
May 09 18:44:18.875598 dv-cinder-841125-3-smb neutron-server[110365]: DEBUG neutron_lib.callbacks.manager [None req-3b68491c-c88c-4c26-a414-088a0bc0f702 tempest-AttachVolumeShelveTestJSON-1354315422 tempest-AttachVolumeShelveTestJSON-1354315422-project] Publish callbacks ['neutron.plugins.ml2.plugin.SecurityGroupServerNotifierRpcMixin._notify_sg_on_port_change-1532877', 'neutron.plugins.ml2.ovo_rpc._ObjectChangeHandler.handle_event-241920', 'neutron.api.rpc.agentnotifiers.dhcp_rpc_agent_api.DhcpAgentNotifyAPI._native_event_send_dhcp_notification-486480', 'neutron.db.l3_db.L3RpcNotifierMixin._notify_gateway_port_ip_changed-8737769676939', 'neutron.db.l3_dvrscheduler_db._notify_l3_agent_port_update-8737769155175', 'neutron.db.l3_hascheduler_db._notify_l3_agent_ha_port_update-8737769155193'] for port (8541db26-48b7-46c3-a4fb-04d81dd49be7), after_update {{(pid=110365) _notify_loop /usr/local/lib/python3.8/dist-packages/neutron_lib/callbacks/manager.py:176}}
May 09 18:44:18.876172 dv-cinder-841125-3-smb neutron-server[110364]: DEBUG neutron_lib.callbacks.manager [None req-106685d5-3bf4-4da8-bc7d-dfae160137f6 admin admin] Publish callbacks [] for security_group (ce0a4f8d-63a7-4a0a-a31a-5e1a9340b6dd), before_delete {{(pid=110364) _notify_loop /usr/local/lib/python3.8/dist-packages/neutron_lib/callbacks/manager.py:176}}
May 09 18:44:18.928070 dv-cinder-841125-3-smb neutron-server[110364]: DEBUG neutron_lib.callbacks.manager [None req-106685d5-3bf4-4da8-bc7d-dfae160137f6 admin admin] Publish callbacks [] for security_group (ce0a4f8d-63a7-4a0a-a31a-5e1a9340b6dd), precommit_delete {{(pid=110364) _notify_loop /usr/local/lib/python3.8/dist-packages/neutron_lib/callbacks/manager.py:176}}
May 09 18:44:18.957347 dv-cinder-841125-3-smb neutron-server[110364]: INFO neutron.wsgi [req-29e3499f-9460-4378-b560-2687e1f2ccc2 req-a4a917d3-0fc2-494b-9835-254802611d7c tempest-AttachVolumeNegativeTest-665604237 tempest-AttachVolumeNegativeTest-665604237-project] 10.222.0.61 "POST /v2.0/ports HTTP/1.1" status: 201 len: 934 time: 1.5292110
May 09 18:44:18.981209 dv-cinder-841125-3-smb neutron-server[110365]: INFO neutron.wsgi [req-129f578b-6f8f-434e-93df-6a3032978948 req-d5262378-4aba-41f8-b70c-c424151bfa5a tempest-ServerRescueNegativeTestJSON-1708194103 tempest-ServerRescueNegativeTestJSON-1708194103-project] 10.222.0.76 "GET /v2.0/security-groups?id=1037e4f4-1ce9-45e2-af50-626ce4887275&fields=id&fields=name HTTP/1.1" status: 200 len: 286 time: 0.5471537
May 09 18:44:18.989883 dv-cinder-841125-3-smb neutron-server[110365]: DEBUG neutron_lib.callbacks.manager [None req-3b68491c-c88c-4c26-a414-088a0bc0f702 tempest-AttachVolumeShelveTestJSON-1354315422 tempest-AttachVolumeShelveTestJSON-1354315422-project] Publish callbacks ['neutron.services.l3_router.l3_router_plugin.DVRResourceOperationHandler._create_dvr_floating_gw_port-574759'] for floatingip (c5b9bac1-0abc-453b-a232-451fecb71566), after_create {{(pid=110365) _notify_loop /usr/local/lib/python3.8/dist-packages/neutron_lib/callbacks/manager.py:176}}
May 09 18:44:19.006285 dv-cinder-841125-3-smb neutron-server[110364]: DEBUG neutron.api.v2.base [req-29e3499f-9460-4378-b560-2687e1f2ccc2 req-a6d074ca-a7b7-4541-b1b3-e062913f0461 service neutron] Request body: {'port': {'device_id': 'f840e3b3-5533-4ae6-977f-40293045fa5a', 'device_owner': 'compute:nova', 'binding:host_id': 'hv-cinder-84112'}} {{(pid=110364) prepare_request_body /opt/stack/neutron/neutron/api/v2/base.py:730}}
May 09 18:44:19.006477 dv-cinder-841125-3-smb neutron-server[110365]: DEBUG neutron_lib.callbacks.manager [req-c460a429-15b9-4a07-b15f-8bacbb853d00 req-2a5d49e2-7e99-4fad-a372-0288a2533485 service neutron] Publish callbacks [] for security_group (None), before_create {{(pid=110365) _notify_loop /usr/local/lib/python3.8/dist-packages/neutron_lib/callbacks/manager.py:176}}
May 09 18:44:19.057731 dv-cinder-841125-3-smb neutron-server[110365]: DEBUG neutron.api.rpc.handlers.resources_rpc [None req-3b68491c-c88c-4c26-a414-088a0bc0f702 tempest-AttachVolumeShelveTestJSON-1354315422 tempest-AttachVolumeShelveTestJSON-1354315422-project] Pushing event updated for resources: {'Port': ['ID=8541db26-48b7-46c3-a4fb-04d81dd49be7,revision_number=2']} {{(pid=110365) push /opt/stack/neutron/neutron/api/rpc/handlers/resources_rpc.py:237}}
