May 09 18:43:57.284546 dv-cinder-841125-3-smb devstack@n-api.service[124011]: DEBUG oslo_concurrency.lockutils [None req-49f856e1-1d8c-4c6f-abfa-5d385c505eab tempest-DeleteServersTestJSON-1422165458 tempest-DeleteServersTestJSON-1422165458-project] Lock "567aabac-a292-4f52-8a02-3424f84a9da2" "released" by "nova.context.set_target_cell..get_or_set_cached_cell_and_set_connections" :: held 0.008s {{(pid=124011) inner /usr/local/lib/python3.8/dist-packages/oslo_concurrency/lockutils.py:400}}
May 09 18:43:57.287790 dv-cinder-841125-3-smb devstack@n-api.service[124011]: DEBUG oslo_concurrency.lockutils [None req-49f856e1-1d8c-4c6f-abfa-5d385c505eab tempest-DeleteServersTestJSON-1422165458 tempest-DeleteServersTestJSON-1422165458-project] Lock "567aabac-a292-4f52-8a02-3424f84a9da2" acquired by "nova.context.set_target_cell..get_or_set_cached_cell_and_set_connections" :: waited 0.000s {{(pid=124011) inner /usr/local/lib/python3.8/dist-packages/oslo_concurrency/lockutils.py:386}}
May 09 18:43:57.289696 dv-cinder-841125-3-smb devstack@n-api.service[124011]: DEBUG oslo_concurrency.lockutils [None req-49f856e1-1d8c-4c6f-abfa-5d385c505eab tempest-DeleteServersTestJSON-1422165458 tempest-DeleteServersTestJSON-1422165458-project] Lock "567aabac-a292-4f52-8a02-3424f84a9da2" "released" by "nova.context.set_target_cell..get_or_set_cached_cell_and_set_connections" :: held 0.002s {{(pid=124011) inner /usr/local/lib/python3.8/dist-packages/oslo_concurrency/lockutils.py:400}}
May 09 18:43:57.703744 dv-cinder-841125-3-smb devstack@n-api.service[124012]: DEBUG nova.virt.hardware [None req-c7f1afb2-ca6f-49c0-b235-0b1d85a19e98 tempest-ServerRescueNegativeTestJSON-1708194103 tempest-ServerRescueNegativeTestJSON-1708194103-project] Flavor limits 0:0:0 {{(pid=124012) get_cpu_topology_constraints /opt/stack/nova/nova/virt/hardware.py:343}}
May 09 18:43:57.704168 dv-cinder-841125-3-smb devstack@n-api.service[124012]: DEBUG nova.virt.hardware [None req-c7f1afb2-ca6f-49c0-b235-0b1d85a19e98 tempest-ServerRescueNegativeTestJSON-1708194103 tempest-ServerRescueNegativeTestJSON-1708194103-project] Image limits 0:0:0 {{(pid=124012) get_cpu_topology_constraints /opt/stack/nova/nova/virt/hardware.py:347}}
May 09 18:43:57.704752 dv-cinder-841125-3-smb devstack@n-api.service[124012]: DEBUG nova.virt.hardware [None req-c7f1afb2-ca6f-49c0-b235-0b1d85a19e98 tempest-ServerRescueNegativeTestJSON-1708194103 tempest-ServerRescueNegativeTestJSON-1708194103-project] Flavor pref 0:0:0 {{(pid=124012) get_cpu_topology_constraints /opt/stack/nova/nova/virt/hardware.py:383}}
May 09 18:43:57.705169 dv-cinder-841125-3-smb devstack@n-api.service[124012]: DEBUG nova.virt.hardware [None req-c7f1afb2-ca6f-49c0-b235-0b1d85a19e98 tempest-ServerRescueNegativeTestJSON-1708194103 tempest-ServerRescueNegativeTestJSON-1708194103-project] Image pref 0:0:0 {{(pid=124012) get_cpu_topology_constraints /opt/stack/nova/nova/virt/hardware.py:387}}
May 09 18:43:57.705900 dv-cinder-841125-3-smb devstack@n-api.service[124012]: DEBUG nova.virt.hardware [None req-c7f1afb2-ca6f-49c0-b235-0b1d85a19e98 tempest-ServerRescueNegativeTestJSON-1708194103 tempest-ServerRescueNegativeTestJSON-1708194103-project] Chose sockets=0, cores=0, threads=0; limits were sockets=65536, cores=65536, threads=65536 {{(pid=124012) get_cpu_topology_constraints /opt/stack/nova/nova/virt/hardware.py:425}}
May 09 18:43:57.724312 dv-cinder-841125-3-smb devstack@n-api.service[124012]: DEBUG oslo_concurrency.lockutils [None req-c7f1afb2-ca6f-49c0-b235-0b1d85a19e98 tempest-ServerRescueNegativeTestJSON-1708194103 tempest-ServerRescueNegativeTestJSON-1708194103-project] Lock "00000000-0000-0000-0000-000000000000" acquired by "nova.context.set_target_cell..get_or_set_cached_cell_and_set_connections" :: waited 0.000s {{(pid=124012) inner /usr/local/lib/python3.8/dist-packages/oslo_concurrency/lockutils.py:386}}
May 09 18:43:57.724767 dv-cinder-841125-3-smb devstack@n-api.service[124012]: DEBUG oslo_concurrency.lockutils [None req-c7f1afb2-ca6f-49c0-b235-0b1d85a19e98 tempest-ServerRescueNegativeTestJSON-1708194103 tempest-ServerRescueNegativeTestJSON-1708194103-project] Lock "00000000-0000-0000-0000-000000000000" "released" by "nova.context.set_target_cell..get_or_set_cached_cell_and_set_connections" :: held 0.001s {{(pid=124012) inner /usr/local/lib/python3.8/dist-packages/oslo_concurrency/lockutils.py:400}}
May 09 18:43:57.725551 dv-cinder-841125-3-smb devstack@n-api.service[124012]: DEBUG oslo_concurrency.lockutils [None req-c7f1afb2-ca6f-49c0-b235-0b1d85a19e98 tempest-ServerRescueNegativeTestJSON-1708194103 tempest-ServerRescueNegativeTestJSON-1708194103-project] Lock "567aabac-a292-4f52-8a02-3424f84a9da2" acquired by "nova.context.set_target_cell..get_or_set_cached_cell_and_set_connections" :: waited 0.000s {{(pid=124012) inner /usr/local/lib/python3.8/dist-packages/oslo_concurrency/lockutils.py:386}}
May 09 18:43:57.725982 dv-cinder-841125-3-smb devstack@n-api.service[124012]: DEBUG oslo_concurrency.lockutils [None req-c7f1afb2-ca6f-49c0-b235-0b1d85a19e98 tempest-ServerRescueNegativeTestJSON-1708194103 tempest-ServerRescueNegativeTestJSON-1708194103-project] Lock "567aabac-a292-4f52-8a02-3424f84a9da2" "released" by "nova.context.set_target_cell..get_or_set_cached_cell_and_set_connections" :: held 0.000s {{(pid=124012) inner /usr/local/lib/python3.8/dist-packages/oslo_concurrency/lockutils.py:400}}
May 09 18:43:57.807467 dv-cinder-841125-3-smb devstack@n-api.service[124012]: DEBUG nova.quota [None req-c7f1afb2-ca6f-49c0-b235-0b1d85a19e98 tempest-ServerRescueNegativeTestJSON-1708194103 tempest-ServerRescueNegativeTestJSON-1708194103-project] Getting quotas for project e057754c25e8487ab0f24908357b9a31. Resources: {'cores', 'instances', 'ram'} {{(pid=124012) _get_quotas /opt/stack/nova/nova/quota.py:393}}
May 09 18:43:57.820746 dv-cinder-841125-3-smb devstack@n-api.service[124012]: DEBUG nova.quota [None req-c7f1afb2-ca6f-49c0-b235-0b1d85a19e98 tempest-ServerRescueNegativeTestJSON-1708194103 tempest-ServerRescueNegativeTestJSON-1708194103-project] Getting quotas for user 945e1b1463cf40e0882ecfb3e697bf00 and project e057754c25e8487ab0f24908357b9a31. Resources: {'cores', 'instances', 'ram'} {{(pid=124012) _get_quotas /opt/stack/nova/nova/quota.py:383}}
May 09 18:43:57.871056 dv-cinder-841125-3-smb devstack@n-api.service[124011]: DEBUG nova.policy [None req-49f856e1-1d8c-4c6f-abfa-5d385c505eab tempest-DeleteServersTestJSON-1422165458 tempest-DeleteServersTestJSON-1422165458-project] Policy check for os_compute_api:os-extended-server-attributes failed with credentials {'is_admin': False, 'user_id': '899cb8993796413ab1edcc80c73c2fb0', 'user_domain_id': 'default', 'system_scope': None, 'domain_id': None, 'project_id': '217c821ef63542cbb533dc614447aa6b', 'project_domain_id': 'default', 'roles': ['reader', 'member'], 'is_admin_project': True, 'service_user_id': None, 'service_user_domain_id': None, 'service_project_id': None, 'service_project_domain_id': None, 'service_roles': []} {{(pid=124011) authorize /opt/stack/nova/nova/policy.py:199}}
May 09 18:43:57.871382 dv-cinder-841125-3-smb devstack@n-api.service[124012]: DEBUG nova.compute.api [None req-c7f1afb2-ca6f-49c0-b235-0b1d85a19e98 tempest-ServerRescueNegativeTestJSON-1708194103 tempest-ServerRescueNegativeTestJSON-1708194103-project] Going to run 1 instances... {{(pid=124012) _provision_instances /opt/stack/nova/nova/compute/api.py:1389}}
May 09 18:43:57.882562 dv-cinder-841125-3-smb devstack@n-api.service[124012]: DEBUG nova.compute.api [None req-c7f1afb2-ca6f-49c0-b235-0b1d85a19e98 tempest-ServerRescueNegativeTestJSON-1708194103 tempest-ServerRescueNegativeTestJSON-1708194103-project] [instance: 59c3d0e6-326e-4f8b-8649-a2c177e63b47] block_device_mapping [BlockDeviceMapping(attachment_id=,boot_index=0,connection_info=None,created_at=,delete_on_termination=True,deleted=,deleted_at=,destination_type='local',device_name=None,device_type='disk',disk_bus=None,guest_format=None,id=,image_id='3d3dc944-97de-413c-9e7b-42228d0b3acd',instance=,instance_uuid=,no_device=False,snapshot_id=None,source_type='image',tag=None,updated_at=,uuid=,volume_id=None,volume_size=None,volume_type=None)] {{(pid=124012) _bdm_validate_set_size_and_instance /opt/stack/nova/nova/compute/api.py:1807}}
May 09 18:43:57.882741 dv-cinder-841125-3-smb devstack@n-api.service[124011]: INFO nova.api.openstack.requestlog [None req-49f856e1-1d8c-4c6f-abfa-5d385c505eab tempest-DeleteServersTestJSON-1422165458 tempest-DeleteServersTestJSON-1422165458-project] 10.222.0.76 "GET /compute/v2.1/servers/bef50e81-ef75-4b77-8952-14571d98d6b2" status: 200 len: 1315 microversion: 2.1 time: 0.625813
May 09 18:43:57.884616 dv-cinder-841125-3-smb devstack@n-api.service[124011]: [pid: 124011|app: 0|req: 23/35] 10.222.0.76 () {58 vars in 1235 bytes} [Mon May 9 18:43:57 2022] GET /compute/v2.1/servers/bef50e81-ef75-4b77-8952-14571d98d6b2 => generated 1315 bytes in 629 msecs (HTTP/1.1 200) 9 headers in 358 bytes (1 switches on core 0)
May 09 18:43:58.156672 dv-cinder-841125-3-smb devstack@n-api.service[124012]: INFO nova.api.openstack.requestlog [None req-c7f1afb2-ca6f-49c0-b235-0b1d85a19e98 tempest-ServerRescueNegativeTestJSON-1708194103 tempest-ServerRescueNegativeTestJSON-1708194103-project] 10.222.0.76 "POST /compute/v2.1/servers" status: 202 len: 383 microversion: 2.1 time: 3.988463
May 09 18:43:58.163626 dv-cinder-841125-3-smb devstack@n-api.service[124012]: [pid: 124012|app: 0|req: 13/36] 10.222.0.76 () {60 vars in 1146 bytes} [Mon May 9 18:43:54 2022] POST /compute/v2.1/servers => generated 383 bytes in 3999 msecs (HTTP/1.1 202) 10 headers in 451 bytes (1 switches on core 0)
May 09 18:43:58.167048 dv-cinder-841125-3-smb devstack@n-api.service[124011]: DEBUG nova.api.openstack.wsgi [None req-af841682-679c-4ce5-946f-0ca509003abb tempest-ServerRescueNegativeTestJSON-1708194103 tempest-ServerRescueNegativeTestJSON-1708194103-project] Calling method '>' {{(pid=124011) _process_stack /opt/stack/nova/nova/api/openstack/wsgi.py:513}}
May 09 18:43:58.170121 dv-cinder-841125-3-smb devstack@n-api.service[124011]: DEBUG nova.compute.api [None req-af841682-679c-4ce5-946f-0ca509003abb tempest-ServerRescueNegativeTestJSON-1708194103 tempest-ServerRescueNegativeTestJSON-1708194103-project] [instance: 59c3d0e6-326e-4f8b-8649-a2c177e63b47] Fetching instance by UUID {{(pid=124011) get /opt/stack/nova/nova/compute/api.py:2920}}
May 09 18:43:58.339557 dv-cinder-841125-3-smb devstack@n-api.service[124011]: DEBUG nova.policy [None req-af841682-679c-4ce5-946f-0ca509003abb tempest-ServerRescueNegativeTestJSON-1708194103 tempest-ServerRescueNegativeTestJSON-1708194103-project] Policy check for os_compute_api:os-extended-server-attributes failed with credentials {'is_admin': False, 'user_id': '945e1b1463cf40e0882ecfb3e697bf00', 'user_domain_id': 'default', 'system_scope': None, 'domain_id': None, 'project_id': 'e057754c25e8487ab0f24908357b9a31', 'project_domain_id': 'default', 'roles': ['reader', 'member'], 'is_admin_project': True, 'service_user_id': None, 'service_user_domain_id': None, 'service_project_id': None, 'service_project_domain_id': None, 'service_roles': []} {{(pid=124011) authorize /opt/stack/nova/nova/policy.py:199}}
May 09 18:43:58.386537 dv-cinder-841125-3-smb devstack@n-api.service[124011]: INFO nova.api.openstack.requestlog [None req-af841682-679c-4ce5-946f-0ca509003abb tempest-ServerRescueNegativeTestJSON-1708194103 tempest-ServerRescueNegativeTestJSON-1708194103-project] 10.222.0.76 "GET /compute/v2.1/servers/59c3d0e6-326e-4f8b-8649-a2c177e63b47" status: 200 len: 1221 microversion: 2.1 time: 0.223710
May 09 18:43:58.390431 dv-cinder-841125-3-smb devstack@n-api.service[124011]: [pid: 124011|app: 0|req: 24/37] 10.222.0.76 () {58 vars in 1235 bytes} [Mon May 9 18:43:58 2022] GET /compute/v2.1/servers/59c3d0e6-326e-4f8b-8649-a2c177e63b47 => generated 1221 bytes in 228 msecs (HTTP/1.1 200) 9 headers in 358 bytes (1 switches on core 0)
May 09 18:43:58.820325 dv-cinder-841125-3-smb devstack@n-api.service[124012]: DEBUG nova.api.openstack.wsgi [None req-7f5e01df-f4a5-4a4a-820a-4fe5cb41d713 tempest-ServerRescueNegativeTestJSON-1708194103 tempest-ServerRescueNegativeTestJSON-1708194103-project] Action: 'create', calling method: >, body: {"server": {"name": "tempest-ServerRescueNegativeTestJSON-server-2134198293", "imageRef": "3d3dc944-97de-413c-9e7b-42228d0b3acd", "flavorRef": "452", "adminPass": "***", "networks": [{"uuid": "}]}} {{(pid=124012) _process_stack /opt/stack/nova/nova/api/openstack/wsgi.py:511}}
May 09 18:43:58.900890 dv-cinder-841125-3-smb devstack@n-api.service[124011]: DEBUG nova.api.openstack.wsgi [None req-e9830fd8-822f-48cc-9497-eb5d65778f99 tempest-DeleteServersTestJSON-1422165458 tempest-DeleteServersTestJSON-1422165458-project] Calling method '>' {{(pid=124011) _process_stack /opt/stack/nova/nova/api/openstack/wsgi.py:513}}
May 09 18:43:58.901524 dv-cinder-841125-3-smb devstack@n-api.service[124011]: DEBUG nova.compute.api [None req-e9830fd8-822f-48cc-9497-eb5d65778f99 tempest-DeleteServersTestJSON-1422165458 tempest-DeleteServersTestJSON-1422165458-project] [instance: bef50e81-ef75-4b77-8952-14571d98d6b2] Fetching instance by UUID {{(pid=124011) get /opt/stack/nova/nova/compute/api.py:2920}}
May 09 18:43:58.930496 dv-cinder-841125-3-smb devstack@n-api.service[124011]: DEBUG oslo_concurrency.lockutils [None req-e9830fd8-822f-48cc-9497-eb5d65778f99 tempest-DeleteServersTestJSON-1422165458 tempest-DeleteServersTestJSON-1422165458-project] Lock "567aabac-a292-4f52-8a02-3424f84a9da2" acquired by "nova.context.set_target_cell..get_or_set_cached_cell_and_set_connections" :: waited 0.000s {{(pid=124011) inner /usr/local/lib/python3.8/dist-packages/oslo_concurrency/lockutils.py:386}}
May 09 18:43:58.941326 dv-cinder-841125-3-smb devstack@n-api.service[124011]: DEBUG oslo_concurrency.lockutils [None req-e9830fd8-822f-48cc-9497-eb5d65778f99 tempest-DeleteServersTestJSON-1422165458 tempest-DeleteServersTestJSON-1422165458-project] Lock "567aabac-a292-4f52-8a02-3424f84a9da2" "released" by "nova.context.set_target_cell..get_or_set_cached_cell_and_set_connections" :: held 0.011s {{(pid=124011) inner /usr/local/lib/python3.8/dist-packages/oslo_concurrency/lockutils.py:400}}
May 09 18:43:58.943183 dv-cinder-841125-3-smb devstack@n-api.service[124011]: DEBUG oslo_concurrency.lockutils [None req-e9830fd8-822f-48cc-9497-eb5d65778f99 tempest-DeleteServersTestJSON-1422165458 tempest-DeleteServersTestJSON-1422165458-project] Lock "567aabac-a292-4f52-8a02-3424f84a9da2" acquired by "nova.context.set_target_cell..get_or_set_cached_cell_and_set_connections" :: waited 0.000s {{(pid=124011) inner /usr/local/lib/python3.8/dist-packages/oslo_concurrency/lockutils.py:386}}
May 09 18:43:58.945873 dv-cinder-841125-3-smb devstack@n-api.service[124011]: DEBUG oslo_concurrency.lockutils [None req-e9830fd8-822f-48cc-9497-eb5d65778f99 tempest-DeleteServersTestJSON-1422165458 tempest-DeleteServersTestJSON-1422165458-project] Lock "567aabac-a292-4f52-8a02-3424f84a9da2" "released" by "nova.context.set_target_cell..get_or_set_cached_cell_and_set_connections" :: held 0.002s {{(pid=124011) inner /usr/local/lib/python3.8/dist-packages/oslo_concurrency/lockutils.py:400}}
May 09 18:43:59.009682 dv-cinder-841125-3-smb devstack@n-api.service[124012]: DEBUG nova.network.neutron [None req-7f5e01df-f4a5-4a4a-820a-4fe5cb41d713 tempest-ServerRescueNegativeTestJSON-1708194103 tempest-ServerRescueNegativeTestJSON-1708194103-project] validate_networks() for [('5d2d64aa-ffd2-4cb1-bd73-7b91c4ab501b', None, None, None, None, None)] {{(pid=124012) validate_networks /opt/stack/nova/nova/network/neutron.py:2608}}
May 09 18:44:01.125801 dv-cinder-841125-3-smb devstack@n-api.service[124011]: DEBUG nova.policy [None req-e9830fd8-822f-48cc-9497-eb5d65778f99 tempest-DeleteServersTestJSON-1422165458 tempest-DeleteServersTestJSON-1422165458-project] Policy check for os_compute_api:os-extended-server-attributes failed with credentials {'is_admin': False, 'user_id': '899cb8993796413ab1edcc80c73c2fb0', 'user_domain_id': 'default', 'system_scope': None, 'domain_id': None, 'project_id': '217c821ef63542cbb533dc614447aa6b', 'project_domain_id': 'default', 'roles': ['reader', 'member'], 'is_admin_project': True, 'service_user_id': None, 'service_user_domain_id': None, 'service_project_id': None, 'service_project_domain_id': None, 'service_roles': []} {{(pid=124011) authorize /opt/stack/nova/nova/policy.py:199}}
May 09 18:44:01.134631 dv-cinder-841125-3-smb devstack@n-api.service[124011]: INFO nova.api.openstack.requestlog [None req-e9830fd8-822f-48cc-9497-eb5d65778f99 tempest-DeleteServersTestJSON-1422165458 tempest-DeleteServersTestJSON-1422165458-project] 10.222.0.76 "GET /compute/v2.1/servers/bef50e81-ef75-4b77-8952-14571d98d6b2" status: 200 len: 1315 microversion: 2.1 time: 2.239563
May 09 18:44:01.137119 dv-cinder-841125-3-smb devstack@n-api.service[124011]: [pid: 124011|app: 0|req: 25/38] 10.222.0.76 () {58 vars in 1235 bytes} [Mon May 9 18:43:58 2022] GET /compute/v2.1/servers/bef50e81-ef75-4b77-8952-14571d98d6b2 => generated 1315 bytes in 2243 msecs (HTTP/1.1 200) 9 headers in 358 bytes (1 switches on core 0)
May 09 18:44:01.759036 dv-cinder-841125-3-smb devstack@n-api.service[124011]: DEBUG nova.api.openstack.wsgi [req-56598126-aea3-4c36-8a09-f84fe9157192 req-d04751ac-54f6-472f-8ec1-1992d14de19f service nova] Action: 'create', calling method: >, body: {"events": [{"name": "network-changed", "server_uuid": "bef50e81-ef75-4b77-8952-14571d98d6b2", "tag": "07325126-8f80-4df3-89b9-a3be6b04bd27"}]} {{(pid=124011) _process_stack /opt/stack/nova/nova/api/openstack/wsgi.py:511}}
May 09 18:44:01.799711 dv-cinder-841125-3-smb devstack@n-api.service[124011]: DEBUG oslo_concurrency.lockutils [req-56598126-aea3-4c36-8a09-f84fe9157192 req-d04751ac-54f6-472f-8ec1-1992d14de19f service nova] Lock "567aabac-a292-4f52-8a02-3424f84a9da2" acquired by "nova.context.set_target_cell..get_or_set_cached_cell_and_set_connections" :: waited 0.000s {{(pid=124011) inner /usr/local/lib/python3.8/dist-packages/oslo_concurrency/lockutils.py:386}}
May 09 18:44:01.808773 dv-cinder-841125-3-smb devstack@n-api.service[124011]: DEBUG oslo_concurrency.lockutils [req-56598126-aea3-4c36-8a09-f84fe9157192 req-d04751ac-54f6-472f-8ec1-1992d14de19f service nova] Lock "567aabac-a292-4f52-8a02-3424f84a9da2" "released" by "nova.context.set_target_cell..get_or_set_cached_cell_and_set_connections" :: held 0.001s {{(pid=124011) inner /usr/local/lib/python3.8/dist-packages/oslo_concurrency/lockutils.py:400}}
May 09 18:44:01.896317 dv-cinder-841125-3-smb devstack@n-api.service[124011]: INFO nova.api.openstack.compute.server_external_events [req-56598126-aea3-4c36-8a09-f84fe9157192 req-d04751ac-54f6-472f-8ec1-1992d14de19f service nova] Creating event network-changed:07325126-8f80-4df3-89b9-a3be6b04bd27 for instance bef50e81-ef75-4b77-8952-14571d98d6b2 on hv-cinder-84112
May 09 18:44:01.898157 dv-cinder-841125-3-smb devstack@n-api.service[124011]: DEBUG oslo_concurrency.lockutils [req-56598126-aea3-4c36-8a09-f84fe9157192 req-d04751ac-54f6-472f-8ec1-1992d14de19f service nova] Acquired lock "compute-rpcapi-router" {{(pid=124011) lock /usr/local/lib/python3.8/dist-packages/oslo_concurrency/lockutils.py:294}}
May 09 18:44:01.899464 dv-cinder-841125-3-smb devstack@n-api.service[124011]: DEBUG oslo_concurrency.lockutils [None req-7081711b-a520-47f1-a2b2-13f1b669b12d None None] Lock "00000000-0000-0000-0000-000000000000" acquired by "nova.context.set_target_cell..get_or_set_cached_cell_and_set_connections" :: waited 0.000s {{(pid=124011) inner /usr/local/lib/python3.8/dist-packages/oslo_concurrency/lockutils.py:386}}
May 09 18:44:01.900787 dv-cinder-841125-3-smb devstack@n-api.service[124011]: DEBUG oslo_concurrency.lockutils [None req-7081711b-a520-47f1-a2b2-13f1b669b12d None None] Lock "00000000-0000-0000-0000-000000000000" "released" by "nova.context.set_target_cell..get_or_set_cached_cell_and_set_connections" :: held 0.001s {{(pid=124011) inner /usr/local/lib/python3.8/dist-packages/oslo_concurrency/lockutils.py:400}}
May 09 18:44:01.904971 dv-cinder-841125-3-smb devstack@n-api.service[124011]: DEBUG oslo_concurrency.lockutils [None req-7081711b-a520-47f1-a2b2-13f1b669b12d None None] Lock "567aabac-a292-4f52-8a02-3424f84a9da2" acquired by "nova.context.set_target_cell..get_or_set_cached_cell_and_set_connections" :: waited 0.000s {{(pid=124011) inner /usr/local/lib/python3.8/dist-packages/oslo_concurrency/lockutils.py:386}}
May 09 18:44:01.904971 dv-cinder-841125-3-smb devstack@n-api.service[124011]: DEBUG oslo_concurrency.lockutils [None req-7081711b-a520-47f1-a2b2-13f1b669b12d None None] Lock "567aabac-a292-4f52-8a02-3424f84a9da2" "released" by "nova.context.set_target_cell..get_or_set_cached_cell_and_set_connections" :: held 0.000s {{(pid=124011) inner /usr/local/lib/python3.8/dist-packages/oslo_concurrency/lockutils.py:400}}
May 09 18:44:01.932025 dv-cinder-841125-3-smb devstack@n-api.service[124011]: INFO nova.compute.rpcapi [None req-7081711b-a520-47f1-a2b2-13f1b669b12d None None] Automatically selected compute RPC version 6.0 from minimum service version 61
May 09 18:44:01.948653 dv-cinder-841125-3-smb devstack@n-api.service[124011]: DEBUG oslo_concurrency.lockutils [None req-7081711b-a520-47f1-a2b2-13f1b669b12d None None] Releasing lock "compute-rpcapi-router" {{(pid=124011) lock /usr/local/lib/python3.8/dist-packages/oslo_concurrency/lockutils.py:312}}
May 09 18:44:02.050230 dv-cinder-841125-3-smb devstack@n-api.service[124011]: INFO nova.api.openstack.requestlog [None req-7081711b-a520-47f1-a2b2-13f1b669b12d None None] 10.222.0.76 "POST /compute/v2.1/os-server-external-events" status: 200 len: 179 microversion: 2.1 time: 0.911594
May 09 18:44:02.051216 dv-cinder-841125-3-smb devstack@n-api.service[124011]: [pid: 124011|app: 0|req: 26/39] 10.222.0.76 () {64 vars in 1317 bytes} [Mon May 9 18:44:01 2022] POST /compute/v2.1/os-server-external-events => generated 179 bytes in 913 msecs (HTTP/1.1 200) 9 headers in 357 bytes (1 switches on core 0)
May 09 18:44:02.230503 dv-cinder-841125-3-smb devstack@n-api.service[124012]: DEBUG nova.virt.hardware [None req-7f5e01df-f4a5-4a4a-820a-4fe5cb41d713 tempest-ServerRescueNegativeTestJSON-1708194103 tempest-ServerRescueNegativeTestJSON-1708194103-project] Flavor limits 0:0:0 {{(pid=124012) get_cpu_topology_constraints /opt/stack/nova/nova/virt/hardware.py:343}}
May 09 18:44:02.231491 dv-cinder-841125-3-smb devstack@n-api.service[124012]: DEBUG nova.virt.hardware [None req-7f5e01df-f4a5-4a4a-820a-4fe5cb41d713 tempest-ServerRescueNegativeTestJSON-1708194103 tempest-ServerRescueNegativeTestJSON-1708194103-project] Image limits 0:0:0 {{(pid=124012) get_cpu_topology_constraints /opt/stack/nova/nova/virt/hardware.py:347}}
May 09 18:44:02.232455 dv-cinder-841125-3-smb devstack@n-api.service[124012]: DEBUG nova.virt.hardware [None req-7f5e01df-f4a5-4a4a-820a-4fe5cb41d713 tempest-ServerRescueNegativeTestJSON-1708194103 tempest-ServerRescueNegativeTestJSON-1708194103-project] Flavor pref 0:0:0 {{(pid=124012) get_cpu_topology_constraints /opt/stack/nova/nova/virt/hardware.py:383}}
May 09 18:44:02.233108 dv-cinder-841125-3-smb devstack@n-api.service[124012]: DEBUG nova.virt.hardware [None req-7f5e01df-f4a5-4a4a-820a-4fe5cb41d713 tempest-ServerRescueNegativeTestJSON-1708194103 tempest-ServerRescueNegativeTestJSON-1708194103-project] Image pref 0:0:0 {{(pid=124012) get_cpu_topology_constraints /opt/stack/nova/nova/virt/hardware.py:387}}
May 09 18:44:02.233753 dv-cinder-841125-3-smb devstack@n-api.service[124012]: DEBUG nova.virt.hardware [None req-7f5e01df-f4a5-4a4a-820a-4fe5cb41d713 tempest-ServerRescueNegativeTestJSON-1708194103 tempest-ServerRescueNegativeTestJSON-1708194103-project] Chose sockets=0, cores=0, threads=0; limits were sockets=65536, cores=65536, threads=65536 {{(pid=124012) get_cpu_topology_constraints /opt/stack/nova/nova/virt/hardware.py:425}}
May 09 18:44:02.283703 dv-cinder-841125-3-smb devstack@n-api.service[124012]: DEBUG oslo_concurrency.lockutils [None req-7f5e01df-f4a5-4a4a-820a-4fe5cb41d713 tempest-ServerRescueNegativeTestJSON-1708194103 tempest-ServerRescueNegativeTestJSON-1708194103-project] Lock "00000000-0000-0000-0000-000000000000" acquired by "nova.context.set_target_cell..get_or_set_cached_cell_and_set_connections" :: waited 0.000s {{(pid=124012) inner /usr/local/lib/python3.8/dist-packages/oslo_concurrency/lockutils.py:386}}
May 09 18:44:02.284989 dv-cinder-841125-3-smb devstack@n-api.service[124012]: DEBUG oslo_concurrency.lockutils [None req-7f5e01df-f4a5-4a4a-820a-4fe5cb41d713 tempest-ServerRescueNegativeTestJSON-1708194103 tempest-ServerRescueNegativeTestJSON-1708194103-project] Lock "00000000-0000-0000-0000-000000000000" "released" by "nova.context.set_target_cell..get_or_set_cached_cell_and_set_connections" :: held 0.001s {{(pid=124012) inner /usr/local/lib/python3.8/dist-packages/oslo_concurrency/lockutils.py:400}}
May 09 18:44:02.286294 dv-cinder-841125-3-smb devstack@n-api.service[124012]: DEBUG oslo_concurrency.lockutils [None req-7f5e01df-f4a5-4a4a-820a-4fe5cb41d713 tempest-ServerRescueNegativeTestJSON-1708194103 tempest-ServerRescueNegativeTestJSON-1708194103-project] Lock "567aabac-a292-4f52-8a02-3424f84a9da2" acquired by "nova.context.set_target_cell..get_or_set_cached_cell_and_set_connections" :: waited 0.000s {{(pid=124012) inner /usr/local/lib/python3.8/dist-packages/oslo_concurrency/lockutils.py:386}}
May 09 18:44:02.289738 dv-cinder-841125-3-smb devstack@n-api.service[124012]: DEBUG oslo_concurrency.lockutils [None req-7f5e01df-f4a5-4a4a-820a-4fe5cb41d713 tempest-ServerRescueNegativeTestJSON-1708194103 tempest-ServerRescueNegativeTestJSON-1708194103-project] Lock "567aabac-a292-4f52-8a02-3424f84a9da2" "released" by "nova.context.set_target_cell..get_or_set_cached_cell_and_set_connections" :: held 0.001s {{(pid=124012) inner /usr/local/lib/python3.8/dist-packages/oslo_concurrency/lockutils.py:400}}
May 09 18:44:02.371065 dv-cinder-841125-3-smb devstack@n-api.service[124012]: DEBUG nova.quota [None req-7f5e01df-f4a5-4a4a-820a-4fe5cb41d713 tempest-ServerRescueNegativeTestJSON-1708194103 tempest-ServerRescueNegativeTestJSON-1708194103-project] Getting quotas for project e057754c25e8487ab0f24908357b9a31. Resources: {'cores', 'instances', 'ram'} {{(pid=124012) _get_quotas /opt/stack/nova/nova/quota.py:393}}
May 09 18:44:02.390315 dv-cinder-841125-3-smb devstack@n-api.service[124012]: DEBUG nova.quota [None req-7f5e01df-f4a5-4a4a-820a-4fe5cb41d713 tempest-ServerRescueNegativeTestJSON-1708194103 tempest-ServerRescueNegativeTestJSON-1708194103-project] Getting quotas for user 945e1b1463cf40e0882ecfb3e697bf00 and project e057754c25e8487ab0f24908357b9a31. Resources: {'cores', 'instances', 'ram'} {{(pid=124012) _get_quotas /opt/stack/nova/nova/quota.py:383}}
May 09 18:44:02.435987 dv-cinder-841125-3-smb devstack@n-api.service[124012]: DEBUG nova.compute.api [None req-7f5e01df-f4a5-4a4a-820a-4fe5cb41d713 tempest-ServerRescueNegativeTestJSON-1708194103 tempest-ServerRescueNegativeTestJSON-1708194103-project] Going to run 1 instances... {{(pid=124012) _provision_instances /opt/stack/nova/nova/compute/api.py:1389}}
May 09 18:44:02.438356 dv-cinder-841125-3-smb devstack@n-api.service[124012]: DEBUG nova.compute.api [None req-7f5e01df-f4a5-4a4a-820a-4fe5cb41d713 tempest-ServerRescueNegativeTestJSON-1708194103 tempest-ServerRescueNegativeTestJSON-1708194103-project] [instance: 040b66cf-7458-449a-97c4-bfce6d35d126] block_device_mapping [BlockDeviceMapping(attachment_id=,boot_index=0,connection_info=None,created_at=,delete_on_termination=True,deleted=,deleted_at=,destination_type='local',device_name=None,device_type='disk',disk_bus=None,guest_format=None,id=,image_id='3d3dc944-97de-413c-9e7b-42228d0b3acd',instance=,instance_uuid=,no_device=False,snapshot_id=None,source_type='image',tag=None,updated_at=,uuid=,volume_id=None,volume_size=None,volume_type=None)] {{(pid=124012) _bdm_validate_set_size_and_instance /opt/stack/nova/nova/compute/api.py:1807}}
May 09 18:44:02.502190 dv-cinder-841125-3-smb devstack@n-api.service[124011]: DEBUG nova.api.openstack.wsgi [None req-7e8077c3-52e8-4141-800e-86555e9a84d1 tempest-AttachVolumeNegativeTest-665604237 tempest-AttachVolumeNegativeTest-665604237-project] Action: 'create', calling method: .version_select at 0x7fa3994983a0>, body: {"keypair": {"name": "tempest-keypair-1836343063", "public_key": "ecdsa-sha2-nistp384 AAAAE2VjZHNhLXNoYTItbmlzdHAzODQAAAAIbmlzdHAzODQAAABhBML9Chr1RkN34UPXGkzDtE3F9BD9WtjBSX5ZuEcQHWG7CYSGkMPSOi+aVrqLcHQAuGZfwQ5w5d3sLMZYSTuviFTiDf5a1+a7Yfv+3wi9mZZgsZzGslT6OOd5tKwwAB5FBg=="}} {{(pid=124011) _process_stack /opt/stack/nova/nova/api/openstack/wsgi.py:511}}
May 09 18:44:02.631340 dv-cinder-841125-3-smb devstack@n-api.service[124011]: DEBUG nova.quota [None req-7e8077c3-52e8-4141-800e-86555e9a84d1 tempest-AttachVolumeNegativeTest-665604237 tempest-AttachVolumeNegativeTest-665604237-project] Getting quotas for project e105dd1810f5467ab2ae04402e48cb5e. Resources: {'key_pairs'} {{(pid=124011) _get_quotas /opt/stack/nova/nova/quota.py:393}}
May 09 18:44:02.646915 dv-cinder-841125-3-smb devstack@n-api.service[124012]: INFO nova.api.openstack.requestlog [None req-7f5e01df-f4a5-4a4a-820a-4fe5cb41d713 tempest-ServerRescueNegativeTestJSON-1708194103 tempest-ServerRescueNegativeTestJSON-1708194103-project] 10.222.0.76 "POST /compute/v2.1/servers" status: 202 len: 383 microversion: 2.1 time: 3.829155
May 09 18:44:02.660113 dv-cinder-841125-3-smb devstack@n-api.service[124012]: [pid: 124012|app: 0|req: 14/40] 10.222.0.76 () {60 vars in 1146 bytes} [Mon May 9 18:43:58 2022] POST /compute/v2.1/servers => generated 383 bytes in 3834 msecs (HTTP/1.1 202) 10 headers in 451 bytes (1 switches on core 0)
May 09 18:44:02.661050 dv-cinder-841125-3-smb devstack@n-api.service[124011]: DEBUG nova.quota [None req-7e8077c3-52e8-4141-800e-86555e9a84d1 tempest-AttachVolumeNegativeTest-665604237 tempest-AttachVolumeNegativeTest-665604237-project] Getting quotas for user 317e110fb32c4d06abbf0ad94952beae and project e105dd1810f5467ab2ae04402e48cb5e. Resources: {'key_pairs'} {{(pid=124011) _get_quotas /opt/stack/nova/nova/quota.py:383}}
May 09 18:44:02.665438 dv-cinder-841125-3-smb devstack@n-api.service[124012]: DEBUG nova.api.openstack.wsgi [None req-3a11bad1-9aa8-45bc-9acd-202f5762dd17 tempest-DeleteServersTestJSON-1422165458 tempest-DeleteServersTestJSON-1422165458-project] Calling method '>' {{(pid=124012) _process_stack /opt/stack/nova/nova/api/openstack/wsgi.py:513}}
May 09 18:44:02.670096 dv-cinder-841125-3-smb devstack@n-api.service[124012]: DEBUG nova.compute.api [None req-3a11bad1-9aa8-45bc-9acd-202f5762dd17 tempest-DeleteServersTestJSON-1422165458 tempest-DeleteServersTestJSON-1422165458-project] [instance: bef50e81-ef75-4b77-8952-14571d98d6b2] Fetching instance by UUID {{(pid=124012) get /opt/stack/nova/nova/compute/api.py:2920}}
May 09 18:44:02.690058 dv-cinder-841125-3-smb devstack@n-api.service[124012]: DEBUG oslo_concurrency.lockutils [None req-3a11bad1-9aa8-45bc-9acd-202f5762dd17 tempest-DeleteServersTestJSON-1422165458 tempest-DeleteServersTestJSON-1422165458-project] Lock "567aabac-a292-4f52-8a02-3424f84a9da2" acquired by "nova.context.set_target_cell..get_or_set_cached_cell_and_set_connections" :: waited 0.000s {{(pid=124012) inner /usr/local/lib/python3.8/dist-packages/oslo_concurrency/lockutils.py:386}}
May 09 18:44:02.690727 dv-cinder-841125-3-smb devstack@n-api.service[124012]: DEBUG oslo_concurrency.lockutils [None req-3a11bad1-9aa8-45bc-9acd-202f5762dd17 tempest-DeleteServersTestJSON-1422165458 tempest-DeleteServersTestJSON-1422165458-project] Lock "567aabac-a292-4f52-8a02-3424f84a9da2" "released" by "nova.context.set_target_cell..get_or_set_cached_cell_and_set_connections" :: held 0.001s {{(pid=124012) inner /usr/local/lib/python3.8/dist-packages/oslo_concurrency/lockutils.py:400}}
May 09 18:44:02.691691 dv-cinder-841125-3-smb devstack@n-api.service[124012]: DEBUG oslo_concurrency.lockutils [None req-3a11bad1-9aa8-45bc-9acd-202f5762dd17 tempest-DeleteServersTestJSON-1422165458 tempest-DeleteServersTestJSON-1422165458-project] Lock "567aabac-a292-4f52-8a02-3424f84a9da2" acquired by "nova.context.set_target_cell..get_or_set_cached_cell_and_set_connections" :: waited 0.000s {{(pid=124012) inner /usr/local/lib/python3.8/dist-packages/oslo_concurrency/lockutils.py:386}}
May 09 18:44:02.704408 dv-cinder-841125-3-smb devstack@n-api.service[124012]: DEBUG oslo_concurrency.lockutils [None req-3a11bad1-9aa8-45bc-9acd-202f5762dd17 tempest-DeleteServersTestJSON-1422165458 tempest-DeleteServersTestJSON-1422165458-project] Lock "567aabac-a292-4f52-8a02-3424f84a9da2" "released" by "nova.context.set_target_cell..get_or_set_cached_cell_and_set_connections" :: held 0.001s {{(pid=124012) inner /usr/local/lib/python3.8/dist-packages/oslo_concurrency/lockutils.py:400}}
May 09 18:44:02.835929 dv-cinder-841125-3-smb devstack@n-api.service[124011]: INFO nova.api.openstack.requestlog [None req-7e8077c3-52e8-4141-800e-86555e9a84d1 tempest-AttachVolumeNegativeTest-665604237 tempest-AttachVolumeNegativeTest-665604237-project] 10.222.0.76 "POST /compute/v2.1/os-keypairs" status: 200 len: 386 microversion: 2.1 time: 0.783098
May 09 18:44:02.836834 dv-cinder-841125-3-smb devstack@n-api.service[124011]: [pid: 124011|app: 0|req: 27/41] 10.222.0.76 () {60 vars in 1158 bytes} [Mon May 9 18:44:02 2022] POST /compute/v2.1/os-keypairs => generated 386 bytes in 785 msecs (HTTP/1.1 200) 9 headers in 357 bytes (1 switches on core 0)
May 09 18:44:02.846450 dv-cinder-841125-3-smb devstack@n-api.service[124011]: DEBUG nova.api.openstack.wsgi [None req-fe3f79fc-191b-464f-92a6-e4f24a0c0210 tempest-ServerRescueNegativeTestJSON-1708194103 tempest-ServerRescueNegativeTestJSON-1708194103-project] Calling method '>' {{(pid=124011) _process_stack /opt/stack/nova/nova/api/openstack/wsgi.py:513}}
May 09 18:44:02.847631 dv-cinder-841125-3-smb devstack@n-api.service[124011]: DEBUG nova.compute.api [None req-fe3f79fc-191b-464f-92a6-e4f24a0c0210 tempest-ServerRescueNegativeTestJSON-1708194103 tempest-ServerRescueNegativeTestJSON-1708194103-project] [instance: 040b66cf-7458-449a-97c4-bfce6d35d126] Fetching instance by UUID {{(pid=124011) get /opt/stack/nova/nova/compute/api.py:2920}}
May 09 18:44:03.336639 dv-cinder-841125-3-smb devstack@n-api.service[124011]: DEBUG nova.policy [None req-fe3f79fc-191b-464f-92a6-e4f24a0c0210 tempest-ServerRescueNegativeTestJSON-1708194103 tempest-ServerRescueNegativeTestJSON-1708194103-project] Policy check for os_compute_api:os-extended-server-attributes failed with credentials {'is_admin': False, 'user_id': '945e1b1463cf40e0882ecfb3e697bf00', 'user_domain_id': 'default', 'system_scope': None, 'domain_id': None, 'project_id': 'e057754c25e8487ab0f24908357b9a31', 'project_domain_id': 'default', 'roles': ['reader', 'member'], 'is_admin_project': True, 'service_user_id': None, 'service_user_domain_id': None, 'service_project_id': None, 'service_project_domain_id': None, 'service_roles': []} {{(pid=124011) authorize /opt/stack/nova/nova/policy.py:199}}
May 09 18:44:03.349335 dv-cinder-841125-3-smb devstack@n-api.service[124011]: INFO nova.api.openstack.requestlog [None req-fe3f79fc-191b-464f-92a6-e4f24a0c0210 tempest-ServerRescueNegativeTestJSON-1708194103 tempest-ServerRescueNegativeTestJSON-1708194103-project] 10.222.0.76 "GET /compute/v2.1/servers/040b66cf-7458-449a-97c4-bfce6d35d126" status: 200 len: 1222 microversion: 2.1 time: 0.511189
May 09 18:44:03.349948 dv-cinder-841125-3-smb devstack@n-api.service[124011]: [pid: 124011|app: 0|req: 28/42] 10.222.0.76 () {58 vars in 1235 bytes} [Mon May 9 18:44:02 2022] GET /compute/v2.1/servers/040b66cf-7458-449a-97c4-bfce6d35d126 => generated 1222 bytes in 512 msecs (HTTP/1.1 200) 9 headers in 358 bytes (1 switches on core 0)
May 09 18:44:03.413984 dv-cinder-841125-3-smb devstack@n-api.service[124012]: DEBUG nova.policy [None req-3a11bad1-9aa8-45bc-9acd-202f5762dd17 tempest-DeleteServersTestJSON-1422165458 tempest-DeleteServersTestJSON-1422165458-project] Policy check for os_compute_api:os-extended-server-attributes failed with credentials {'is_admin': False, 'user_id': '899cb8993796413ab1edcc80c73c2fb0', 'user_domain_id': 'default', 'system_scope': None, 'domain_id': None, 'project_id': '217c821ef63542cbb533dc614447aa6b', 'project_domain_id': 'default', 'roles': ['reader', 'member'], 'is_admin_project': True, 'service_user_id': None, 'service_user_domain_id': None, 'service_project_id': None, 'service_project_domain_id': None, 'service_roles': []} {{(pid=124012) authorize /opt/stack/nova/nova/policy.py:199}}
May 09 18:44:03.426880 dv-cinder-841125-3-smb devstack@n-api.service[124012]: INFO nova.api.openstack.requestlog [None req-3a11bad1-9aa8-45bc-9acd-202f5762dd17 tempest-DeleteServersTestJSON-1422165458 tempest-DeleteServersTestJSON-1422165458-project] 10.222.0.76 "GET /compute/v2.1/servers/bef50e81-ef75-4b77-8952-14571d98d6b2" status: 200 len: 1315 microversion: 2.1 time: 0.777982
May 09 18:44:03.431695 dv-cinder-841125-3-smb devstack@n-api.service[124012]: [pid: 124012|app: 0|req: 15/43] 10.222.0.76 () {58 vars in 1235 bytes} [Mon May 9 18:44:02 2022] GET /compute/v2.1/servers/bef50e81-ef75-4b77-8952-14571d98d6b2 => generated 1315 bytes in 783 msecs (HTTP/1.1 200) 9 headers in 358 bytes (1 switches on core 0)
May 09 18:44:04.367537 dv-cinder-841125-3-smb devstack@n-api.service[124011]: DEBUG nova.api.openstack.wsgi [None req-134a6e5e-80f4-4bdd-abbc-7bda76933665 tempest-ServerRescueNegativeTestJSON-1708194103 tempest-ServerRescueNegativeTestJSON-1708194103-project] Calling method '>' {{(pid=124011) _process_stack /opt/stack/nova/nova/api/openstack/wsgi.py:513}}
May 09 18:44:04.368926 dv-cinder-841125-3-smb devstack@n-api.service[124011]: DEBUG nova.compute.api [None req-134a6e5e-80f4-4bdd-abbc-7bda76933665 tempest-ServerRescueNegativeTestJSON-1708194103 tempest-ServerRescueNegativeTestJSON-1708194103-project] [instance: 040b66cf-7458-449a-97c4-bfce6d35d126] Fetching instance by UUID {{(pid=124011) get /opt/stack/nova/nova/compute/api.py:2920}}
May 09 18:44:04.382708 dv-cinder-841125-3-smb devstack@n-api.service[124011]: DEBUG oslo_concurrency.lockutils [None req-134a6e5e-80f4-4bdd-abbc-7bda76933665 tempest-ServerRescueNegativeTestJSON-1708194103 tempest-ServerRescueNegativeTestJSON-1708194103-project] Lock "567aabac-a292-4f52-8a02-3424f84a9da2" acquired by "nova.context.set_target_cell..get_or_set_cached_cell_and_set_connections" :: waited 0.000s {{(pid=124011) inner /usr/local/lib/python3.8/dist-packages/oslo_concurrency/lockutils.py:386}}
May 09 18:44:04.385986 dv-cinder-841125-3-smb devstack@n-api.service[124011]: DEBUG oslo_concurrency.lockutils [None req-134a6e5e-80f4-4bdd-abbc-7bda76933665 tempest-ServerRescueNegativeTestJSON-1708194103 tempest-ServerRescueNegativeTestJSON-1708194103-project] Lock "567aabac-a292-4f52-8a02-3424f84a9da2" "released" by "nova.context.set_target_cell..get_or_set_cached_cell_and_set_connections" :: held 0.001s {{(pid=124011) inner /usr/local/lib/python3.8/dist-packages/oslo_concurrency/lockutils.py:400}}
May 09 18:44:04.388057 dv-cinder-841125-3-smb devstack@n-api.service[124011]: DEBUG oslo_concurrency.lockutils [None req-134a6e5e-80f4-4bdd-abbc-7bda76933665 tempest-ServerRescueNegativeTestJSON-1708194103 tempest-ServerRescueNegativeTestJSON-1708194103-project] Lock "567aabac-a292-4f52-8a02-3424f84a9da2" acquired by "nova.context.set_target_cell..get_or_set_cached_cell_and_set_connections" :: waited 0.000s {{(pid=124011) inner /usr/local/lib/python3.8/dist-packages/oslo_concurrency/lockutils.py:386}}
May 09 18:44:04.389110 dv-cinder-841125-3-smb devstack@n-api.service[124011]: DEBUG oslo_concurrency.lockutils [None req-134a6e5e-80f4-4bdd-abbc-7bda76933665 tempest-ServerRescueNegativeTestJSON-1708194103 tempest-ServerRescueNegativeTestJSON-1708194103-project] Lock "567aabac-a292-4f52-8a02-3424f84a9da2" "released" by "nova.context.set_target_cell..get_or_set_cached_cell_and_set_connections" :: held 0.002s {{(pid=124011) inner /usr/local/lib/python3.8/dist-packages/oslo_concurrency/lockutils.py:400}}
May 09 18:44:04.447698 dv-cinder-841125-3-smb devstack@n-api.service[124012]: DEBUG nova.api.openstack.wsgi [None req-53b53874-ea8c-4b62-a92e-b7a600a0d0a3 tempest-DeleteServersTestJSON-1422165458 tempest-DeleteServersTestJSON-1422165458-project] Calling method '>' {{(pid=124012) _process_stack /opt/stack/nova/nova/api/openstack/wsgi.py:513}}
May 09 18:44:04.448354 dv-cinder-841125-3-smb devstack@n-api.service[124012]: DEBUG nova.compute.api [None req-53b53874-ea8c-4b62-a92e-b7a600a0d0a3 tempest-DeleteServersTestJSON-1422165458 tempest-DeleteServersTestJSON-1422165458-project] [instance: bef50e81-ef75-4b77-8952-14571d98d6b2] Fetching instance by UUID {{(pid=124012) get /opt/stack/nova/nova/compute/api.py:2920}}
May 09 18:44:04.462497 dv-cinder-841125-3-smb devstack@n-api.service[124012]: DEBUG oslo_concurrency.lockutils [None req-53b53874-ea8c-4b62-a92e-b7a600a0d0a3 tempest-DeleteServersTestJSON-1422165458 tempest-DeleteServersTestJSON-1422165458-project] Lock "567aabac-a292-4f52-8a02-3424f84a9da2" acquired by "nova.context.set_target_cell..get_or_set_cached_cell_and_set_connections" :: waited 0.000s {{(pid=124012) inner /usr/local/lib/python3.8/dist-packages/oslo_concurrency/lockutils.py:386}}
May 09 18:44:04.462946 dv-cinder-841125-3-smb devstack@n-api.service[124012]: DEBUG oslo_concurrency.lockutils [None req-53b53874-ea8c-4b62-a92e-b7a600a0d0a3 tempest-DeleteServersTestJSON-1422165458 tempest-DeleteServersTestJSON-1422165458-project] Lock "567aabac-a292-4f52-8a02-3424f84a9da2" "released" by "nova.context.set_target_cell..get_or_set_cached_cell_and_set_connections" :: held 0.001s {{(pid=124012) inner /usr/local/lib/python3.8/dist-packages/oslo_concurrency/lockutils.py:400}}
May 09 18:44:04.463735 dv-cinder-841125-3-smb devstack@n-api.service[124012]: DEBUG oslo_concurrency.lockutils [None req-53b53874-ea8c-4b62-a92e-b7a600a0d0a3 tempest-DeleteServersTestJSON-1422165458 tempest-DeleteServersTestJSON-1422165458-project] Lock "567aabac-a292-4f52-8a02-3424f84a9da2" acquired by "nova.context.set_target_cell..get_or_set_cached_cell_and_set_connections" :: waited 0.000s {{(pid=124012) inner /usr/local/lib/python3.8/dist-packages/oslo_concurrency/lockutils.py:386}}
May 09 18:44:04.464216 dv-cinder-841125-3-smb devstack@n-api.service[124012]: DEBUG oslo_concurrency.lockutils [None req-53b53874-ea8c-4b62-a92e-b7a600a0d0a3 tempest-DeleteServersTestJSON-1422165458 tempest-DeleteServersTestJSON-1422165458-project] Lock "567aabac-a292-4f52-8a02-3424f84a9da2" "released" by "nova.context.set_target_cell..get_or_set_cached_cell_and_set_connections" :: held 0.000s {{(pid=124012) inner /usr/local/lib/python3.8/dist-packages/oslo_concurrency/lockutils.py:400}}
May 09 18:44:05.198040 dv-cinder-841125-3-smb devstack@n-api.service[124011]: DEBUG nova.policy [None req-134a6e5e-80f4-4bdd-abbc-7bda76933665 tempest-ServerRescueNegativeTestJSON-1708194103 tempest-ServerRescueNegativeTestJSON-1708194103-project] Policy check for os_compute_api:os-extended-server-attributes failed with credentials {'is_admin': False, 'user_id': '945e1b1463cf40e0882ecfb3e697bf00', 'user_domain_id': 'default', 'system_scope': None, 'domain_id': None, 'project_id': 'e057754c25e8487ab0f24908357b9a31', 'project_domain_id': 'default', 'roles': ['reader', 'member'], 'is_admin_project': True, 'service_user_id': None, 'service_user_domain_id': None, 'service_project_id': None, 'service_project_domain_id': None, 'service_roles': []} {{(pid=124011) authorize /opt/stack/nova/nova/policy.py:199}}
May 09 18:44:05.211397 dv-cinder-841125-3-smb devstack@n-api.service[124011]: INFO nova.api.openstack.requestlog [None req-134a6e5e-80f4-4bdd-abbc-7bda76933665 tempest-ServerRescueNegativeTestJSON-1708194103 tempest-ServerRescueNegativeTestJSON-1708194103-project] 10.222.0.76 "GET /compute/v2.1/servers/040b66cf-7458-449a-97c4-bfce6d35d126" status: 200 len: 1226 microversion: 2.1 time: 0.847361
May 09 18:44:05.224681 dv-cinder-841125-3-smb devstack@n-api.service[124012]: DEBUG nova.policy [None req-53b53874-ea8c-4b62-a92e-b7a600a0d0a3 tempest-DeleteServersTestJSON-1422165458 tempest-DeleteServersTestJSON-1422165458-project] Policy check for os_compute_api:os-extended-server-attributes failed with credentials {'is_admin': False, 'user_id': '899cb8993796413ab1edcc80c73c2fb0', 'user_domain_id': 'default', 'system_scope': None, 'domain_id': None, 'project_id': '217c821ef63542cbb533dc614447aa6b', 'project_domain_id': 'default', 'roles': ['reader', 'member'], 'is_admin_project': True, 'service_user_id': None, 'service_user_domain_id': None, 'service_project_id': None, 'service_project_domain_id': None, 'service_roles': []} {{(pid=124012) authorize /opt/stack/nova/nova/policy.py:199}}
May 09 18:44:05.228894 dv-cinder-841125-3-smb devstack@n-api.service[124011]: [pid: 124011|app: 0|req: 29/44] 10.222.0.76 () {58 vars in 1235 bytes} [Mon May 9 18:44:04 2022] GET /compute/v2.1/servers/040b66cf-7458-449a-97c4-bfce6d35d126 => generated 1226 bytes in 866 msecs (HTTP/1.1 200) 9 headers in 358 bytes (1 switches on core 0)
May 09 18:44:05.239630 dv-cinder-841125-3-smb devstack@n-api.service[124012]: INFO nova.api.openstack.requestlog [None req-53b53874-ea8c-4b62-a92e-b7a600a0d0a3 tempest-DeleteServersTestJSON-1422165458 tempest-DeleteServersTestJSON-1422165458-project] 10.222.0.76 "GET /compute/v2.1/servers/bef50e81-ef75-4b77-8952-14571d98d6b2" status: 200 len: 1315 microversion: 2.1 time: 0.795793
May 09 18:44:05.256812 dv-cinder-841125-3-smb devstack@n-api.service[124012]: [pid: 124012|app: 0|req: 16/45] 10.222.0.76 () {58 vars in 1235 bytes} [Mon May 9 18:44:04 2022] GET /compute/v2.1/servers/bef50e81-ef75-4b77-8952-14571d98d6b2 => generated 1315 bytes in 813 msecs (HTTP/1.1 200) 9 headers in 358 bytes (1 switches on core 0)
May 09 18:44:05.620718 dv-cinder-841125-3-smb devstack@n-api.service[124011]: DEBUG nova.api.openstack.wsgi [None req-db54294f-4796-4ad7-8478-ce9b685b761d tempest-AttachVolumeTestJSON-1221230608 tempest-AttachVolumeTestJSON-1221230608-project] Action: 'create', calling method: .version_select at 0x7fa3984798b0>, body: {"keypair": {"name": "tempest-keypair-1824822269", "public_key": "ecdsa-sha2-nistp384 AAAAE2VjZHNhLXNoYTItbmlzdHAzODQAAAAIbmlzdHAzODQAAABhBK9v1SSBkRz22mzoTL/HFiOtz7fhBrGSFVp12b2StqG3gJGFGwfnP9FTdKvVcMGyjd1GCZEFWuAMbwgzpQkQ1qzeywizJvKstU01vNklDBf0P/WAqxL3Q0fA5aRihG/ciA=="}} {{(pid=124011) _process_stack /opt/stack/nova/nova/api/openstack/wsgi.py:511}}
May 09 18:44:05.638675 dv-cinder-841125-3-smb devstack@n-api.service[124011]: DEBUG nova.quota [None req-db54294f-4796-4ad7-8478-ce9b685b761d tempest-AttachVolumeTestJSON-1221230608 tempest-AttachVolumeTestJSON-1221230608-project] Getting quotas for project 6afc64c7fdda4adeb65471f1ca5e8360. Resources: {'key_pairs'} {{(pid=124011) _get_quotas /opt/stack/nova/nova/quota.py:393}}
May 09 18:44:05.644445 dv-cinder-841125-3-smb devstack@n-api.service[124011]: DEBUG nova.quota [None req-db54294f-4796-4ad7-8478-ce9b685b761d tempest-AttachVolumeTestJSON-1221230608 tempest-AttachVolumeTestJSON-1221230608-project] Getting quotas for user cc0bda40686948c0b70459635cf46f69 and project 6afc64c7fdda4adeb65471f1ca5e8360. Resources: {'key_pairs'} {{(pid=124011) _get_quotas /opt/stack/nova/nova/quota.py:383}}
May 09 18:44:05.789955 dv-cinder-841125-3-smb devstack@n-api.service[124011]: INFO nova.api.openstack.requestlog [None req-db54294f-4796-4ad7-8478-ce9b685b761d tempest-AttachVolumeTestJSON-1221230608 tempest-AttachVolumeTestJSON-1221230608-project] 10.222.0.76 "POST /compute/v2.1/os-keypairs" status: 200 len: 386 microversion: 2.1 time: 0.355617
May 09 18:44:05.791651 dv-cinder-841125-3-smb devstack@n-api.service[124011]: [pid: 124011|app: 0|req: 30/46] 10.222.0.76 () {60 vars in 1158 bytes} [Mon May 9 18:44:05 2022] POST /compute/v2.1/os-keypairs => generated 386 bytes in 358 msecs (HTTP/1.1 200) 9 headers in 357 bytes (1 switches on core 0)
May 09 18:44:06.234624 dv-cinder-841125-3-smb devstack@n-api.service[124012]: DEBUG nova.api.openstack.wsgi [None req-06513bda-8691-42ff-825e-552e348747ba tempest-ServerRescueNegativeTestJSON-1708194103 tempest-ServerRescueNegativeTestJSON-1708194103-project] Calling method '>' {{(pid=124012) _process_stack /opt/stack/nova/nova/api/openstack/wsgi.py:513}}
May 09 18:44:06.235452 dv-cinder-841125-3-smb devstack@n-api.service[124012]: DEBUG nova.compute.api [None req-06513bda-8691-42ff-825e-552e348747ba tempest-ServerRescueNegativeTestJSON-1708194103 tempest-ServerRescueNegativeTestJSON-1708194103-project] [instance: 040b66cf-7458-449a-97c4-bfce6d35d126] Fetching instance by UUID {{(pid=124012) get /opt/stack/nova/nova/compute/api.py:2920}}
May 09 18:44:06.247909 dv-cinder-841125-3-smb devstack@n-api.service[124012]: DEBUG oslo_concurrency.lockutils [None req-06513bda-8691-42ff-825e-552e348747ba tempest-ServerRescueNegativeTestJSON-1708194103 tempest-ServerRescueNegativeTestJSON-1708194103-project] Lock "567aabac-a292-4f52-8a02-3424f84a9da2" acquired by "nova.context.set_target_cell..get_or_set_cached_cell_and_set_connections" :: waited 0.000s {{(pid=124012) inner /usr/local/lib/python3.8/dist-packages/oslo_concurrency/lockutils.py:386}}
May 09 18:44:06.248805 dv-cinder-841125-3-smb devstack@n-api.service[124012]: DEBUG oslo_concurrency.lockutils [None req-06513bda-8691-42ff-825e-552e348747ba tempest-ServerRescueNegativeTestJSON-1708194103 tempest-ServerRescueNegativeTestJSON-1708194103-project] Lock "567aabac-a292-4f52-8a02-3424f84a9da2" "released" by "nova.context.set_target_cell..get_or_set_cached_cell_and_set_connections" :: held 0.001s {{(pid=124012) inner /usr/local/lib/python3.8/dist-packages/oslo_concurrency/lockutils.py:400}}
