May 23 15:21:02.743153 dv-cinder-840678-12-iscsi devstack@keystone.service[80598]: DEBUG keystone.auth.core [None req-b324a171-8e2d-45b9-a78c-5356ccfae159 None None] MFA Rules not processed for user `2781ce56481d4d179e62cc19ea41a8b0`. Rule list: `[]` (Enabled: `True`). {{(pid=80598) check_auth_methods_against_rules /opt/stack/keystone/keystone/auth/core.py:438}}
May 23 15:21:02.744589 dv-cinder-840678-12-iscsi devstack@keystone.service[80598]: DEBUG keystone.common.fernet_utils [None req-b324a171-8e2d-45b9-a78c-5356ccfae159 None None] Loaded 2 Fernet keys from /etc/keystone/fernet-keys/, but `[fernet_tokens] max_active_keys = 3`; perhaps there have not been enough key rotations to reach `max_active_keys` yet? {{(pid=80598) load_keys /opt/stack/keystone/keystone/common/fernet_utils.py:286}}
May 23 15:21:02.750095 dv-cinder-840678-12-iscsi devstack@keystone.service[80598]: DEBUG dbcounter [-] [80598] Writing DB stats keystone:SELECT=99,keystone:INSERT=1 {{(pid=80598) stat_writer /usr/local/lib/python3.8/dist-packages/dbcounter.py:114}}
May 23 15:21:02.836051 dv-cinder-840678-12-iscsi devstack@keystone.service[80598]: [pid: 80598|app: 0|req: 116/236] 10.222.0.64 () {58 vars in 1023 bytes} [Mon May 23 15:21:02 2022] POST /identity/v3/auth/tokens => generated 799 bytes in 123 msecs (HTTP/1.1 201) 6 headers in 363 bytes (1 switches on core 0)
May 23 15:21:02.871043 dv-cinder-840678-12-iscsi devstack@keystone.service[80599]: DEBUG keystone.server.flask.request_processing.middleware.auth_context [None req-82867136-6e7a-4774-8890-e01f3839a06f None None] Authenticating user token {{(pid=80599) process_request /usr/local/lib/python3.8/dist-packages/keystonemiddleware/auth_token/__init__.py:407}}
May 23 15:21:03.005849 dv-cinder-840678-12-iscsi devstack@keystone.service[80599]: DEBUG keystone.server.flask.request_processing.middleware.auth_context [None req-82867136-6e7a-4774-8890-e01f3839a06f None None] Validating token access rules against request {{(pid=80599) validate_allowed_request /usr/local/lib/python3.8/dist-packages/keystonemiddleware/auth_token/__init__.py:545}}
May 23 15:21:03.013660 dv-cinder-840678-12-iscsi devstack@keystone.service[80599]: DEBUG dbcounter [-] [80599] Writing DB stats keystone:SELECT=100 {{(pid=80599) stat_writer /usr/local/lib/python3.8/dist-packages/dbcounter.py:114}}
May 23 15:21:03.051129 dv-cinder-840678-12-iscsi devstack@keystone.service[80599]: DEBUG keystone.server.flask.request_processing.middleware.auth_context [None req-ad519d6a-b272-4e2e-8a3d-5122bb6a2872 None admin] RBAC: auth_context: {'token': , 'domain_id': None, 'trust_id': None, 'trustor_id': None, 'trustee_id': None, 'domain_name': None, 'group_ids': [], 'user_id': '2781ce56481d4d179e62cc19ea41a8b0', 'user_domain_id': 'default', 'system_scope': 'all', 'project_id': None, 'project_domain_id': None, 'roles': ['admin', 'member', 'reader'], 'is_admin_project': True, 'service_user_id': None, 'service_user_domain_id': None, 'service_project_id': None, 'service_project_domain_id': None, 'service_roles': []} {{(pid=80599) fill_context /opt/stack/keystone/keystone/server/flask/request_processing/middleware/auth_context.py:478}}
May 23 15:21:03.051955 dv-cinder-840678-12-iscsi devstack@keystone.service[80599]: DEBUG keystone.server.flask.request_processing.req_logging [None req-ad519d6a-b272-4e2e-8a3d-5122bb6a2872 None admin] REQUEST_METHOD: `GET` {{(pid=80599) log_request_info /opt/stack/keystone/keystone/server/flask/request_processing/req_logging.py:27}}
May 23 15:21:03.052243 dv-cinder-840678-12-iscsi devstack@keystone.service[80599]: DEBUG keystone.server.flask.request_processing.req_logging [None req-ad519d6a-b272-4e2e-8a3d-5122bb6a2872 None admin] SCRIPT_NAME: `/identity` {{(pid=80599) log_request_info /opt/stack/keystone/keystone/server/flask/request_processing/req_logging.py:28}}
May 23 15:21:03.052524 dv-cinder-840678-12-iscsi devstack@keystone.service[80599]: DEBUG keystone.server.flask.request_processing.req_logging [None req-ad519d6a-b272-4e2e-8a3d-5122bb6a2872 None admin] PATH_INFO: `/v3/roles/reader` {{(pid=80599) log_request_info /opt/stack/keystone/keystone/server/flask/request_processing/req_logging.py:29}}
May 23 15:21:03.075759 dv-cinder-840678-12-iscsi devstack@keystone.service[80599]: DEBUG keystone.common.rbac_enforcer.enforcer [None req-ad519d6a-b272-4e2e-8a3d-5122bb6a2872 None admin] Extracting inferred target data resulted in "NOT FOUND (404)". {{(pid=80599) enforce_call /opt/stack/keystone/keystone/common/rbac_enforcer/enforcer.py:409}}
May 23 15:21:03.088118 dv-cinder-840678-12-iscsi devstack@keystone.service[80599]: ERROR keystone.server.flask.application [None req-ad519d6a-b272-4e2e-8a3d-5122bb6a2872 None admin] Could not find role: reader.: keystone.exception.RoleNotFound: Could not find role: reader.
May 23 15:21:03.088118 dv-cinder-840678-12-iscsi devstack@keystone.service[80599]: ERROR keystone.server.flask.application
Traceback (most recent call last):
May 23 15:21:03.088118 dv-cinder-840678-12-iscsi devstack@keystone.service[80599]: ERROR keystone.server.flask.application
File "/usr/local/lib/python3.8/dist-packages/flask/app.py", line 1523, in full_dispatch_request
May 23 15:21:03.088118 dv-cinder-840678-12-iscsi devstack@keystone.service[80599]: ERROR keystone.server.flask.application rv = self.dispatch_request()
May 23 15:21:03.088118 dv-cinder-840678-12-iscsi devstack@keystone.service[80599]: ERROR keystone.server.flask.application
File "/usr/local/lib/python3.8/dist-packages/flask/app.py", line 1509, in dispatch_request
May 23 15:21:03.088118 dv-cinder-840678-12-iscsi devstack@keystone.service[80599]: ERROR keystone.server.flask.application return self.ensure_sync(self.view_functions[rule.endpoint])(**req.view_args)
May 23 15:21:03.088118 dv-cinder-840678-12-iscsi devstack@keystone.service[80599]: ERROR keystone.server.flask.application
File "/usr/local/lib/python3.8/dist-packages/flask_restful/__init__.py", line 467, in wrapper
May 23 15:21:03.088118 dv-cinder-840678-12-iscsi devstack@keystone.service[80599]: ERROR keystone.server.flask.application resp = resource(*args, **kwargs)
May 23 15:21:03.088118 dv-cinder-840678-12-iscsi devstack@keystone.service[80599]: ERROR keystone.server.flask.application
File "/usr/local/lib/python3.8/dist-packages/flask/views.py", line 84, in view
May 23 15:21:03.088118 dv-cinder-840678-12-iscsi devstack@keystone.service[80599]: ERROR keystone.server.flask.application return current_app.ensure_sync(self.dispatch_request)(*args, **kwargs)
May 23 15:21:03.088118 dv-cinder-840678-12-iscsi devstack@keystone.service[80599]: ERROR keystone.server.flask.application
File "/usr/local/lib/python3.8/dist-packages/flask_restful/__init__.py", line 582, in dispatch_request
May 23 15:21:03.088118 dv-cinder-840678-12-iscsi devstack@keystone.service[80599]: ERROR keystone.server.flask.application resp = meth(*args, **kwargs)
May 23 15:21:03.088118 dv-cinder-840678-12-iscsi devstack@keystone.service[80599]: ERROR keystone.server.flask.application
File "/opt/stack/keystone/keystone/api/roles.py", line 50, in get
May 23 15:21:03.088118 dv-cinder-840678-12-iscsi devstack@keystone.service[80599]: ERROR keystone.server.flask.application return self._get_role(role_id)
May 23 15:21:03.088118 dv-cinder-840678-12-iscsi devstack@keystone.service[80599]: ERROR keystone.server.flask.application
File "/opt/stack/keystone/keystone/api/roles.py", line 70, in _get_role
May 23 15:21:03.088118 dv-cinder-840678-12-iscsi devstack@keystone.service[80599]: ERROR keystone.server.flask.application ENFORCER.enforce_call(action='identity:get_role')
May 23 15:21:03.089130 dv-cinder-840678-12-iscsi devstack@keystone.service[80599]: ERROR keystone.server.flask.application
File "/opt/stack/keystone/keystone/common/rbac_enforcer/enforcer.py", line 402, in enforce_call
May 23 15:21:03.089130 dv-cinder-840678-12-iscsi devstack@keystone.service[80599]: ERROR keystone.server.flask.application policy_dict.update(cls._extract_member_target_data(
May 23 15:21:03.089130 dv-cinder-840678-12-iscsi devstack@keystone.service[80599]: ERROR keystone.server.flask.application
File "/opt/stack/keystone/keystone/common/rbac_enforcer/enforcer.py", line 234, in _extract_member_target_data
May 23 15:21:03.089130 dv-cinder-840678-12-iscsi devstack@keystone.service[80599]: ERROR keystone.server.flask.application member_name: func(flask.request.view_args[key])
May 23 15:21:03.089130 dv-cinder-840678-12-iscsi devstack@keystone.service[80599]: ERROR keystone.server.flask.application
File "/opt/stack/keystone/keystone/common/manager.py", line 115, in wrapped
May 23 15:21:03.089130 dv-cinder-840678-12-iscsi devstack@keystone.service[80599]: ERROR keystone.server.flask.application __ret_val = __f(*args, **kwargs)
May 23 15:21:03.089130 dv-cinder-840678-12-iscsi devstack@keystone.service[80599]: ERROR keystone.server.flask.application
File "/usr/local/lib/python3.8/dist-packages/decorator.py", line 232, in fun
May 23 15:21:03.089130 dv-cinder-840678-12-iscsi devstack@keystone.service[80599]: ERROR keystone.server.flask.application return caller(func, *(extras + args), **kw)
May 23 15:21:03.089130 dv-cinder-840678-12-iscsi devstack@keystone.service[80599]: ERROR keystone.server.flask.application
File "/usr/local/lib/python3.8/dist-packages/dogpile/cache/region.py", line 1577, in get_or_create_for_user_func
May 23 15:21:03.089130 dv-cinder-840678-12-iscsi devstack@keystone.service[80599]: ERROR keystone.server.flask.application return self.get_or_create(
May 23 15:21:03.089130 dv-cinder-840678-12-iscsi devstack@keystone.service[80599]: ERROR keystone.server.flask.application
File "/usr/local/lib/python3.8/dist-packages/dogpile/cache/region.py", line 1042, in get_or_create
May 23 15:21:03.089130 dv-cinder-840678-12-iscsi devstack@keystone.service[80599]: ERROR keystone.server.flask.application with Lock(
May 23 15:21:03.089130 dv-cinder-840678-12-iscsi devstack@keystone.service[80599]: ERROR keystone.server.flask.application
File "/usr/local/lib/python3.8/dist-packages/dogpile/lock.py", line 185, in __enter__
May 23 15:21:03.089130 dv-cinder-840678-12-iscsi devstack@keystone.service[80599]: ERROR keystone.server.flask.application return self._enter()
May 23 15:21:03.089130 dv-cinder-840678-12-iscsi devstack@keystone.service[80599]: ERROR keystone.server.flask.application
File "/usr/local/lib/python3.8/dist-packages/dogpile/lock.py", line 94, in _enter
May 23 15:21:03.089130 dv-cinder-840678-12-iscsi devstack@keystone.service[80599]: ERROR keystone.server.flask.application generated = self._enter_create(value, createdtime)
May 23 15:21:03.089951 dv-cinder-840678-12-iscsi devstack@keystone.service[80599]: ERROR keystone.server.flask.application
File "/usr/local/lib/python3.8/dist-packages/dogpile/lock.py", line 178, in _enter_create
May 23 15:21:03.089951 dv-cinder-840678-12-iscsi devstack@keystone.service[80599]: ERROR keystone.server.flask.application return self.creator()
May 23 15:21:03.089951 dv-cinder-840678-12-iscsi devstack@keystone.service[80599]: ERROR keystone.server.flask.application
File "/usr/local/lib/python3.8/dist-packages/dogpile/cache/region.py", line 995, in gen_value
May 23 15:21:03.089951 dv-cinder-840678-12-iscsi devstack@keystone.service[80599]: ERROR keystone.server.flask.application created_value = creator(
May 23 15:21:03.089951 dv-cinder-840678-12-iscsi devstack@keystone.service[80599]: ERROR keystone.server.flask.application
File "/opt/stack/keystone/keystone/assignment/core.py", line 1276, in get_role
May 23 15:21:03.089951 dv-cinder-840678-12-iscsi devstack@keystone.service[80599]: ERROR keystone.server.flask.application return self.driver.get_role(role_id)
May 23 15:21:03.089951 dv-cinder-840678-12-iscsi devstack@keystone.service[80599]: ERROR keystone.server.flask.application
File "/opt/stack/keystone/keystone/assignment/role_backends/sql.py", line 70, in get_role
May 23 15:21:03.089951 dv-cinder-840678-12-iscsi devstack@keystone.service[80599]: ERROR keystone.server.flask.application return self._get_role(session, role_id).to_dict()
May 23 15:21:03.089951 dv-cinder-840678-12-iscsi devstack@keystone.service[80599]: ERROR keystone.server.flask.application
File "/opt/stack/keystone/keystone/assignment/role_backends/sql.py", line 65, in _get_role
May 23 15:21:03.089951 dv-cinder-840678-12-iscsi devstack@keystone.service[80599]: ERROR keystone.server.flask.application raise exception.RoleNotFound(role_id=role_id)
May 23 15:21:03.089951 dv-cinder-840678-12-iscsi devstack@keystone.service[80599]: ERROR keystone.server.flask.application keystone.exception.RoleNotFound: Could not find role: reader.
May 23 15:21:03.089951 dv-cinder-840678-12-iscsi devstack@keystone.service[80599]: ERROR keystone.server.flask.application
May 23 15:21:03.092504 dv-cinder-840678-12-iscsi devstack@keystone.service[80599]: [pid: 80599|app: 0|req: 121/237] 10.222.0.64 () {56 vars in 1099 bytes} [Mon May 23 15:21:02 2022] GET /identity/v3/roles/reader => generated 84 bytes in 222 msecs (HTTP/1.1 404) 5 headers in 183 bytes (1 switches on core 0)
May 23 15:21:03.098469 dv-cinder-840678-12-iscsi devstack@keystone.service[80598]: DEBUG keystone.server.flask.request_processing.middleware.auth_context [None req-b324a171-8e2d-45b9-a78c-5356ccfae159 None None] Authenticating user token {{(pid=80598) process_request /usr/local/lib/python3.8/dist-packages/keystonemiddleware/auth_token/__init__.py:407}}
May 23 15:21:03.229976 dv-cinder-840678-12-iscsi devstack@keystone.service[80598]: DEBUG keystone.server.flask.request_processing.middleware.auth_context [None req-b324a171-8e2d-45b9-a78c-5356ccfae159 None None] Validating token access rules against request {{(pid=80598) validate_allowed_request /usr/local/lib/python3.8/dist-packages/keystonemiddleware/auth_token/__init__.py:545}}
May 23 15:21:03.284987 dv-cinder-840678-12-iscsi devstack@keystone.service[80598]: DEBUG keystone.server.flask.request_processing.middleware.auth_context [None req-0214843b-e737-4ef3-be0b-3130c13ccd9d None admin] RBAC: auth_context: {'token': , 'domain_id': None, 'trust_id': None, 'trustor_id': None, 'trustee_id': None, 'domain_name': None, 'group_ids': [], 'user_id': '2781ce56481d4d179e62cc19ea41a8b0', 'user_domain_id': 'default', 'system_scope': 'all', 'project_id': None, 'project_domain_id': None, 'roles': ['admin', 'member', 'reader'], 'is_admin_project': True, 'service_user_id': None, 'service_user_domain_id': None, 'service_project_id': None, 'service_project_domain_id': None, 'service_roles': []} {{(pid=80598) fill_context /opt/stack/keystone/keystone/server/flask/request_processing/middleware/auth_context.py:478}}
May 23 15:21:03.285705 dv-cinder-840678-12-iscsi devstack@keystone.service[80598]: DEBUG keystone.server.flask.request_processing.req_logging [None req-0214843b-e737-4ef3-be0b-3130c13ccd9d None admin] REQUEST_METHOD: `GET` {{(pid=80598) log_request_info /opt/stack/keystone/keystone/server/flask/request_processing/req_logging.py:27}}
May 23 15:21:03.285998 dv-cinder-840678-12-iscsi devstack@keystone.service[80598]: DEBUG keystone.server.flask.request_processing.req_logging [None req-0214843b-e737-4ef3-be0b-3130c13ccd9d None admin] SCRIPT_NAME: `/identity` {{(pid=80598) log_request_info /opt/stack/keystone/keystone/server/flask/request_processing/req_logging.py:28}}
May 23 15:21:03.286281 dv-cinder-840678-12-iscsi devstack@keystone.service[80598]: DEBUG keystone.server.flask.request_processing.req_logging [None req-0214843b-e737-4ef3-be0b-3130c13ccd9d None admin] PATH_INFO: `/v3/roles` {{(pid=80598) log_request_info /opt/stack/keystone/keystone/server/flask/request_processing/req_logging.py:29}}
May 23 15:21:03.287045 dv-cinder-840678-12-iscsi devstack@keystone.service[80598]: DEBUG keystone.common.rbac_enforcer.enforcer [None req-0214843b-e737-4ef3-be0b-3130c13ccd9d None admin] RBAC: Adding query filter params (name=reader) {{(pid=80598) _extract_filter_values /opt/stack/keystone/keystone/common/rbac_enforcer/enforcer.py:167}}
May 23 15:21:03.287367 dv-cinder-840678-12-iscsi devstack@keystone.service[80598]: DEBUG keystone.common.rbac_enforcer.enforcer [None req-0214843b-e737-4ef3-be0b-3130c13ccd9d None admin] RBAC: Authorizing `identity:list_roles()` {{(pid=80598) enforce_call /opt/stack/keystone/keystone/common/rbac_enforcer/enforcer.py:449}}
May 23 15:21:03.288830 dv-cinder-840678-12-iscsi devstack@keystone.service[80598]: DEBUG keystone.common.rbac_enforcer.enforcer [None req-0214843b-e737-4ef3-be0b-3130c13ccd9d None admin] RBAC: Authorization granted {{(pid=80598) enforce_call /opt/stack/keystone/keystone/common/rbac_enforcer/enforcer.py:457}}
May 23 15:21:03.296161 dv-cinder-840678-12-iscsi devstack@keystone.service[80599]: DEBUG keystone.server.flask.request_processing.req_logging [None req-eef0704a-7295-4f12-bf1c-b2f77149ed26 None None] REQUEST_METHOD: `GET` {{(pid=80599) log_request_info /opt/stack/keystone/keystone/server/flask/request_processing/req_logging.py:27}}
May 23 15:21:03.296456 dv-cinder-840678-12-iscsi devstack@keystone.service[80599]: DEBUG keystone.server.flask.request_processing.req_logging [None req-eef0704a-7295-4f12-bf1c-b2f77149ed26 None None] SCRIPT_NAME: `/identity` {{(pid=80599) log_request_info /opt/stack/keystone/keystone/server/flask/request_processing/req_logging.py:28}}
May 23 15:21:03.296738 dv-cinder-840678-12-iscsi devstack@keystone.service[80599]: DEBUG keystone.server.flask.request_processing.req_logging [None req-eef0704a-7295-4f12-bf1c-b2f77149ed26 None None] PATH_INFO: `/` {{(pid=80599) log_request_info /opt/stack/keystone/keystone/server/flask/request_processing/req_logging.py:29}}
May 23 15:21:03.298405 dv-cinder-840678-12-iscsi devstack@keystone.service[80599]: [pid: 80599|app: 0|req: 122/238] 10.222.0.64 () {54 vars in 926 bytes} [Mon May 23 15:21:03 2022] GET /identity => generated 270 bytes in 3 msecs (HTTP/1.1 300) 6 headers in 234 bytes (1 switches on core 0)
May 23 15:21:03.301005 dv-cinder-840678-12-iscsi devstack@keystone.service[80598]: [pid: 80598|app: 0|req: 117/239] 10.222.0.64 () {56 vars in 1101 bytes} [Mon May 23 15:21:03 2022] GET /identity/v3/roles?name=reader => generated 341 bytes in 203 msecs (HTTP/1.1 200) 5 headers in 177 bytes (1 switches on core 0)
May 23 15:21:03.307417 dv-cinder-840678-12-iscsi devstack@keystone.service[80599]: DEBUG keystone.server.flask.request_processing.req_logging [None req-f9a3fd7c-4b6f-4266-9a3e-d1dbf9c39d94 None None] REQUEST_METHOD: `POST` {{(pid=80599) log_request_info /opt/stack/keystone/keystone/server/flask/request_processing/req_logging.py:27}}
May 23 15:21:03.307709 dv-cinder-840678-12-iscsi devstack@keystone.service[80599]: DEBUG keystone.server.flask.request_processing.req_logging [None req-f9a3fd7c-4b6f-4266-9a3e-d1dbf9c39d94 None None] SCRIPT_NAME: `/identity` {{(pid=80599) log_request_info /opt/stack/keystone/keystone/server/flask/request_processing/req_logging.py:28}}
May 23 15:21:03.307993 dv-cinder-840678-12-iscsi devstack@keystone.service[80599]: DEBUG keystone.server.flask.request_processing.req_logging [None req-f9a3fd7c-4b6f-4266-9a3e-d1dbf9c39d94 None None] PATH_INFO: `/v3/auth/tokens` {{(pid=80599) log_request_info /opt/stack/keystone/keystone/server/flask/request_processing/req_logging.py:29}}
May 23 15:21:03.311316 dv-cinder-840678-12-iscsi devstack@keystone.service[80598]: DEBUG keystone.server.flask.request_processing.middleware.auth_context [None req-0214843b-e737-4ef3-be0b-3130c13ccd9d None admin] Authenticating user token {{(pid=80598) process_request /usr/local/lib/python3.8/dist-packages/keystonemiddleware/auth_token/__init__.py:407}}
May 23 15:21:03.316485 dv-cinder-840678-12-iscsi devstack@keystone.service[80598]: DEBUG dbcounter [-] [80598] Writing DB stats keystone:SELECT=100 {{(pid=80598) stat_writer /usr/local/lib/python3.8/dist-packages/dbcounter.py:114}}
May 23 15:21:03.337092 dv-cinder-840678-12-iscsi devstack@keystone.service[80599]: DEBUG keystone.auth.core [None req-f9a3fd7c-4b6f-4266-9a3e-d1dbf9c39d94 None None] MFA Rules not processed for user `2781ce56481d4d179e62cc19ea41a8b0`. Rule list: `[]` (Enabled: `True`). {{(pid=80599) check_auth_methods_against_rules /opt/stack/keystone/keystone/auth/core.py:438}}
May 23 15:21:03.338306 dv-cinder-840678-12-iscsi devstack@keystone.service[80599]: DEBUG keystone.common.fernet_utils [None req-f9a3fd7c-4b6f-4266-9a3e-d1dbf9c39d94 None None] Loaded 2 Fernet keys from /etc/keystone/fernet-keys/, but `[fernet_tokens] max_active_keys = 3`; perhaps there have not been enough key rotations to reach `max_active_keys` yet? {{(pid=80599) load_keys /opt/stack/keystone/keystone/common/fernet_utils.py:286}}
May 23 15:21:03.466269 dv-cinder-840678-12-iscsi devstack@keystone.service[80598]: DEBUG keystone.server.flask.request_processing.middleware.auth_context [None req-0214843b-e737-4ef3-be0b-3130c13ccd9d None admin] Validating token access rules against request {{(pid=80598) validate_allowed_request /usr/local/lib/python3.8/dist-packages/keystonemiddleware/auth_token/__init__.py:545}}
May 23 15:21:03.467606 dv-cinder-840678-12-iscsi devstack@keystone.service[80599]: [pid: 80599|app: 0|req: 123/240] 10.222.0.64 () {58 vars in 1023 bytes} [Mon May 23 15:21:03 2022] POST /identity/v3/auth/tokens => generated 799 bytes in 161 msecs (HTTP/1.1 201) 6 headers in 363 bytes (1 switches on core 0)
May 23 15:21:03.511288 dv-cinder-840678-12-iscsi devstack@keystone.service[80599]: DEBUG keystone.server.flask.request_processing.middleware.auth_context [None req-f9a3fd7c-4b6f-4266-9a3e-d1dbf9c39d94 None None] Authenticating user token {{(pid=80599) process_request /usr/local/lib/python3.8/dist-packages/keystonemiddleware/auth_token/__init__.py:407}}
May 23 15:21:03.524151 dv-cinder-840678-12-iscsi devstack@keystone.service[80598]: DEBUG keystone.server.flask.request_processing.middleware.auth_context [None req-d5e26ae4-a5fc-4933-886d-090be68d06f0 None admin] RBAC: auth_context: {'token': , 'domain_id': None, 'trust_id': None, 'trustor_id': None, 'trustee_id': None, 'domain_name': None, 'group_ids': [], 'user_id': '2781ce56481d4d179e62cc19ea41a8b0', 'user_domain_id': 'default', 'system_scope': 'all', 'project_id': None, 'project_domain_id': None, 'roles': ['admin', 'member', 'reader'], 'is_admin_project': True, 'service_user_id': None, 'service_user_domain_id': None, 'service_project_id': None, 'service_project_domain_id': None, 'service_roles': []} {{(pid=80598) fill_context /opt/stack/keystone/keystone/server/flask/request_processing/middleware/auth_context.py:478}}
May 23 15:21:03.525130 dv-cinder-840678-12-iscsi devstack@keystone.service[80598]: DEBUG keystone.server.flask.request_processing.req_logging [None req-d5e26ae4-a5fc-4933-886d-090be68d06f0 None admin] REQUEST_METHOD: `GET` {{(pid=80598) log_request_info /opt/stack/keystone/keystone/server/flask/request_processing/req_logging.py:27}}
May 23 15:21:03.525528 dv-cinder-840678-12-iscsi devstack@keystone.service[80598]: DEBUG keystone.server.flask.request_processing.req_logging [None req-d5e26ae4-a5fc-4933-886d-090be68d06f0 None admin] SCRIPT_NAME: `/identity` {{(pid=80598) log_request_info /opt/stack/keystone/keystone/server/flask/request_processing/req_logging.py:28}}
May 23 15:21:03.525814 dv-cinder-840678-12-iscsi devstack@keystone.service[80598]: DEBUG keystone.server.flask.request_processing.req_logging [None req-d5e26ae4-a5fc-4933-886d-090be68d06f0 None admin] PATH_INFO: `/v3/users/2d2917634d1846bcaed69120a3386c81` {{(pid=80598) log_request_info /opt/stack/keystone/keystone/server/flask/request_processing/req_logging.py:29}}
May 23 15:21:03.541980 dv-cinder-840678-12-iscsi devstack@keystone.service[80598]: DEBUG keystone.common.rbac_enforcer.enforcer [None req-d5e26ae4-a5fc-4933-886d-090be68d06f0 None admin] RBAC: Authorizing `identity:get_user(user_id=2d2917634d1846bcaed69120a3386c81)` {{(pid=80598) enforce_call /opt/stack/keystone/keystone/common/rbac_enforcer/enforcer.py:449}}
May 23 15:21:03.543672 dv-cinder-840678-12-iscsi devstack@keystone.service[80598]: DEBUG keystone.common.rbac_enforcer.enforcer [None req-d5e26ae4-a5fc-4933-886d-090be68d06f0 None admin] RBAC: Authorization granted {{(pid=80598) enforce_call /opt/stack/keystone/keystone/common/rbac_enforcer/enforcer.py:457}}
May 23 15:21:03.545565 dv-cinder-840678-12-iscsi devstack@keystone.service[80598]: [pid: 80598|app: 0|req: 118/241] 10.222.0.64 () {56 vars in 1177 bytes} [Mon May 23 15:21:03 2022] GET /identity/v3/users/2d2917634d1846bcaed69120a3386c81 => generated 297 bytes in 235 msecs (HTTP/1.1 200) 5 headers in 177 bytes (2 switches on core 0)
May 23 15:21:03.551209 dv-cinder-840678-12-iscsi devstack@keystone.service[80598]: DEBUG keystone.server.flask.request_processing.middleware.auth_context [None req-d5e26ae4-a5fc-4933-886d-090be68d06f0 None admin] Authenticating user token {{(pid=80598) process_request /usr/local/lib/python3.8/dist-packages/keystonemiddleware/auth_token/__init__.py:407}}
May 23 15:21:03.659110 dv-cinder-840678-12-iscsi devstack@keystone.service[80598]: DEBUG dbcounter [-] [80598] Writing DB stats keystone:SELECT=100 {{(pid=80598) stat_writer /usr/local/lib/python3.8/dist-packages/dbcounter.py:114}}
May 23 15:21:03.703775 dv-cinder-840678-12-iscsi devstack@keystone.service[80599]: DEBUG dbcounter [-] [80599] Writing DB stats keystone:SELECT=100 {{(pid=80599) stat_writer /usr/local/lib/python3.8/dist-packages/dbcounter.py:114}}
May 23 15:21:03.709640 dv-cinder-840678-12-iscsi devstack@keystone.service[80598]: DEBUG keystone.server.flask.request_processing.middleware.auth_context [None req-d5e26ae4-a5fc-4933-886d-090be68d06f0 None admin] Validating token access rules against request {{(pid=80598) validate_allowed_request /usr/local/lib/python3.8/dist-packages/keystonemiddleware/auth_token/__init__.py:545}}
May 23 15:21:03.718014 dv-cinder-840678-12-iscsi devstack@keystone.service[80599]: DEBUG keystone.server.flask.request_processing.middleware.auth_context [None req-f9a3fd7c-4b6f-4266-9a3e-d1dbf9c39d94 None None] Validating token access rules against request {{(pid=80599) validate_allowed_request /usr/local/lib/python3.8/dist-packages/keystonemiddleware/auth_token/__init__.py:545}}
May 23 15:21:03.781083 dv-cinder-840678-12-iscsi devstack@keystone.service[80598]: DEBUG keystone.server.flask.request_processing.middleware.auth_context [None req-8ccde887-9949-4066-aca2-6eac9159c5a7 None admin] RBAC: auth_context: {'token': , 'domain_id': None, 'trust_id': None, 'trustor_id': None, 'trustee_id': None, 'domain_name': None, 'group_ids': [], 'user_id': '2781ce56481d4d179e62cc19ea41a8b0', 'user_domain_id': 'default', 'system_scope': 'all', 'project_id': None, 'project_domain_id': None, 'roles': ['admin', 'member', 'reader'], 'is_admin_project': True, 'service_user_id': None, 'service_user_domain_id': None, 'service_project_id': None, 'service_project_domain_id': None, 'service_roles': []} {{(pid=80598) fill_context /opt/stack/keystone/keystone/server/flask/request_processing/middleware/auth_context.py:478}}
May 23 15:21:03.782931 dv-cinder-840678-12-iscsi devstack@keystone.service[80598]: DEBUG keystone.server.flask.request_processing.req_logging [None req-8ccde887-9949-4066-aca2-6eac9159c5a7 None admin] REQUEST_METHOD: `GET` {{(pid=80598) log_request_info /opt/stack/keystone/keystone/server/flask/request_processing/req_logging.py:27}}
May 23 15:21:03.783906 dv-cinder-840678-12-iscsi devstack@keystone.service[80598]: DEBUG keystone.server.flask.request_processing.req_logging [None req-8ccde887-9949-4066-aca2-6eac9159c5a7 None admin] SCRIPT_NAME: `/identity` {{(pid=80598) log_request_info /opt/stack/keystone/keystone/server/flask/request_processing/req_logging.py:28}}
May 23 15:21:03.785682 dv-cinder-840678-12-iscsi devstack@keystone.service[80598]: DEBUG keystone.server.flask.request_processing.req_logging [None req-8ccde887-9949-4066-aca2-6eac9159c5a7 None admin] PATH_INFO: `/v3/auth/tokens` {{(pid=80598) log_request_info /opt/stack/keystone/keystone/server/flask/request_processing/req_logging.py:29}}
May 23 15:21:03.787074 dv-cinder-840678-12-iscsi devstack@keystone.service[80599]: DEBUG keystone.server.flask.request_processing.middleware.auth_context [None req-f71ff905-241b-4d66-83c4-70c08329b33f None admin] RBAC: auth_context: {'token': , 'domain_id': None, 'trust_id': None, 'trustor_id': None, 'trustee_id': None, 'domain_name': None, 'group_ids': [], 'user_id': '2781ce56481d4d179e62cc19ea41a8b0', 'user_domain_id': 'default', 'system_scope': 'all', 'project_id': None, 'project_domain_id': None, 'roles': ['admin', 'member', 'reader'], 'is_admin_project': True, 'service_user_id': None, 'service_user_domain_id': None, 'service_project_id': None, 'service_project_domain_id': None, 'service_roles': []} {{(pid=80599) fill_context /opt/stack/keystone/keystone/server/flask/request_processing/middleware/auth_context.py:478}}
May 23 15:21:03.788758 dv-cinder-840678-12-iscsi devstack@keystone.service[80599]: DEBUG keystone.server.flask.request_processing.req_logging [None req-f71ff905-241b-4d66-83c4-70c08329b33f None admin] REQUEST_METHOD: `GET` {{(pid=80599) log_request_info /opt/stack/keystone/keystone/server/flask/request_processing/req_logging.py:27}}
May 23 15:21:03.789276 dv-cinder-840678-12-iscsi devstack@keystone.service[80599]: DEBUG keystone.server.flask.request_processing.req_logging [None req-f71ff905-241b-4d66-83c4-70c08329b33f None admin] SCRIPT_NAME: `/identity` {{(pid=80599) log_request_info /opt/stack/keystone/keystone/server/flask/request_processing/req_logging.py:28}}
May 23 15:21:03.789720 dv-cinder-840678-12-iscsi devstack@keystone.service[80599]: DEBUG keystone.server.flask.request_processing.req_logging [None req-f71ff905-241b-4d66-83c4-70c08329b33f None admin] PATH_INFO: `/v3/domains/default` {{(pid=80599) log_request_info /opt/stack/keystone/keystone/server/flask/request_processing/req_logging.py:29}}
May 23 15:21:03.791097 dv-cinder-840678-12-iscsi devstack@keystone.service[80599]: DEBUG keystone.common.rbac_enforcer.enforcer [None req-f71ff905-241b-4d66-83c4-70c08329b33f None admin] RBAC: Authorizing `identity:get_domain(domain_id=default)` {{(pid=80599) enforce_call /opt/stack/keystone/keystone/common/rbac_enforcer/enforcer.py:449}}
May 23 15:21:03.792781 dv-cinder-840678-12-iscsi devstack@keystone.service[80599]: DEBUG keystone.common.rbac_enforcer.enforcer [None req-f71ff905-241b-4d66-83c4-70c08329b33f None admin] RBAC: Authorization granted {{(pid=80599) enforce_call /opt/stack/keystone/keystone/common/rbac_enforcer/enforcer.py:457}}
May 23 15:21:03.797848 dv-cinder-840678-12-iscsi devstack@keystone.service[80599]: [pid: 80599|app: 0|req: 124/242] 10.222.0.64 () {56 vars in 1108 bytes} [Mon May 23 15:21:03 2022] GET /identity/v3/domains/default => generated 199 bytes in 284 msecs (HTTP/1.1 200) 5 headers in 177 bytes (2 switches on core 0)
May 23 15:21:03.797848 dv-cinder-840678-12-iscsi devstack@keystone.service[80599]: DEBUG keystone.server.flask.request_processing.req_logging [None req-c12bb44c-0516-4887-83ec-36f5d3190ba3 None None] REQUEST_METHOD: `GET` {{(pid=80599) log_request_info /opt/stack/keystone/keystone/server/flask/request_processing/req_logging.py:27}}
May 23 15:21:03.797848 dv-cinder-840678-12-iscsi devstack@keystone.service[80599]: DEBUG keystone.server.flask.request_processing.req_logging [None req-c12bb44c-0516-4887-83ec-36f5d3190ba3 None None] SCRIPT_NAME: `/identity` {{(pid=80599) log_request_info /opt/stack/keystone/keystone/server/flask/request_processing/req_logging.py:28}}
May 23 15:21:03.797848 dv-cinder-840678-12-iscsi devstack@keystone.service[80599]: DEBUG keystone.server.flask.request_processing.req_logging [None req-c12bb44c-0516-4887-83ec-36f5d3190ba3 None None] PATH_INFO: `/` {{(pid=80599) log_request_info /opt/stack/keystone/keystone/server/flask/request_processing/req_logging.py:29}}
May 23 15:21:03.797848 dv-cinder-840678-12-iscsi devstack@keystone.service[80599]: [pid: 80599|app: 0|req: 125/243] 10.222.0.64 () {54 vars in 926 bytes} [Mon May 23 15:21:03 2022] GET /identity => generated 270 bytes in 2 msecs (HTTP/1.1 300) 6 headers in 234 bytes (1 switches on core 0)
May 23 15:21:03.802276 dv-cinder-840678-12-iscsi devstack@keystone.service[80599]: DEBUG keystone.server.flask.request_processing.req_logging [None req-33b49a92-6f5f-46ba-832f-0e764bf51bbe None None] REQUEST_METHOD: `GET` {{(pid=80599) log_request_info /opt/stack/keystone/keystone/server/flask/request_processing/req_logging.py:27}}
May 23 15:21:03.802568 dv-cinder-840678-12-iscsi devstack@keystone.service[80599]: DEBUG keystone.server.flask.request_processing.req_logging [None req-33b49a92-6f5f-46ba-832f-0e764bf51bbe None None] SCRIPT_NAME: `/identity` {{(pid=80599) log_request_info /opt/stack/keystone/keystone/server/flask/request_processing/req_logging.py:28}}
May 23 15:21:03.802848 dv-cinder-840678-12-iscsi devstack@keystone.service[80599]: DEBUG keystone.server.flask.request_processing.req_logging [None req-33b49a92-6f5f-46ba-832f-0e764bf51bbe None None] PATH_INFO: `/` {{(pid=80599) log_request_info /opt/stack/keystone/keystone/server/flask/request_processing/req_logging.py:29}}
May 23 15:21:03.804887 dv-cinder-840678-12-iscsi devstack@keystone.service[80599]: [pid: 80599|app: 0|req: 126/244] 10.222.0.64 () {54 vars in 926 bytes} [Mon May 23 15:21:03 2022] GET /identity => generated 270 bytes in 3 msecs (HTTP/1.1 300) 6 headers in 234 bytes (1 switches on core 0)
May 23 15:21:03.805496 dv-cinder-840678-12-iscsi devstack@keystone.service[80599]: DEBUG keystone.server.flask.request_processing.middleware.auth_context [None req-33b49a92-6f5f-46ba-832f-0e764bf51bbe None None] Authenticating user token {{(pid=80599) process_request /usr/local/lib/python3.8/dist-packages/keystonemiddleware/auth_token/__init__.py:407}}
May 23 15:21:03.868057 dv-cinder-840678-12-iscsi devstack@keystone.service[80598]: DEBUG keystone.common.rbac_enforcer.enforcer [None req-8ccde887-9949-4066-aca2-6eac9159c5a7 None admin] RBAC: Authorizing `identity:validate_token()` {{(pid=80598) enforce_call /opt/stack/keystone/keystone/common/rbac_enforcer/enforcer.py:449}}
May 23 15:21:03.869595 dv-cinder-840678-12-iscsi devstack@keystone.service[80598]: DEBUG keystone.common.rbac_enforcer.enforcer [None req-8ccde887-9949-4066-aca2-6eac9159c5a7 None admin] RBAC: Authorization granted {{(pid=80598) enforce_call /opt/stack/keystone/keystone/common/rbac_enforcer/enforcer.py:457}}
May 23 15:21:03.917835 dv-cinder-840678-12-iscsi devstack@keystone.service[80599]: DEBUG keystone.server.flask.request_processing.middleware.auth_context [None req-33b49a92-6f5f-46ba-832f-0e764bf51bbe None None] Validating token access rules against request {{(pid=80599) validate_allowed_request /usr/local/lib/python3.8/dist-packages/keystonemiddleware/auth_token/__init__.py:545}}
May 23 15:21:03.925538 dv-cinder-840678-12-iscsi devstack@keystone.service[80598]: DEBUG dbcounter [-] [80598] Writing DB stats keystone:SELECT=100 {{(pid=80598) stat_writer /usr/local/lib/python3.8/dist-packages/dbcounter.py:114}}
May 23 15:21:03.955430 dv-cinder-840678-12-iscsi devstack@keystone.service[80599]: DEBUG keystone.server.flask.request_processing.middleware.auth_context [None req-c3a1905e-d099-421c-b48a-de7f2e407ab2 None admin] RBAC: auth_context: {'token': , 'domain_id': None, 'trust_id': None, 'trustor_id': None, 'trustee_id': None, 'domain_name': None, 'group_ids': [], 'user_id': '2781ce56481d4d179e62cc19ea41a8b0', 'user_domain_id': 'default', 'system_scope': 'all', 'project_id': None, 'project_domain_id': None, 'roles': ['admin', 'member', 'reader'], 'is_admin_project': True, 'service_user_id': None, 'service_user_domain_id': None, 'service_project_id': None, 'service_project_domain_id': None, 'service_roles': []} {{(pid=80599) fill_context /opt/stack/keystone/keystone/server/flask/request_processing/middleware/auth_context.py:478}}
May 23 15:21:03.956378 dv-cinder-840678-12-iscsi devstack@keystone.service[80599]: DEBUG keystone.server.flask.request_processing.req_logging [None req-c3a1905e-d099-421c-b48a-de7f2e407ab2 None admin] REQUEST_METHOD: `POST` {{(pid=80599) log_request_info /opt/stack/keystone/keystone/server/flask/request_processing/req_logging.py:27}}
May 23 15:21:03.956664 dv-cinder-840678-12-iscsi devstack@keystone.service[80599]: DEBUG keystone.server.flask.request_processing.req_logging [None req-c3a1905e-d099-421c-b48a-de7f2e407ab2 None admin] SCRIPT_NAME: `/identity` {{(pid=80599) log_request_info /opt/stack/keystone/keystone/server/flask/request_processing/req_logging.py:28}}
May 23 15:21:03.956942 dv-cinder-840678-12-iscsi devstack@keystone.service[80599]: DEBUG keystone.server.flask.request_processing.req_logging [None req-c3a1905e-d099-421c-b48a-de7f2e407ab2 None admin] PATH_INFO: `/v3/users` {{(pid=80599) log_request_info /opt/stack/keystone/keystone/server/flask/request_processing/req_logging.py:29}}
May 23 15:21:03.957837 dv-cinder-840678-12-iscsi devstack@keystone.service[80599]: DEBUG keystone.common.rbac_enforcer.enforcer [None req-c3a1905e-d099-421c-b48a-de7f2e407ab2 None admin] RBAC: Authorizing `identity:create_user()` {{(pid=80599) enforce_call /opt/stack/keystone/keystone/common/rbac_enforcer/enforcer.py:449}}
May 23 15:21:03.960675 dv-cinder-840678-12-iscsi devstack@keystone.service[80599]: DEBUG keystone.common.rbac_enforcer.enforcer [None req-c3a1905e-d099-421c-b48a-de7f2e407ab2 None admin] RBAC: Authorization granted {{(pid=80599) enforce_call /opt/stack/keystone/keystone/common/rbac_enforcer/enforcer.py:457}}
May 23 15:21:03.971848 dv-cinder-840678-12-iscsi devstack@keystone.service[80598]: [pid: 80598|app: 0|req: 119/245] 10.222.0.64 () {58 vars in 1282 bytes} [Mon May 23 15:21:03 2022] GET /identity/v3/auth/tokens => generated 799 bytes in 416 msecs (HTTP/1.1 200) 6 headers in 358 bytes (2 switches on core 0)
May 23 15:21:03.971848 dv-cinder-840678-12-iscsi devstack@keystone.service[80598]: DEBUG keystone.server.flask.request_processing.req_logging [None req-49846538-ae45-480a-9abc-2cbdc5d43ad2 None None] REQUEST_METHOD: `POST` {{(pid=80598) log_request_info /opt/stack/keystone/keystone/server/flask/request_processing/req_logging.py:27}}
May 23 15:21:03.971848 dv-cinder-840678-12-iscsi devstack@keystone.service[80598]: DEBUG keystone.server.flask.request_processing.req_logging [None req-49846538-ae45-480a-9abc-2cbdc5d43ad2 None None] SCRIPT_NAME: `/identity` {{(pid=80598) log_request_info /opt/stack/keystone/keystone/server/flask/request_processing/req_logging.py:28}}
May 23 15:21:03.971848 dv-cinder-840678-12-iscsi devstack@keystone.service[80598]: DEBUG keystone.server.flask.request_processing.req_logging [None req-49846538-ae45-480a-9abc-2cbdc5d43ad2 None None] PATH_INFO: `/v3/auth/tokens` {{(pid=80598) log_request_info /opt/stack/keystone/keystone/server/flask/request_processing/req_logging.py:29}}
May 23 15:21:03.985789 dv-cinder-840678-12-iscsi devstack@keystone.service[80598]: DEBUG keystone.auth.core [None req-49846538-ae45-480a-9abc-2cbdc5d43ad2 None None] MFA Rules not processed for user `2781ce56481d4d179e62cc19ea41a8b0`. Rule list: `[]` (Enabled: `True`). {{(pid=80598) check_auth_methods_against_rules /opt/stack/keystone/keystone/auth/core.py:438}}
May 23 15:21:03.986965 dv-cinder-840678-12-iscsi devstack@keystone.service[80598]: DEBUG keystone.common.fernet_utils [None req-49846538-ae45-480a-9abc-2cbdc5d43ad2 None None] Loaded 2 Fernet keys from /etc/keystone/fernet-keys/, but `[fernet_tokens] max_active_keys = 3`; perhaps there have not been enough key rotations to reach `max_active_keys` yet? {{(pid=80598) load_keys /opt/stack/keystone/keystone/common/fernet_utils.py:286}}
May 23 15:21:04.050883 dv-cinder-840678-12-iscsi devstack@keystone.service[80599]: [pid: 80599|app: 0|req: 127/246] 10.222.0.64 () {60 vars in 1132 bytes} [Mon May 23 15:21:03 2022] POST /identity/v3/users => generated 293 bytes in 245 msecs (HTTP/1.1 201) 5 headers in 182 bytes (1 switches on core 0)
May 23 15:21:04.052095 dv-cinder-840678-12-iscsi devstack@keystone.service[80599]: DEBUG keystone.server.flask.request_processing.req_logging [None req-d519e1f7-2c2d-4d33-92f5-ad2268ef23d6 None None] REQUEST_METHOD: `POST` {{(pid=80599) log_request_info /opt/stack/keystone/keystone/server/flask/request_processing/req_logging.py:27}}
May 23 15:21:04.052391 dv-cinder-840678-12-iscsi devstack@keystone.service[80599]: DEBUG keystone.server.flask.request_processing.req_logging [None req-d519e1f7-2c2d-4d33-92f5-ad2268ef23d6 None None] SCRIPT_NAME: `/identity` {{(pid=80599) log_request_info /opt/stack/keystone/keystone/server/flask/request_processing/req_logging.py:28}}
May 23 15:21:04.052841 dv-cinder-840678-12-iscsi devstack@keystone.service[80599]: DEBUG keystone.server.flask.request_processing.req_logging [None req-d519e1f7-2c2d-4d33-92f5-ad2268ef23d6 None None] PATH_INFO: `/v3/auth/tokens` {{(pid=80599) log_request_info /opt/stack/keystone/keystone/server/flask/request_processing/req_logging.py:29}}
May 23 15:21:04.069533 dv-cinder-840678-12-iscsi devstack@keystone.service[80598]: [pid: 80598|app: 0|req: 120/247] 10.222.0.64 () {58 vars in 1023 bytes} [Mon May 23 15:21:03 2022] POST /identity/v3/auth/tokens => generated 799 bytes in 101 msecs (HTTP/1.1 201) 6 headers in 363 bytes (1 switches on core 0)
May 23 15:21:04.072247 dv-cinder-840678-12-iscsi devstack@keystone.service[80598]: DEBUG keystone.server.flask.request_processing.middleware.auth_context [None req-49846538-ae45-480a-9abc-2cbdc5d43ad2 None None] Authenticating user token {{(pid=80598) process_request /usr/local/lib/python3.8/dist-packages/keystonemiddleware/auth_token/__init__.py:407}}
May 23 15:21:04.079279 dv-cinder-840678-12-iscsi devstack@keystone.service[80599]: DEBUG keystone.auth.core [None req-d519e1f7-2c2d-4d33-92f5-ad2268ef23d6 None None] MFA Rules not processed for user `2781ce56481d4d179e62cc19ea41a8b0`. Rule list: `[]` (Enabled: `True`). {{(pid=80599) check_auth_methods_against_rules /opt/stack/keystone/keystone/auth/core.py:438}}
May 23 15:21:04.085752 dv-cinder-840678-12-iscsi devstack@keystone.service[80599]: DEBUG keystone.common.fernet_utils [None req-d519e1f7-2c2d-4d33-92f5-ad2268ef23d6 None None] Loaded 2 Fernet keys from /etc/keystone/fernet-keys/, but `[fernet_tokens] max_active_keys = 3`; perhaps there have not been enough key rotations to reach `max_active_keys` yet? {{(pid=80599) load_keys /opt/stack/keystone/keystone/common/fernet_utils.py:286}}
May 23 15:21:04.104169 dv-cinder-840678-12-iscsi devstack@keystone.service[80599]: DEBUG dbcounter [-] [80599] Writing DB stats keystone:SELECT=97,keystone:INSERT=3 {{(pid=80599) stat_writer /usr/local/lib/python3.8/dist-packages/dbcounter.py:114}}
May 23 15:21:04.182871 dv-cinder-840678-12-iscsi devstack@keystone.service[80599]: [pid: 80599|app: 0|req: 128/248] 10.222.0.64 () {58 vars in 1023 bytes} [Mon May 23 15:21:04 2022] POST /identity/v3/auth/tokens => generated 799 bytes in 131 msecs (HTTP/1.1 201) 6 headers in 363 bytes (1 switches on core 0)
May 23 15:21:04.184117 dv-cinder-840678-12-iscsi devstack@keystone.service[80599]: DEBUG keystone.server.flask.request_processing.middleware.auth_context [None req-d519e1f7-2c2d-4d33-92f5-ad2268ef23d6 None None] Authenticating user token {{(pid=80599) process_request /usr/local/lib/python3.8/dist-packages/keystonemiddleware/auth_token/__init__.py:407}}
May 23 15:21:04.235329 dv-cinder-840678-12-iscsi devstack@keystone.service[80598]: DEBUG dbcounter [-] [80598] Writing DB stats keystone:SELECT=100 {{(pid=80598) stat_writer /usr/local/lib/python3.8/dist-packages/dbcounter.py:114}}
May 23 15:21:04.255873 dv-cinder-840678-12-iscsi devstack@keystone.service[80598]: DEBUG keystone.server.flask.request_processing.middleware.auth_context [None req-49846538-ae45-480a-9abc-2cbdc5d43ad2 None None] Validating token access rules against request {{(pid=80598) validate_allowed_request /usr/local/lib/python3.8/dist-packages/keystonemiddleware/auth_token/__init__.py:545}}
May 23 15:21:04.300411 dv-cinder-840678-12-iscsi devstack@keystone.service[80598]: DEBUG keystone.server.flask.request_processing.middleware.auth_context [None req-893c2d2a-a8ed-412d-924f-33156d923820 None admin] RBAC: auth_context: {'token': , 'domain_id': None, 'trust_id': None, 'trustor_id': None, 'trustee_id': None, 'domain_name': None, 'group_ids': [], 'user_id': '2781ce56481d4d179e62cc19ea41a8b0', 'user_domain_id': 'default', 'system_scope': 'all', 'project_id': None, 'project_domain_id': None, 'roles': ['admin', 'member', 'reader'], 'is_admin_project': True, 'service_user_id': None, 'service_user_domain_id': None, 'service_project_id': None, 'service_project_domain_id': None, 'service_roles': []} {{(pid=80598) fill_context /opt/stack/keystone/keystone/server/flask/request_processing/middleware/auth_context.py:478}}
May 23 15:21:04.301793 dv-cinder-840678-12-iscsi devstack@keystone.service[80598]: DEBUG keystone.server.flask.request_processing.req_logging [None req-893c2d2a-a8ed-412d-924f-33156d923820 None admin] REQUEST_METHOD: `GET` {{(pid=80598) log_request_info /opt/stack/keystone/keystone/server/flask/request_processing/req_logging.py:27}}
May 23 15:21:04.301793 dv-cinder-840678-12-iscsi devstack@keystone.service[80598]: DEBUG keystone.server.flask.request_processing.req_logging [None req-893c2d2a-a8ed-412d-924f-33156d923820 None admin] SCRIPT_NAME: `/identity` {{(pid=80598) log_request_info /opt/stack/keystone/keystone/server/flask/request_processing/req_logging.py:28}}
May 23 15:21:04.301980 dv-cinder-840678-12-iscsi devstack@keystone.service[80598]: DEBUG keystone.server.flask.request_processing.req_logging [None req-893c2d2a-a8ed-412d-924f-33156d923820 None admin] PATH_INFO: `/v3/projects/bc8a10b282fb412fbc79062901f84a10` {{(pid=80598) log_request_info /opt/stack/keystone/keystone/server/flask/request_processing/req_logging.py:29}}
May 23 15:21:04.303780 dv-cinder-840678-12-iscsi devstack@keystone.service[80598]: DEBUG keystone.common.rbac_enforcer.enforcer [None req-893c2d2a-a8ed-412d-924f-33156d923820 None admin] RBAC: Authorizing `identity:get_project(project_id=bc8a10b282fb412fbc79062901f84a10)` {{(pid=80598) enforce_call /opt/stack/keystone/keystone/common/rbac_enforcer/enforcer.py:449}}
May 23 15:21:04.307127 dv-cinder-840678-12-iscsi devstack@keystone.service[80598]: DEBUG keystone.common.rbac_enforcer.enforcer [None req-893c2d2a-a8ed-412d-924f-33156d923820 None admin] RBAC: Authorization granted {{(pid=80598) enforce_call /opt/stack/keystone/keystone/common/rbac_enforcer/enforcer.py:457}}
May 23 15:21:04.310076 dv-cinder-840678-12-iscsi devstack@keystone.service[80598]: [pid: 80598|app: 0|req: 121/249] 10.222.0.64 () {56 vars in 1186 bytes} [Mon May 23 15:21:04 2022] GET /identity/v3/projects/bc8a10b282fb412fbc79062901f84a10 => generated 302 bytes in 240 msecs (HTTP/1.1 200) 5 headers in 177 bytes (1 switches on core 0)
May 23 15:21:04.310957 dv-cinder-840678-12-iscsi devstack@keystone.service[80598]: DEBUG keystone.server.flask.request_processing.middleware.auth_context [None req-893c2d2a-a8ed-412d-924f-33156d923820 None admin] Authenticating user token {{(pid=80598) process_request /usr/local/lib/python3.8/dist-packages/keystonemiddleware/auth_token/__init__.py:407}}
May 23 15:21:04.317360 dv-cinder-840678-12-iscsi devstack@keystone.service[80599]: DEBUG keystone.server.flask.request_processing.middleware.auth_context [None req-d519e1f7-2c2d-4d33-92f5-ad2268ef23d6 None None] Validating token access rules against request {{(pid=80599) validate_allowed_request /usr/local/lib/python3.8/dist-packages/keystonemiddleware/auth_token/__init__.py:545}}
May 23 15:21:04.365044 dv-cinder-840678-12-iscsi devstack@keystone.service[80599]: DEBUG keystone.server.flask.request_processing.middleware.auth_context [None req-ece13425-f95f-428c-8406-c93450a3722c None admin] RBAC: auth_context: {'token': , 'domain_id': None, 'trust_id': None, 'trustor_id': None, 'trustee_id': None, 'domain_name': None, 'group_ids': [], 'user_id': '2781ce56481d4d179e62cc19ea41a8b0', 'user_domain_id': 'default', 'system_scope': 'all', 'project_id': None, 'project_domain_id': None, 'roles': ['admin', 'member', 'reader'], 'is_admin_project': True, 'service_user_id': None, 'service_user_domain_id': None, 'service_project_id': None, 'service_project_domain_id': None, 'service_roles': []} {{(pid=80599) fill_context /opt/stack/keystone/keystone/server/flask/request_processing/middleware/auth_context.py:478}}
May 23 15:21:04.365044 dv-cinder-840678-12-iscsi devstack@keystone.service[80599]: DEBUG keystone.server.flask.request_processing.req_logging [None req-ece13425-f95f-428c-8406-c93450a3722c None admin] REQUEST_METHOD: `GET` {{(pid=80599) log_request_info /opt/stack/keystone/keystone/server/flask/request_processing/req_logging.py:27}}
May 23 15:21:04.365044 dv-cinder-840678-12-iscsi devstack@keystone.service[80599]: DEBUG keystone.server.flask.request_processing.req_logging [None req-ece13425-f95f-428c-8406-c93450a3722c None admin] SCRIPT_NAME: `/identity` {{(pid=80599) log_request_info /opt/stack/keystone/keystone/server/flask/request_processing/req_logging.py:28}}
May 23 15:21:04.365044 dv-cinder-840678-12-iscsi devstack@keystone.service[80599]: DEBUG keystone.server.flask.request_processing.req_logging [None req-ece13425-f95f-428c-8406-c93450a3722c None admin] PATH_INFO: `/v3/roles/member` {{(pid=80599) log_request_info /opt/stack/keystone/keystone/server/flask/request_processing/req_logging.py:29}}
May 23 15:21:04.380008 dv-cinder-840678-12-iscsi devstack@keystone.service[80599]: DEBUG keystone.common.rbac_enforcer.enforcer [None req-ece13425-f95f-428c-8406-c93450a3722c None admin] Extracting inferred target data resulted in "NOT FOUND (404)". {{(pid=80599) enforce_call /opt/stack/keystone/keystone/common/rbac_enforcer/enforcer.py:409}}
