May 23 15:42:16.765248 dv-cinder-840678-12-iscsi devstack@c-api.service[117969]: DEBUG cinder.volume.api [None req-53ec6512-1a95-488b-9a18-0b2d362cd09d tempest-VolumeQuotasAdminTestJSON-715740502 tempest-VolumeQuotasAdminTestJSON-715740502-project] Task 'cinder.volume.flows.api.create_volume.EntryCreateTask;volume:create' (a407f344-b141-4888-b035-03b344f4a838) transitioned into state 'SUCCESS' from state 'RUNNING' with result '{'volume_id': 'db40c5f6-86da-4b3a-ade7-fd298d7abcd6', 'volume_properties': VolumeProperties(attach_status='detached',availability_zone='nova',cgsnapshot_id=None,consistencygroup_id=None,display_description=None,display_name='tempest-VolumeQuotasAdminTestJSON-Volume-1207143334',encryption_key_id=None,group_id=None,group_type_id=,metadata={},multiattach=False,project_id='9b8dad9fc1d2487ab233ffbf7b8b993f',qos_specs=None,replication_status=,reservations=['9ab5030b-952e-4423-b8b6-3965c55e4cde','777694de-983d-4ecb-9332-cc1874477c49','39617604-68f5-49c1-8528-0bbba730991e','73e8e7df-106a-4bda-a634-278b374d0483'],size=1,snapshot_id=None,source_replicaid=,source_volid=None,status='creating',user_id='368a050c08fe44ceb662e69e307a7b47',volume_type_id=2b73a3e7-1462-4a0c-a072-9dc9e2d6cb2f), 'volume': Volume(_name_id=None,admin_metadata=,attach_status='detached',availability_zone='nova',bootable=False,cluster=,cluster_name=None,consistencygroup=,consistencygroup_id=None,created_at=2022-05-23T15:42:16Z,deleted=False,deleted_at=None,display_description=None,display_name='tempest-VolumeQuotasAdminTestJSON-Volume-1207143334',ec2_id=None,encryption_key_id=None,glance_metadata=,group=,group_id=None,host=None,id=db40c5f6-86da-4b3a-ade7-fd298d7abcd6,launched_at=None,metadata={},migration_status=None,multiattach=False,previous_status=None,project_id='9b8dad9fc1d2487ab233ffbf7b8b993f',provider_auth=None,provider_geometry=None,provider_id=None,provider_location=None,replication_driver_data=None,replication_extended_status=None,replication_status=None,scheduled_at=None,service_uuid=None,shared_targets=True,size=1,snapshot_id=None,snapshots=,source_volid=None,status='creating',terminated_at=None,updated_at=None,use_quota=True,user_id='368a050c08fe44ceb662e69e307a7b47',volume_attachment=VolumeAttachmentList,volume_type=VolumeType(2b73a3e7-1462-4a0c-a072-9dc9e2d6cb2f),volume_type_id=2b73a3e7-1462-4a0c-a072-9dc9e2d6cb2f)}' {{(pid=117969) _task_receiver /usr/local/lib/python3.8/dist-packages/taskflow/listeners/logging.py:178}}
May 23 15:42:16.767223 dv-cinder-840678-12-iscsi devstack@c-api.service[117969]: DEBUG cinder.volume.api [None req-53ec6512-1a95-488b-9a18-0b2d362cd09d tempest-VolumeQuotasAdminTestJSON-715740502 tempest-VolumeQuotasAdminTestJSON-715740502-project] Task 'cinder.volume.flows.api.create_volume.QuotaCommitTask;volume:create' (e61c2c10-0d4b-4b08-bc0c-f8af06f251aa) transitioned into state 'RUNNING' from state 'PENDING' {{(pid=117969) _task_receiver /usr/local/lib/python3.8/dist-packages/taskflow/listeners/logging.py:190}}
May 23 15:42:16.820228 dv-cinder-840678-12-iscsi devstack@c-api.service[117968]: DEBUG cinder.volume.api [None req-823c3964-24f4-4084-a5b8-083f4895ad79 tempest-GroupSnapshotsTest-1830736635 tempest-GroupSnapshotsTest-1830736635-project] Task 'cinder.volume.flows.api.create_volume.QuotaCommitTask;volume:create' (f6590553-11a4-4b09-af54-125492d64b75) transitioned into state 'SUCCESS' from state 'RUNNING' with result '{'volume_properties': VolumeProperties(attach_status='detached',availability_zone='nova',cgsnapshot_id=None,consistencygroup_id=None,display_description=None,display_name='tempest-GroupSnapshotsTest-Volume-1861062216',encryption_key_id=None,group_id=40eea34f-10ed-4626-a0b6-d7fc6bd80ccf,group_type_id=,metadata={},multiattach=False,project_id='41af6594a19944c3a7bdcb88856b4a49',qos_specs=None,replication_status=,reservations=['66c69958-9c02-41a3-922b-b038fdc5c20b','0f078fe8-a768-4beb-b865-801ccdb363a2','379e1c2b-770e-4375-a938-315501aaf4f1','13ad1ec8-65c5-40a3-8e0d-841d9fb3ad26'],size=1,snapshot_id=None,source_replicaid=,source_volid=None,status='creating',user_id='a60bfca1aff144f385fdd23a44f2fcc8',volume_type_id=2520387f-7882-4ee4-aac6-2a180d320d89)}' {{(pid=117968) _task_receiver /usr/local/lib/python3.8/dist-packages/taskflow/listeners/logging.py:178}}
May 23 15:42:16.822096 dv-cinder-840678-12-iscsi devstack@c-api.service[117968]: DEBUG cinder.volume.api [None req-823c3964-24f4-4084-a5b8-083f4895ad79 tempest-GroupSnapshotsTest-1830736635 tempest-GroupSnapshotsTest-1830736635-project] Task 'cinder.volume.flows.api.create_volume.VolumeCastTask;volume:create' (8cdabbdd-a32b-4a9e-9552-941fd095ad26) transitioned into state 'RUNNING' from state 'PENDING' {{(pid=117968) _task_receiver /usr/local/lib/python3.8/dist-packages/taskflow/listeners/logging.py:190}}
May 23 15:42:16.979211 dv-cinder-840678-12-iscsi devstack@c-api.service[117969]: DEBUG cinder.volume.api [None req-53ec6512-1a95-488b-9a18-0b2d362cd09d tempest-VolumeQuotasAdminTestJSON-715740502 tempest-VolumeQuotasAdminTestJSON-715740502-project] Task 'cinder.volume.flows.api.create_volume.QuotaCommitTask;volume:create' (e61c2c10-0d4b-4b08-bc0c-f8af06f251aa) transitioned into state 'SUCCESS' from state 'RUNNING' with result '{'volume_properties': VolumeProperties(attach_status='detached',availability_zone='nova',cgsnapshot_id=None,consistencygroup_id=None,display_description=None,display_name='tempest-VolumeQuotasAdminTestJSON-Volume-1207143334',encryption_key_id=None,group_id=None,group_type_id=,metadata={},multiattach=False,project_id='9b8dad9fc1d2487ab233ffbf7b8b993f',qos_specs=None,replication_status=,reservations=['9ab5030b-952e-4423-b8b6-3965c55e4cde','777694de-983d-4ecb-9332-cc1874477c49','39617604-68f5-49c1-8528-0bbba730991e','73e8e7df-106a-4bda-a634-278b374d0483'],size=1,snapshot_id=None,source_replicaid=,source_volid=None,status='creating',user_id='368a050c08fe44ceb662e69e307a7b47',volume_type_id=2b73a3e7-1462-4a0c-a072-9dc9e2d6cb2f)}' {{(pid=117969) _task_receiver /usr/local/lib/python3.8/dist-packages/taskflow/listeners/logging.py:178}}
May 23 15:42:16.981255 dv-cinder-840678-12-iscsi devstack@c-api.service[117969]: DEBUG cinder.volume.api [None req-53ec6512-1a95-488b-9a18-0b2d362cd09d tempest-VolumeQuotasAdminTestJSON-715740502 tempest-VolumeQuotasAdminTestJSON-715740502-project] Task 'cinder.volume.flows.api.create_volume.VolumeCastTask;volume:create' (43e33229-4b4c-4285-8daf-6ae0fe065fe7) transitioned into state 'RUNNING' from state 'PENDING' {{(pid=117969) _task_receiver /usr/local/lib/python3.8/dist-packages/taskflow/listeners/logging.py:190}}
May 23 15:42:16.999241 dv-cinder-840678-12-iscsi devstack@c-api.service[117968]: DEBUG cinder.volume.api [None req-823c3964-24f4-4084-a5b8-083f4895ad79 tempest-GroupSnapshotsTest-1830736635 tempest-GroupSnapshotsTest-1830736635-project] Task 'cinder.volume.flows.api.create_volume.VolumeCastTask;volume:create' (8cdabbdd-a32b-4a9e-9552-941fd095ad26) transitioned into state 'SUCCESS' from state 'RUNNING' with result 'None' {{(pid=117968) _task_receiver /usr/local/lib/python3.8/dist-packages/taskflow/listeners/logging.py:178}}
May 23 15:42:17.001634 dv-cinder-840678-12-iscsi devstack@c-api.service[117968]: DEBUG cinder.volume.api [None req-823c3964-24f4-4084-a5b8-083f4895ad79 tempest-GroupSnapshotsTest-1830736635 tempest-GroupSnapshotsTest-1830736635-project] Flow 'volume_create_api' (72121df9-77fe-45e0-b00d-4b83b6c7c1f8) transitioned into state 'SUCCESS' from state 'RUNNING' {{(pid=117968) _flow_receiver /usr/local/lib/python3.8/dist-packages/taskflow/listeners/logging.py:141}}
May 23 15:42:17.002330 dv-cinder-840678-12-iscsi devstack@c-api.service[117968]: INFO cinder.volume.api [None req-823c3964-24f4-4084-a5b8-083f4895ad79 tempest-GroupSnapshotsTest-1830736635 tempest-GroupSnapshotsTest-1830736635-project] Create volume request issued successfully.
May 23 15:42:17.003750 dv-cinder-840678-12-iscsi devstack@c-api.service[117968]: WARNING stevedore.named [None req-823c3964-24f4-4084-a5b8-083f4895ad79 tempest-GroupSnapshotsTest-1830736635 tempest-GroupSnapshotsTest-1830736635-project] Could not load cinder.keymgr.conf_key_mgr.ConfKeyManager
May 23 15:42:17.004066 dv-cinder-840678-12-iscsi devstack@c-api.service[117968]: WARNING castellan.key_manager [None req-823c3964-24f4-4084-a5b8-083f4895ad79 tempest-GroupSnapshotsTest-1830736635 tempest-GroupSnapshotsTest-1830736635-project] Deprecation Warning : cinder.keymgr.conf_key_mgr.ConfKeyManager is not a stevedore based driver, trying to load it as a class: stevedore.exception.NoMatches: No 'castellan.drivers' driver found, looking for 'cinder.keymgr.conf_key_mgr.ConfKeyManager'
May 23 15:42:17.017009 dv-cinder-840678-12-iscsi devstack@c-api.service[117968]: DEBUG oslo_db.sqlalchemy.engines [None req-823c3964-24f4-4084-a5b8-083f4895ad79 tempest-GroupSnapshotsTest-1830736635 tempest-GroupSnapshotsTest-1830736635-project] MySQL server mode set to STRICT_TRANS_TABLES,STRICT_ALL_TABLES,NO_ZERO_IN_DATE,NO_ZERO_DATE,ERROR_FOR_DIVISION_BY_ZERO,TRADITIONAL,NO_ENGINE_SUBSTITUTION {{(pid=117968) _check_effective_sql_mode /usr/local/lib/python3.8/dist-packages/oslo_db/sqlalchemy/engines.py:314}}
May 23 15:42:17.022356 dv-cinder-840678-12-iscsi devstack@c-api.service[117968]: /usr/local/lib/python3.8/dist-packages/oslo_context/context.py:100: DeprecationWarning: Policy enforcement is depending on the value of is_admin. This key is deprecated. Please update your policy file to use the standard policy values.
May 23 15:42:17.022356 dv-cinder-840678-12-iscsi devstack@c-api.service[117968]: warnings.warn('Policy enforcement is depending on the value of '
May 23 15:42:17.028071 dv-cinder-840678-12-iscsi devstack@c-api.service[117968]: INFO cinder.api.openstack.wsgi [None req-823c3964-24f4-4084-a5b8-083f4895ad79 tempest-GroupSnapshotsTest-1830736635 tempest-GroupSnapshotsTest-1830736635-project] http://10.222.0.64/volume/v3/41af6594a19944c3a7bdcb88856b4a49/volumes returned with HTTP 202
May 23 15:42:17.028914 dv-cinder-840678-12-iscsi devstack@c-api.service[117968]: [pid: 117968|app: 0|req: 124/278] 10.222.0.64 () {62 vars in 1276 bytes} [Mon May 23 15:42:16 2022] POST /volume/v3/41af6594a19944c3a7bdcb88856b4a49/volumes => generated 908 bytes in 806 msecs (HTTP/1.1 202) 7 headers in 292 bytes (1 switches on core 0)
May 23 15:42:17.031223 dv-cinder-840678-12-iscsi devstack@c-api.service[117968]: DEBUG cinder.api.middleware.request_id [None req-08d9386f-c075-4a89-9f0c-f116f3b3586d None None] RequestId filter calling following filter/app {{(pid=117968) _context_setter /opt/stack/cinder/cinder/api/middleware/request_id.py:62}}
May 23 15:42:17.035435 dv-cinder-840678-12-iscsi devstack@c-api.service[117968]: INFO cinder.api.openstack.wsgi [None req-08d9386f-c075-4a89-9f0c-f116f3b3586d tempest-SnapshotsActionsTest-837093852 tempest-SnapshotsActionsTest-837093852-project] GET http://10.222.0.64/volume/v3/ca944beed5584d4f816e39cb1c6098d9/snapshots/a3715fda-107b-491a-9862-246c2e3ea929
May 23 15:42:17.035871 dv-cinder-840678-12-iscsi devstack@c-api.service[117968]: DEBUG cinder.api.openstack.wsgi [None req-08d9386f-c075-4a89-9f0c-f116f3b3586d tempest-SnapshotsActionsTest-837093852 tempest-SnapshotsActionsTest-837093852-project] Empty body provided in request {{(pid=117968) get_body /opt/stack/cinder/cinder/api/openstack/wsgi.py:715}}
May 23 15:42:17.036330 dv-cinder-840678-12-iscsi devstack@c-api.service[117968]: DEBUG cinder.api.openstack.wsgi [None req-08d9386f-c075-4a89-9f0c-f116f3b3586d tempest-SnapshotsActionsTest-837093852 tempest-SnapshotsActionsTest-837093852-project] Calling method 'show' {{(pid=117968) _process_stack /opt/stack/cinder/cinder/api/openstack/wsgi.py:868}}
May 23 15:42:17.045755 dv-cinder-840678-12-iscsi devstack@c-api.service[117968]: /usr/local/lib/python3.8/dist-packages/oslo_context/context.py:100: DeprecationWarning: Policy enforcement is depending on the value of is_admin. This key is deprecated. Please update your policy file to use the standard policy values.
May 23 15:42:17.045755 dv-cinder-840678-12-iscsi devstack@c-api.service[117968]: warnings.warn('Policy enforcement is depending on the value of '
May 23 15:42:17.046665 dv-cinder-840678-12-iscsi devstack@c-api.service[117968]: INFO cinder.volume.api [None req-08d9386f-c075-4a89-9f0c-f116f3b3586d tempest-SnapshotsActionsTest-837093852 tempest-SnapshotsActionsTest-837093852-project] Snapshot retrieved successfully.
May 23 15:42:17.048445 dv-cinder-840678-12-iscsi devstack@c-api.service[117968]: INFO cinder.api.openstack.wsgi [None req-08d9386f-c075-4a89-9f0c-f116f3b3586d tempest-SnapshotsActionsTest-837093852 tempest-SnapshotsActionsTest-837093852-project] http://10.222.0.64/volume/v3/ca944beed5584d4f816e39cb1c6098d9/snapshots/a3715fda-107b-491a-9862-246c2e3ea929 returned with HTTP 200
May 23 15:42:17.056169 dv-cinder-840678-12-iscsi devstack@c-api.service[117968]: [pid: 117968|app: 0|req: 125/279] 10.222.0.64 () {58 vars in 1330 bytes} [Mon May 23 15:42:17 2022] GET /volume/v3/ca944beed5584d4f816e39cb1c6098d9/snapshots/a3715fda-107b-491a-9862-246c2e3ea929 => generated 465 bytes in 20 msecs (HTTP/1.1 200) 7 headers in 285 bytes (1 switches on core 0)
May 23 15:42:17.056169 dv-cinder-840678-12-iscsi devstack@c-api.service[117968]: DEBUG cinder.api.middleware.request_id [None req-9eb02d9c-247a-4b7f-bc02-7ae9d15e18ce None None] RequestId filter calling following filter/app {{(pid=117968) _context_setter /opt/stack/cinder/cinder/api/middleware/request_id.py:62}}
May 23 15:42:17.056169 dv-cinder-840678-12-iscsi devstack@c-api.service[117968]: INFO cinder.api.openstack.wsgi [None req-9eb02d9c-247a-4b7f-bc02-7ae9d15e18ce tempest-GroupSnapshotsTest-1830736635 tempest-GroupSnapshotsTest-1830736635-project] GET http://10.222.0.64/volume/v3/41af6594a19944c3a7bdcb88856b4a49/volumes/6bae6b2b-09ab-4898-9fb0-39366485059d
May 23 15:42:17.056169 dv-cinder-840678-12-iscsi devstack@c-api.service[117968]: DEBUG cinder.api.openstack.wsgi [None req-9eb02d9c-247a-4b7f-bc02-7ae9d15e18ce tempest-GroupSnapshotsTest-1830736635 tempest-GroupSnapshotsTest-1830736635-project] Empty body provided in request {{(pid=117968) get_body /opt/stack/cinder/cinder/api/openstack/wsgi.py:715}}
May 23 15:42:17.056169 dv-cinder-840678-12-iscsi devstack@c-api.service[117968]: DEBUG cinder.api.openstack.wsgi [None req-9eb02d9c-247a-4b7f-bc02-7ae9d15e18ce tempest-GroupSnapshotsTest-1830736635 tempest-GroupSnapshotsTest-1830736635-project] Calling method 'show' {{(pid=117968) _process_stack /opt/stack/cinder/cinder/api/openstack/wsgi.py:868}}
May 23 15:42:17.070264 dv-cinder-840678-12-iscsi devstack@c-api.service[117968]: /usr/local/lib/python3.8/dist-packages/oslo_context/context.py:100: DeprecationWarning: Policy enforcement is depending on the value of is_admin. This key is deprecated. Please update your policy file to use the standard policy values.
May 23 15:42:17.070264 dv-cinder-840678-12-iscsi devstack@c-api.service[117968]: warnings.warn('Policy enforcement is depending on the value of '
May 23 15:42:17.079079 dv-cinder-840678-12-iscsi devstack@c-api.service[117968]: INFO cinder.volume.api [None req-9eb02d9c-247a-4b7f-bc02-7ae9d15e18ce tempest-GroupSnapshotsTest-1830736635 tempest-GroupSnapshotsTest-1830736635-project] Volume info retrieved successfully.
May 23 15:42:17.080481 dv-cinder-840678-12-iscsi devstack@c-api.service[117968]: WARNING stevedore.named [None req-9eb02d9c-247a-4b7f-bc02-7ae9d15e18ce tempest-GroupSnapshotsTest-1830736635 tempest-GroupSnapshotsTest-1830736635-project] Could not load cinder.keymgr.conf_key_mgr.ConfKeyManager
May 23 15:42:17.080852 dv-cinder-840678-12-iscsi devstack@c-api.service[117968]: WARNING castellan.key_manager [None req-9eb02d9c-247a-4b7f-bc02-7ae9d15e18ce tempest-GroupSnapshotsTest-1830736635 tempest-GroupSnapshotsTest-1830736635-project] Deprecation Warning : cinder.keymgr.conf_key_mgr.ConfKeyManager is not a stevedore based driver, trying to load it as a class: stevedore.exception.NoMatches: No 'castellan.drivers' driver found, looking for 'cinder.keymgr.conf_key_mgr.ConfKeyManager'
May 23 15:42:17.088955 dv-cinder-840678-12-iscsi devstack@c-api.service[117968]: DEBUG oslo_db.sqlalchemy.engines [None req-9eb02d9c-247a-4b7f-bc02-7ae9d15e18ce tempest-GroupSnapshotsTest-1830736635 tempest-GroupSnapshotsTest-1830736635-project] MySQL server mode set to STRICT_TRANS_TABLES,STRICT_ALL_TABLES,NO_ZERO_IN_DATE,NO_ZERO_DATE,ERROR_FOR_DIVISION_BY_ZERO,TRADITIONAL,NO_ENGINE_SUBSTITUTION {{(pid=117968) _check_effective_sql_mode /usr/local/lib/python3.8/dist-packages/oslo_db/sqlalchemy/engines.py:314}}
May 23 15:42:17.095296 dv-cinder-840678-12-iscsi devstack@c-api.service[117969]: DEBUG cinder.volume.api [None req-53ec6512-1a95-488b-9a18-0b2d362cd09d tempest-VolumeQuotasAdminTestJSON-715740502 tempest-VolumeQuotasAdminTestJSON-715740502-project] Task 'cinder.volume.flows.api.create_volume.VolumeCastTask;volume:create' (43e33229-4b4c-4285-8daf-6ae0fe065fe7) transitioned into state 'SUCCESS' from state 'RUNNING' with result 'None' {{(pid=117969) _task_receiver /usr/local/lib/python3.8/dist-packages/taskflow/listeners/logging.py:178}}
May 23 15:42:17.098507 dv-cinder-840678-12-iscsi devstack@c-api.service[117969]: DEBUG cinder.volume.api [None req-53ec6512-1a95-488b-9a18-0b2d362cd09d tempest-VolumeQuotasAdminTestJSON-715740502 tempest-VolumeQuotasAdminTestJSON-715740502-project] Flow 'volume_create_api' (40cd380d-df7b-4773-950d-dc91708b1200) transitioned into state 'SUCCESS' from state 'RUNNING' {{(pid=117969) _flow_receiver /usr/local/lib/python3.8/dist-packages/taskflow/listeners/logging.py:141}}
May 23 15:42:17.099860 dv-cinder-840678-12-iscsi devstack@c-api.service[117969]: INFO cinder.volume.api [None req-53ec6512-1a95-488b-9a18-0b2d362cd09d tempest-VolumeQuotasAdminTestJSON-715740502 tempest-VolumeQuotasAdminTestJSON-715740502-project] Create volume request issued successfully.
May 23 15:42:17.101346 dv-cinder-840678-12-iscsi devstack@c-api.service[117969]: INFO cinder.api.openstack.wsgi [None req-53ec6512-1a95-488b-9a18-0b2d362cd09d tempest-VolumeQuotasAdminTestJSON-715740502 tempest-VolumeQuotasAdminTestJSON-715740502-project] http://10.222.0.64/volume/v3/9b8dad9fc1d2487ab233ffbf7b8b993f/volumes returned with HTTP 202
May 23 15:42:17.102456 dv-cinder-840678-12-iscsi devstack@c-api.service[117969]: [pid: 117969|app: 0|req: 155/280] 10.222.0.64 () {60 vars in 1234 bytes} [Mon May 23 15:42:16 2022] POST /volume/v3/9b8dad9fc1d2487ab233ffbf7b8b993f/volumes => generated 825 bytes in 778 msecs (HTTP/1.1 202) 7 headers in 291 bytes (1 switches on core 0)
May 23 15:42:17.111922 dv-cinder-840678-12-iscsi devstack@c-api.service[117968]: /usr/local/lib/python3.8/dist-packages/oslo_context/context.py:100: DeprecationWarning: Policy enforcement is depending on the value of is_admin. This key is deprecated. Please update your policy file to use the standard policy values.
May 23 15:42:17.111922 dv-cinder-840678-12-iscsi devstack@c-api.service[117968]: warnings.warn('Policy enforcement is depending on the value of '
May 23 15:42:17.114253 dv-cinder-840678-12-iscsi devstack@c-api.service[117969]: DEBUG cinder.api.middleware.request_id [None req-c140b7e3-e6ee-4935-b796-61df43b007a2 None None] RequestId filter calling following filter/app {{(pid=117969) _context_setter /opt/stack/cinder/cinder/api/middleware/request_id.py:62}}
May 23 15:42:17.118665 dv-cinder-840678-12-iscsi devstack@c-api.service[117969]: INFO cinder.api.openstack.wsgi [None req-c140b7e3-e6ee-4935-b796-61df43b007a2 tempest-SnapshotsActionsTest-1154214367 tempest-SnapshotsActionsTest-1154214367-project-admin] POST http://10.222.0.64/volume/v3/0e18c4b9981342249f01c73ccd2f287f/snapshots/a3715fda-107b-491a-9862-246c2e3ea929/action
May 23 15:42:17.119376 dv-cinder-840678-12-iscsi devstack@c-api.service[117969]: DEBUG cinder.api.openstack.wsgi [None req-c140b7e3-e6ee-4935-b796-61df43b007a2 tempest-SnapshotsActionsTest-1154214367 tempest-SnapshotsActionsTest-1154214367-project-admin] Action body: b'{"os-reset_status": {"status": "creating"}}' {{(pid=117969) get_method /opt/stack/cinder/cinder/api/openstack/wsgi.py:983}}
May 23 15:42:17.119696 dv-cinder-840678-12-iscsi devstack@c-api.service[117969]: DEBUG cinder.api.openstack.wsgi [None req-c140b7e3-e6ee-4935-b796-61df43b007a2 tempest-SnapshotsActionsTest-1154214367 tempest-SnapshotsActionsTest-1154214367-project-admin] Action: 'action', calling method: _reset_status, body: {"os-reset_status": {"status": "creating"}} {{(pid=117969) _process_stack /opt/stack/cinder/cinder/api/openstack/wsgi.py:866}}
May 23 15:42:17.121243 dv-cinder-840678-12-iscsi devstack@c-api.service[117969]: DEBUG cinder.api.contrib.admin_actions [None req-c140b7e3-e6ee-4935-b796-61df43b007a2 tempest-SnapshotsActionsTest-1154214367 tempest-SnapshotsActionsTest-1154214367-project-admin] Updating snapshot 'a3715fda-107b-491a-9862-246c2e3ea929' with '{'status': 'creating'}' {{(pid=117969) _reset_status /opt/stack/cinder/cinder/api/contrib/admin_actions.py:100}}
May 23 15:42:17.125052 dv-cinder-840678-12-iscsi devstack@c-api.service[117968]: INFO cinder.api.openstack.wsgi [None req-9eb02d9c-247a-4b7f-bc02-7ae9d15e18ce tempest-GroupSnapshotsTest-1830736635 tempest-GroupSnapshotsTest-1830736635-project] http://10.222.0.64/volume/v3/41af6594a19944c3a7bdcb88856b4a49/volumes/6bae6b2b-09ab-4898-9fb0-39366485059d returned with HTTP 200
May 23 15:42:17.125052 dv-cinder-840678-12-iscsi devstack@c-api.service[117968]: [pid: 117968|app: 0|req: 126/281] 10.222.0.64 () {60 vars in 1365 bytes} [Mon May 23 15:42:17 2022] GET /volume/v3/41af6594a19944c3a7bdcb88856b4a49/volumes/6bae6b2b-09ab-4898-9fb0-39366485059d => generated 976 bytes in 75 msecs (HTTP/1.1 200) 7 headers in 286 bytes (1 switches on core 0)
May 23 15:42:17.128389 dv-cinder-840678-12-iscsi devstack@c-api.service[117968]: DEBUG cinder.api.middleware.request_id [None req-0315c0f7-9613-4782-8a57-10444d3e9ef9 None None] RequestId filter calling following filter/app {{(pid=117968) _context_setter /opt/stack/cinder/cinder/api/middleware/request_id.py:62}}
May 23 15:42:17.144070 dv-cinder-840678-12-iscsi devstack@c-api.service[117968]: INFO cinder.api.openstack.wsgi [None req-0315c0f7-9613-4782-8a57-10444d3e9ef9 tempest-VolumeQuotasAdminTestJSON-715740502 tempest-VolumeQuotasAdminTestJSON-715740502-project] GET http://10.222.0.64/volume/v3/9b8dad9fc1d2487ab233ffbf7b8b993f/volumes/db40c5f6-86da-4b3a-ade7-fd298d7abcd6
May 23 15:42:17.144584 dv-cinder-840678-12-iscsi devstack@c-api.service[117968]: DEBUG cinder.api.openstack.wsgi [None req-0315c0f7-9613-4782-8a57-10444d3e9ef9 tempest-VolumeQuotasAdminTestJSON-715740502 tempest-VolumeQuotasAdminTestJSON-715740502-project] Empty body provided in request {{(pid=117968) get_body /opt/stack/cinder/cinder/api/openstack/wsgi.py:715}}
May 23 15:42:17.144963 dv-cinder-840678-12-iscsi devstack@c-api.service[117968]: DEBUG cinder.api.openstack.wsgi [None req-0315c0f7-9613-4782-8a57-10444d3e9ef9 tempest-VolumeQuotasAdminTestJSON-715740502 tempest-VolumeQuotasAdminTestJSON-715740502-project] Calling method 'show' {{(pid=117968) _process_stack /opt/stack/cinder/cinder/api/openstack/wsgi.py:868}}
May 23 15:42:17.147669 dv-cinder-840678-12-iscsi devstack@c-api.service[117969]: /usr/local/lib/python3.8/dist-packages/oslo_context/context.py:100: DeprecationWarning: Policy enforcement is depending on the value of is_admin. This key is deprecated. Please update your policy file to use the standard policy values.
May 23 15:42:17.147669 dv-cinder-840678-12-iscsi devstack@c-api.service[117969]: warnings.warn('Policy enforcement is depending on the value of '
May 23 15:42:17.161756 dv-cinder-840678-12-iscsi devstack@c-api.service[117968]: /usr/local/lib/python3.8/dist-packages/oslo_context/context.py:100: DeprecationWarning: Policy enforcement is depending on the value of is_admin. This key is deprecated. Please update your policy file to use the standard policy values.
May 23 15:42:17.161756 dv-cinder-840678-12-iscsi devstack@c-api.service[117968]: warnings.warn('Policy enforcement is depending on the value of '
May 23 15:42:17.175336 dv-cinder-840678-12-iscsi devstack@c-api.service[117968]: INFO cinder.volume.api [None req-0315c0f7-9613-4782-8a57-10444d3e9ef9 tempest-VolumeQuotasAdminTestJSON-715740502 tempest-VolumeQuotasAdminTestJSON-715740502-project] Volume info retrieved successfully.
May 23 15:42:17.190435 dv-cinder-840678-12-iscsi devstack@c-api.service[117968]: INFO cinder.api.openstack.wsgi [None req-0315c0f7-9613-4782-8a57-10444d3e9ef9 tempest-VolumeQuotasAdminTestJSON-715740502 tempest-VolumeQuotasAdminTestJSON-715740502-project] http://10.222.0.64/volume/v3/9b8dad9fc1d2487ab233ffbf7b8b993f/volumes/db40c5f6-86da-4b3a-ade7-fd298d7abcd6 returned with HTTP 200
May 23 15:42:17.191859 dv-cinder-840678-12-iscsi devstack@c-api.service[117968]: [pid: 117968|app: 0|req: 127/282] 10.222.0.64 () {58 vars in 1324 bytes} [Mon May 23 15:42:17 2022] GET /volume/v3/9b8dad9fc1d2487ab233ffbf7b8b993f/volumes/db40c5f6-86da-4b3a-ade7-fd298d7abcd6 => generated 893 bytes in 66 msecs (HTTP/1.1 200) 7 headers in 285 bytes (1 switches on core 0)
May 23 15:42:17.264192 dv-cinder-840678-12-iscsi devstack@c-api.service[117969]: INFO cinder.api.openstack.wsgi [None req-c140b7e3-e6ee-4935-b796-61df43b007a2 tempest-SnapshotsActionsTest-1154214367 tempest-SnapshotsActionsTest-1154214367-project-admin] http://10.222.0.64/volume/v3/0e18c4b9981342249f01c73ccd2f287f/snapshots/a3715fda-107b-491a-9862-246c2e3ea929/action returned with HTTP 202
May 23 15:42:17.275943 dv-cinder-840678-12-iscsi devstack@c-api.service[117968]: DEBUG cinder.api.middleware.request_id [None req-34d126a5-3e8d-44c3-8c38-57a9a1718ccf None None] RequestId filter calling following filter/app {{(pid=117968) _context_setter /opt/stack/cinder/cinder/api/middleware/request_id.py:62}}
May 23 15:42:17.280890 dv-cinder-840678-12-iscsi devstack@c-api.service[117968]: INFO cinder.api.openstack.wsgi [None req-34d126a5-3e8d-44c3-8c38-57a9a1718ccf tempest-SnapshotsActionsTest-837093852 tempest-SnapshotsActionsTest-837093852-project] GET http://10.222.0.64/volume/v3/ca944beed5584d4f816e39cb1c6098d9/snapshots/a3715fda-107b-491a-9862-246c2e3ea929
May 23 15:42:17.281377 dv-cinder-840678-12-iscsi devstack@c-api.service[117968]: DEBUG cinder.api.openstack.wsgi [None req-34d126a5-3e8d-44c3-8c38-57a9a1718ccf tempest-SnapshotsActionsTest-837093852 tempest-SnapshotsActionsTest-837093852-project] Empty body provided in request {{(pid=117968) get_body /opt/stack/cinder/cinder/api/openstack/wsgi.py:715}}
May 23 15:42:17.281986 dv-cinder-840678-12-iscsi devstack@c-api.service[117968]: DEBUG cinder.api.openstack.wsgi [None req-34d126a5-3e8d-44c3-8c38-57a9a1718ccf tempest-SnapshotsActionsTest-837093852 tempest-SnapshotsActionsTest-837093852-project] Calling method 'show' {{(pid=117968) _process_stack /opt/stack/cinder/cinder/api/openstack/wsgi.py:868}}
May 23 15:42:17.289652 dv-cinder-840678-12-iscsi devstack@c-api.service[117969]: [pid: 117969|app: 0|req: 156/283] 10.222.0.64 () {60 vars in 1372 bytes} [Mon May 23 15:42:17 2022] POST /volume/v3/0e18c4b9981342249f01c73ccd2f287f/snapshots/a3715fda-107b-491a-9862-246c2e3ea929/action => generated 0 bytes in 175 msecs (HTTP/1.1 202) 7 headers in 289 bytes (1 switches on core 0)
May 23 15:42:17.302097 dv-cinder-840678-12-iscsi devstack@c-api.service[117968]: /usr/local/lib/python3.8/dist-packages/oslo_context/context.py:100: DeprecationWarning: Policy enforcement is depending on the value of is_admin. This key is deprecated. Please update your policy file to use the standard policy values.
May 23 15:42:17.302097 dv-cinder-840678-12-iscsi devstack@c-api.service[117968]: warnings.warn('Policy enforcement is depending on the value of '
May 23 15:42:17.304996 dv-cinder-840678-12-iscsi devstack@c-api.service[117968]: INFO cinder.volume.api [None req-34d126a5-3e8d-44c3-8c38-57a9a1718ccf tempest-SnapshotsActionsTest-837093852 tempest-SnapshotsActionsTest-837093852-project] Snapshot retrieved successfully.
May 23 15:42:17.328832 dv-cinder-840678-12-iscsi devstack@c-api.service[117968]: INFO cinder.api.openstack.wsgi [None req-34d126a5-3e8d-44c3-8c38-57a9a1718ccf tempest-SnapshotsActionsTest-837093852 tempest-SnapshotsActionsTest-837093852-project] http://10.222.0.64/volume/v3/ca944beed5584d4f816e39cb1c6098d9/snapshots/a3715fda-107b-491a-9862-246c2e3ea929 returned with HTTP 200
May 23 15:42:17.329710 dv-cinder-840678-12-iscsi devstack@c-api.service[117968]: [pid: 117968|app: 0|req: 128/284] 10.222.0.64 () {58 vars in 1330 bytes} [Mon May 23 15:42:17 2022] GET /volume/v3/ca944beed5584d4f816e39cb1c6098d9/snapshots/a3715fda-107b-491a-9862-246c2e3ea929 => generated 464 bytes in 55 msecs (HTTP/1.1 200) 7 headers in 285 bytes (2 switches on core 0)
May 23 15:42:17.336987 dv-cinder-840678-12-iscsi devstack@c-api.service[117969]: DEBUG cinder.api.middleware.request_id [None req-b2a353e1-73f1-496f-8e6c-0a8712c7a2fc None None] RequestId filter calling following filter/app {{(pid=117969) _context_setter /opt/stack/cinder/cinder/api/middleware/request_id.py:62}}
May 23 15:42:17.340911 dv-cinder-840678-12-iscsi devstack@c-api.service[117969]: INFO cinder.api.openstack.wsgi [None req-b2a353e1-73f1-496f-8e6c-0a8712c7a2fc tempest-SnapshotsActionsTest-837093852 tempest-SnapshotsActionsTest-837093852-project] POST http://10.222.0.64/volume/v3/ca944beed5584d4f816e39cb1c6098d9/snapshots/a3715fda-107b-491a-9862-246c2e3ea929/action
May 23 15:42:17.342247 dv-cinder-840678-12-iscsi devstack@c-api.service[117969]: DEBUG cinder.api.openstack.wsgi [None req-b2a353e1-73f1-496f-8e6c-0a8712c7a2fc tempest-SnapshotsActionsTest-837093852 tempest-SnapshotsActionsTest-837093852-project] Action body: b'{"os-update_snapshot_status": {"status": "error", "progress": "80%"}}' {{(pid=117969) get_method /opt/stack/cinder/cinder/api/openstack/wsgi.py:983}}
May 23 15:42:17.342797 dv-cinder-840678-12-iscsi devstack@c-api.service[117969]: DEBUG cinder.api.openstack.wsgi [None req-b2a353e1-73f1-496f-8e6c-0a8712c7a2fc tempest-SnapshotsActionsTest-837093852 tempest-SnapshotsActionsTest-837093852-project] Action: 'action', calling method: _update_snapshot_status, body: {"os-update_snapshot_status": {"status": "error", "progress": "80%"}} {{(pid=117969) _process_stack /opt/stack/cinder/cinder/api/openstack/wsgi.py:866}}
May 23 15:42:17.343899 dv-cinder-840678-12-iscsi devstack@c-api.service[117969]: DEBUG cinder.api.contrib.snapshot_actions [None req-b2a353e1-73f1-496f-8e6c-0a8712c7a2fc tempest-SnapshotsActionsTest-837093852 tempest-SnapshotsActionsTest-837093852-project] body: {'os-update_snapshot_status': {'status': 'error', 'progress': '80%'}} {{(pid=117969) _update_snapshot_status /opt/stack/cinder/cinder/api/contrib/snapshot_actions.py:46}}
May 23 15:42:17.357804 dv-cinder-840678-12-iscsi devstack@c-api.service[117969]: /usr/local/lib/python3.8/dist-packages/oslo_context/context.py:100: DeprecationWarning: Policy enforcement is depending on the value of is_admin. This key is deprecated. Please update your policy file to use the standard policy values.
May 23 15:42:17.357804 dv-cinder-840678-12-iscsi devstack@c-api.service[117969]: warnings.warn('Policy enforcement is depending on the value of '
May 23 15:42:17.359746 dv-cinder-840678-12-iscsi devstack@c-api.service[117969]: INFO cinder.api.contrib.snapshot_actions [None req-b2a353e1-73f1-496f-8e6c-0a8712c7a2fc tempest-SnapshotsActionsTest-837093852 tempest-SnapshotsActionsTest-837093852-project] Updating snapshot a3715fda-107b-491a-9862-246c2e3ea929 with info {'id': 'a3715fda-107b-491a-9862-246c2e3ea929', 'status': 'error', 'progress': '80%'}
May 23 15:42:17.527816 dv-cinder-840678-12-iscsi devstack@c-api.service[117969]: INFO cinder.api.openstack.wsgi [None req-b2a353e1-73f1-496f-8e6c-0a8712c7a2fc tempest-SnapshotsActionsTest-837093852 tempest-SnapshotsActionsTest-837093852-project] http://10.222.0.64/volume/v3/ca944beed5584d4f816e39cb1c6098d9/snapshots/a3715fda-107b-491a-9862-246c2e3ea929/action returned with HTTP 202
May 23 15:42:17.534501 dv-cinder-840678-12-iscsi devstack@c-api.service[117969]: [pid: 117969|app: 0|req: 157/285] 10.222.0.64 () {60 vars in 1372 bytes} [Mon May 23 15:42:17 2022] POST /volume/v3/ca944beed5584d4f816e39cb1c6098d9/snapshots/a3715fda-107b-491a-9862-246c2e3ea929/action => generated 0 bytes in 196 msecs (HTTP/1.1 202) 6 headers in 233 bytes (1 switches on core 0)
May 23 15:42:17.537319 dv-cinder-840678-12-iscsi devstack@c-api.service[117968]: DEBUG cinder.api.middleware.request_id [None req-be7c22c8-c031-4134-ab3e-8805af6734eb None None] RequestId filter calling following filter/app {{(pid=117968) _context_setter /opt/stack/cinder/cinder/api/middleware/request_id.py:62}}
May 23 15:42:17.541684 dv-cinder-840678-12-iscsi devstack@c-api.service[117968]: INFO cinder.api.openstack.wsgi [None req-be7c22c8-c031-4134-ab3e-8805af6734eb tempest-SnapshotsActionsTest-1154214367 tempest-SnapshotsActionsTest-1154214367-project-admin] GET http://10.222.0.64/volume/v3/0e18c4b9981342249f01c73ccd2f287f/snapshots/a3715fda-107b-491a-9862-246c2e3ea929
May 23 15:42:17.542164 dv-cinder-840678-12-iscsi devstack@c-api.service[117968]: DEBUG cinder.api.openstack.wsgi [None req-be7c22c8-c031-4134-ab3e-8805af6734eb tempest-SnapshotsActionsTest-1154214367 tempest-SnapshotsActionsTest-1154214367-project-admin] Empty body provided in request {{(pid=117968) get_body /opt/stack/cinder/cinder/api/openstack/wsgi.py:715}}
May 23 15:42:17.545856 dv-cinder-840678-12-iscsi devstack@c-api.service[117968]: DEBUG cinder.api.openstack.wsgi [None req-be7c22c8-c031-4134-ab3e-8805af6734eb tempest-SnapshotsActionsTest-1154214367 tempest-SnapshotsActionsTest-1154214367-project-admin] Calling method 'show' {{(pid=117968) _process_stack /opt/stack/cinder/cinder/api/openstack/wsgi.py:868}}
May 23 15:42:17.555325 dv-cinder-840678-12-iscsi devstack@c-api.service[117968]: /usr/local/lib/python3.8/dist-packages/oslo_context/context.py:100: DeprecationWarning: Policy enforcement is depending on the value of is_admin. This key is deprecated. Please update your policy file to use the standard policy values.
May 23 15:42:17.555325 dv-cinder-840678-12-iscsi devstack@c-api.service[117968]: warnings.warn('Policy enforcement is depending on the value of '
May 23 15:42:17.556172 dv-cinder-840678-12-iscsi devstack@c-api.service[117968]: INFO cinder.volume.api [None req-be7c22c8-c031-4134-ab3e-8805af6734eb tempest-SnapshotsActionsTest-1154214367 tempest-SnapshotsActionsTest-1154214367-project-admin] Snapshot retrieved successfully.
May 23 15:42:17.558407 dv-cinder-840678-12-iscsi devstack@c-api.service[117968]: INFO cinder.api.openstack.wsgi [None req-be7c22c8-c031-4134-ab3e-8805af6734eb tempest-SnapshotsActionsTest-1154214367 tempest-SnapshotsActionsTest-1154214367-project-admin] http://10.222.0.64/volume/v3/0e18c4b9981342249f01c73ccd2f287f/snapshots/a3715fda-107b-491a-9862-246c2e3ea929 returned with HTTP 200
May 23 15:42:17.569219 dv-cinder-840678-12-iscsi devstack@c-api.service[117969]: DEBUG cinder.api.middleware.request_id [None req-5d3817dc-2107-42ee-b4d8-585b6a928153 None None] RequestId filter calling following filter/app {{(pid=117969) _context_setter /opt/stack/cinder/cinder/api/middleware/request_id.py:62}}
May 23 15:42:17.573876 dv-cinder-840678-12-iscsi devstack@c-api.service[117969]: INFO cinder.api.openstack.wsgi [None req-5d3817dc-2107-42ee-b4d8-585b6a928153 tempest-SnapshotsActionsTest-1154214367 tempest-SnapshotsActionsTest-1154214367-project-admin] POST http://10.222.0.64/volume/v3/0e18c4b9981342249f01c73ccd2f287f/snapshots/a3715fda-107b-491a-9862-246c2e3ea929/action
May 23 15:42:17.574874 dv-cinder-840678-12-iscsi devstack@c-api.service[117969]: DEBUG cinder.api.openstack.wsgi [None req-5d3817dc-2107-42ee-b4d8-585b6a928153 tempest-SnapshotsActionsTest-1154214367 tempest-SnapshotsActionsTest-1154214367-project-admin] Action body: b'{"os-reset_status": {"status": "available"}}' {{(pid=117969) get_method /opt/stack/cinder/cinder/api/openstack/wsgi.py:983}}
May 23 15:42:17.586434 dv-cinder-840678-12-iscsi devstack@c-api.service[117969]: DEBUG cinder.api.openstack.wsgi [None req-5d3817dc-2107-42ee-b4d8-585b6a928153 tempest-SnapshotsActionsTest-1154214367 tempest-SnapshotsActionsTest-1154214367-project-admin] Action: 'action', calling method: _reset_status, body: {"os-reset_status": {"status": "available"}} {{(pid=117969) _process_stack /opt/stack/cinder/cinder/api/openstack/wsgi.py:866}}
May 23 15:42:17.586434 dv-cinder-840678-12-iscsi devstack@c-api.service[117969]: DEBUG cinder.api.contrib.admin_actions [None req-5d3817dc-2107-42ee-b4d8-585b6a928153 tempest-SnapshotsActionsTest-1154214367 tempest-SnapshotsActionsTest-1154214367-project-admin] Updating snapshot 'a3715fda-107b-491a-9862-246c2e3ea929' with '{'status': 'available'}' {{(pid=117969) _reset_status /opt/stack/cinder/cinder/api/contrib/admin_actions.py:100}}
May 23 15:42:17.586736 dv-cinder-840678-12-iscsi devstack@c-api.service[117968]: [pid: 117968|app: 0|req: 129/286] 10.222.0.64 () {58 vars in 1330 bytes} [Mon May 23 15:42:17 2022] GET /volume/v3/0e18c4b9981342249f01c73ccd2f287f/snapshots/a3715fda-107b-491a-9862-246c2e3ea929 => generated 460 bytes in 43 msecs (HTTP/1.1 200) 7 headers in 285 bytes (1 switches on core 0)
May 23 15:42:17.598129 dv-cinder-840678-12-iscsi devstack@c-api.service[117969]: /usr/local/lib/python3.8/dist-packages/oslo_context/context.py:100: DeprecationWarning: Policy enforcement is depending on the value of is_admin. This key is deprecated. Please update your policy file to use the standard policy values.
May 23 15:42:17.598129 dv-cinder-840678-12-iscsi devstack@c-api.service[117969]: warnings.warn('Policy enforcement is depending on the value of '
May 23 15:42:17.781264 dv-cinder-840678-12-iscsi devstack@c-api.service[117969]: INFO cinder.api.openstack.wsgi [None req-5d3817dc-2107-42ee-b4d8-585b6a928153 tempest-SnapshotsActionsTest-1154214367 tempest-SnapshotsActionsTest-1154214367-project-admin] http://10.222.0.64/volume/v3/0e18c4b9981342249f01c73ccd2f287f/snapshots/a3715fda-107b-491a-9862-246c2e3ea929/action returned with HTTP 202
May 23 15:42:17.788696 dv-cinder-840678-12-iscsi devstack@c-api.service[117968]: DEBUG cinder.api.middleware.request_id [None req-b0ed41ad-6640-43f4-8a34-8f5c49a51f7f None None] RequestId filter calling following filter/app {{(pid=117968) _context_setter /opt/stack/cinder/cinder/api/middleware/request_id.py:62}}
May 23 15:42:17.794630 dv-cinder-840678-12-iscsi devstack@c-api.service[117968]: INFO cinder.api.openstack.wsgi [None req-b0ed41ad-6640-43f4-8a34-8f5c49a51f7f tempest-SnapshotsActionsTest-837093852 tempest-SnapshotsActionsTest-837093852-project] GET http://10.222.0.64/volume/v3/ca944beed5584d4f816e39cb1c6098d9/snapshots/a3715fda-107b-491a-9862-246c2e3ea929
May 23 15:42:17.795719 dv-cinder-840678-12-iscsi devstack@c-api.service[117968]: DEBUG cinder.api.openstack.wsgi [None req-b0ed41ad-6640-43f4-8a34-8f5c49a51f7f tempest-SnapshotsActionsTest-837093852 tempest-SnapshotsActionsTest-837093852-project] Empty body provided in request {{(pid=117968) get_body /opt/stack/cinder/cinder/api/openstack/wsgi.py:715}}
May 23 15:42:17.796188 dv-cinder-840678-12-iscsi devstack@c-api.service[117968]: DEBUG cinder.api.openstack.wsgi [None req-b0ed41ad-6640-43f4-8a34-8f5c49a51f7f tempest-SnapshotsActionsTest-837093852 tempest-SnapshotsActionsTest-837093852-project] Calling method 'show' {{(pid=117968) _process_stack /opt/stack/cinder/cinder/api/openstack/wsgi.py:868}}
May 23 15:42:17.799457 dv-cinder-840678-12-iscsi devstack@c-api.service[117969]: [pid: 117969|app: 0|req: 158/287] 10.222.0.64 () {60 vars in 1372 bytes} [Mon May 23 15:42:17 2022] POST /volume/v3/0e18c4b9981342249f01c73ccd2f287f/snapshots/a3715fda-107b-491a-9862-246c2e3ea929/action => generated 0 bytes in 232 msecs (HTTP/1.1 202) 7 headers in 289 bytes (2 switches on core 0)
May 23 15:42:17.806197 dv-cinder-840678-12-iscsi devstack@c-api.service[117968]: /usr/local/lib/python3.8/dist-packages/oslo_context/context.py:100: DeprecationWarning: Policy enforcement is depending on the value of is_admin. This key is deprecated. Please update your policy file to use the standard policy values.
May 23 15:42:17.806197 dv-cinder-840678-12-iscsi devstack@c-api.service[117968]: warnings.warn('Policy enforcement is depending on the value of '
May 23 15:42:17.808835 dv-cinder-840678-12-iscsi devstack@c-api.service[117968]: INFO cinder.volume.api [None req-b0ed41ad-6640-43f4-8a34-8f5c49a51f7f tempest-SnapshotsActionsTest-837093852 tempest-SnapshotsActionsTest-837093852-project] Snapshot retrieved successfully.
May 23 15:42:17.811754 dv-cinder-840678-12-iscsi devstack@c-api.service[117968]: INFO cinder.api.openstack.wsgi [None req-b0ed41ad-6640-43f4-8a34-8f5c49a51f7f tempest-SnapshotsActionsTest-837093852 tempest-SnapshotsActionsTest-837093852-project] http://10.222.0.64/volume/v3/ca944beed5584d4f816e39cb1c6098d9/snapshots/a3715fda-107b-491a-9862-246c2e3ea929 returned with HTTP 200
May 23 15:42:17.813084 dv-cinder-840678-12-iscsi devstack@c-api.service[117968]: [pid: 117968|app: 0|req: 130/288] 10.222.0.64 () {58 vars in 1330 bytes} [Mon May 23 15:42:17 2022] GET /volume/v3/ca944beed5584d4f816e39cb1c6098d9/snapshots/a3715fda-107b-491a-9862-246c2e3ea929 => generated 464 bytes in 27 msecs (HTTP/1.1 200) 7 headers in 285 bytes (1 switches on core 0)
May 23 15:42:17.833346 dv-cinder-840678-12-iscsi devstack@c-api.service[117969]: DEBUG cinder.api.middleware.request_id [None req-5470950b-5a74-42f6-90e9-303c18227eed None None] RequestId filter calling following filter/app {{(pid=117969) _context_setter /opt/stack/cinder/cinder/api/middleware/request_id.py:62}}
May 23 15:42:17.844289 dv-cinder-840678-12-iscsi devstack@c-api.service[117969]: INFO cinder.api.openstack.wsgi [None req-5470950b-5a74-42f6-90e9-303c18227eed tempest-SnapshotsActionsTest-837093852 tempest-SnapshotsActionsTest-837093852-project] DELETE http://10.222.0.64/volume/v3/ca944beed5584d4f816e39cb1c6098d9/snapshots/99eed359-6625-4ffb-8689-40c97a32e089
May 23 15:42:17.844832 dv-cinder-840678-12-iscsi devstack@c-api.service[117969]: DEBUG cinder.api.openstack.wsgi [None req-5470950b-5a74-42f6-90e9-303c18227eed tempest-SnapshotsActionsTest-837093852 tempest-SnapshotsActionsTest-837093852-project] Empty body provided in request {{(pid=117969) get_body /opt/stack/cinder/cinder/api/openstack/wsgi.py:715}}
May 23 15:42:17.845335 dv-cinder-840678-12-iscsi devstack@c-api.service[117969]: DEBUG cinder.api.openstack.wsgi [None req-5470950b-5a74-42f6-90e9-303c18227eed tempest-SnapshotsActionsTest-837093852 tempest-SnapshotsActionsTest-837093852-project] Calling method 'delete' {{(pid=117969) _process_stack /opt/stack/cinder/cinder/api/openstack/wsgi.py:868}}
May 23 15:42:17.845659 dv-cinder-840678-12-iscsi devstack@c-api.service[117969]: INFO cinder.api.v2.snapshots [None req-5470950b-5a74-42f6-90e9-303c18227eed tempest-SnapshotsActionsTest-837093852 tempest-SnapshotsActionsTest-837093852-project] Delete snapshot with id: 99eed359-6625-4ffb-8689-40c97a32e089
May 23 15:42:17.863244 dv-cinder-840678-12-iscsi devstack@c-api.service[117969]: INFO cinder.api.openstack.wsgi [None req-5470950b-5a74-42f6-90e9-303c18227eed tempest-SnapshotsActionsTest-837093852 tempest-SnapshotsActionsTest-837093852-project] http://10.222.0.64/volume/v3/ca944beed5584d4f816e39cb1c6098d9/snapshots/99eed359-6625-4ffb-8689-40c97a32e089 returned with HTTP 404
May 23 15:42:17.870055 dv-cinder-840678-12-iscsi devstack@c-api.service[117969]: [pid: 117969|app: 0|req: 159/289] 10.222.0.64 () {58 vars in 1333 bytes} [Mon May 23 15:42:17 2022] DELETE /volume/v3/ca944beed5584d4f816e39cb1c6098d9/snapshots/99eed359-6625-4ffb-8689-40c97a32e089 => generated 111 bytes in 49 msecs (HTTP/1.1 404) 7 headers in 292 bytes (1 switches on core 0)
May 23 15:42:17.870513 dv-cinder-840678-12-iscsi devstack@c-api.service[117968]: DEBUG cinder.api.middleware.request_id [None req-c0d4ec35-ebc3-43f5-9692-ecf9affa9716 None None] RequestId filter calling following filter/app {{(pid=117968) _context_setter /opt/stack/cinder/cinder/api/middleware/request_id.py:62}}
May 23 15:42:17.875651 dv-cinder-840678-12-iscsi devstack@c-api.service[117968]: INFO cinder.api.openstack.wsgi [None req-c0d4ec35-ebc3-43f5-9692-ecf9affa9716 tempest-SnapshotsActionsTest-837093852 tempest-SnapshotsActionsTest-837093852-project] DELETE http://10.222.0.64/volume/v3/ca944beed5584d4f816e39cb1c6098d9/snapshots/1de131a6-07cc-482f-a583-3dd8f7553705
May 23 15:42:17.878874 dv-cinder-840678-12-iscsi devstack@c-api.service[117968]: DEBUG cinder.api.openstack.wsgi [None req-c0d4ec35-ebc3-43f5-9692-ecf9affa9716 tempest-SnapshotsActionsTest-837093852 tempest-SnapshotsActionsTest-837093852-project] Empty body provided in request {{(pid=117968) get_body /opt/stack/cinder/cinder/api/openstack/wsgi.py:715}}
May 23 15:42:17.878874 dv-cinder-840678-12-iscsi devstack@c-api.service[117968]: DEBUG cinder.api.openstack.wsgi [None req-c0d4ec35-ebc3-43f5-9692-ecf9affa9716 tempest-SnapshotsActionsTest-837093852 tempest-SnapshotsActionsTest-837093852-project] Calling method 'delete' {{(pid=117968) _process_stack /opt/stack/cinder/cinder/api/openstack/wsgi.py:868}}
May 23 15:42:17.878874 dv-cinder-840678-12-iscsi devstack@c-api.service[117968]: INFO cinder.api.v2.snapshots [None req-c0d4ec35-ebc3-43f5-9692-ecf9affa9716 tempest-SnapshotsActionsTest-837093852 tempest-SnapshotsActionsTest-837093852-project] Delete snapshot with id: 1de131a6-07cc-482f-a583-3dd8f7553705
May 23 15:42:17.886705 dv-cinder-840678-12-iscsi devstack@c-api.service[117968]: INFO cinder.api.openstack.wsgi [None req-c0d4ec35-ebc3-43f5-9692-ecf9affa9716 tempest-SnapshotsActionsTest-837093852 tempest-SnapshotsActionsTest-837093852-project] http://10.222.0.64/volume/v3/ca944beed5584d4f816e39cb1c6098d9/snapshots/1de131a6-07cc-482f-a583-3dd8f7553705 returned with HTTP 404
May 23 15:42:17.888160 dv-cinder-840678-12-iscsi devstack@c-api.service[117968]: [pid: 117968|app: 0|req: 131/290] 10.222.0.64 () {58 vars in 1333 bytes} [Mon May 23 15:42:17 2022] DELETE /volume/v3/ca944beed5584d4f816e39cb1c6098d9/snapshots/1de131a6-07cc-482f-a583-3dd8f7553705 => generated 111 bytes in 19 msecs (HTTP/1.1 404) 7 headers in 292 bytes (2 switches on core 0)
May 23 15:42:17.892625 dv-cinder-840678-12-iscsi devstack@c-api.service[117969]: DEBUG cinder.api.middleware.request_id [None req-42d68aaf-c483-4451-81fb-9177423d9d98 None None] RequestId filter calling following filter/app {{(pid=117969) _context_setter /opt/stack/cinder/cinder/api/middleware/request_id.py:62}}
May 23 15:42:17.896598 dv-cinder-840678-12-iscsi devstack@c-api.service[117969]: INFO cinder.api.openstack.wsgi [None req-42d68aaf-c483-4451-81fb-9177423d9d98 tempest-SnapshotsActionsTest-837093852 tempest-SnapshotsActionsTest-837093852-project] DELETE http://10.222.0.64/volume/v3/ca944beed5584d4f816e39cb1c6098d9/snapshots/856579a2-c731-4877-93ed-dafb3e05bd48
May 23 15:42:17.897042 dv-cinder-840678-12-iscsi devstack@c-api.service[117969]: DEBUG cinder.api.openstack.wsgi [None req-42d68aaf-c483-4451-81fb-9177423d9d98 tempest-SnapshotsActionsTest-837093852 tempest-SnapshotsActionsTest-837093852-project] Empty body provided in request {{(pid=117969) get_body /opt/stack/cinder/cinder/api/openstack/wsgi.py:715}}
May 23 15:42:17.897524 dv-cinder-840678-12-iscsi devstack@c-api.service[117969]: DEBUG cinder.api.openstack.wsgi [None req-42d68aaf-c483-4451-81fb-9177423d9d98 tempest-SnapshotsActionsTest-837093852 tempest-SnapshotsActionsTest-837093852-project] Calling method 'delete' {{(pid=117969) _process_stack /opt/stack/cinder/cinder/api/openstack/wsgi.py:868}}
May 23 15:42:17.897825 dv-cinder-840678-12-iscsi devstack@c-api.service[117969]: INFO cinder.api.v2.snapshots [None req-42d68aaf-c483-4451-81fb-9177423d9d98 tempest-SnapshotsActionsTest-837093852 tempest-SnapshotsActionsTest-837093852-project] Delete snapshot with id: 856579a2-c731-4877-93ed-dafb3e05bd48
May 23 15:42:17.906397 dv-cinder-840678-12-iscsi devstack@c-api.service[117969]: INFO cinder.api.openstack.wsgi [None req-42d68aaf-c483-4451-81fb-9177423d9d98 tempest-SnapshotsActionsTest-837093852 tempest-SnapshotsActionsTest-837093852-project] http://10.222.0.64/volume/v3/ca944beed5584d4f816e39cb1c6098d9/snapshots/856579a2-c731-4877-93ed-dafb3e05bd48 returned with HTTP 404
May 23 15:42:17.911774 dv-cinder-840678-12-iscsi devstack@c-api.service[117969]: DEBUG dbcounter [-] [117969] Writing DB stats cinder:SELECT=91,cinder:UPDATE=8,cinder:DELETE=1 {{(pid=117969) stat_writer /usr/local/lib/python3.8/dist-packages/dbcounter.py:114}}
May 23 15:42:17.912073 dv-cinder-840678-12-iscsi devstack@c-api.service[117968]: DEBUG cinder.api.middleware.request_id [None req-ea7b2e13-2c91-4dc5-8480-dd0dcd769d2d None None] RequestId filter calling following filter/app {{(pid=117968) _context_setter /opt/stack/cinder/cinder/api/middleware/request_id.py:62}}
May 23 15:42:17.912542 dv-cinder-840678-12-iscsi devstack@c-api.service[117969]: [pid: 117969|app: 0|req: 160/291] 10.222.0.64 () {58 vars in 1333 bytes} [Mon May 23 15:42:17 2022] DELETE /volume/v3/ca944beed5584d4f816e39cb1c6098d9/snapshots/856579a2-c731-4877-93ed-dafb3e05bd48 => generated 111 bytes in 21 msecs (HTTP/1.1 404) 7 headers in 292 bytes (1 switches on core 0)
May 23 15:42:17.916116 dv-cinder-840678-12-iscsi devstack@c-api.service[117968]: INFO cinder.api.openstack.wsgi [None req-ea7b2e13-2c91-4dc5-8480-dd0dcd769d2d tempest-SnapshotsActionsTest-837093852 tempest-SnapshotsActionsTest-837093852-project] DELETE http://10.222.0.64/volume/v3/ca944beed5584d4f816e39cb1c6098d9/snapshots/e79d3977-0ddb-4f71-b7de-dc40b60a758b
May 23 15:42:17.916555 dv-cinder-840678-12-iscsi devstack@c-api.service[117968]: DEBUG cinder.api.openstack.wsgi [None req-ea7b2e13-2c91-4dc5-8480-dd0dcd769d2d tempest-SnapshotsActionsTest-837093852 tempest-SnapshotsActionsTest-837093852-project] Empty body provided in request {{(pid=117968) get_body /opt/stack/cinder/cinder/api/openstack/wsgi.py:715}}
