Aug 24 18:20:19.658771 dv-cinder-840525-3-smb devstack@c-api.service[113945]: INFO cinder.api.openstack.wsgi [None req-4996e45d-5bb0-4174-8799-680077840de8 tempest-GroupSnapshotsV319Test-2138431879 tempest-GroupSnapshotsV319Test-2138431879-project] GET http://10.222.0.17/volume/v3/f73ae81bf2084be29f992148e830fc2d/group_snapshots/634a4900-72f4-49e9-8d55-1c9d74d1fbdf
Aug 24 18:20:19.659620 dv-cinder-840525-3-smb devstack@c-api.service[113945]: DEBUG cinder.api.openstack.wsgi [None req-4996e45d-5bb0-4174-8799-680077840de8 tempest-GroupSnapshotsV319Test-2138431879 tempest-GroupSnapshotsV319Test-2138431879-project] Empty body provided in request {{(pid=113945) get_body /opt/stack/cinder/cinder/api/openstack/wsgi.py:715}}
Aug 24 18:20:19.660290 dv-cinder-840525-3-smb devstack@c-api.service[113945]: DEBUG cinder.api.openstack.wsgi [None req-4996e45d-5bb0-4174-8799-680077840de8 tempest-GroupSnapshotsV319Test-2138431879 tempest-GroupSnapshotsV319Test-2138431879-project] Calling method 'version_select' {{(pid=113945) _process_stack /opt/stack/cinder/cinder/api/openstack/wsgi.py:868}}
Aug 24 18:20:19.660692 dv-cinder-840525-3-smb devstack@c-api.service[113945]: DEBUG cinder.api.v3.group_snapshots [None req-4996e45d-5bb0-4174-8799-680077840de8 tempest-GroupSnapshotsV319Test-2138431879 tempest-GroupSnapshotsV319Test-2138431879-project] show called for member 634a4900-72f4-49e9-8d55-1c9d74d1fbdf {{(pid=113945) show /opt/stack/cinder/cinder/api/v3/group_snapshots.py:58}}
Aug 24 18:20:19.672516 dv-cinder-840525-3-smb devstack@c-api.service[113945]: /usr/local/lib/python3.8/dist-packages/oslo_context/context.py:100: DeprecationWarning: Policy enforcement is depending on the value of is_admin. This key is deprecated. Please update your policy file to use the standard policy values.
Aug 24 18:20:19.672516 dv-cinder-840525-3-smb devstack@c-api.service[113945]: warnings.warn('Policy enforcement is depending on the value of '
Aug 24 18:20:19.690713 dv-cinder-840525-3-smb devstack@c-api.service[113945]: INFO cinder.api.openstack.wsgi [None req-4996e45d-5bb0-4174-8799-680077840de8 tempest-GroupSnapshotsV319Test-2138431879 tempest-GroupSnapshotsV319Test-2138431879-project] http://10.222.0.17/volume/v3/f73ae81bf2084be29f992148e830fc2d/group_snapshots/634a4900-72f4-49e9-8d55-1c9d74d1fbdf returned with HTTP 200
Aug 24 18:20:19.693306 dv-cinder-840525-3-smb devstack@c-api.service[113945]: [pid: 113945|app: 0|req: 22/48] 10.222.0.17 () {60 vars in 1390 bytes} [Wed Aug 24 18:20:19 2022] GET /volume/v3/f73ae81bf2084be29f992148e830fc2d/group_snapshots/634a4900-72f4-49e9-8d55-1c9d74d1fbdf => generated 329 bytes in 41 msecs (HTTP/1.1 200) 7 headers in 286 bytes (1 switches on core 0)
Aug 24 18:20:19.701723 dv-cinder-840525-3-smb devstack@c-api.service[113944]: DEBUG cinder.api.middleware.request_id [None req-4eeb795d-cc86-4f59-bb57-50995ac70fc1 None None] RequestId filter calling following filter/app {{(pid=113944) _context_setter /opt/stack/cinder/cinder/api/middleware/request_id.py:62}}
Aug 24 18:20:19.707469 dv-cinder-840525-3-smb devstack@c-api.service[113944]: INFO cinder.api.openstack.wsgi [None req-4eeb795d-cc86-4f59-bb57-50995ac70fc1 tempest-GroupSnapshotsV319Test-212710387 tempest-GroupSnapshotsV319Test-212710387-project-admin] POST http://10.222.0.17/volume/v3/0b2358509653485d91927ee211301318/group_snapshots/634a4900-72f4-49e9-8d55-1c9d74d1fbdf/action
Aug 24 18:20:19.708650 dv-cinder-840525-3-smb devstack@c-api.service[113944]: DEBUG cinder.api.openstack.wsgi [None req-4eeb795d-cc86-4f59-bb57-50995ac70fc1 tempest-GroupSnapshotsV319Test-212710387 tempest-GroupSnapshotsV319Test-212710387-project-admin] Action body: b'{"reset_status": {"status": "available"}}' {{(pid=113944) get_method /opt/stack/cinder/cinder/api/openstack/wsgi.py:983}}
Aug 24 18:20:19.709151 dv-cinder-840525-3-smb devstack@c-api.service[113944]: DEBUG cinder.api.openstack.wsgi [None req-4eeb795d-cc86-4f59-bb57-50995ac70fc1 tempest-GroupSnapshotsV319Test-212710387 tempest-GroupSnapshotsV319Test-212710387-project-admin] Action: 'action', calling method: reset_status, body: {"reset_status": {"status": "available"}} {{(pid=113944) _process_stack /opt/stack/cinder/cinder/api/openstack/wsgi.py:866}}
Aug 24 18:20:19.713326 dv-cinder-840525-3-smb devstack@c-api.service[113944]: DEBUG cinder.api.v3.group_snapshots [None req-4eeb795d-cc86-4f59-bb57-50995ac70fc1 tempest-GroupSnapshotsV319Test-212710387 tempest-GroupSnapshotsV319Test-212710387-project-admin] Updating group '634a4900-72f4-49e9-8d55-1c9d74d1fbdf' with 'available' {{(pid=113944) _reset_status /opt/stack/cinder/cinder/api/v3/group_snapshots.py:194}}
Aug 24 18:20:19.731860 dv-cinder-840525-3-smb devstack@c-api.service[113944]: /usr/local/lib/python3.8/dist-packages/oslo_context/context.py:100: DeprecationWarning: Policy enforcement is depending on the value of is_admin. This key is deprecated. Please update your policy file to use the standard policy values.
Aug 24 18:20:19.731860 dv-cinder-840525-3-smb devstack@c-api.service[113944]: warnings.warn('Policy enforcement is depending on the value of '
Aug 24 18:20:19.758960 dv-cinder-840525-3-smb devstack@c-api.service[113945]: DEBUG cinder.api.middleware.request_id [None req-172a2dc4-956f-4d0f-8fde-c17fd2b56c14 None None] RequestId filter calling following filter/app {{(pid=113945) _context_setter /opt/stack/cinder/cinder/api/middleware/request_id.py:62}}
Aug 24 18:20:19.762901 dv-cinder-840525-3-smb devstack@c-api.service[113945]: INFO cinder.api.openstack.wsgi [None req-172a2dc4-956f-4d0f-8fde-c17fd2b56c14 tempest-GroupsTest-1091317410 tempest-GroupsTest-1091317410-project] GET http://10.222.0.17/volume/v3/01ab1ef0d9c744278018cc1509e0b728/volumes/fa5a0909-a39b-44c4-95b7-a8c04c4cc479
Aug 24 18:20:19.768106 dv-cinder-840525-3-smb devstack@c-api.service[113945]: DEBUG cinder.api.openstack.wsgi [None req-172a2dc4-956f-4d0f-8fde-c17fd2b56c14 tempest-GroupsTest-1091317410 tempest-GroupsTest-1091317410-project] Empty body provided in request {{(pid=113945) get_body /opt/stack/cinder/cinder/api/openstack/wsgi.py:715}}
Aug 24 18:20:19.768106 dv-cinder-840525-3-smb devstack@c-api.service[113945]: DEBUG cinder.api.openstack.wsgi [None req-172a2dc4-956f-4d0f-8fde-c17fd2b56c14 tempest-GroupsTest-1091317410 tempest-GroupsTest-1091317410-project] Calling method 'show' {{(pid=113945) _process_stack /opt/stack/cinder/cinder/api/openstack/wsgi.py:868}}
Aug 24 18:20:19.800068 dv-cinder-840525-3-smb devstack@c-api.service[113945]: /usr/local/lib/python3.8/dist-packages/oslo_context/context.py:100: DeprecationWarning: Policy enforcement is depending on the value of is_admin. This key is deprecated. Please update your policy file to use the standard policy values.
Aug 24 18:20:19.800068 dv-cinder-840525-3-smb devstack@c-api.service[113945]: warnings.warn('Policy enforcement is depending on the value of '
Aug 24 18:20:19.811230 dv-cinder-840525-3-smb devstack@c-api.service[113945]: INFO cinder.volume.api [None req-172a2dc4-956f-4d0f-8fde-c17fd2b56c14 tempest-GroupsTest-1091317410 tempest-GroupsTest-1091317410-project] Volume info retrieved successfully.
Aug 24 18:20:19.812795 dv-cinder-840525-3-smb devstack@c-api.service[113945]: WARNING stevedore.named [None req-172a2dc4-956f-4d0f-8fde-c17fd2b56c14 tempest-GroupsTest-1091317410 tempest-GroupsTest-1091317410-project] Could not load cinder.keymgr.conf_key_mgr.ConfKeyManager
Aug 24 18:20:19.813057 dv-cinder-840525-3-smb devstack@c-api.service[113945]: WARNING castellan.key_manager [None req-172a2dc4-956f-4d0f-8fde-c17fd2b56c14 tempest-GroupsTest-1091317410 tempest-GroupsTest-1091317410-project] Deprecation Warning : cinder.keymgr.conf_key_mgr.ConfKeyManager is not a stevedore based driver, trying to load it as a class: stevedore.exception.NoMatches: No 'castellan.drivers' driver found, looking for 'cinder.keymgr.conf_key_mgr.ConfKeyManager'
Aug 24 18:20:19.828009 dv-cinder-840525-3-smb devstack@c-api.service[113945]: DEBUG oslo_db.sqlalchemy.engines [None req-172a2dc4-956f-4d0f-8fde-c17fd2b56c14 tempest-GroupsTest-1091317410 tempest-GroupsTest-1091317410-project] MySQL server mode set to STRICT_TRANS_TABLES,STRICT_ALL_TABLES,NO_ZERO_IN_DATE,NO_ZERO_DATE,ERROR_FOR_DIVISION_BY_ZERO,TRADITIONAL,NO_ENGINE_SUBSTITUTION {{(pid=113945) _check_effective_sql_mode /usr/local/lib/python3.8/dist-packages/oslo_db/sqlalchemy/engines.py:314}}
Aug 24 18:20:19.838316 dv-cinder-840525-3-smb devstack@c-api.service[113945]: /usr/local/lib/python3.8/dist-packages/oslo_context/context.py:100: DeprecationWarning: Policy enforcement is depending on the value of is_admin. This key is deprecated. Please update your policy file to use the standard policy values.
Aug 24 18:20:19.838316 dv-cinder-840525-3-smb devstack@c-api.service[113945]: warnings.warn('Policy enforcement is depending on the value of '
Aug 24 18:20:19.870843 dv-cinder-840525-3-smb devstack@c-api.service[113944]: INFO cinder.api.openstack.wsgi [None req-4eeb795d-cc86-4f59-bb57-50995ac70fc1 tempest-GroupSnapshotsV319Test-212710387 tempest-GroupSnapshotsV319Test-212710387-project-admin] http://10.222.0.17/volume/v3/0b2358509653485d91927ee211301318/group_snapshots/634a4900-72f4-49e9-8d55-1c9d74d1fbdf/action returned with HTTP 202
Aug 24 18:20:19.872258 dv-cinder-840525-3-smb devstack@c-api.service[113944]: [pid: 113944|app: 0|req: 27/49] 10.222.0.17 () {62 vars in 1432 bytes} [Wed Aug 24 18:20:19 2022] POST /volume/v3/0b2358509653485d91927ee211301318/group_snapshots/634a4900-72f4-49e9-8d55-1c9d74d1fbdf/action => generated 0 bytes in 171 msecs (HTTP/1.1 202) 6 headers in 234 bytes (1 switches on core 0)
Aug 24 18:20:19.872484 dv-cinder-840525-3-smb devstack@c-api.service[113945]: INFO cinder.api.openstack.wsgi [None req-172a2dc4-956f-4d0f-8fde-c17fd2b56c14 tempest-GroupsTest-1091317410 tempest-GroupsTest-1091317410-project] http://10.222.0.17/volume/v3/01ab1ef0d9c744278018cc1509e0b728/volumes/fa5a0909-a39b-44c4-95b7-a8c04c4cc479 returned with HTTP 200
Aug 24 18:20:19.879009 dv-cinder-840525-3-smb devstack@c-api.service[113944]: DEBUG cinder.api.middleware.request_id [None req-cf178431-5457-4db5-a464-320536400e35 None None] RequestId filter calling following filter/app {{(pid=113944) _context_setter /opt/stack/cinder/cinder/api/middleware/request_id.py:62}}
Aug 24 18:20:19.889544 dv-cinder-840525-3-smb devstack@c-api.service[113944]: INFO cinder.api.openstack.wsgi [None req-cf178431-5457-4db5-a464-320536400e35 tempest-GroupSnapshotsV319Test-2138431879 tempest-GroupSnapshotsV319Test-2138431879-project] GET http://10.222.0.17/volume/v3/f73ae81bf2084be29f992148e830fc2d/group_snapshots/634a4900-72f4-49e9-8d55-1c9d74d1fbdf
Aug 24 18:20:19.891077 dv-cinder-840525-3-smb devstack@c-api.service[113944]: DEBUG cinder.api.openstack.wsgi [None req-cf178431-5457-4db5-a464-320536400e35 tempest-GroupSnapshotsV319Test-2138431879 tempest-GroupSnapshotsV319Test-2138431879-project] Empty body provided in request {{(pid=113944) get_body /opt/stack/cinder/cinder/api/openstack/wsgi.py:715}}
Aug 24 18:20:19.891805 dv-cinder-840525-3-smb devstack@c-api.service[113944]: DEBUG cinder.api.openstack.wsgi [None req-cf178431-5457-4db5-a464-320536400e35 tempest-GroupSnapshotsV319Test-2138431879 tempest-GroupSnapshotsV319Test-2138431879-project] Calling method 'version_select' {{(pid=113944) _process_stack /opt/stack/cinder/cinder/api/openstack/wsgi.py:868}}
Aug 24 18:20:19.892671 dv-cinder-840525-3-smb devstack@c-api.service[113944]: DEBUG cinder.api.v3.group_snapshots [None req-cf178431-5457-4db5-a464-320536400e35 tempest-GroupSnapshotsV319Test-2138431879 tempest-GroupSnapshotsV319Test-2138431879-project] show called for member 634a4900-72f4-49e9-8d55-1c9d74d1fbdf {{(pid=113944) show /opt/stack/cinder/cinder/api/v3/group_snapshots.py:58}}
Aug 24 18:20:19.900238 dv-cinder-840525-3-smb devstack@c-api.service[113945]: [pid: 113945|app: 0|req: 23/50] 10.222.0.17 () {60 vars in 1366 bytes} [Wed Aug 24 18:20:19 2022] GET /volume/v3/01ab1ef0d9c744278018cc1509e0b728/volumes/fa5a0909-a39b-44c4-95b7-a8c04c4cc479 => generated 972 bytes in 143 msecs (HTTP/1.1 200) 7 headers in 286 bytes (1 switches on core 0)
Aug 24 18:20:19.901760 dv-cinder-840525-3-smb devstack@c-api.service[113945]: DEBUG cinder.api.middleware.request_id [None req-e1bb4aac-c1a9-4418-a37e-8c4e0b1aa8e3 None None] RequestId filter calling following filter/app {{(pid=113945) _context_setter /opt/stack/cinder/cinder/api/middleware/request_id.py:62}}
Aug 24 18:20:19.907642 dv-cinder-840525-3-smb devstack@c-api.service[113944]: /usr/local/lib/python3.8/dist-packages/oslo_context/context.py:100: DeprecationWarning: Policy enforcement is depending on the value of is_admin. This key is deprecated. Please update your policy file to use the standard policy values.
Aug 24 18:20:19.907642 dv-cinder-840525-3-smb devstack@c-api.service[113944]: warnings.warn('Policy enforcement is depending on the value of '
Aug 24 18:20:19.907888 dv-cinder-840525-3-smb devstack@c-api.service[113945]: INFO cinder.api.openstack.wsgi [None req-e1bb4aac-c1a9-4418-a37e-8c4e0b1aa8e3 tempest-GroupsTest-1091317410 tempest-GroupsTest-1091317410-project] GET http://10.222.0.17/volume/v3/01ab1ef0d9c744278018cc1509e0b728/groups/6f215854-0822-46f3-b462-76641457dfb7
Aug 24 18:20:19.908368 dv-cinder-840525-3-smb devstack@c-api.service[113945]: DEBUG cinder.api.openstack.wsgi [None req-e1bb4aac-c1a9-4418-a37e-8c4e0b1aa8e3 tempest-GroupsTest-1091317410 tempest-GroupsTest-1091317410-project] Empty body provided in request {{(pid=113945) get_body /opt/stack/cinder/cinder/api/openstack/wsgi.py:715}}
Aug 24 18:20:19.908829 dv-cinder-840525-3-smb devstack@c-api.service[113945]: DEBUG cinder.api.openstack.wsgi [None req-e1bb4aac-c1a9-4418-a37e-8c4e0b1aa8e3 tempest-GroupsTest-1091317410 tempest-GroupsTest-1091317410-project] Calling method 'version_select' {{(pid=113945) _process_stack /opt/stack/cinder/cinder/api/openstack/wsgi.py:868}}
Aug 24 18:20:19.909175 dv-cinder-840525-3-smb devstack@c-api.service[113945]: DEBUG cinder.api.v3.groups [None req-e1bb4aac-c1a9-4418-a37e-8c4e0b1aa8e3 tempest-GroupsTest-1091317410 tempest-GroupsTest-1091317410-project] show called for member 6f215854-0822-46f3-b462-76641457dfb7 {{(pid=113945) show /opt/stack/cinder/cinder/api/v3/groups.py:58}}
Aug 24 18:20:19.934438 dv-cinder-840525-3-smb devstack@c-api.service[113944]: INFO cinder.api.openstack.wsgi [None req-cf178431-5457-4db5-a464-320536400e35 tempest-GroupSnapshotsV319Test-2138431879 tempest-GroupSnapshotsV319Test-2138431879-project] http://10.222.0.17/volume/v3/f73ae81bf2084be29f992148e830fc2d/group_snapshots/634a4900-72f4-49e9-8d55-1c9d74d1fbdf returned with HTTP 200
Aug 24 18:20:19.934532 dv-cinder-840525-3-smb devstack@c-api.service[113945]: /usr/local/lib/python3.8/dist-packages/oslo_context/context.py:100: DeprecationWarning: Policy enforcement is depending on the value of is_admin. This key is deprecated. Please update your policy file to use the standard policy values.
Aug 24 18:20:19.934532 dv-cinder-840525-3-smb devstack@c-api.service[113945]: warnings.warn('Policy enforcement is depending on the value of '
Aug 24 18:20:19.935616 dv-cinder-840525-3-smb devstack@c-api.service[113944]: [pid: 113944|app: 0|req: 28/51] 10.222.0.17 () {60 vars in 1390 bytes} [Wed Aug 24 18:20:19 2022] GET /volume/v3/f73ae81bf2084be29f992148e830fc2d/group_snapshots/634a4900-72f4-49e9-8d55-1c9d74d1fbdf => generated 330 bytes in 58 msecs (HTTP/1.1 200) 7 headers in 286 bytes (1 switches on core 0)
Aug 24 18:20:19.944478 dv-cinder-840525-3-smb devstack@c-api.service[113944]: DEBUG cinder.api.middleware.request_id [None req-0dff804f-c698-41f6-8697-5e3e7cea1cb1 None None] RequestId filter calling following filter/app {{(pid=113944) _context_setter /opt/stack/cinder/cinder/api/middleware/request_id.py:62}}
Aug 24 18:20:19.948619 dv-cinder-840525-3-smb devstack@c-api.service[113944]: INFO cinder.api.openstack.wsgi [None req-0dff804f-c698-41f6-8697-5e3e7cea1cb1 tempest-GroupSnapshotsV319Test-212710387 tempest-GroupSnapshotsV319Test-212710387-project-admin] POST http://10.222.0.17/volume/v3/0b2358509653485d91927ee211301318/group_snapshots/634a4900-72f4-49e9-8d55-1c9d74d1fbdf/action
Aug 24 18:20:19.952866 dv-cinder-840525-3-smb devstack@c-api.service[113944]: DEBUG cinder.api.openstack.wsgi [None req-0dff804f-c698-41f6-8697-5e3e7cea1cb1 tempest-GroupSnapshotsV319Test-212710387 tempest-GroupSnapshotsV319Test-212710387-project-admin] Action body: b'{"reset_status": {"status": "error"}}' {{(pid=113944) get_method /opt/stack/cinder/cinder/api/openstack/wsgi.py:983}}
Aug 24 18:20:19.953462 dv-cinder-840525-3-smb devstack@c-api.service[113944]: DEBUG cinder.api.openstack.wsgi [None req-0dff804f-c698-41f6-8697-5e3e7cea1cb1 tempest-GroupSnapshotsV319Test-212710387 tempest-GroupSnapshotsV319Test-212710387-project-admin] Action: 'action', calling method: reset_status, body: {"reset_status": {"status": "error"}} {{(pid=113944) _process_stack /opt/stack/cinder/cinder/api/openstack/wsgi.py:866}}
Aug 24 18:20:19.963177 dv-cinder-840525-3-smb devstack@c-api.service[113945]: INFO cinder.api.openstack.wsgi [None req-e1bb4aac-c1a9-4418-a37e-8c4e0b1aa8e3 tempest-GroupsTest-1091317410 tempest-GroupsTest-1091317410-project] http://10.222.0.17/volume/v3/01ab1ef0d9c744278018cc1509e0b728/groups/6f215854-0822-46f3-b462-76641457dfb7 returned with HTTP 200
Aug 24 18:20:19.964227 dv-cinder-840525-3-smb devstack@c-api.service[113944]: DEBUG cinder.api.v3.group_snapshots [None req-0dff804f-c698-41f6-8697-5e3e7cea1cb1 tempest-GroupSnapshotsV319Test-212710387 tempest-GroupSnapshotsV319Test-212710387-project-admin] Updating group '634a4900-72f4-49e9-8d55-1c9d74d1fbdf' with 'error' {{(pid=113944) _reset_status /opt/stack/cinder/cinder/api/v3/group_snapshots.py:194}}
Aug 24 18:20:19.973963 dv-cinder-840525-3-smb devstack@c-api.service[113944]: /usr/local/lib/python3.8/dist-packages/oslo_context/context.py:100: DeprecationWarning: Policy enforcement is depending on the value of is_admin. This key is deprecated. Please update your policy file to use the standard policy values.
Aug 24 18:20:19.973963 dv-cinder-840525-3-smb devstack@c-api.service[113944]: warnings.warn('Policy enforcement is depending on the value of '
Aug 24 18:20:19.982441 dv-cinder-840525-3-smb devstack@c-api.service[113945]: [pid: 113945|app: 0|req: 24/52] 10.222.0.17 () {60 vars in 1363 bytes} [Wed Aug 24 18:20:19 2022] GET /volume/v3/01ab1ef0d9c744278018cc1509e0b728/groups/6f215854-0822-46f3-b462-76641457dfb7 => generated 323 bytes in 81 msecs (HTTP/1.1 200) 7 headers in 286 bytes (1 switches on core 0)
Aug 24 18:20:19.984423 dv-cinder-840525-3-smb devstack@c-api.service[113945]: DEBUG cinder.api.middleware.request_id [None req-5b33c3ae-4839-414b-bc16-04c1a6436b5d None None] RequestId filter calling following filter/app {{(pid=113945) _context_setter /opt/stack/cinder/cinder/api/middleware/request_id.py:62}}
Aug 24 18:20:19.988374 dv-cinder-840525-3-smb devstack@c-api.service[113945]: INFO cinder.api.openstack.wsgi [None req-5b33c3ae-4839-414b-bc16-04c1a6436b5d tempest-GroupSnapshotsTest-2123127709 tempest-GroupSnapshotsTest-2123127709-project] GET http://10.222.0.17/volume/v3/9347d06864f0454db991834b0edfacb5/group_snapshots/0fcfe2e0-b1fc-4a5a-be4a-f80e070f9567
Aug 24 18:20:19.988876 dv-cinder-840525-3-smb devstack@c-api.service[113945]: DEBUG cinder.api.openstack.wsgi [None req-5b33c3ae-4839-414b-bc16-04c1a6436b5d tempest-GroupSnapshotsTest-2123127709 tempest-GroupSnapshotsTest-2123127709-project] Empty body provided in request {{(pid=113945) get_body /opt/stack/cinder/cinder/api/openstack/wsgi.py:715}}
Aug 24 18:20:19.989331 dv-cinder-840525-3-smb devstack@c-api.service[113945]: DEBUG cinder.api.openstack.wsgi [None req-5b33c3ae-4839-414b-bc16-04c1a6436b5d tempest-GroupSnapshotsTest-2123127709 tempest-GroupSnapshotsTest-2123127709-project] Calling method 'version_select' {{(pid=113945) _process_stack /opt/stack/cinder/cinder/api/openstack/wsgi.py:868}}
Aug 24 18:20:19.993495 dv-cinder-840525-3-smb devstack@c-api.service[113945]: DEBUG cinder.api.v3.group_snapshots [None req-5b33c3ae-4839-414b-bc16-04c1a6436b5d tempest-GroupSnapshotsTest-2123127709 tempest-GroupSnapshotsTest-2123127709-project] show called for member 0fcfe2e0-b1fc-4a5a-be4a-f80e070f9567 {{(pid=113945) show /opt/stack/cinder/cinder/api/v3/group_snapshots.py:58}}
Aug 24 18:20:19.999984 dv-cinder-840525-3-smb devstack@c-api.service[113945]: /usr/local/lib/python3.8/dist-packages/oslo_context/context.py:100: DeprecationWarning: Policy enforcement is depending on the value of is_admin. This key is deprecated. Please update your policy file to use the standard policy values.
Aug 24 18:20:19.999984 dv-cinder-840525-3-smb devstack@c-api.service[113945]: warnings.warn('Policy enforcement is depending on the value of '
Aug 24 18:20:20.018321 dv-cinder-840525-3-smb devstack@c-api.service[113945]: INFO cinder.api.openstack.wsgi [None req-5b33c3ae-4839-414b-bc16-04c1a6436b5d tempest-GroupSnapshotsTest-2123127709 tempest-GroupSnapshotsTest-2123127709-project] http://10.222.0.17/volume/v3/9347d06864f0454db991834b0edfacb5/group_snapshots/0fcfe2e0-b1fc-4a5a-be4a-f80e070f9567 returned with HTTP 200
Aug 24 18:20:20.019475 dv-cinder-840525-3-smb devstack@c-api.service[113945]: [pid: 113945|app: 0|req: 25/53] 10.222.0.17 () {60 vars in 1390 bytes} [Wed Aug 24 18:20:19 2022] GET /volume/v3/9347d06864f0454db991834b0edfacb5/group_snapshots/0fcfe2e0-b1fc-4a5a-be4a-f80e070f9567 => generated 307 bytes in 36 msecs (HTTP/1.1 200) 7 headers in 286 bytes (1 switches on core 0)
Aug 24 18:20:20.020960 dv-cinder-840525-3-smb devstack@c-api.service[113945]: DEBUG cinder.api.middleware.request_id [None req-3ae9f204-6bdd-4d54-8f96-3f55044970f5 None None] RequestId filter calling following filter/app {{(pid=113945) _context_setter /opt/stack/cinder/cinder/api/middleware/request_id.py:62}}
Aug 24 18:20:20.028343 dv-cinder-840525-3-smb devstack@c-api.service[113945]: INFO cinder.api.openstack.wsgi [None req-3ae9f204-6bdd-4d54-8f96-3f55044970f5 tempest-GroupsTest-1091317410 tempest-GroupsTest-1091317410-project] GET http://10.222.0.17/volume/v3/01ab1ef0d9c744278018cc1509e0b728/groups/9a9f61aa-774d-42e6-861d-0ac0ae3ed8cd
Aug 24 18:20:20.028857 dv-cinder-840525-3-smb devstack@c-api.service[113945]: DEBUG cinder.api.openstack.wsgi [None req-3ae9f204-6bdd-4d54-8f96-3f55044970f5 tempest-GroupsTest-1091317410 tempest-GroupsTest-1091317410-project] Empty body provided in request {{(pid=113945) get_body /opt/stack/cinder/cinder/api/openstack/wsgi.py:715}}
Aug 24 18:20:20.029321 dv-cinder-840525-3-smb devstack@c-api.service[113945]: DEBUG cinder.api.openstack.wsgi [None req-3ae9f204-6bdd-4d54-8f96-3f55044970f5 tempest-GroupsTest-1091317410 tempest-GroupsTest-1091317410-project] Calling method 'version_select' {{(pid=113945) _process_stack /opt/stack/cinder/cinder/api/openstack/wsgi.py:868}}
Aug 24 18:20:20.029670 dv-cinder-840525-3-smb devstack@c-api.service[113945]: DEBUG cinder.api.v3.groups [None req-3ae9f204-6bdd-4d54-8f96-3f55044970f5 tempest-GroupsTest-1091317410 tempest-GroupsTest-1091317410-project] show called for member 9a9f61aa-774d-42e6-861d-0ac0ae3ed8cd {{(pid=113945) show /opt/stack/cinder/cinder/api/v3/groups.py:58}}
Aug 24 18:20:20.051164 dv-cinder-840525-3-smb devstack@c-api.service[113945]: /usr/local/lib/python3.8/dist-packages/oslo_context/context.py:100: DeprecationWarning: Policy enforcement is depending on the value of is_admin. This key is deprecated. Please update your policy file to use the standard policy values.
Aug 24 18:20:20.051164 dv-cinder-840525-3-smb devstack@c-api.service[113945]: warnings.warn('Policy enforcement is depending on the value of '
Aug 24 18:20:20.073588 dv-cinder-840525-3-smb devstack@c-api.service[113944]: INFO cinder.api.openstack.wsgi [None req-0dff804f-c698-41f6-8697-5e3e7cea1cb1 tempest-GroupSnapshotsV319Test-212710387 tempest-GroupSnapshotsV319Test-212710387-project-admin] http://10.222.0.17/volume/v3/0b2358509653485d91927ee211301318/group_snapshots/634a4900-72f4-49e9-8d55-1c9d74d1fbdf/action returned with HTTP 202
Aug 24 18:20:20.076887 dv-cinder-840525-3-smb devstack@c-api.service[113945]: INFO cinder.api.openstack.wsgi [None req-3ae9f204-6bdd-4d54-8f96-3f55044970f5 tempest-GroupsTest-1091317410 tempest-GroupsTest-1091317410-project] http://10.222.0.17/volume/v3/01ab1ef0d9c744278018cc1509e0b728/groups/9a9f61aa-774d-42e6-861d-0ac0ae3ed8cd returned with HTTP 200
Aug 24 18:20:20.082258 dv-cinder-840525-3-smb devstack@c-api.service[113944]: [pid: 113944|app: 0|req: 29/54] 10.222.0.17 () {62 vars in 1432 bytes} [Wed Aug 24 18:20:19 2022] POST /volume/v3/0b2358509653485d91927ee211301318/group_snapshots/634a4900-72f4-49e9-8d55-1c9d74d1fbdf/action => generated 0 bytes in 135 msecs (HTTP/1.1 202) 6 headers in 234 bytes (1 switches on core 0)
Aug 24 18:20:20.082258 dv-cinder-840525-3-smb devstack@c-api.service[113944]: DEBUG cinder.api.middleware.request_id [None req-e6423e03-c997-4ace-81a9-9c25c897f52b None None] RequestId filter calling following filter/app {{(pid=113944) _context_setter /opt/stack/cinder/cinder/api/middleware/request_id.py:62}}
Aug 24 18:20:20.082494 dv-cinder-840525-3-smb devstack@c-api.service[113945]: [pid: 113945|app: 0|req: 26/55] 10.222.0.17 () {60 vars in 1363 bytes} [Wed Aug 24 18:20:20 2022] GET /volume/v3/01ab1ef0d9c744278018cc1509e0b728/groups/9a9f61aa-774d-42e6-861d-0ac0ae3ed8cd => generated 322 bytes in 62 msecs (HTTP/1.1 200) 7 headers in 286 bytes (1 switches on core 0)
Aug 24 18:20:20.085612 dv-cinder-840525-3-smb devstack@c-api.service[113944]: INFO cinder.api.openstack.wsgi [None req-e6423e03-c997-4ace-81a9-9c25c897f52b tempest-GroupSnapshotsTest-2123127709 tempest-GroupSnapshotsTest-2123127709-project] GET http://10.222.0.17/volume/v3/9347d06864f0454db991834b0edfacb5/snapshots/detail
Aug 24 18:20:20.086304 dv-cinder-840525-3-smb devstack@c-api.service[113944]: DEBUG cinder.api.openstack.wsgi [None req-e6423e03-c997-4ace-81a9-9c25c897f52b tempest-GroupSnapshotsTest-2123127709 tempest-GroupSnapshotsTest-2123127709-project] Empty body provided in request {{(pid=113944) get_body /opt/stack/cinder/cinder/api/openstack/wsgi.py:715}}
Aug 24 18:20:20.089109 dv-cinder-840525-3-smb devstack@c-api.service[113944]: DEBUG cinder.api.openstack.wsgi [None req-e6423e03-c997-4ace-81a9-9c25c897f52b tempest-GroupSnapshotsTest-2123127709 tempest-GroupSnapshotsTest-2123127709-project] Calling method 'detail' {{(pid=113944) _process_stack /opt/stack/cinder/cinder/api/openstack/wsgi.py:868}}
Aug 24 18:20:20.089924 dv-cinder-840525-3-smb devstack@c-api.service[113944]: DEBUG cinder.api.api_utils [None req-e6423e03-c997-4ace-81a9-9c25c897f52b tempest-GroupSnapshotsTest-2123127709 tempest-GroupSnapshotsTest-2123127709-project] Removing options '' from query. {{(pid=113944) remove_invalid_filter_options /opt/stack/cinder/cinder/api/api_utils.py:83}}
Aug 24 18:20:20.092831 dv-cinder-840525-3-smb devstack@c-api.service[113945]: DEBUG cinder.api.middleware.request_id [None req-0bc775ad-fa8b-4786-bd8a-ffa52fa1e8e2 None None] RequestId filter calling following filter/app {{(pid=113945) _context_setter /opt/stack/cinder/cinder/api/middleware/request_id.py:62}}
Aug 24 18:20:20.095974 dv-cinder-840525-3-smb devstack@c-api.service[113944]: DEBUG cinder.db.sqlalchemy.api [None req-e6423e03-c997-4ace-81a9-9c25c897f52b tempest-GroupSnapshotsTest-2123127709 tempest-GroupSnapshotsTest-2123127709-project] Building query based on filter {{(pid=113944) _process_snaps_filters /opt/stack/cinder/cinder/db/sqlalchemy/api.py:3885}}
Aug 24 18:20:20.101467 dv-cinder-840525-3-smb devstack@c-api.service[113945]: INFO cinder.api.openstack.wsgi [None req-0bc775ad-fa8b-4786-bd8a-ffa52fa1e8e2 tempest-GroupSnapshotsV319Test-2138431879 tempest-GroupSnapshotsV319Test-2138431879-project] GET http://10.222.0.17/volume/v3/f73ae81bf2084be29f992148e830fc2d/group_snapshots/634a4900-72f4-49e9-8d55-1c9d74d1fbdf
Aug 24 18:20:20.101969 dv-cinder-840525-3-smb devstack@c-api.service[113945]: DEBUG cinder.api.openstack.wsgi [None req-0bc775ad-fa8b-4786-bd8a-ffa52fa1e8e2 tempest-GroupSnapshotsV319Test-2138431879 tempest-GroupSnapshotsV319Test-2138431879-project] Empty body provided in request {{(pid=113945) get_body /opt/stack/cinder/cinder/api/openstack/wsgi.py:715}}
Aug 24 18:20:20.102426 dv-cinder-840525-3-smb devstack@c-api.service[113945]: DEBUG cinder.api.openstack.wsgi [None req-0bc775ad-fa8b-4786-bd8a-ffa52fa1e8e2 tempest-GroupSnapshotsV319Test-2138431879 tempest-GroupSnapshotsV319Test-2138431879-project] Calling method 'version_select' {{(pid=113945) _process_stack /opt/stack/cinder/cinder/api/openstack/wsgi.py:868}}
Aug 24 18:20:20.102783 dv-cinder-840525-3-smb devstack@c-api.service[113945]: DEBUG cinder.api.v3.group_snapshots [None req-0bc775ad-fa8b-4786-bd8a-ffa52fa1e8e2 tempest-GroupSnapshotsV319Test-2138431879 tempest-GroupSnapshotsV319Test-2138431879-project] show called for member 634a4900-72f4-49e9-8d55-1c9d74d1fbdf {{(pid=113945) show /opt/stack/cinder/cinder/api/v3/group_snapshots.py:58}}
Aug 24 18:20:20.116592 dv-cinder-840525-3-smb devstack@c-api.service[113945]: /usr/local/lib/python3.8/dist-packages/oslo_context/context.py:100: DeprecationWarning: Policy enforcement is depending on the value of is_admin. This key is deprecated. Please update your policy file to use the standard policy values.
Aug 24 18:20:20.116592 dv-cinder-840525-3-smb devstack@c-api.service[113945]: warnings.warn('Policy enforcement is depending on the value of '
Aug 24 18:20:20.119696 dv-cinder-840525-3-smb devstack@c-api.service[113944]: INFO cinder.volume.api [None req-e6423e03-c997-4ace-81a9-9c25c897f52b tempest-GroupSnapshotsTest-2123127709 tempest-GroupSnapshotsTest-2123127709-project] Get all snapshots completed successfully.
Aug 24 18:20:20.121110 dv-cinder-840525-3-smb devstack@c-api.service[113944]: /usr/local/lib/python3.8/dist-packages/oslo_context/context.py:100: DeprecationWarning: Policy enforcement is depending on the value of is_admin. This key is deprecated. Please update your policy file to use the standard policy values.
Aug 24 18:20:20.121110 dv-cinder-840525-3-smb devstack@c-api.service[113944]: warnings.warn('Policy enforcement is depending on the value of '
Aug 24 18:20:20.125974 dv-cinder-840525-3-smb devstack@c-api.service[113944]: INFO cinder.api.openstack.wsgi [None req-e6423e03-c997-4ace-81a9-9c25c897f52b tempest-GroupSnapshotsTest-2123127709 tempest-GroupSnapshotsTest-2123127709-project] http://10.222.0.17/volume/v3/9347d06864f0454db991834b0edfacb5/snapshots/detail returned with HTTP 200
Aug 24 18:20:20.129224 dv-cinder-840525-3-smb devstack@c-api.service[113944]: [pid: 113944|app: 0|req: 30/56] 10.222.0.17 () {58 vars in 1241 bytes} [Wed Aug 24 18:20:20 2022] GET /volume/v3/9347d06864f0454db991834b0edfacb5/snapshots/detail => generated 519 bytes in 50 msecs (HTTP/1.1 200) 7 headers in 285 bytes (1 switches on core 0)
Aug 24 18:20:20.131298 dv-cinder-840525-3-smb devstack@c-api.service[113945]: INFO cinder.api.openstack.wsgi [None req-0bc775ad-fa8b-4786-bd8a-ffa52fa1e8e2 tempest-GroupSnapshotsV319Test-2138431879 tempest-GroupSnapshotsV319Test-2138431879-project] http://10.222.0.17/volume/v3/f73ae81bf2084be29f992148e830fc2d/group_snapshots/634a4900-72f4-49e9-8d55-1c9d74d1fbdf returned with HTTP 200
Aug 24 18:20:20.138997 dv-cinder-840525-3-smb devstack@c-api.service[113945]: [pid: 113945|app: 0|req: 27/57] 10.222.0.17 () {60 vars in 1390 bytes} [Wed Aug 24 18:20:20 2022] GET /volume/v3/f73ae81bf2084be29f992148e830fc2d/group_snapshots/634a4900-72f4-49e9-8d55-1c9d74d1fbdf => generated 326 bytes in 53 msecs (HTTP/1.1 200) 7 headers in 286 bytes (1 switches on core 0)
Aug 24 18:20:20.145300 dv-cinder-840525-3-smb devstack@c-api.service[113945]: DEBUG cinder.api.middleware.request_id [None req-da951897-4fe5-4cb0-af7c-a150560d403b None None] RequestId filter calling following filter/app {{(pid=113945) _context_setter /opt/stack/cinder/cinder/api/middleware/request_id.py:62}}
Aug 24 18:20:20.145477 dv-cinder-840525-3-smb devstack@c-api.service[113944]: DEBUG cinder.api.middleware.request_id [None req-5569499e-51c9-4f29-afc5-ba5c17a6a37c None None] RequestId filter calling following filter/app {{(pid=113944) _context_setter /opt/stack/cinder/cinder/api/middleware/request_id.py:62}}
Aug 24 18:20:20.152315 dv-cinder-840525-3-smb devstack@c-api.service[113945]: INFO cinder.api.openstack.wsgi [None req-da951897-4fe5-4cb0-af7c-a150560d403b tempest-GroupSnapshotsTest-2123127709 tempest-GroupSnapshotsTest-2123127709-project] GET http://10.222.0.17/volume/v3/9347d06864f0454db991834b0edfacb5/snapshots/e875b7db-e388-4822-8ffd-e0b6e1d2a275
Aug 24 18:20:20.152780 dv-cinder-840525-3-smb devstack@c-api.service[113945]: DEBUG cinder.api.openstack.wsgi [None req-da951897-4fe5-4cb0-af7c-a150560d403b tempest-GroupSnapshotsTest-2123127709 tempest-GroupSnapshotsTest-2123127709-project] Empty body provided in request {{(pid=113945) get_body /opt/stack/cinder/cinder/api/openstack/wsgi.py:715}}
Aug 24 18:20:20.153302 dv-cinder-840525-3-smb devstack@c-api.service[113945]: DEBUG cinder.api.openstack.wsgi [None req-da951897-4fe5-4cb0-af7c-a150560d403b tempest-GroupSnapshotsTest-2123127709 tempest-GroupSnapshotsTest-2123127709-project] Calling method 'show' {{(pid=113945) _process_stack /opt/stack/cinder/cinder/api/openstack/wsgi.py:868}}
Aug 24 18:20:20.154557 dv-cinder-840525-3-smb devstack@c-api.service[113944]: INFO cinder.api.openstack.wsgi [None req-5569499e-51c9-4f29-afc5-ba5c17a6a37c tempest-GroupsTest-1091317410 tempest-GroupsTest-1091317410-project] GET http://10.222.0.17/volume/v3/01ab1ef0d9c744278018cc1509e0b728/groups/detail
Aug 24 18:20:20.155188 dv-cinder-840525-3-smb devstack@c-api.service[113944]: DEBUG cinder.api.openstack.wsgi [None req-5569499e-51c9-4f29-afc5-ba5c17a6a37c tempest-GroupsTest-1091317410 tempest-GroupsTest-1091317410-project] Empty body provided in request {{(pid=113944) get_body /opt/stack/cinder/cinder/api/openstack/wsgi.py:715}}
Aug 24 18:20:20.157994 dv-cinder-840525-3-smb devstack@c-api.service[113944]: DEBUG cinder.api.openstack.wsgi [None req-5569499e-51c9-4f29-afc5-ba5c17a6a37c tempest-GroupsTest-1091317410 tempest-GroupsTest-1091317410-project] Calling method 'version_select' {{(pid=113944) _process_stack /opt/stack/cinder/cinder/api/openstack/wsgi.py:868}}
Aug 24 18:20:20.215307 dv-cinder-840525-3-smb devstack@c-api.service[113945]: /usr/local/lib/python3.8/dist-packages/oslo_context/context.py:100: DeprecationWarning: Policy enforcement is depending on the value of is_admin. This key is deprecated. Please update your policy file to use the standard policy values.
Aug 24 18:20:20.215307 dv-cinder-840525-3-smb devstack@c-api.service[113945]: warnings.warn('Policy enforcement is depending on the value of '
Aug 24 18:20:20.216383 dv-cinder-840525-3-smb devstack@c-api.service[113945]: INFO cinder.volume.api [None req-da951897-4fe5-4cb0-af7c-a150560d403b tempest-GroupSnapshotsTest-2123127709 tempest-GroupSnapshotsTest-2123127709-project] Snapshot retrieved successfully.
Aug 24 18:20:20.218242 dv-cinder-840525-3-smb devstack@c-api.service[113945]: INFO cinder.api.openstack.wsgi [None req-da951897-4fe5-4cb0-af7c-a150560d403b tempest-GroupSnapshotsTest-2123127709 tempest-GroupSnapshotsTest-2123127709-project] http://10.222.0.17/volume/v3/9347d06864f0454db991834b0edfacb5/snapshots/e875b7db-e388-4822-8ffd-e0b6e1d2a275 returned with HTTP 200
Aug 24 18:20:20.218979 dv-cinder-840525-3-smb devstack@c-api.service[113945]: [pid: 113945|app: 0|req: 28/58] 10.222.0.17 () {58 vars in 1331 bytes} [Wed Aug 24 18:20:20 2022] GET /volume/v3/9347d06864f0454db991834b0edfacb5/snapshots/e875b7db-e388-4822-8ffd-e0b6e1d2a275 => generated 516 bytes in 80 msecs (HTTP/1.1 200) 7 headers in 285 bytes (1 switches on core 0)
Aug 24 18:20:20.246032 dv-cinder-840525-3-smb devstack@c-api.service[113945]: DEBUG cinder.api.middleware.request_id [None req-34e1ec01-6a02-4a4c-9276-130490558828 None None] RequestId filter calling following filter/app {{(pid=113945) _context_setter /opt/stack/cinder/cinder/api/middleware/request_id.py:62}}
Aug 24 18:20:20.254976 dv-cinder-840525-3-smb devstack@c-api.service[113944]: INFO cinder.api.openstack.wsgi [None req-5569499e-51c9-4f29-afc5-ba5c17a6a37c tempest-GroupsTest-1091317410 tempest-GroupsTest-1091317410-project] http://10.222.0.17/volume/v3/01ab1ef0d9c744278018cc1509e0b728/groups/detail returned with HTTP 200
Aug 24 18:20:20.257342 dv-cinder-840525-3-smb devstack@c-api.service[113944]: [pid: 113944|app: 0|req: 31/59] 10.222.0.17 () {60 vars in 1273 bytes} [Wed Aug 24 18:20:20 2022] GET /volume/v3/01ab1ef0d9c744278018cc1509e0b728/groups/detail => generated 639 bytes in 127 msecs (HTTP/1.1 200) 7 headers in 286 bytes (1 switches on core 0)
Aug 24 18:20:20.259115 dv-cinder-840525-3-smb devstack@c-api.service[113944]: DEBUG cinder.api.middleware.request_id [None req-99b66a55-b45b-45b4-8733-c74e6f587f2b None None] RequestId filter calling following filter/app {{(pid=113944) _context_setter /opt/stack/cinder/cinder/api/middleware/request_id.py:62}}
Aug 24 18:20:20.275975 dv-cinder-840525-3-smb devstack@c-api.service[113945]: INFO cinder.api.openstack.wsgi [None req-34e1ec01-6a02-4a4c-9276-130490558828 tempest-GroupSnapshotsV319Test-212710387 tempest-GroupSnapshotsV319Test-212710387-project-admin] POST http://10.222.0.17/volume/v3/0b2358509653485d91927ee211301318/group_snapshots/634a4900-72f4-49e9-8d55-1c9d74d1fbdf/action
Aug 24 18:20:20.277061 dv-cinder-840525-3-smb devstack@c-api.service[113945]: DEBUG cinder.api.openstack.wsgi [None req-34e1ec01-6a02-4a4c-9276-130490558828 tempest-GroupSnapshotsV319Test-212710387 tempest-GroupSnapshotsV319Test-212710387-project-admin] Action body: b'{"reset_status": {"status": "available"}}' {{(pid=113945) get_method /opt/stack/cinder/cinder/api/openstack/wsgi.py:983}}
Aug 24 18:20:20.285209 dv-cinder-840525-3-smb devstack@c-api.service[113945]: DEBUG cinder.api.openstack.wsgi [None req-34e1ec01-6a02-4a4c-9276-130490558828 tempest-GroupSnapshotsV319Test-212710387 tempest-GroupSnapshotsV319Test-212710387-project-admin] Action: 'action', calling method: version_select, body: {"reset_status": {"status": "available"}} {{(pid=113945) _process_stack /opt/stack/cinder/cinder/api/openstack/wsgi.py:866}}
Aug 24 18:20:20.289576 dv-cinder-840525-3-smb devstack@c-api.service[113945]: DEBUG cinder.api.v3.group_snapshots [None req-34e1ec01-6a02-4a4c-9276-130490558828 tempest-GroupSnapshotsV319Test-212710387 tempest-GroupSnapshotsV319Test-212710387-project-admin] Updating group '634a4900-72f4-49e9-8d55-1c9d74d1fbdf' with 'available' {{(pid=113945) _reset_status /opt/stack/cinder/cinder/api/v3/group_snapshots.py:194}}
Aug 24 18:20:20.290213 dv-cinder-840525-3-smb devstack@c-api.service[113944]: INFO cinder.api.openstack.wsgi [None req-99b66a55-b45b-45b4-8733-c74e6f587f2b tempest-GroupSnapshotsTest-2123127709 tempest-GroupSnapshotsTest-2123127709-project] POST http://10.222.0.17/volume/v3/9347d06864f0454db991834b0edfacb5/groups/action
Aug 24 18:20:20.290213 dv-cinder-840525-3-smb devstack@c-api.service[113944]: DEBUG cinder.api.openstack.wsgi [None req-99b66a55-b45b-45b4-8733-c74e6f587f2b tempest-GroupSnapshotsTest-2123127709 tempest-GroupSnapshotsTest-2123127709-project] Action body: b'{"create-from-src": {"group_snapshot_id": "0fcfe2e0-b1fc-4a5a-be4a-f80e070f9567", "name": "tempest-Group_from_snap-924065388"}}' {{(pid=113944) get_method /opt/stack/cinder/cinder/api/openstack/wsgi.py:983}}
Aug 24 18:20:20.290213 dv-cinder-840525-3-smb devstack@c-api.service[113944]: DEBUG cinder.api.openstack.wsgi [None req-99b66a55-b45b-45b4-8733-c74e6f587f2b tempest-GroupSnapshotsTest-2123127709 tempest-GroupSnapshotsTest-2123127709-project] Action: 'action', calling method: version_select, body: {"create-from-src": {"group_snapshot_id": "0fcfe2e0-b1fc-4a5a-be4a-f80e070f9567", "name": "tempest-Group_from_snap-924065388"}} {{(pid=113944) _process_stack /opt/stack/cinder/cinder/api/openstack/wsgi.py:866}}
Aug 24 18:20:20.291369 dv-cinder-840525-3-smb devstack@c-api.service[113944]: DEBUG cinder.api.v3.groups [None req-99b66a55-b45b-45b4-8733-c74e6f587f2b tempest-GroupSnapshotsTest-2123127709 tempest-GroupSnapshotsTest-2123127709-project] Creating new group {'create-from-src': {'group_snapshot_id': '0fcfe2e0-b1fc-4a5a-be4a-f80e070f9567', 'name': 'tempest-Group_from_snap-924065388'}}. {{(pid=113944) create_from_src /opt/stack/cinder/cinder/api/v3/groups.py:236}}
Aug 24 18:20:20.292064 dv-cinder-840525-3-smb devstack@c-api.service[113944]: INFO cinder.api.v3.groups [None req-99b66a55-b45b-45b4-8733-c74e6f587f2b tempest-GroupSnapshotsTest-2123127709 tempest-GroupSnapshotsTest-2123127709-project] Creating group tempest-Group_from_snap-924065388 from group_snapshot 0fcfe2e0-b1fc-4a5a-be4a-f80e070f9567.
Aug 24 18:20:20.300909 dv-cinder-840525-3-smb devstack@c-api.service[113944]: /usr/local/lib/python3.8/dist-packages/oslo_context/context.py:100: DeprecationWarning: Policy enforcement is depending on the value of is_admin. This key is deprecated. Please update your policy file to use the standard policy values.
Aug 24 18:20:20.300909 dv-cinder-840525-3-smb devstack@c-api.service[113944]: warnings.warn('Policy enforcement is depending on the value of '
Aug 24 18:20:20.327211 dv-cinder-840525-3-smb devstack@c-api.service[113945]: /usr/local/lib/python3.8/dist-packages/oslo_context/context.py:100: DeprecationWarning: Policy enforcement is depending on the value of is_admin. This key is deprecated. Please update your policy file to use the standard policy values.
Aug 24 18:20:20.327211 dv-cinder-840525-3-smb devstack@c-api.service[113945]: warnings.warn('Policy enforcement is depending on the value of '
Aug 24 18:20:20.330378 dv-cinder-840525-3-smb devstack@c-api.service[113944]: /usr/local/lib/python3.8/dist-packages/oslo_context/context.py:100: DeprecationWarning: Policy enforcement is depending on the value of is_admin. This key is deprecated. Please update your policy file to use the standard policy values.
Aug 24 18:20:20.330378 dv-cinder-840525-3-smb devstack@c-api.service[113944]: warnings.warn('Policy enforcement is depending on the value of '
Aug 24 18:20:20.350371 dv-cinder-840525-3-smb devstack@c-api.service[113944]: /usr/local/lib/python3.8/dist-packages/oslo_context/context.py:100: DeprecationWarning: Policy enforcement is depending on the value of is_admin. This key is deprecated. Please update your policy file to use the standard policy values.
Aug 24 18:20:20.350371 dv-cinder-840525-3-smb devstack@c-api.service[113944]: warnings.warn('Policy enforcement is depending on the value of '
Aug 24 18:20:20.450009 dv-cinder-840525-3-smb devstack@c-api.service[113945]: INFO cinder.api.openstack.wsgi [None req-34e1ec01-6a02-4a4c-9276-130490558828 tempest-GroupSnapshotsV319Test-212710387 tempest-GroupSnapshotsV319Test-212710387-project-admin] http://10.222.0.17/volume/v3/0b2358509653485d91927ee211301318/group_snapshots/634a4900-72f4-49e9-8d55-1c9d74d1fbdf/action returned with HTTP 202
Aug 24 18:20:20.453843 dv-cinder-840525-3-smb devstack@c-api.service[113945]: [pid: 113945|app: 0|req: 29/60] 10.222.0.17 () {62 vars in 1432 bytes} [Wed Aug 24 18:20:20 2022] POST /volume/v3/0b2358509653485d91927ee211301318/group_snapshots/634a4900-72f4-49e9-8d55-1c9d74d1fbdf/action => generated 0 bytes in 211 msecs (HTTP/1.1 202) 6 headers in 234 bytes (1 switches on core 0)
Aug 24 18:20:20.453843 dv-cinder-840525-3-smb devstack@c-api.service[113945]: DEBUG cinder.api.middleware.request_id [None req-f81def42-eb77-4c3b-a187-078c975cd63d None None] RequestId filter calling following filter/app {{(pid=113945) _context_setter /opt/stack/cinder/cinder/api/middleware/request_id.py:62}}
Aug 24 18:20:20.456415 dv-cinder-840525-3-smb devstack@c-api.service[113945]: INFO cinder.api.openstack.wsgi [None req-f81def42-eb77-4c3b-a187-078c975cd63d tempest-GroupsTest-1091317410 tempest-GroupsTest-1091317410-project] GET http://10.222.0.17/volume/v3/01ab1ef0d9c744278018cc1509e0b728/volumes/detail
Aug 24 18:20:20.456915 dv-cinder-840525-3-smb devstack@c-api.service[113945]: DEBUG cinder.api.openstack.wsgi [None req-f81def42-eb77-4c3b-a187-078c975cd63d tempest-GroupsTest-1091317410 tempest-GroupsTest-1091317410-project] Empty body provided in request {{(pid=113945) get_body /opt/stack/cinder/cinder/api/openstack/wsgi.py:715}}
Aug 24 18:20:20.457443 dv-cinder-840525-3-smb devstack@c-api.service[113945]: DEBUG cinder.api.openstack.wsgi [None req-f81def42-eb77-4c3b-a187-078c975cd63d tempest-GroupsTest-1091317410 tempest-GroupsTest-1091317410-project] Calling method 'detail' {{(pid=113945) _process_stack /opt/stack/cinder/cinder/api/openstack/wsgi.py:868}}
Aug 24 18:20:20.458532 dv-cinder-840525-3-smb devstack@c-api.service[113945]: DEBUG cinder.api.api_utils [None req-f81def42-eb77-4c3b-a187-078c975cd63d tempest-GroupsTest-1091317410 tempest-GroupsTest-1091317410-project] Removing options '' from query. {{(pid=113945) remove_invalid_filter_options /opt/stack/cinder/cinder/api/api_utils.py:83}}
Aug 24 18:20:20.460279 dv-cinder-840525-3-smb devstack@c-api.service[113945]: DEBUG cinder.volume.api [None req-f81def42-eb77-4c3b-a187-078c975cd63d tempest-GroupsTest-1091317410 tempest-GroupsTest-1091317410-project] Searching by: MultiDict([('no_migration_targets', True)]). {{(pid=113945) get_all /opt/stack/cinder/cinder/volume/api.py:664}}
Aug 24 18:20:20.558147 dv-cinder-840525-3-smb devstack@c-api.service[113944]: DEBUG cinder.quota [None req-99b66a55-b45b-45b4-8733-c74e6f587f2b tempest-GroupSnapshotsTest-2123127709 tempest-GroupSnapshotsTest-2123127709-project] Created reservations ['36d5bee5-c8c1-4c30-add6-e178b13ada44'] {{(pid=113944) reserve /opt/stack/cinder/cinder/quota.py:755}}
Aug 24 18:20:20.582707 dv-cinder-840525-3-smb devstack@c-api.service[113945]: INFO cinder.volume.api [None req-f81def42-eb77-4c3b-a187-078c975cd63d tempest-GroupsTest-1091317410 tempest-GroupsTest-1091317410-project] Get all volumes completed successfully.
Aug 24 18:20:20.584527 dv-cinder-840525-3-smb devstack@c-api.service[113945]: WARNING stevedore.named [None req-f81def42-eb77-4c3b-a187-078c975cd63d tempest-GroupsTest-1091317410 tempest-GroupsTest-1091317410-project] Could not load cinder.keymgr.conf_key_mgr.ConfKeyManager
Aug 24 18:20:20.585054 dv-cinder-840525-3-smb devstack@c-api.service[113945]: WARNING castellan.key_manager [None req-f81def42-eb77-4c3b-a187-078c975cd63d tempest-GroupsTest-1091317410 tempest-GroupsTest-1091317410-project] Deprecation Warning : cinder.keymgr.conf_key_mgr.ConfKeyManager is not a stevedore based driver, trying to load it as a class: stevedore.exception.NoMatches: No 'castellan.drivers' driver found, looking for 'cinder.keymgr.conf_key_mgr.ConfKeyManager'
Aug 24 18:20:20.596041 dv-cinder-840525-3-smb devstack@c-api.service[113945]: DEBUG oslo_db.sqlalchemy.engines [None req-f81def42-eb77-4c3b-a187-078c975cd63d tempest-GroupsTest-1091317410 tempest-GroupsTest-1091317410-project] MySQL server mode set to STRICT_TRANS_TABLES,STRICT_ALL_TABLES,NO_ZERO_IN_DATE,NO_ZERO_DATE,ERROR_FOR_DIVISION_BY_ZERO,TRADITIONAL,NO_ENGINE_SUBSTITUTION {{(pid=113945) _check_effective_sql_mode /usr/local/lib/python3.8/dist-packages/oslo_db/sqlalchemy/engines.py:314}}
Aug 24 18:20:20.602357 dv-cinder-840525-3-smb devstack@c-api.service[113945]: /usr/local/lib/python3.8/dist-packages/oslo_context/context.py:100: DeprecationWarning: Policy enforcement is depending on the value of is_admin. This key is deprecated. Please update your policy file to use the standard policy values.
Aug 24 18:20:20.602357 dv-cinder-840525-3-smb devstack@c-api.service[113945]: warnings.warn('Policy enforcement is depending on the value of '
Aug 24 18:20:20.638397 dv-cinder-840525-3-smb devstack@c-api.service[113945]: INFO cinder.api.openstack.wsgi [None req-f81def42-eb77-4c3b-a187-078c975cd63d tempest-GroupsTest-1091317410 tempest-GroupsTest-1091317410-project] http://10.222.0.17/volume/v3/01ab1ef0d9c744278018cc1509e0b728/volumes/detail returned with HTTP 200
Aug 24 18:20:20.653759 dv-cinder-840525-3-smb devstack@c-api.service[113945]: [pid: 113945|app: 0|req: 30/61] 10.222.0.17 () {60 vars in 1276 bytes} [Wed Aug 24 18:20:20 2022] GET /volume/v3/01ab1ef0d9c744278018cc1509e0b728/volumes/detail => generated 975 bytes in 202 msecs (HTTP/1.1 200) 7 headers in 286 bytes (1 switches on core 0)
Aug 24 18:20:20.655350 dv-cinder-840525-3-smb devstack@c-api.service[113945]: DEBUG cinder.api.middleware.request_id [None req-d88025b8-d9cd-42a2-88c5-4f5fdb1ff1e5 None None] RequestId filter calling following filter/app {{(pid=113945) _context_setter /opt/stack/cinder/cinder/api/middleware/request_id.py:62}}
Aug 24 18:20:20.660237 dv-cinder-840525-3-smb devstack@c-api.service[113945]: INFO cinder.api.openstack.wsgi [None req-d88025b8-d9cd-42a2-88c5-4f5fdb1ff1e5 tempest-GroupSnapshotsV319Test-2138431879 tempest-GroupSnapshotsV319Test-2138431879-project] GET http://10.222.0.17/volume/v3/f73ae81bf2084be29f992148e830fc2d/group_snapshots/634a4900-72f4-49e9-8d55-1c9d74d1fbdf
Aug 24 18:20:20.660948 dv-cinder-840525-3-smb devstack@c-api.service[113945]: DEBUG cinder.api.openstack.wsgi [None req-d88025b8-d9cd-42a2-88c5-4f5fdb1ff1e5 tempest-GroupSnapshotsV319Test-2138431879 tempest-GroupSnapshotsV319Test-2138431879-project] Empty body provided in request {{(pid=113945) get_body /opt/stack/cinder/cinder/api/openstack/wsgi.py:715}}
Aug 24 18:20:20.661666 dv-cinder-840525-3-smb devstack@c-api.service[113945]: DEBUG cinder.api.openstack.wsgi [None req-d88025b8-d9cd-42a2-88c5-4f5fdb1ff1e5 tempest-GroupSnapshotsV319Test-2138431879 tempest-GroupSnapshotsV319Test-2138431879-project] Calling method 'version_select' {{(pid=113945) _process_stack /opt/stack/cinder/cinder/api/openstack/wsgi.py:868}}
