May 04 18:56:55.412596 dv-cinder-840525-1-iscsi devstack@c-api.service[110040]: /usr/local/lib/python3.8/dist-packages/oslo_context/context.py:100: DeprecationWarning: Policy enforcement is depending on the value of is_admin. This key is deprecated. Please update your policy file to use the standard policy values.
May 04 18:56:55.412596 dv-cinder-840525-1-iscsi devstack@c-api.service[110040]: warnings.warn('Policy enforcement is depending on the value of '
May 04 18:56:55.419071 dv-cinder-840525-1-iscsi devstack@c-api.service[110040]: INFO cinder.api.v3.volumes [None req-e5a135b7-badd-4fdc-a4ad-86232bdff649 tempest-GroupSnapshotsV319Test-1866975335 tempest-GroupSnapshotsV319Test-1866975335-project] Create volume of 1 GB
May 04 18:56:55.492754 dv-cinder-840525-1-iscsi devstack@c-api.service[110040]: INFO cinder.volume.api [None req-e5a135b7-badd-4fdc-a4ad-86232bdff649 tempest-GroupSnapshotsV319Test-1866975335 tempest-GroupSnapshotsV319Test-1866975335-project] Availability Zones retrieved successfully.
May 04 18:56:55.515763 dv-cinder-840525-1-iscsi devstack@c-api.service[110039]: /usr/local/lib/python3.8/dist-packages/oslo_context/context.py:100: DeprecationWarning: Policy enforcement is depending on the value of is_admin. This key is deprecated. Please update your policy file to use the standard policy values.
May 04 18:56:55.515763 dv-cinder-840525-1-iscsi devstack@c-api.service[110039]: warnings.warn('Policy enforcement is depending on the value of '
May 04 18:56:55.520138 dv-cinder-840525-1-iscsi devstack@c-api.service[110039]: INFO cinder.volume.api [req-286051ee-c040-4963-9975-c209652e9475 req-66604ab3-8007-45d0-b666-a5ade27f2d42 tempest-VolumesSnapshotsTestJSON-1073766662 tempest-VolumesSnapshotsTestJSON-1073766662-project] Snapshot retrieved successfully.
May 04 18:56:55.520467 dv-cinder-840525-1-iscsi devstack@c-api.service[110040]: DEBUG cinder.volume.api [None req-e5a135b7-badd-4fdc-a4ad-86232bdff649 tempest-GroupSnapshotsV319Test-1866975335 tempest-GroupSnapshotsV319Test-1866975335-project] Flow 'volume_create_api' (9beba3ad-cf22-4fd1-9ab3-119ec407fe68) transitioned into state 'RUNNING' from state 'PENDING' {{(pid=110040) _flow_receiver /usr/local/lib/python3.8/dist-packages/taskflow/listeners/logging.py:141}}
May 04 18:56:55.523082 dv-cinder-840525-1-iscsi devstack@c-api.service[110040]: DEBUG cinder.volume.api [None req-e5a135b7-badd-4fdc-a4ad-86232bdff649 tempest-GroupSnapshotsV319Test-1866975335 tempest-GroupSnapshotsV319Test-1866975335-project] Task 'cinder.volume.flows.api.create_volume.ExtractVolumeRequestTask;volume:create' (1116b6db-1bf7-483f-8b0a-fed6722efd62) transitioned into state 'RUNNING' from state 'PENDING' {{(pid=110040) _task_receiver /usr/local/lib/python3.8/dist-packages/taskflow/listeners/logging.py:190}}
May 04 18:56:55.524670 dv-cinder-840525-1-iscsi devstack@c-api.service[110040]: /usr/local/lib/python3.8/dist-packages/oslo_context/context.py:100: DeprecationWarning: Policy enforcement is depending on the value of is_admin. This key is deprecated. Please update your policy file to use the standard policy values.
May 04 18:56:55.524670 dv-cinder-840525-1-iscsi devstack@c-api.service[110040]: warnings.warn('Policy enforcement is depending on the value of '
May 04 18:56:55.525260 dv-cinder-840525-1-iscsi devstack@c-api.service[110039]: INFO cinder.api.openstack.wsgi [req-286051ee-c040-4963-9975-c209652e9475 req-66604ab3-8007-45d0-b666-a5ade27f2d42 tempest-VolumesSnapshotsTestJSON-1073766662 tempest-VolumesSnapshotsTestJSON-1073766662-project] http://10.222.0.35/volume/v3/aa8f8387294749139d18c7dfc60e60b6/snapshots/d1539b3e-b9d4-4337-9ca2-4fdc7760fad0 returned with HTTP 200
May 04 18:56:55.526174 dv-cinder-840525-1-iscsi devstack@c-api.service[110039]: [pid: 110039|app: 0|req: 14/23] 10.222.0.35 () {60 vars in 1584 bytes} [Wed May 4 18:56:55 2022] GET /volume/v3/aa8f8387294749139d18c7dfc60e60b6/snapshots/d1539b3e-b9d4-4337-9ca2-4fdc7760fad0 => generated 442 bytes in 144 msecs (HTTP/1.1 200) 7 headers in 285 bytes (2 switches on core 0)
May 04 18:56:55.537906 dv-cinder-840525-1-iscsi devstack@c-api.service[110040]: DEBUG cinder.volume.flows.api.create_volume [None req-e5a135b7-badd-4fdc-a4ad-86232bdff649 tempest-GroupSnapshotsV319Test-1866975335 tempest-GroupSnapshotsV319Test-1866975335-project] Validating volume size '1' using validate_int {{(pid=110040) _extract_size /opt/stack/cinder/cinder/volume/flows/api/create_volume.py:225}}
May 04 18:56:55.562025 dv-cinder-840525-1-iscsi devstack@c-api.service[110039]: DEBUG cinder.api.middleware.request_id [req-c111ceea-9c65-4896-95e1-dee9e930630c req-711b5b4e-c4b7-42df-a6b0-d1bb45f704de None None] RequestId filter calling following filter/app {{(pid=110039) _context_setter /opt/stack/cinder/cinder/api/middleware/request_id.py:62}}
May 04 18:56:55.568055 dv-cinder-840525-1-iscsi devstack@c-api.service[110039]: INFO cinder.api.openstack.wsgi [req-c111ceea-9c65-4896-95e1-dee9e930630c req-711b5b4e-c4b7-42df-a6b0-d1bb45f704de tempest-VolumesNegativeTest-105394534 tempest-VolumesNegativeTest-105394534-project] DELETE http://10.222.0.35/volume/v3/5371f79e157f4af2abdd545d03cd92b6/volumes/tempest-invalid-200004683
May 04 18:56:55.568694 dv-cinder-840525-1-iscsi devstack@c-api.service[110039]: DEBUG cinder.api.openstack.wsgi [req-c111ceea-9c65-4896-95e1-dee9e930630c req-711b5b4e-c4b7-42df-a6b0-d1bb45f704de tempest-VolumesNegativeTest-105394534 tempest-VolumesNegativeTest-105394534-project] Empty body provided in request {{(pid=110039) get_body /opt/stack/cinder/cinder/api/openstack/wsgi.py:715}}
May 04 18:56:55.569375 dv-cinder-840525-1-iscsi devstack@c-api.service[110039]: DEBUG cinder.api.openstack.wsgi [req-c111ceea-9c65-4896-95e1-dee9e930630c req-711b5b4e-c4b7-42df-a6b0-d1bb45f704de tempest-VolumesNegativeTest-105394534 tempest-VolumesNegativeTest-105394534-project] Calling method 'delete' {{(pid=110039) _process_stack /opt/stack/cinder/cinder/api/openstack/wsgi.py:868}}
May 04 18:56:55.570024 dv-cinder-840525-1-iscsi devstack@c-api.service[110039]: INFO cinder.api.v3.volumes [req-c111ceea-9c65-4896-95e1-dee9e930630c req-711b5b4e-c4b7-42df-a6b0-d1bb45f704de tempest-VolumesNegativeTest-105394534 tempest-VolumesNegativeTest-105394534-project] Delete volume with id: tempest-invalid-200004683
May 04 18:56:55.589331 dv-cinder-840525-1-iscsi devstack@c-api.service[110040]: DEBUG cinder.volume.api [None req-e5a135b7-badd-4fdc-a4ad-86232bdff649 tempest-GroupSnapshotsV319Test-1866975335 tempest-GroupSnapshotsV319Test-1866975335-project] Task 'cinder.volume.flows.api.create_volume.ExtractVolumeRequestTask;volume:create' (1116b6db-1bf7-483f-8b0a-fed6722efd62) transitioned into state 'SUCCESS' from state 'RUNNING' with result '{'size': 1, 'snapshot_id': None, 'source_volid': None, 'volume_type': VolumeType(created_at=2022-05-04T18:56:53Z,deleted=False,deleted_at=None,description=None,extra_specs={},id=56c3ea03-b00c-4dea-a31a-a3ca2a69fb0c,is_public=True,name='tempest-GroupSnapshotsV319Test-volume-type-541918147',projects=[],qos_specs=,qos_specs_id=None,updated_at=None), 'volume_type_id': '56c3ea03-b00c-4dea-a31a-a3ca2a69fb0c', 'encryption_key_id': None, 'qos_specs': None, 'consistencygroup_id': None, 'cgsnapshot_id': None, 'group_id': '7883ae75-0008-49be-a16e-c5f63fba211f', 'replication_status': 'disabled', 'refresh_az': False, 'backup_id': None, 'multiattach': False, 'availability_zones': ['nova']}' {{(pid=110040) _task_receiver /usr/local/lib/python3.8/dist-packages/taskflow/listeners/logging.py:178}}
May 04 18:56:55.598072 dv-cinder-840525-1-iscsi devstack@c-api.service[110040]: DEBUG cinder.volume.api [None req-e5a135b7-badd-4fdc-a4ad-86232bdff649 tempest-GroupSnapshotsV319Test-1866975335 tempest-GroupSnapshotsV319Test-1866975335-project] Task 'cinder.volume.flows.api.create_volume.QuotaReserveTask;volume:create' (d95b2e27-8cd9-428d-a7c0-fa364b30ccc9) transitioned into state 'RUNNING' from state 'PENDING' {{(pid=110040) _task_receiver /usr/local/lib/python3.8/dist-packages/taskflow/listeners/logging.py:190}}
May 04 18:56:55.598498 dv-cinder-840525-1-iscsi devstack@c-api.service[110039]: INFO cinder.api.openstack.wsgi [req-c111ceea-9c65-4896-95e1-dee9e930630c req-711b5b4e-c4b7-42df-a6b0-d1bb45f704de tempest-VolumesNegativeTest-105394534 tempest-VolumesNegativeTest-105394534-project] http://10.222.0.35/volume/v3/5371f79e157f4af2abdd545d03cd92b6/volumes/tempest-invalid-200004683 returned with HTTP 404
May 04 18:56:55.601644 dv-cinder-840525-1-iscsi devstack@c-api.service[110039]: [pid: 110039|app: 0|req: 15/24] 10.222.0.35 () {62 vars in 1567 bytes} [Wed May 4 18:56:55 2022] DELETE /volume/v3/5371f79e157f4af2abdd545d03cd92b6/volumes/tempest-invalid-200004683 => generated 98 bytes in 42 msecs (HTTP/1.1 404) 7 headers in 291 bytes (2 switches on core 0)
May 04 18:56:55.637411 dv-cinder-840525-1-iscsi devstack@c-api.service[110039]: DEBUG cinder.api.middleware.request_id [req-5bf6bb5e-c772-467f-a486-46d716448a90 req-6a7b7ede-9843-412c-b2c2-f404d21732aa None None] RequestId filter calling following filter/app {{(pid=110039) _context_setter /opt/stack/cinder/cinder/api/middleware/request_id.py:62}}
May 04 18:56:55.642658 dv-cinder-840525-1-iscsi devstack@c-api.service[110039]: INFO cinder.api.openstack.wsgi [req-5bf6bb5e-c772-467f-a486-46d716448a90 req-6a7b7ede-9843-412c-b2c2-f404d21732aa tempest-VolumesSnapshotsTestJSON-1073766662 tempest-VolumesSnapshotsTestJSON-1073766662-project] GET http://10.222.0.35/volume/v3/aa8f8387294749139d18c7dfc60e60b6/snapshots/detail
May 04 18:56:55.643315 dv-cinder-840525-1-iscsi devstack@c-api.service[110039]: DEBUG cinder.api.openstack.wsgi [req-5bf6bb5e-c772-467f-a486-46d716448a90 req-6a7b7ede-9843-412c-b2c2-f404d21732aa tempest-VolumesSnapshotsTestJSON-1073766662 tempest-VolumesSnapshotsTestJSON-1073766662-project] Empty body provided in request {{(pid=110039) get_body /opt/stack/cinder/cinder/api/openstack/wsgi.py:715}}
May 04 18:56:55.643994 dv-cinder-840525-1-iscsi devstack@c-api.service[110039]: DEBUG cinder.api.openstack.wsgi [req-5bf6bb5e-c772-467f-a486-46d716448a90 req-6a7b7ede-9843-412c-b2c2-f404d21732aa tempest-VolumesSnapshotsTestJSON-1073766662 tempest-VolumesSnapshotsTestJSON-1073766662-project] Calling method 'detail' {{(pid=110039) _process_stack /opt/stack/cinder/cinder/api/openstack/wsgi.py:868}}
May 04 18:56:55.645336 dv-cinder-840525-1-iscsi devstack@c-api.service[110039]: DEBUG cinder.api.api_utils [req-5bf6bb5e-c772-467f-a486-46d716448a90 req-6a7b7ede-9843-412c-b2c2-f404d21732aa tempest-VolumesSnapshotsTestJSON-1073766662 tempest-VolumesSnapshotsTestJSON-1073766662-project] Removing options '' from query. {{(pid=110039) remove_invalid_filter_options /opt/stack/cinder/cinder/api/api_utils.py:73}}
May 04 18:56:55.650785 dv-cinder-840525-1-iscsi devstack@c-api.service[110039]: DEBUG cinder.db.sqlalchemy.api [req-5bf6bb5e-c772-467f-a486-46d716448a90 req-6a7b7ede-9843-412c-b2c2-f404d21732aa tempest-VolumesSnapshotsTestJSON-1073766662 tempest-VolumesSnapshotsTestJSON-1073766662-project] Building query based on filter {{(pid=110039) _process_snaps_filters /opt/stack/cinder/cinder/db/sqlalchemy/api.py:3459}}
May 04 18:56:55.665758 dv-cinder-840525-1-iscsi devstack@c-api.service[110040]: WARNING cinder.quota [None req-e5a135b7-badd-4fdc-a4ad-86232bdff649 tempest-GroupSnapshotsV319Test-1866975335 tempest-GroupSnapshotsV319Test-1866975335-project] Deprecated: Default quota for resource: volumes_tempest-GroupSnapshotsV319Test-volume-type-541918147 is set by the default quota flag: quota_volumes_tempest-GroupSnapshotsV319Test-volume-type-541918147, it is now deprecated. Please use the default quota class for default quota.
May 04 18:56:55.668406 dv-cinder-840525-1-iscsi devstack@c-api.service[110040]: WARNING cinder.quota [None req-e5a135b7-badd-4fdc-a4ad-86232bdff649 tempest-GroupSnapshotsV319Test-1866975335 tempest-GroupSnapshotsV319Test-1866975335-project] Deprecated: Default quota for resource: gigabytes_tempest-GroupSnapshotsV319Test-volume-type-541918147 is set by the default quota flag: quota_gigabytes_tempest-GroupSnapshotsV319Test-volume-type-541918147, it is now deprecated. Please use the default quota class for default quota.
May 04 18:56:55.705026 dv-cinder-840525-1-iscsi devstack@c-api.service[110039]: INFO cinder.volume.api [req-5bf6bb5e-c772-467f-a486-46d716448a90 req-6a7b7ede-9843-412c-b2c2-f404d21732aa tempest-VolumesSnapshotsTestJSON-1073766662 tempest-VolumesSnapshotsTestJSON-1073766662-project] Get all snapshots completed successfully.
May 04 18:56:55.707508 dv-cinder-840525-1-iscsi devstack@c-api.service[110039]: /usr/local/lib/python3.8/dist-packages/oslo_context/context.py:100: DeprecationWarning: Policy enforcement is depending on the value of is_admin. This key is deprecated. Please update your policy file to use the standard policy values.
May 04 18:56:55.707508 dv-cinder-840525-1-iscsi devstack@c-api.service[110039]: warnings.warn('Policy enforcement is depending on the value of '
May 04 18:56:55.713364 dv-cinder-840525-1-iscsi devstack@c-api.service[110039]: INFO cinder.api.openstack.wsgi [req-5bf6bb5e-c772-467f-a486-46d716448a90 req-6a7b7ede-9843-412c-b2c2-f404d21732aa tempest-VolumesSnapshotsTestJSON-1073766662 tempest-VolumesSnapshotsTestJSON-1073766662-project] http://10.222.0.35/volume/v3/aa8f8387294749139d18c7dfc60e60b6/snapshots/detail returned with HTTP 200
May 04 18:56:55.716674 dv-cinder-840525-1-iscsi devstack@c-api.service[110039]: [pid: 110039|app: 0|req: 16/25] 10.222.0.35 () {60 vars in 1494 bytes} [Wed May 4 18:56:55 2022] GET /volume/v3/aa8f8387294749139d18c7dfc60e60b6/snapshots/detail => generated 445 bytes in 80 msecs (HTTP/1.1 200) 7 headers in 285 bytes (2 switches on core 0)
May 04 18:56:55.778280 dv-cinder-840525-1-iscsi devstack@c-api.service[110040]: DEBUG cinder.quota [None req-e5a135b7-badd-4fdc-a4ad-86232bdff649 tempest-GroupSnapshotsV319Test-1866975335 tempest-GroupSnapshotsV319Test-1866975335-project] Created reservations ['be5f6274-cce2-4811-a070-382f1298ff49', 'f9fc7a7f-00db-476a-8878-d359f2cb4a08', 'a034655f-46c9-480e-accd-3dc2cda14c48', '845148f0-be0c-4259-a842-159d3a49c35c'] {{(pid=110040) reserve /opt/stack/cinder/cinder/quota.py:755}}
May 04 18:56:55.780378 dv-cinder-840525-1-iscsi devstack@c-api.service[110040]: DEBUG cinder.volume.api [None req-e5a135b7-badd-4fdc-a4ad-86232bdff649 tempest-GroupSnapshotsV319Test-1866975335 tempest-GroupSnapshotsV319Test-1866975335-project] Task 'cinder.volume.flows.api.create_volume.QuotaReserveTask;volume:create' (d95b2e27-8cd9-428d-a7c0-fa364b30ccc9) transitioned into state 'SUCCESS' from state 'RUNNING' with result '{'reservations': ['be5f6274-cce2-4811-a070-382f1298ff49', 'f9fc7a7f-00db-476a-8878-d359f2cb4a08', 'a034655f-46c9-480e-accd-3dc2cda14c48', '845148f0-be0c-4259-a842-159d3a49c35c']}' {{(pid=110040) _task_receiver /usr/local/lib/python3.8/dist-packages/taskflow/listeners/logging.py:178}}
May 04 18:56:55.782820 dv-cinder-840525-1-iscsi devstack@c-api.service[110040]: DEBUG cinder.volume.api [None req-e5a135b7-badd-4fdc-a4ad-86232bdff649 tempest-GroupSnapshotsV319Test-1866975335 tempest-GroupSnapshotsV319Test-1866975335-project] Task 'cinder.volume.flows.api.create_volume.EntryCreateTask;volume:create' (c4c9890c-31b3-4d9d-afd8-f8a91106b1fe) transitioned into state 'RUNNING' from state 'PENDING' {{(pid=110040) _task_receiver /usr/local/lib/python3.8/dist-packages/taskflow/listeners/logging.py:190}}
May 04 18:56:55.783065 dv-cinder-840525-1-iscsi devstack@c-api.service[110039]: DEBUG cinder.api.middleware.request_id [req-bb9c096a-6989-4d38-9965-9b71b0a8affe req-1fa99919-15f2-414e-8d29-d2a1d463eadb None None] RequestId filter calling following filter/app {{(pid=110039) _context_setter /opt/stack/cinder/cinder/api/middleware/request_id.py:62}}
May 04 18:56:55.788624 dv-cinder-840525-1-iscsi devstack@c-api.service[110039]: INFO cinder.api.openstack.wsgi [req-bb9c096a-6989-4d38-9965-9b71b0a8affe req-1fa99919-15f2-414e-8d29-d2a1d463eadb tempest-VolumesSnapshotsTestJSON-1073766662 tempest-VolumesSnapshotsTestJSON-1073766662-project] GET http://10.222.0.35/volume/v3/aa8f8387294749139d18c7dfc60e60b6/snapshots/d1539b3e-b9d4-4337-9ca2-4fdc7760fad0
May 04 18:56:55.789351 dv-cinder-840525-1-iscsi devstack@c-api.service[110039]: DEBUG cinder.api.openstack.wsgi [req-bb9c096a-6989-4d38-9965-9b71b0a8affe req-1fa99919-15f2-414e-8d29-d2a1d463eadb tempest-VolumesSnapshotsTestJSON-1073766662 tempest-VolumesSnapshotsTestJSON-1073766662-project] Empty body provided in request {{(pid=110039) get_body /opt/stack/cinder/cinder/api/openstack/wsgi.py:715}}
May 04 18:56:55.790038 dv-cinder-840525-1-iscsi devstack@c-api.service[110039]: DEBUG cinder.api.openstack.wsgi [req-bb9c096a-6989-4d38-9965-9b71b0a8affe req-1fa99919-15f2-414e-8d29-d2a1d463eadb tempest-VolumesSnapshotsTestJSON-1073766662 tempest-VolumesSnapshotsTestJSON-1073766662-project] Calling method 'show' {{(pid=110039) _process_stack /opt/stack/cinder/cinder/api/openstack/wsgi.py:868}}
May 04 18:56:55.818680 dv-cinder-840525-1-iscsi devstack@c-api.service[110039]: /usr/local/lib/python3.8/dist-packages/oslo_context/context.py:100: DeprecationWarning: Policy enforcement is depending on the value of is_admin. This key is deprecated. Please update your policy file to use the standard policy values.
May 04 18:56:55.818680 dv-cinder-840525-1-iscsi devstack@c-api.service[110039]: warnings.warn('Policy enforcement is depending on the value of '
May 04 18:56:55.821805 dv-cinder-840525-1-iscsi devstack@c-api.service[110039]: INFO cinder.volume.api [req-bb9c096a-6989-4d38-9965-9b71b0a8affe req-1fa99919-15f2-414e-8d29-d2a1d463eadb tempest-VolumesSnapshotsTestJSON-1073766662 tempest-VolumesSnapshotsTestJSON-1073766662-project] Snapshot retrieved successfully.
May 04 18:56:55.828297 dv-cinder-840525-1-iscsi devstack@c-api.service[110040]: DEBUG cinder.volume.api [None req-e5a135b7-badd-4fdc-a4ad-86232bdff649 tempest-GroupSnapshotsV319Test-1866975335 tempest-GroupSnapshotsV319Test-1866975335-project] Task 'cinder.volume.flows.api.create_volume.EntryCreateTask;volume:create' (c4c9890c-31b3-4d9d-afd8-f8a91106b1fe) transitioned into state 'SUCCESS' from state 'RUNNING' with result '{'volume_id': '54a6eced-de99-4fe4-923f-e4b23493f996', 'volume_properties': VolumeProperties(attach_status='detached',availability_zone='nova',cgsnapshot_id=None,consistencygroup_id=None,display_description=None,display_name='tempest-GroupSnapshotsV319Test-Volume-1031673641',encryption_key_id=None,group_id=7883ae75-0008-49be-a16e-c5f63fba211f,group_type_id=,metadata={},multiattach=False,project_id='e3511ea328864fb782d9ded7da6e1b83',qos_specs=None,replication_status=,reservations=['be5f6274-cce2-4811-a070-382f1298ff49','f9fc7a7f-00db-476a-8878-d359f2cb4a08','a034655f-46c9-480e-accd-3dc2cda14c48','845148f0-be0c-4259-a842-159d3a49c35c'],size=1,snapshot_id=None,source_replicaid=,source_volid=None,status='creating',user_id='37bdc8fd9f824937bf55ad43daae4787',volume_type_id=56c3ea03-b00c-4dea-a31a-a3ca2a69fb0c), 'volume': Volume(_name_id=None,admin_metadata=,attach_status='detached',availability_zone='nova',bootable=False,cluster=,cluster_name=None,consistencygroup=,consistencygroup_id=None,created_at=2022-05-04T18:56:55Z,deleted=False,deleted_at=None,display_description=None,display_name='tempest-GroupSnapshotsV319Test-Volume-1031673641',ec2_id=None,encryption_key_id=None,glance_metadata=,group=,group_id=7883ae75-0008-49be-a16e-c5f63fba211f,host=None,id=54a6eced-de99-4fe4-923f-e4b23493f996,launched_at=None,metadata={},migration_status=None,multiattach=False,previous_status=None,project_id='e3511ea328864fb782d9ded7da6e1b83',provider_auth=None,provider_geometry=None,provider_id=None,provider_location=None,replication_driver_data=None,replication_extended_status=None,replication_status=None,scheduled_at=None,service_uuid=None,shared_targets=True,size=1,snapshot_id=None,snapshots=,source_volid=None,status='creating',terminated_at=None,updated_at=None,use_quota=True,user_id='37bdc8fd9f824937bf55ad43daae4787',volume_attachment=VolumeAttachmentList,volume_type=VolumeType(56c3ea03-b00c-4dea-a31a-a3ca2a69fb0c),volume_type_id=56c3ea03-b00c-4dea-a31a-a3ca2a69fb0c)}' {{(pid=110040) _task_receiver /usr/local/lib/python3.8/dist-packages/taskflow/listeners/logging.py:178}}
May 04 18:56:55.830563 dv-cinder-840525-1-iscsi devstack@c-api.service[110039]: INFO cinder.api.openstack.wsgi [req-bb9c096a-6989-4d38-9965-9b71b0a8affe req-1fa99919-15f2-414e-8d29-d2a1d463eadb tempest-VolumesSnapshotsTestJSON-1073766662 tempest-VolumesSnapshotsTestJSON-1073766662-project] http://10.222.0.35/volume/v3/aa8f8387294749139d18c7dfc60e60b6/snapshots/d1539b3e-b9d4-4337-9ca2-4fdc7760fad0 returned with HTTP 200
May 04 18:56:55.832442 dv-cinder-840525-1-iscsi devstack@c-api.service[110039]: [pid: 110039|app: 0|req: 17/26] 10.222.0.35 () {60 vars in 1584 bytes} [Wed May 4 18:56:55 2022] GET /volume/v3/aa8f8387294749139d18c7dfc60e60b6/snapshots/d1539b3e-b9d4-4337-9ca2-4fdc7760fad0 => generated 442 bytes in 50 msecs (HTTP/1.1 200) 7 headers in 285 bytes (1 switches on core 0)
May 04 18:56:55.835140 dv-cinder-840525-1-iscsi devstack@c-api.service[110040]: DEBUG cinder.volume.api [None req-e5a135b7-badd-4fdc-a4ad-86232bdff649 tempest-GroupSnapshotsV319Test-1866975335 tempest-GroupSnapshotsV319Test-1866975335-project] Task 'cinder.volume.flows.api.create_volume.QuotaCommitTask;volume:create' (bbf0302b-2c47-45d8-b8cf-fe3c569759bf) transitioned into state 'RUNNING' from state 'PENDING' {{(pid=110040) _task_receiver /usr/local/lib/python3.8/dist-packages/taskflow/listeners/logging.py:190}}
May 04 18:56:55.885942 dv-cinder-840525-1-iscsi devstack@c-api.service[110039]: DEBUG cinder.api.middleware.request_id [req-372c166b-7058-4ec8-b956-6a8783b54c19 req-3e13b116-77f8-4f16-a691-fdc203c485a4 None None] RequestId filter calling following filter/app {{(pid=110039) _context_setter /opt/stack/cinder/cinder/api/middleware/request_id.py:62}}
May 04 18:56:55.892509 dv-cinder-840525-1-iscsi devstack@c-api.service[110039]: INFO cinder.api.openstack.wsgi [req-372c166b-7058-4ec8-b956-6a8783b54c19 req-3e13b116-77f8-4f16-a691-fdc203c485a4 tempest-VolumesNegativeTest-105394534 tempest-VolumesNegativeTest-105394534-project] DELETE http://10.222.0.35/volume/v3/5371f79e157f4af2abdd545d03cd92b6/volumes/005d4450-ae8c-477a-8239-40446cc2568a
May 04 18:56:55.893084 dv-cinder-840525-1-iscsi devstack@c-api.service[110039]: DEBUG cinder.api.openstack.wsgi [req-372c166b-7058-4ec8-b956-6a8783b54c19 req-3e13b116-77f8-4f16-a691-fdc203c485a4 tempest-VolumesNegativeTest-105394534 tempest-VolumesNegativeTest-105394534-project] Empty body provided in request {{(pid=110039) get_body /opt/stack/cinder/cinder/api/openstack/wsgi.py:715}}
May 04 18:56:55.893706 dv-cinder-840525-1-iscsi devstack@c-api.service[110039]: DEBUG cinder.api.openstack.wsgi [req-372c166b-7058-4ec8-b956-6a8783b54c19 req-3e13b116-77f8-4f16-a691-fdc203c485a4 tempest-VolumesNegativeTest-105394534 tempest-VolumesNegativeTest-105394534-project] Calling method 'delete' {{(pid=110039) _process_stack /opt/stack/cinder/cinder/api/openstack/wsgi.py:868}}
May 04 18:56:55.894459 dv-cinder-840525-1-iscsi devstack@c-api.service[110039]: INFO cinder.api.v3.volumes [req-372c166b-7058-4ec8-b956-6a8783b54c19 req-3e13b116-77f8-4f16-a691-fdc203c485a4 tempest-VolumesNegativeTest-105394534 tempest-VolumesNegativeTest-105394534-project] Delete volume with id: 005d4450-ae8c-477a-8239-40446cc2568a
May 04 18:56:55.938011 dv-cinder-840525-1-iscsi devstack@c-api.service[110040]: DEBUG cinder.volume.api [None req-e5a135b7-badd-4fdc-a4ad-86232bdff649 tempest-GroupSnapshotsV319Test-1866975335 tempest-GroupSnapshotsV319Test-1866975335-project] Task 'cinder.volume.flows.api.create_volume.QuotaCommitTask;volume:create' (bbf0302b-2c47-45d8-b8cf-fe3c569759bf) transitioned into state 'SUCCESS' from state 'RUNNING' with result '{'volume_properties': VolumeProperties(attach_status='detached',availability_zone='nova',cgsnapshot_id=None,consistencygroup_id=None,display_description=None,display_name='tempest-GroupSnapshotsV319Test-Volume-1031673641',encryption_key_id=None,group_id=7883ae75-0008-49be-a16e-c5f63fba211f,group_type_id=,metadata={},multiattach=False,project_id='e3511ea328864fb782d9ded7da6e1b83',qos_specs=None,replication_status=,reservations=['be5f6274-cce2-4811-a070-382f1298ff49','f9fc7a7f-00db-476a-8878-d359f2cb4a08','a034655f-46c9-480e-accd-3dc2cda14c48','845148f0-be0c-4259-a842-159d3a49c35c'],size=1,snapshot_id=None,source_replicaid=,source_volid=None,status='creating',user_id='37bdc8fd9f824937bf55ad43daae4787',volume_type_id=56c3ea03-b00c-4dea-a31a-a3ca2a69fb0c)}' {{(pid=110040) _task_receiver /usr/local/lib/python3.8/dist-packages/taskflow/listeners/logging.py:178}}
May 04 18:56:55.951293 dv-cinder-840525-1-iscsi devstack@c-api.service[110039]: INFO cinder.api.openstack.wsgi [req-372c166b-7058-4ec8-b956-6a8783b54c19 req-3e13b116-77f8-4f16-a691-fdc203c485a4 tempest-VolumesNegativeTest-105394534 tempest-VolumesNegativeTest-105394534-project] http://10.222.0.35/volume/v3/5371f79e157f4af2abdd545d03cd92b6/volumes/005d4450-ae8c-477a-8239-40446cc2568a returned with HTTP 404
May 04 18:56:55.952414 dv-cinder-840525-1-iscsi devstack@c-api.service[110040]: DEBUG cinder.volume.api [None req-e5a135b7-badd-4fdc-a4ad-86232bdff649 tempest-GroupSnapshotsV319Test-1866975335 tempest-GroupSnapshotsV319Test-1866975335-project] Task 'cinder.volume.flows.api.create_volume.VolumeCastTask;volume:create' (f005fc97-8eca-4a90-a624-a47604cc3a28) transitioned into state 'RUNNING' from state 'PENDING' {{(pid=110040) _task_receiver /usr/local/lib/python3.8/dist-packages/taskflow/listeners/logging.py:190}}
May 04 18:56:55.962358 dv-cinder-840525-1-iscsi devstack@c-api.service[110039]: [pid: 110039|app: 0|req: 18/27] 10.222.0.35 () {62 vars in 1600 bytes} [Wed May 4 18:56:55 2022] DELETE /volume/v3/5371f79e157f4af2abdd545d03cd92b6/volumes/005d4450-ae8c-477a-8239-40446cc2568a => generated 109 bytes in 78 msecs (HTTP/1.1 404) 7 headers in 292 bytes (1 switches on core 0)
May 04 18:56:56.008475 dv-cinder-840525-1-iscsi devstack@c-api.service[110039]: DEBUG cinder.api.middleware.request_id [req-79ad4b8a-2fc8-41aa-9c56-16b240d141bd req-621c15af-c1c7-46bf-ad1f-067f87d847f2 None None] RequestId filter calling following filter/app {{(pid=110039) _context_setter /opt/stack/cinder/cinder/api/middleware/request_id.py:62}}
May 04 18:56:56.012266 dv-cinder-840525-1-iscsi devstack@c-api.service[110040]: DEBUG cinder.volume.api [None req-e5a135b7-badd-4fdc-a4ad-86232bdff649 tempest-GroupSnapshotsV319Test-1866975335 tempest-GroupSnapshotsV319Test-1866975335-project] Task 'cinder.volume.flows.api.create_volume.VolumeCastTask;volume:create' (f005fc97-8eca-4a90-a624-a47604cc3a28) transitioned into state 'SUCCESS' from state 'RUNNING' with result 'None' {{(pid=110040) _task_receiver /usr/local/lib/python3.8/dist-packages/taskflow/listeners/logging.py:178}}
May 04 18:56:56.013522 dv-cinder-840525-1-iscsi devstack@c-api.service[110039]: INFO cinder.api.openstack.wsgi [req-79ad4b8a-2fc8-41aa-9c56-16b240d141bd req-621c15af-c1c7-46bf-ad1f-067f87d847f2 tempest-VolumesNegativeTest-105394534 tempest-VolumesNegativeTest-105394534-project] GET http://10.222.0.35/volume/v3/5371f79e157f4af2abdd545d03cd92b6/volumes/75dd2f8f-b2fb-4ac5-9be7-626960455b9e
May 04 18:56:56.014492 dv-cinder-840525-1-iscsi devstack@c-api.service[110039]: DEBUG cinder.api.openstack.wsgi [req-79ad4b8a-2fc8-41aa-9c56-16b240d141bd req-621c15af-c1c7-46bf-ad1f-067f87d847f2 tempest-VolumesNegativeTest-105394534 tempest-VolumesNegativeTest-105394534-project] Empty body provided in request {{(pid=110039) get_body /opt/stack/cinder/cinder/api/openstack/wsgi.py:715}}
May 04 18:56:56.014952 dv-cinder-840525-1-iscsi devstack@c-api.service[110039]: DEBUG cinder.api.openstack.wsgi [req-79ad4b8a-2fc8-41aa-9c56-16b240d141bd req-621c15af-c1c7-46bf-ad1f-067f87d847f2 tempest-VolumesNegativeTest-105394534 tempest-VolumesNegativeTest-105394534-project] Calling method 'show' {{(pid=110039) _process_stack /opt/stack/cinder/cinder/api/openstack/wsgi.py:868}}
May 04 18:56:56.029540 dv-cinder-840525-1-iscsi devstack@c-api.service[110040]: DEBUG cinder.volume.api [None req-e5a135b7-badd-4fdc-a4ad-86232bdff649 tempest-GroupSnapshotsV319Test-1866975335 tempest-GroupSnapshotsV319Test-1866975335-project] Flow 'volume_create_api' (9beba3ad-cf22-4fd1-9ab3-119ec407fe68) transitioned into state 'SUCCESS' from state 'RUNNING' {{(pid=110040) _flow_receiver /usr/local/lib/python3.8/dist-packages/taskflow/listeners/logging.py:141}}
May 04 18:56:56.030662 dv-cinder-840525-1-iscsi devstack@c-api.service[110040]: INFO cinder.volume.api [None req-e5a135b7-badd-4fdc-a4ad-86232bdff649 tempest-GroupSnapshotsV319Test-1866975335 tempest-GroupSnapshotsV319Test-1866975335-project] Create volume request issued successfully.
May 04 18:56:56.034301 dv-cinder-840525-1-iscsi devstack@c-api.service[110040]: WARNING stevedore.named [None req-e5a135b7-badd-4fdc-a4ad-86232bdff649 tempest-GroupSnapshotsV319Test-1866975335 tempest-GroupSnapshotsV319Test-1866975335-project] Could not load cinder.keymgr.conf_key_mgr.ConfKeyManager
May 04 18:56:56.035154 dv-cinder-840525-1-iscsi devstack@c-api.service[110040]: WARNING castellan.key_manager [None req-e5a135b7-badd-4fdc-a4ad-86232bdff649 tempest-GroupSnapshotsV319Test-1866975335 tempest-GroupSnapshotsV319Test-1866975335-project] Deprecation Warning : cinder.keymgr.conf_key_mgr.ConfKeyManager is not a stevedore based driver, trying to load it as a class: stevedore.exception.NoMatches: No 'castellan.drivers' driver found, looking for 'cinder.keymgr.conf_key_mgr.ConfKeyManager'
May 04 18:56:56.044333 dv-cinder-840525-1-iscsi devstack@c-api.service[110039]: INFO cinder.api.openstack.wsgi [req-79ad4b8a-2fc8-41aa-9c56-16b240d141bd req-621c15af-c1c7-46bf-ad1f-067f87d847f2 tempest-VolumesNegativeTest-105394534 tempest-VolumesNegativeTest-105394534-project] http://10.222.0.35/volume/v3/5371f79e157f4af2abdd545d03cd92b6/volumes/75dd2f8f-b2fb-4ac5-9be7-626960455b9e returned with HTTP 404
May 04 18:56:56.045345 dv-cinder-840525-1-iscsi devstack@c-api.service[110039]: [pid: 110039|app: 0|req: 19/28] 10.222.0.35 () {60 vars in 1578 bytes} [Wed May 4 18:56:56 2022] GET /volume/v3/5371f79e157f4af2abdd545d03cd92b6/volumes/75dd2f8f-b2fb-4ac5-9be7-626960455b9e => generated 109 bytes in 38 msecs (HTTP/1.1 404) 7 headers in 292 bytes (2 switches on core 0)
May 04 18:56:56.081941 dv-cinder-840525-1-iscsi devstack@c-api.service[110040]: DEBUG oslo_db.sqlalchemy.engines [None req-e5a135b7-badd-4fdc-a4ad-86232bdff649 tempest-GroupSnapshotsV319Test-1866975335 tempest-GroupSnapshotsV319Test-1866975335-project] MySQL server mode set to STRICT_TRANS_TABLES,STRICT_ALL_TABLES,NO_ZERO_IN_DATE,NO_ZERO_DATE,ERROR_FOR_DIVISION_BY_ZERO,TRADITIONAL,NO_ENGINE_SUBSTITUTION {{(pid=110040) _check_effective_sql_mode /usr/local/lib/python3.8/dist-packages/oslo_db/sqlalchemy/engines.py:314}}
May 04 18:56:56.094132 dv-cinder-840525-1-iscsi devstack@c-api.service[110040]: /usr/local/lib/python3.8/dist-packages/oslo_context/context.py:100: DeprecationWarning: Policy enforcement is depending on the value of is_admin. This key is deprecated. Please update your policy file to use the standard policy values.
May 04 18:56:56.094132 dv-cinder-840525-1-iscsi devstack@c-api.service[110040]: warnings.warn('Policy enforcement is depending on the value of '
May 04 18:56:56.135009 dv-cinder-840525-1-iscsi devstack@c-api.service[110040]: INFO cinder.api.openstack.wsgi [None req-e5a135b7-badd-4fdc-a4ad-86232bdff649 tempest-GroupSnapshotsV319Test-1866975335 tempest-GroupSnapshotsV319Test-1866975335-project] http://10.222.0.35/volume/v3/e3511ea328864fb782d9ded7da6e1b83/volumes returned with HTTP 202
May 04 18:56:56.139179 dv-cinder-840525-1-iscsi devstack@c-api.service[110040]: [pid: 110040|app: 0|req: 10/29] 10.222.0.35 () {62 vars in 1276 bytes} [Wed May 4 18:56:55 2022] POST /volume/v3/e3511ea328864fb782d9ded7da6e1b83/volumes => generated 915 bytes in 839 msecs (HTTP/1.1 202) 7 headers in 292 bytes (1 switches on core 0)
May 04 18:56:56.152231 dv-cinder-840525-1-iscsi devstack@c-api.service[110039]: DEBUG cinder.api.middleware.request_id [None req-bac0b4af-25f3-4ae8-b231-c8bf4b9feddc None None] RequestId filter calling following filter/app {{(pid=110039) _context_setter /opt/stack/cinder/cinder/api/middleware/request_id.py:62}}
May 04 18:56:56.156352 dv-cinder-840525-1-iscsi devstack@c-api.service[110039]: INFO cinder.api.openstack.wsgi [None req-bac0b4af-25f3-4ae8-b231-c8bf4b9feddc tempest-GroupSnapshotsV319Test-1866975335 tempest-GroupSnapshotsV319Test-1866975335-project] GET http://10.222.0.35/volume/v3/e3511ea328864fb782d9ded7da6e1b83/volumes/54a6eced-de99-4fe4-923f-e4b23493f996
May 04 18:56:56.157008 dv-cinder-840525-1-iscsi devstack@c-api.service[110039]: DEBUG cinder.api.openstack.wsgi [None req-bac0b4af-25f3-4ae8-b231-c8bf4b9feddc tempest-GroupSnapshotsV319Test-1866975335 tempest-GroupSnapshotsV319Test-1866975335-project] Empty body provided in request {{(pid=110039) get_body /opt/stack/cinder/cinder/api/openstack/wsgi.py:715}}
May 04 18:56:56.157673 dv-cinder-840525-1-iscsi devstack@c-api.service[110039]: DEBUG cinder.api.openstack.wsgi [None req-bac0b4af-25f3-4ae8-b231-c8bf4b9feddc tempest-GroupSnapshotsV319Test-1866975335 tempest-GroupSnapshotsV319Test-1866975335-project] Calling method 'show' {{(pid=110039) _process_stack /opt/stack/cinder/cinder/api/openstack/wsgi.py:868}}
May 04 18:56:56.194076 dv-cinder-840525-1-iscsi devstack@c-api.service[110039]: /usr/local/lib/python3.8/dist-packages/oslo_context/context.py:100: DeprecationWarning: Policy enforcement is depending on the value of is_admin. This key is deprecated. Please update your policy file to use the standard policy values.
May 04 18:56:56.194076 dv-cinder-840525-1-iscsi devstack@c-api.service[110039]: warnings.warn('Policy enforcement is depending on the value of '
May 04 18:56:56.219428 dv-cinder-840525-1-iscsi devstack@c-api.service[110039]: INFO cinder.volume.api [None req-bac0b4af-25f3-4ae8-b231-c8bf4b9feddc tempest-GroupSnapshotsV319Test-1866975335 tempest-GroupSnapshotsV319Test-1866975335-project] Volume info retrieved successfully.
May 04 18:56:56.221095 dv-cinder-840525-1-iscsi devstack@c-api.service[110039]: WARNING stevedore.named [None req-bac0b4af-25f3-4ae8-b231-c8bf4b9feddc tempest-GroupSnapshotsV319Test-1866975335 tempest-GroupSnapshotsV319Test-1866975335-project] Could not load cinder.keymgr.conf_key_mgr.ConfKeyManager
May 04 18:56:56.221667 dv-cinder-840525-1-iscsi devstack@c-api.service[110039]: WARNING castellan.key_manager [None req-bac0b4af-25f3-4ae8-b231-c8bf4b9feddc tempest-GroupSnapshotsV319Test-1866975335 tempest-GroupSnapshotsV319Test-1866975335-project] Deprecation Warning : cinder.keymgr.conf_key_mgr.ConfKeyManager is not a stevedore based driver, trying to load it as a class: stevedore.exception.NoMatches: No 'castellan.drivers' driver found, looking for 'cinder.keymgr.conf_key_mgr.ConfKeyManager'
May 04 18:56:56.238880 dv-cinder-840525-1-iscsi devstack@c-api.service[110039]: DEBUG oslo_db.sqlalchemy.engines [None req-bac0b4af-25f3-4ae8-b231-c8bf4b9feddc tempest-GroupSnapshotsV319Test-1866975335 tempest-GroupSnapshotsV319Test-1866975335-project] MySQL server mode set to STRICT_TRANS_TABLES,STRICT_ALL_TABLES,NO_ZERO_IN_DATE,NO_ZERO_DATE,ERROR_FOR_DIVISION_BY_ZERO,TRADITIONAL,NO_ENGINE_SUBSTITUTION {{(pid=110039) _check_effective_sql_mode /usr/local/lib/python3.8/dist-packages/oslo_db/sqlalchemy/engines.py:314}}
May 04 18:56:56.244811 dv-cinder-840525-1-iscsi devstack@c-api.service[110039]: /usr/local/lib/python3.8/dist-packages/oslo_context/context.py:100: DeprecationWarning: Policy enforcement is depending on the value of is_admin. This key is deprecated. Please update your policy file to use the standard policy values.
May 04 18:56:56.244811 dv-cinder-840525-1-iscsi devstack@c-api.service[110039]: warnings.warn('Policy enforcement is depending on the value of '
May 04 18:56:56.277915 dv-cinder-840525-1-iscsi devstack@c-api.service[110039]: INFO cinder.api.openstack.wsgi [None req-bac0b4af-25f3-4ae8-b231-c8bf4b9feddc tempest-GroupSnapshotsV319Test-1866975335 tempest-GroupSnapshotsV319Test-1866975335-project] http://10.222.0.35/volume/v3/e3511ea328864fb782d9ded7da6e1b83/volumes/54a6eced-de99-4fe4-923f-e4b23493f996 returned with HTTP 200
May 04 18:56:56.278889 dv-cinder-840525-1-iscsi devstack@c-api.service[110039]: [pid: 110039|app: 0|req: 20/30] 10.222.0.35 () {60 vars in 1365 bytes} [Wed May 4 18:56:56 2022] GET /volume/v3/e3511ea328864fb782d9ded7da6e1b83/volumes/54a6eced-de99-4fe4-923f-e4b23493f996 => generated 983 bytes in 128 msecs (HTTP/1.1 200) 7 headers in 286 bytes (1 switches on core 0)
May 04 18:56:56.317312 dv-cinder-840525-1-iscsi devstack@c-api.service[110040]: DEBUG cinder.api.middleware.request_id [None req-acb35b7c-ccf0-48f0-866a-4c5883c24971 None None] RequestId filter calling following filter/app {{(pid=110040) _context_setter /opt/stack/cinder/cinder/api/middleware/request_id.py:62}}
May 04 18:56:56.327009 dv-cinder-840525-1-iscsi devstack@c-api.service[110040]: INFO cinder.api.openstack.wsgi [None req-acb35b7c-ccf0-48f0-866a-4c5883c24971 tempest-VolumesTestJSON-48984003 tempest-VolumesTestJSON-48984003-project] GET http://10.222.0.35/volume/v3/a42cb39e34c5497496e00c7a842cd3e5/volumes/2c3398b5-118a-4637-8dfb-5a0a7e5b995a
May 04 18:56:56.328115 dv-cinder-840525-1-iscsi devstack@c-api.service[110040]: DEBUG cinder.api.openstack.wsgi [None req-acb35b7c-ccf0-48f0-866a-4c5883c24971 tempest-VolumesTestJSON-48984003 tempest-VolumesTestJSON-48984003-project] Empty body provided in request {{(pid=110040) get_body /opt/stack/cinder/cinder/api/openstack/wsgi.py:715}}
May 04 18:56:56.328936 dv-cinder-840525-1-iscsi devstack@c-api.service[110040]: DEBUG cinder.api.openstack.wsgi [None req-acb35b7c-ccf0-48f0-866a-4c5883c24971 tempest-VolumesTestJSON-48984003 tempest-VolumesTestJSON-48984003-project] Calling method 'show' {{(pid=110040) _process_stack /opt/stack/cinder/cinder/api/openstack/wsgi.py:868}}
May 04 18:56:56.393885 dv-cinder-840525-1-iscsi devstack@c-api.service[110040]: /usr/local/lib/python3.8/dist-packages/oslo_context/context.py:100: DeprecationWarning: Policy enforcement is depending on the value of is_admin. This key is deprecated. Please update your policy file to use the standard policy values.
May 04 18:56:56.393885 dv-cinder-840525-1-iscsi devstack@c-api.service[110040]: warnings.warn('Policy enforcement is depending on the value of '
May 04 18:56:56.424224 dv-cinder-840525-1-iscsi devstack@c-api.service[110040]: INFO cinder.volume.api [None req-acb35b7c-ccf0-48f0-866a-4c5883c24971 tempest-VolumesTestJSON-48984003 tempest-VolumesTestJSON-48984003-project] Volume info retrieved successfully.
May 04 18:56:56.442366 dv-cinder-840525-1-iscsi devstack@c-api.service[110040]: INFO cinder.api.openstack.wsgi [None req-acb35b7c-ccf0-48f0-866a-4c5883c24971 tempest-VolumesTestJSON-48984003 tempest-VolumesTestJSON-48984003-project] http://10.222.0.35/volume/v3/a42cb39e34c5497496e00c7a842cd3e5/volumes/2c3398b5-118a-4637-8dfb-5a0a7e5b995a returned with HTTP 200
May 04 18:56:56.455085 dv-cinder-840525-1-iscsi devstack@c-api.service[110040]: [pid: 110040|app: 0|req: 11/31] 10.222.0.35 () {58 vars in 1324 bytes} [Wed May 4 18:56:56 2022] GET /volume/v3/a42cb39e34c5497496e00c7a842cd3e5/volumes/2c3398b5-118a-4637-8dfb-5a0a7e5b995a => generated 921 bytes in 141 msecs (HTTP/1.1 200) 7 headers in 285 bytes (1 switches on core 0)
May 04 18:56:56.493253 dv-cinder-840525-1-iscsi devstack@c-api.service[110039]: DEBUG cinder.api.middleware.request_id [req-9738b2c5-a65c-4dd9-807b-c9ce9e4f5302 req-f8abf473-fa0d-486c-b1ce-d546f9c6d0bb None None] RequestId filter calling following filter/app {{(pid=110039) _context_setter /opt/stack/cinder/cinder/api/middleware/request_id.py:62}}
May 04 18:56:56.502909 dv-cinder-840525-1-iscsi devstack@c-api.service[110039]: INFO cinder.api.openstack.wsgi [req-9738b2c5-a65c-4dd9-807b-c9ce9e4f5302 req-f8abf473-fa0d-486c-b1ce-d546f9c6d0bb tempest-VolumesTestJSON-48984003 tempest-VolumesTestJSON-48984003-project] GET http://10.222.0.35/volume/v3/a42cb39e34c5497496e00c7a842cd3e5/volumes/2c3398b5-118a-4637-8dfb-5a0a7e5b995a
May 04 18:56:56.503611 dv-cinder-840525-1-iscsi devstack@c-api.service[110039]: DEBUG cinder.api.openstack.wsgi [req-9738b2c5-a65c-4dd9-807b-c9ce9e4f5302 req-f8abf473-fa0d-486c-b1ce-d546f9c6d0bb tempest-VolumesTestJSON-48984003 tempest-VolumesTestJSON-48984003-project] Empty body provided in request {{(pid=110039) get_body /opt/stack/cinder/cinder/api/openstack/wsgi.py:715}}
May 04 18:56:56.504246 dv-cinder-840525-1-iscsi devstack@c-api.service[110039]: DEBUG cinder.api.openstack.wsgi [req-9738b2c5-a65c-4dd9-807b-c9ce9e4f5302 req-f8abf473-fa0d-486c-b1ce-d546f9c6d0bb tempest-VolumesTestJSON-48984003 tempest-VolumesTestJSON-48984003-project] Calling method 'show' {{(pid=110039) _process_stack /opt/stack/cinder/cinder/api/openstack/wsgi.py:868}}
May 04 18:56:56.546414 dv-cinder-840525-1-iscsi devstack@c-api.service[110039]: /usr/local/lib/python3.8/dist-packages/oslo_context/context.py:100: DeprecationWarning: Policy enforcement is depending on the value of is_admin. This key is deprecated. Please update your policy file to use the standard policy values.
May 04 18:56:56.546414 dv-cinder-840525-1-iscsi devstack@c-api.service[110039]: warnings.warn('Policy enforcement is depending on the value of '
May 04 18:56:56.564444 dv-cinder-840525-1-iscsi devstack@c-api.service[110039]: INFO cinder.volume.api [req-9738b2c5-a65c-4dd9-807b-c9ce9e4f5302 req-f8abf473-fa0d-486c-b1ce-d546f9c6d0bb tempest-VolumesTestJSON-48984003 tempest-VolumesTestJSON-48984003-project] Volume info retrieved successfully.
May 04 18:56:56.588309 dv-cinder-840525-1-iscsi devstack@c-api.service[110039]: INFO cinder.api.openstack.wsgi [req-9738b2c5-a65c-4dd9-807b-c9ce9e4f5302 req-f8abf473-fa0d-486c-b1ce-d546f9c6d0bb tempest-VolumesTestJSON-48984003 tempest-VolumesTestJSON-48984003-project] http://10.222.0.35/volume/v3/a42cb39e34c5497496e00c7a842cd3e5/volumes/2c3398b5-118a-4637-8dfb-5a0a7e5b995a returned with HTTP 200
May 04 18:56:56.591286 dv-cinder-840525-1-iscsi devstack@c-api.service[110039]: [pid: 110039|app: 0|req: 21/32] 10.222.0.35 () {60 vars in 1578 bytes} [Wed May 4 18:56:56 2022] GET /volume/v3/a42cb39e34c5497496e00c7a842cd3e5/volumes/2c3398b5-118a-4637-8dfb-5a0a7e5b995a => generated 921 bytes in 99 msecs (HTTP/1.1 200) 7 headers in 285 bytes (1 switches on core 0)
May 04 18:56:56.602607 dv-cinder-840525-1-iscsi devstack@c-api.service[110040]: DEBUG cinder.api.middleware.request_id [None req-6a30d5e6-7ca6-47b1-b832-dbcad60b3836 None None] RequestId filter calling following filter/app {{(pid=110040) _context_setter /opt/stack/cinder/cinder/api/middleware/request_id.py:62}}
May 04 18:56:56.606359 dv-cinder-840525-1-iscsi devstack@c-api.service[110040]: INFO cinder.api.openstack.wsgi [None req-6a30d5e6-7ca6-47b1-b832-dbcad60b3836 tempest-VolumesTestJSON-48984003 tempest-VolumesTestJSON-48984003-project] POST http://10.222.0.35/volume/v3/a42cb39e34c5497496e00c7a842cd3e5/volumes
May 04 18:56:56.607069 dv-cinder-840525-1-iscsi devstack@c-api.service[110040]: DEBUG cinder.api.openstack.wsgi [None req-6a30d5e6-7ca6-47b1-b832-dbcad60b3836 tempest-VolumesTestJSON-48984003 tempest-VolumesTestJSON-48984003-project] Action: 'create', calling method: create, body: {"volume": {"metadata": {"Type": "work"}, "size": 1, "display_name": "tempest-VolumesTestJSON-volume-56136980"}} {{(pid=110040) _process_stack /opt/stack/cinder/cinder/api/openstack/wsgi.py:866}}
May 04 18:56:56.608446 dv-cinder-840525-1-iscsi devstack@c-api.service[110040]: DEBUG cinder.api.v3.volumes [None req-6a30d5e6-7ca6-47b1-b832-dbcad60b3836 tempest-VolumesTestJSON-48984003 tempest-VolumesTestJSON-48984003-project] Create volume request body: {'volume': {'metadata': {'Type': 'work'}, 'size': 1, 'display_name': 'tempest-VolumesTestJSON-volume-56136980'}} {{(pid=110040) create /opt/stack/cinder/cinder/api/v3/volumes.py:298}}
May 04 18:56:56.608793 dv-cinder-840525-1-iscsi devstack@c-api.service[110040]: INFO cinder.api.v3.volumes [None req-6a30d5e6-7ca6-47b1-b832-dbcad60b3836 tempest-VolumesTestJSON-48984003 tempest-VolumesTestJSON-48984003-project] Create volume of 1 GB
May 04 18:56:56.621826 dv-cinder-840525-1-iscsi devstack@c-api.service[110040]: INFO cinder.volume.api [None req-6a30d5e6-7ca6-47b1-b832-dbcad60b3836 tempest-VolumesTestJSON-48984003 tempest-VolumesTestJSON-48984003-project] Availability Zones retrieved successfully.
May 04 18:56:56.658896 dv-cinder-840525-1-iscsi devstack@c-api.service[110040]: DEBUG cinder.volume.api [None req-6a30d5e6-7ca6-47b1-b832-dbcad60b3836 tempest-VolumesTestJSON-48984003 tempest-VolumesTestJSON-48984003-project] Flow 'volume_create_api' (91dd44a3-49cc-42fc-b87a-db265603d435) transitioned into state 'RUNNING' from state 'PENDING' {{(pid=110040) _flow_receiver /usr/local/lib/python3.8/dist-packages/taskflow/listeners/logging.py:141}}
May 04 18:56:56.665641 dv-cinder-840525-1-iscsi devstack@c-api.service[110040]: DEBUG cinder.volume.api [None req-6a30d5e6-7ca6-47b1-b832-dbcad60b3836 tempest-VolumesTestJSON-48984003 tempest-VolumesTestJSON-48984003-project] Task 'cinder.volume.flows.api.create_volume.ExtractVolumeRequestTask;volume:create' (4aedcb2d-4ea6-4372-8848-95f75998f573) transitioned into state 'RUNNING' from state 'PENDING' {{(pid=110040) _task_receiver /usr/local/lib/python3.8/dist-packages/taskflow/listeners/logging.py:190}}
May 04 18:56:56.674004 dv-cinder-840525-1-iscsi devstack@c-api.service[110040]: DEBUG cinder.volume.flows.api.create_volume [None req-6a30d5e6-7ca6-47b1-b832-dbcad60b3836 tempest-VolumesTestJSON-48984003 tempest-VolumesTestJSON-48984003-project] Validating volume size '1' using validate_int {{(pid=110040) _extract_size /opt/stack/cinder/cinder/volume/flows/api/create_volume.py:225}}
May 04 18:56:56.763395 dv-cinder-840525-1-iscsi devstack@c-api.service[110040]: DEBUG cinder.volume.api [None req-6a30d5e6-7ca6-47b1-b832-dbcad60b3836 tempest-VolumesTestJSON-48984003 tempest-VolumesTestJSON-48984003-project] Task 'cinder.volume.flows.api.create_volume.ExtractVolumeRequestTask;volume:create' (4aedcb2d-4ea6-4372-8848-95f75998f573) transitioned into state 'SUCCESS' from state 'RUNNING' with result '{'size': 1, 'snapshot_id': None, 'source_volid': None, 'volume_type': VolumeType(created_at=2022-05-04T18:46:48Z,deleted=False,deleted_at=None,description='Default Volume Type',extra_specs={},id=b4237950-6098-4b3e-9262-93257df726d5,is_public=True,name='__DEFAULT__',projects=[],qos_specs=,qos_specs_id=None,updated_at=2022-05-04T18:46:48Z), 'volume_type_id': 'b4237950-6098-4b3e-9262-93257df726d5', 'encryption_key_id': None, 'qos_specs': None, 'consistencygroup_id': None, 'cgsnapshot_id': None, 'group_id': None, 'replication_status': 'disabled', 'refresh_az': False, 'backup_id': None, 'multiattach': False, 'availability_zones': ['nova']}' {{(pid=110040) _task_receiver /usr/local/lib/python3.8/dist-packages/taskflow/listeners/logging.py:178}}
May 04 18:56:56.770609 dv-cinder-840525-1-iscsi devstack@c-api.service[110040]: DEBUG cinder.volume.api [None req-6a30d5e6-7ca6-47b1-b832-dbcad60b3836 tempest-VolumesTestJSON-48984003 tempest-VolumesTestJSON-48984003-project] Task 'cinder.volume.flows.api.create_volume.QuotaReserveTask;volume:create' (4ee56c1e-4eba-405a-a5bd-a2808865028b) transitioned into state 'RUNNING' from state 'PENDING' {{(pid=110040) _task_receiver /usr/local/lib/python3.8/dist-packages/taskflow/listeners/logging.py:190}}
May 04 18:56:56.871350 dv-cinder-840525-1-iscsi devstack@c-api.service[110039]: DEBUG cinder.api.middleware.request_id [req-8800d4eb-b0f7-4092-b988-c284a4a4e8b6 req-d9bd5e32-c7fd-4957-8553-bd2078d9f904 None None] RequestId filter calling following filter/app {{(pid=110039) _context_setter /opt/stack/cinder/cinder/api/middleware/request_id.py:62}}
May 04 18:56:56.877062 dv-cinder-840525-1-iscsi devstack@c-api.service[110039]: INFO cinder.api.openstack.wsgi [req-8800d4eb-b0f7-4092-b988-c284a4a4e8b6 req-d9bd5e32-c7fd-4957-8553-bd2078d9f904 tempest-VolumesSnapshotsTestJSON-1073766662 tempest-VolumesSnapshotsTestJSON-1073766662-project] GET http://10.222.0.35/volume/v3/aa8f8387294749139d18c7dfc60e60b6/snapshots/d1539b3e-b9d4-4337-9ca2-4fdc7760fad0
May 04 18:56:56.877709 dv-cinder-840525-1-iscsi devstack@c-api.service[110039]: DEBUG cinder.api.openstack.wsgi [req-8800d4eb-b0f7-4092-b988-c284a4a4e8b6 req-d9bd5e32-c7fd-4957-8553-bd2078d9f904 tempest-VolumesSnapshotsTestJSON-1073766662 tempest-VolumesSnapshotsTestJSON-1073766662-project] Empty body provided in request {{(pid=110039) get_body /opt/stack/cinder/cinder/api/openstack/wsgi.py:715}}
May 04 18:56:56.878324 dv-cinder-840525-1-iscsi devstack@c-api.service[110039]: DEBUG cinder.api.openstack.wsgi [req-8800d4eb-b0f7-4092-b988-c284a4a4e8b6 req-d9bd5e32-c7fd-4957-8553-bd2078d9f904 tempest-VolumesSnapshotsTestJSON-1073766662 tempest-VolumesSnapshotsTestJSON-1073766662-project] Calling method 'show' {{(pid=110039) _process_stack /opt/stack/cinder/cinder/api/openstack/wsgi.py:868}}
May 04 18:56:56.897492 dv-cinder-840525-1-iscsi devstack@c-api.service[110039]: /usr/local/lib/python3.8/dist-packages/oslo_context/context.py:100: DeprecationWarning: Policy enforcement is depending on the value of is_admin. This key is deprecated. Please update your policy file to use the standard policy values.
May 04 18:56:56.897492 dv-cinder-840525-1-iscsi devstack@c-api.service[110039]: warnings.warn('Policy enforcement is depending on the value of '
May 04 18:56:56.898878 dv-cinder-840525-1-iscsi devstack@c-api.service[110039]: INFO cinder.volume.api [req-8800d4eb-b0f7-4092-b988-c284a4a4e8b6 req-d9bd5e32-c7fd-4957-8553-bd2078d9f904 tempest-VolumesSnapshotsTestJSON-1073766662 tempest-VolumesSnapshotsTestJSON-1073766662-project] Snapshot retrieved successfully.
