May 04 17:50:18.817163 dv-cinder-840512-1-iscsi devstack@c-api.service[117273]: DEBUG cinder.api.openstack.wsgi [None req-4edae0d0-32c3-4834-853a-8163bed3f4ce tempest-GroupSnapshotsTest-186067426 tempest-GroupSnapshotsTest-186067426-project] Calling method 'version_select' {{(pid=117273) _process_stack /opt/stack/cinder/cinder/api/openstack/wsgi.py:868}}
May 04 17:50:18.817163 dv-cinder-840512-1-iscsi devstack@c-api.service[117273]: DEBUG cinder.api.v3.groups [None req-4edae0d0-32c3-4834-853a-8163bed3f4ce tempest-GroupSnapshotsTest-186067426 tempest-GroupSnapshotsTest-186067426-project] show called for member 110aaad0-0d90-4503-b7c1-875942e12377 {{(pid=117273) show /opt/stack/cinder/cinder/api/v3/groups.py:58}}
May 04 17:50:18.817698 dv-cinder-840512-1-iscsi devstack@c-api.service[117272]: DEBUG cinder.volume.api [None req-fca84a60-835a-4c02-94a6-ab0cd52228c9 tempest-VolumeTypesAccessTest-1203064444 tempest-VolumeTypesAccessTest-1203064444-project] Task 'cinder.volume.flows.api.create_volume.QuotaCommitTask;volume:create' (f29ba92f-16a0-4c31-9ac1-90019eed29d7) transitioned into state 'SUCCESS' from state 'RUNNING' with result '{'volume_properties': VolumeProperties(attach_status='detached',availability_zone='nova',cgsnapshot_id=None,consistencygroup_id=None,display_description=None,display_name='tempest-VolumeTypesAccessTest-Volume-2070953023',encryption_key_id=None,group_id=None,group_type_id=,metadata={},multiattach=False,project_id='4d20668e54b349d780b21e9253b8a91c',qos_specs=None,replication_status=,reservations=['77c323c9-46bd-436d-9f54-70de9a97d7ec','d0a8fdcb-cd1e-4e3a-a342-4ffe4821e72f','adb991a6-4a99-49bb-9480-557dd537697a','99400a01-af95-4614-96bb-4de436648d9c'],size=1,snapshot_id=None,source_replicaid=,source_volid=None,status='creating',user_id='6dfbe728c4834164879916804947719c',volume_type_id=93fba76e-4030-4b8a-b5b8-f1343b45947b)}' {{(pid=117272) _task_receiver /usr/local/lib/python3.8/dist-packages/taskflow/listeners/logging.py:178}}
May 04 17:50:18.817698 dv-cinder-840512-1-iscsi devstack@c-api.service[117272]: DEBUG cinder.volume.api [None req-fca84a60-835a-4c02-94a6-ab0cd52228c9 tempest-VolumeTypesAccessTest-1203064444 tempest-VolumeTypesAccessTest-1203064444-project] Task 'cinder.volume.flows.api.create_volume.VolumeCastTask;volume:create' (4adc6fdb-c722-46c8-a4e8-79076ebe961d) transitioned into state 'RUNNING' from state 'PENDING' {{(pid=117272) _task_receiver /usr/local/lib/python3.8/dist-packages/taskflow/listeners/logging.py:190}}
May 04 17:50:18.823138 dv-cinder-840512-1-iscsi devstack@c-api.service[117273]: /usr/local/lib/python3.8/dist-packages/oslo_context/context.py:100: DeprecationWarning: Policy enforcement is depending on the value of is_admin. This key is deprecated. Please update your policy file to use the standard policy values.
May 04 17:50:18.823138 dv-cinder-840512-1-iscsi devstack@c-api.service[117273]: warnings.warn('Policy enforcement is depending on the value of '
May 04 17:50:18.846386 dv-cinder-840512-1-iscsi devstack@c-api.service[117273]: INFO cinder.api.openstack.wsgi [None req-4edae0d0-32c3-4834-853a-8163bed3f4ce tempest-GroupSnapshotsTest-186067426 tempest-GroupSnapshotsTest-186067426-project] http://10.222.0.81/volume/v3/8ae10404eb4c45889b684d3ec230227f/groups/110aaad0-0d90-4503-b7c1-875942e12377 returned with HTTP 200
May 04 17:50:18.847714 dv-cinder-840512-1-iscsi devstack@c-api.service[117273]: [pid: 117273|app: 0|req: 49/92] 10.222.0.81 () {60 vars in 1362 bytes} [Wed May 4 17:50:18 2022] GET /volume/v3/8ae10404eb4c45889b684d3ec230227f/groups/110aaad0-0d90-4503-b7c1-875942e12377 => generated 391 bytes in 41 msecs (HTTP/1.1 200) 7 headers in 286 bytes (1 switches on core 0)
May 04 17:50:18.854686 dv-cinder-840512-1-iscsi devstack@c-api.service[117273]: DEBUG cinder.api.middleware.request_id [None req-7f43235a-b567-4386-856c-9217cf51a041 None None] RequestId filter calling following filter/app {{(pid=117273) _context_setter /opt/stack/cinder/cinder/api/middleware/request_id.py:62}}
May 04 17:50:18.859782 dv-cinder-840512-1-iscsi devstack@c-api.service[117273]: INFO cinder.api.openstack.wsgi [None req-7f43235a-b567-4386-856c-9217cf51a041 tempest-GroupsTest-1357560642 tempest-GroupsTest-1357560642-project] POST http://10.222.0.81/volume/v3/57c6ef6db48549ce8e5acbcc5e434262/volumes
May 04 17:50:18.860796 dv-cinder-840512-1-iscsi devstack@c-api.service[117273]: DEBUG cinder.api.openstack.wsgi [None req-7f43235a-b567-4386-856c-9217cf51a041 tempest-GroupsTest-1357560642 tempest-GroupsTest-1357560642-project] Action: 'create', calling method: create, body: {"volume": {"volume_type": "062b2f3e-430b-4988-8ef9-f6d9fcbce54a", "group_id": "a6721471-6dc8-4173-bb05-dacd364d92c5", "size": 1, "name": "tempest-GroupsTest-Volume-535379639"}} {{(pid=117273) _process_stack /opt/stack/cinder/cinder/api/openstack/wsgi.py:866}}
May 04 17:50:18.862047 dv-cinder-840512-1-iscsi devstack@c-api.service[117273]: DEBUG cinder.api.v3.volumes [None req-7f43235a-b567-4386-856c-9217cf51a041 tempest-GroupsTest-1357560642 tempest-GroupsTest-1357560642-project] Create volume request body: {'volume': {'volume_type': '062b2f3e-430b-4988-8ef9-f6d9fcbce54a', 'group_id': 'a6721471-6dc8-4173-bb05-dacd364d92c5', 'size': 1, 'name': 'tempest-GroupsTest-Volume-535379639'}} {{(pid=117273) create /opt/stack/cinder/cinder/api/v3/volumes.py:298}}
May 04 17:50:18.878008 dv-cinder-840512-1-iscsi devstack@c-api.service[117273]: /usr/local/lib/python3.8/dist-packages/oslo_context/context.py:100: DeprecationWarning: Policy enforcement is depending on the value of is_admin. This key is deprecated. Please update your policy file to use the standard policy values.
May 04 17:50:18.878008 dv-cinder-840512-1-iscsi devstack@c-api.service[117273]: warnings.warn('Policy enforcement is depending on the value of '
May 04 17:50:18.879676 dv-cinder-840512-1-iscsi devstack@c-api.service[117273]: INFO cinder.api.v3.volumes [None req-7f43235a-b567-4386-856c-9217cf51a041 tempest-GroupsTest-1357560642 tempest-GroupsTest-1357560642-project] Create volume of 1 GB
May 04 17:50:18.905790 dv-cinder-840512-1-iscsi devstack@c-api.service[117273]: INFO cinder.volume.api [None req-7f43235a-b567-4386-856c-9217cf51a041 tempest-GroupsTest-1357560642 tempest-GroupsTest-1357560642-project] Availability Zones retrieved successfully.
May 04 17:50:18.935566 dv-cinder-840512-1-iscsi devstack@c-api.service[117272]: DEBUG cinder.volume.api [None req-fca84a60-835a-4c02-94a6-ab0cd52228c9 tempest-VolumeTypesAccessTest-1203064444 tempest-VolumeTypesAccessTest-1203064444-project] Task 'cinder.volume.flows.api.create_volume.VolumeCastTask;volume:create' (4adc6fdb-c722-46c8-a4e8-79076ebe961d) transitioned into state 'SUCCESS' from state 'RUNNING' with result 'None' {{(pid=117272) _task_receiver /usr/local/lib/python3.8/dist-packages/taskflow/listeners/logging.py:178}}
May 04 17:50:18.940917 dv-cinder-840512-1-iscsi devstack@c-api.service[117273]: DEBUG cinder.volume.api [None req-7f43235a-b567-4386-856c-9217cf51a041 tempest-GroupsTest-1357560642 tempest-GroupsTest-1357560642-project] Flow 'volume_create_api' (0c07ccfa-915a-4b8b-8d08-9f0947303a4e) transitioned into state 'RUNNING' from state 'PENDING' {{(pid=117273) _flow_receiver /usr/local/lib/python3.8/dist-packages/taskflow/listeners/logging.py:141}}
May 04 17:50:18.943551 dv-cinder-840512-1-iscsi devstack@c-api.service[117272]: DEBUG cinder.volume.api [None req-fca84a60-835a-4c02-94a6-ab0cd52228c9 tempest-VolumeTypesAccessTest-1203064444 tempest-VolumeTypesAccessTest-1203064444-project] Flow 'volume_create_api' (8a9e1577-20cf-4d17-8c0d-b0a12efb4b12) transitioned into state 'SUCCESS' from state 'RUNNING' {{(pid=117272) _flow_receiver /usr/local/lib/python3.8/dist-packages/taskflow/listeners/logging.py:141}}
May 04 17:50:18.946527 dv-cinder-840512-1-iscsi devstack@c-api.service[117272]: INFO cinder.volume.api [None req-fca84a60-835a-4c02-94a6-ab0cd52228c9 tempest-VolumeTypesAccessTest-1203064444 tempest-VolumeTypesAccessTest-1203064444-project] Create volume request issued successfully.
May 04 17:50:18.949448 dv-cinder-840512-1-iscsi devstack@c-api.service[117272]: INFO cinder.api.openstack.wsgi [None req-fca84a60-835a-4c02-94a6-ab0cd52228c9 tempest-VolumeTypesAccessTest-1203064444 tempest-VolumeTypesAccessTest-1203064444-project] http://10.222.0.81/volume/v3/4d20668e54b349d780b21e9253b8a91c/volumes returned with HTTP 202
May 04 17:50:18.953723 dv-cinder-840512-1-iscsi devstack@c-api.service[117272]: [pid: 117272|app: 0|req: 44/93] 10.222.0.81 () {60 vars in 1235 bytes} [Wed May 4 17:50:17 2022] POST /volume/v3/4d20668e54b349d780b21e9253b8a91c/volumes => generated 862 bytes in 1309 msecs (HTTP/1.1 202) 7 headers in 291 bytes (2 switches on core 0)
May 04 17:50:18.957015 dv-cinder-840512-1-iscsi devstack@c-api.service[117273]: DEBUG cinder.volume.api [None req-7f43235a-b567-4386-856c-9217cf51a041 tempest-GroupsTest-1357560642 tempest-GroupsTest-1357560642-project] Task 'cinder.volume.flows.api.create_volume.ExtractVolumeRequestTask;volume:create' (4c301fbb-3322-4b4d-8adc-8916c1200419) transitioned into state 'RUNNING' from state 'PENDING' {{(pid=117273) _task_receiver /usr/local/lib/python3.8/dist-packages/taskflow/listeners/logging.py:190}}
May 04 17:50:18.958671 dv-cinder-840512-1-iscsi devstack@c-api.service[117273]: /usr/local/lib/python3.8/dist-packages/oslo_context/context.py:100: DeprecationWarning: Policy enforcement is depending on the value of is_admin. This key is deprecated. Please update your policy file to use the standard policy values.
May 04 17:50:18.958671 dv-cinder-840512-1-iscsi devstack@c-api.service[117273]: warnings.warn('Policy enforcement is depending on the value of '
May 04 17:50:18.964273 dv-cinder-840512-1-iscsi devstack@c-api.service[117273]: DEBUG cinder.volume.flows.api.create_volume [None req-7f43235a-b567-4386-856c-9217cf51a041 tempest-GroupsTest-1357560642 tempest-GroupsTest-1357560642-project] Validating volume size '1' using validate_int {{(pid=117273) _extract_size /opt/stack/cinder/cinder/volume/flows/api/create_volume.py:225}}
May 04 17:50:18.969301 dv-cinder-840512-1-iscsi devstack@c-api.service[117272]: DEBUG cinder.api.middleware.request_id [None req-0bbcd897-9a7c-4168-85ae-23558de357ea None None] RequestId filter calling following filter/app {{(pid=117272) _context_setter /opt/stack/cinder/cinder/api/middleware/request_id.py:62}}
May 04 17:50:18.973435 dv-cinder-840512-1-iscsi devstack@c-api.service[117272]: INFO cinder.api.openstack.wsgi [None req-0bbcd897-9a7c-4168-85ae-23558de357ea tempest-VolumeTypesAccessTest-1203064444 tempest-VolumeTypesAccessTest-1203064444-project] GET http://10.222.0.81/volume/v3/4d20668e54b349d780b21e9253b8a91c/volumes/48d23d45-c65e-4dd2-bc9b-0d6e2e10cc09
May 04 17:50:18.973865 dv-cinder-840512-1-iscsi devstack@c-api.service[117272]: DEBUG cinder.api.openstack.wsgi [None req-0bbcd897-9a7c-4168-85ae-23558de357ea tempest-VolumeTypesAccessTest-1203064444 tempest-VolumeTypesAccessTest-1203064444-project] Empty body provided in request {{(pid=117272) get_body /opt/stack/cinder/cinder/api/openstack/wsgi.py:715}}
May 04 17:50:18.974324 dv-cinder-840512-1-iscsi devstack@c-api.service[117272]: DEBUG cinder.api.openstack.wsgi [None req-0bbcd897-9a7c-4168-85ae-23558de357ea tempest-VolumeTypesAccessTest-1203064444 tempest-VolumeTypesAccessTest-1203064444-project] Calling method 'show' {{(pid=117272) _process_stack /opt/stack/cinder/cinder/api/openstack/wsgi.py:868}}
May 04 17:50:19.003084 dv-cinder-840512-1-iscsi devstack@c-api.service[117273]: DEBUG cinder.volume.api [None req-7f43235a-b567-4386-856c-9217cf51a041 tempest-GroupsTest-1357560642 tempest-GroupsTest-1357560642-project] Task 'cinder.volume.flows.api.create_volume.ExtractVolumeRequestTask;volume:create' (4c301fbb-3322-4b4d-8adc-8916c1200419) transitioned into state 'SUCCESS' from state 'RUNNING' with result '{'size': 1, 'snapshot_id': None, 'source_volid': None, 'volume_type': VolumeType(created_at=2022-05-04T17:50:16Z,deleted=False,deleted_at=None,description=None,extra_specs={},id=062b2f3e-430b-4988-8ef9-f6d9fcbce54a,is_public=True,name='tempest-GroupsTest-volume-type-2143094730',projects=[],qos_specs=,qos_specs_id=None,updated_at=None), 'volume_type_id': '062b2f3e-430b-4988-8ef9-f6d9fcbce54a', 'encryption_key_id': None, 'qos_specs': None, 'consistencygroup_id': None, 'cgsnapshot_id': None, 'group_id': 'a6721471-6dc8-4173-bb05-dacd364d92c5', 'replication_status': 'disabled', 'refresh_az': False, 'backup_id': None, 'multiattach': False, 'availability_zones': ['nova']}' {{(pid=117273) _task_receiver /usr/local/lib/python3.8/dist-packages/taskflow/listeners/logging.py:178}}
May 04 17:50:19.003084 dv-cinder-840512-1-iscsi devstack@c-api.service[117273]: DEBUG cinder.volume.api [None req-7f43235a-b567-4386-856c-9217cf51a041 tempest-GroupsTest-1357560642 tempest-GroupsTest-1357560642-project] Task 'cinder.volume.flows.api.create_volume.QuotaReserveTask;volume:create' (de700f20-9f4d-434f-8487-19bb1fe8a0d4) transitioned into state 'RUNNING' from state 'PENDING' {{(pid=117273) _task_receiver /usr/local/lib/python3.8/dist-packages/taskflow/listeners/logging.py:190}}
May 04 17:50:19.044464 dv-cinder-840512-1-iscsi devstack@c-api.service[117273]: WARNING cinder.quota [None req-7f43235a-b567-4386-856c-9217cf51a041 tempest-GroupsTest-1357560642 tempest-GroupsTest-1357560642-project] Deprecated: Default quota for resource: volumes_tempest-GroupsTest-volume-type-2143094730 is set by the default quota flag: quota_volumes_tempest-GroupsTest-volume-type-2143094730, it is now deprecated. Please use the default quota class for default quota.
May 04 17:50:19.051120 dv-cinder-840512-1-iscsi devstack@c-api.service[117273]: WARNING cinder.quota [None req-7f43235a-b567-4386-856c-9217cf51a041 tempest-GroupsTest-1357560642 tempest-GroupsTest-1357560642-project] Deprecated: Default quota for resource: gigabytes_tempest-GroupsTest-volume-type-2143094730 is set by the default quota flag: quota_gigabytes_tempest-GroupsTest-volume-type-2143094730, it is now deprecated. Please use the default quota class for default quota.
May 04 17:50:19.051267 dv-cinder-840512-1-iscsi devstack@c-api.service[117272]: /usr/local/lib/python3.8/dist-packages/oslo_context/context.py:100: DeprecationWarning: Policy enforcement is depending on the value of is_admin. This key is deprecated. Please update your policy file to use the standard policy values.
May 04 17:50:19.051267 dv-cinder-840512-1-iscsi devstack@c-api.service[117272]: warnings.warn('Policy enforcement is depending on the value of '
May 04 17:50:19.085194 dv-cinder-840512-1-iscsi devstack@c-api.service[117272]: INFO cinder.volume.api [None req-0bbcd897-9a7c-4168-85ae-23558de357ea tempest-VolumeTypesAccessTest-1203064444 tempest-VolumeTypesAccessTest-1203064444-project] Volume info retrieved successfully.
May 04 17:50:19.110671 dv-cinder-840512-1-iscsi devstack@c-api.service[117272]: INFO cinder.api.openstack.wsgi [None req-0bbcd897-9a7c-4168-85ae-23558de357ea tempest-VolumeTypesAccessTest-1203064444 tempest-VolumeTypesAccessTest-1203064444-project] http://10.222.0.81/volume/v3/4d20668e54b349d780b21e9253b8a91c/volumes/48d23d45-c65e-4dd2-bc9b-0d6e2e10cc09 returned with HTTP 200
May 04 17:50:19.123340 dv-cinder-840512-1-iscsi devstack@c-api.service[117272]: [pid: 117272|app: 0|req: 45/94] 10.222.0.81 () {58 vars in 1324 bytes} [Wed May 4 17:50:18 2022] GET /volume/v3/4d20668e54b349d780b21e9253b8a91c/volumes/48d23d45-c65e-4dd2-bc9b-0d6e2e10cc09 => generated 930 bytes in 156 msecs (HTTP/1.1 200) 7 headers in 285 bytes (2 switches on core 0)
May 04 17:50:19.341357 dv-cinder-840512-1-iscsi devstack@c-api.service[117273]: DEBUG cinder.quota [None req-7f43235a-b567-4386-856c-9217cf51a041 tempest-GroupsTest-1357560642 tempest-GroupsTest-1357560642-project] Created reservations ['afab98ef-10b3-4d99-92e8-4cee0c649d25', 'd12d1b36-daa3-47d2-a7ca-39de4e7bd66b', '3ae5677f-0e60-43d2-958e-9dd79c0603fe', '94f91d75-f110-451c-840e-c8a28efb5ff2'] {{(pid=117273) reserve /opt/stack/cinder/cinder/quota.py:755}}
May 04 17:50:19.343600 dv-cinder-840512-1-iscsi devstack@c-api.service[117273]: DEBUG cinder.volume.api [None req-7f43235a-b567-4386-856c-9217cf51a041 tempest-GroupsTest-1357560642 tempest-GroupsTest-1357560642-project] Task 'cinder.volume.flows.api.create_volume.QuotaReserveTask;volume:create' (de700f20-9f4d-434f-8487-19bb1fe8a0d4) transitioned into state 'SUCCESS' from state 'RUNNING' with result '{'reservations': ['afab98ef-10b3-4d99-92e8-4cee0c649d25', 'd12d1b36-daa3-47d2-a7ca-39de4e7bd66b', '3ae5677f-0e60-43d2-958e-9dd79c0603fe', '94f91d75-f110-451c-840e-c8a28efb5ff2']}' {{(pid=117273) _task_receiver /usr/local/lib/python3.8/dist-packages/taskflow/listeners/logging.py:178}}
May 04 17:50:19.346116 dv-cinder-840512-1-iscsi devstack@c-api.service[117273]: DEBUG cinder.volume.api [None req-7f43235a-b567-4386-856c-9217cf51a041 tempest-GroupsTest-1357560642 tempest-GroupsTest-1357560642-project] Task 'cinder.volume.flows.api.create_volume.EntryCreateTask;volume:create' (4c703f0e-093b-45c3-97e0-a84f07264692) transitioned into state 'RUNNING' from state 'PENDING' {{(pid=117273) _task_receiver /usr/local/lib/python3.8/dist-packages/taskflow/listeners/logging.py:190}}
May 04 17:50:19.493469 dv-cinder-840512-1-iscsi devstack@c-api.service[117273]: DEBUG cinder.volume.api [None req-7f43235a-b567-4386-856c-9217cf51a041 tempest-GroupsTest-1357560642 tempest-GroupsTest-1357560642-project] Task 'cinder.volume.flows.api.create_volume.EntryCreateTask;volume:create' (4c703f0e-093b-45c3-97e0-a84f07264692) transitioned into state 'SUCCESS' from state 'RUNNING' with result '{'volume_id': '523193f1-0bba-41e5-b974-96581d4587ab', 'volume_properties': VolumeProperties(attach_status='detached',availability_zone='nova',cgsnapshot_id=None,consistencygroup_id=None,display_description=None,display_name='tempest-GroupsTest-Volume-535379639',encryption_key_id=None,group_id=a6721471-6dc8-4173-bb05-dacd364d92c5,group_type_id=,metadata={},multiattach=False,project_id='57c6ef6db48549ce8e5acbcc5e434262',qos_specs=None,replication_status=,reservations=['afab98ef-10b3-4d99-92e8-4cee0c649d25','d12d1b36-daa3-47d2-a7ca-39de4e7bd66b','3ae5677f-0e60-43d2-958e-9dd79c0603fe','94f91d75-f110-451c-840e-c8a28efb5ff2'],size=1,snapshot_id=None,source_replicaid=,source_volid=None,status='creating',user_id='3e6b5e67bd574513a2555a14ff966115',volume_type_id=062b2f3e-430b-4988-8ef9-f6d9fcbce54a), 'volume': Volume(_name_id=None,admin_metadata=,attach_status='detached',availability_zone='nova',bootable=False,cluster=,cluster_name=None,consistencygroup=,consistencygroup_id=None,created_at=2022-05-04T17:50:19Z,deleted=False,deleted_at=None,display_description=None,display_name='tempest-GroupsTest-Volume-535379639',ec2_id=None,encryption_key_id=None,glance_metadata=,group=,group_id=a6721471-6dc8-4173-bb05-dacd364d92c5,host=None,id=523193f1-0bba-41e5-b974-96581d4587ab,launched_at=None,metadata={},migration_status=None,multiattach=False,previous_status=None,project_id='57c6ef6db48549ce8e5acbcc5e434262',provider_auth=None,provider_geometry=None,provider_id=None,provider_location=None,replication_driver_data=None,replication_extended_status=None,replication_status=None,scheduled_at=None,service_uuid=None,shared_targets=True,size=1,snapshot_id=None,snapshots=,source_volid=None,status='creating',terminated_at=None,updated_at=None,use_quota=True,user_id='3e6b5e67bd574513a2555a14ff966115',volume_attachment=VolumeAttachmentList,volume_type=VolumeType(062b2f3e-430b-4988-8ef9-f6d9fcbce54a),volume_type_id=062b2f3e-430b-4988-8ef9-f6d9fcbce54a)}' {{(pid=117273) _task_receiver /usr/local/lib/python3.8/dist-packages/taskflow/listeners/logging.py:178}}
May 04 17:50:19.507980 dv-cinder-840512-1-iscsi devstack@c-api.service[117273]: DEBUG cinder.volume.api [None req-7f43235a-b567-4386-856c-9217cf51a041 tempest-GroupsTest-1357560642 tempest-GroupsTest-1357560642-project] Task 'cinder.volume.flows.api.create_volume.QuotaCommitTask;volume:create' (d1e70830-b828-47d8-ad3a-71e29680ba2e) transitioned into state 'RUNNING' from state 'PENDING' {{(pid=117273) _task_receiver /usr/local/lib/python3.8/dist-packages/taskflow/listeners/logging.py:190}}
May 04 17:50:19.652763 dv-cinder-840512-1-iscsi devstack@c-api.service[117273]: DEBUG cinder.volume.api [None req-7f43235a-b567-4386-856c-9217cf51a041 tempest-GroupsTest-1357560642 tempest-GroupsTest-1357560642-project] Task 'cinder.volume.flows.api.create_volume.QuotaCommitTask;volume:create' (d1e70830-b828-47d8-ad3a-71e29680ba2e) transitioned into state 'SUCCESS' from state 'RUNNING' with result '{'volume_properties': VolumeProperties(attach_status='detached',availability_zone='nova',cgsnapshot_id=None,consistencygroup_id=None,display_description=None,display_name='tempest-GroupsTest-Volume-535379639',encryption_key_id=None,group_id=a6721471-6dc8-4173-bb05-dacd364d92c5,group_type_id=,metadata={},multiattach=False,project_id='57c6ef6db48549ce8e5acbcc5e434262',qos_specs=None,replication_status=,reservations=['afab98ef-10b3-4d99-92e8-4cee0c649d25','d12d1b36-daa3-47d2-a7ca-39de4e7bd66b','3ae5677f-0e60-43d2-958e-9dd79c0603fe','94f91d75-f110-451c-840e-c8a28efb5ff2'],size=1,snapshot_id=None,source_replicaid=,source_volid=None,status='creating',user_id='3e6b5e67bd574513a2555a14ff966115',volume_type_id=062b2f3e-430b-4988-8ef9-f6d9fcbce54a)}' {{(pid=117273) _task_receiver /usr/local/lib/python3.8/dist-packages/taskflow/listeners/logging.py:178}}
May 04 17:50:19.654832 dv-cinder-840512-1-iscsi devstack@c-api.service[117273]: DEBUG cinder.volume.api [None req-7f43235a-b567-4386-856c-9217cf51a041 tempest-GroupsTest-1357560642 tempest-GroupsTest-1357560642-project] Task 'cinder.volume.flows.api.create_volume.VolumeCastTask;volume:create' (32d949ae-5584-43c6-80c2-8e97585c2888) transitioned into state 'RUNNING' from state 'PENDING' {{(pid=117273) _task_receiver /usr/local/lib/python3.8/dist-packages/taskflow/listeners/logging.py:190}}
May 04 17:50:19.801371 dv-cinder-840512-1-iscsi devstack@c-api.service[117273]: DEBUG cinder.volume.api [None req-7f43235a-b567-4386-856c-9217cf51a041 tempest-GroupsTest-1357560642 tempest-GroupsTest-1357560642-project] Task 'cinder.volume.flows.api.create_volume.VolumeCastTask;volume:create' (32d949ae-5584-43c6-80c2-8e97585c2888) transitioned into state 'SUCCESS' from state 'RUNNING' with result 'None' {{(pid=117273) _task_receiver /usr/local/lib/python3.8/dist-packages/taskflow/listeners/logging.py:178}}
May 04 17:50:19.807658 dv-cinder-840512-1-iscsi devstack@c-api.service[117273]: DEBUG cinder.volume.api [None req-7f43235a-b567-4386-856c-9217cf51a041 tempest-GroupsTest-1357560642 tempest-GroupsTest-1357560642-project] Flow 'volume_create_api' (0c07ccfa-915a-4b8b-8d08-9f0947303a4e) transitioned into state 'SUCCESS' from state 'RUNNING' {{(pid=117273) _flow_receiver /usr/local/lib/python3.8/dist-packages/taskflow/listeners/logging.py:141}}
May 04 17:50:19.809854 dv-cinder-840512-1-iscsi devstack@c-api.service[117273]: INFO cinder.volume.api [None req-7f43235a-b567-4386-856c-9217cf51a041 tempest-GroupsTest-1357560642 tempest-GroupsTest-1357560642-project] Create volume request issued successfully.
May 04 17:50:19.812899 dv-cinder-840512-1-iscsi devstack@c-api.service[117273]: WARNING stevedore.named [None req-7f43235a-b567-4386-856c-9217cf51a041 tempest-GroupsTest-1357560642 tempest-GroupsTest-1357560642-project] Could not load cinder.keymgr.conf_key_mgr.ConfKeyManager
May 04 17:50:19.813470 dv-cinder-840512-1-iscsi devstack@c-api.service[117273]: WARNING castellan.key_manager [None req-7f43235a-b567-4386-856c-9217cf51a041 tempest-GroupsTest-1357560642 tempest-GroupsTest-1357560642-project] Deprecation Warning : cinder.keymgr.conf_key_mgr.ConfKeyManager is not a stevedore based driver, trying to load it as a class: stevedore.exception.NoMatches: No 'castellan.drivers' driver found, looking for 'cinder.keymgr.conf_key_mgr.ConfKeyManager'
May 04 17:50:19.839926 dv-cinder-840512-1-iscsi devstack@c-api.service[117273]: DEBUG oslo_db.sqlalchemy.engines [None req-7f43235a-b567-4386-856c-9217cf51a041 tempest-GroupsTest-1357560642 tempest-GroupsTest-1357560642-project] MySQL server mode set to STRICT_TRANS_TABLES,STRICT_ALL_TABLES,NO_ZERO_IN_DATE,NO_ZERO_DATE,ERROR_FOR_DIVISION_BY_ZERO,TRADITIONAL,NO_ENGINE_SUBSTITUTION {{(pid=117273) _check_effective_sql_mode /usr/local/lib/python3.8/dist-packages/oslo_db/sqlalchemy/engines.py:314}}
May 04 17:50:19.852887 dv-cinder-840512-1-iscsi devstack@c-api.service[117273]: /usr/local/lib/python3.8/dist-packages/oslo_context/context.py:100: DeprecationWarning: Policy enforcement is depending on the value of is_admin. This key is deprecated. Please update your policy file to use the standard policy values.
May 04 17:50:19.852887 dv-cinder-840512-1-iscsi devstack@c-api.service[117273]: warnings.warn('Policy enforcement is depending on the value of '
May 04 17:50:19.857619 dv-cinder-840512-1-iscsi devstack@c-api.service[117272]: DEBUG cinder.api.middleware.request_id [None req-aedc011e-9fc1-4ede-b15d-58d1825dbd4f None None] RequestId filter calling following filter/app {{(pid=117272) _context_setter /opt/stack/cinder/cinder/api/middleware/request_id.py:62}}
May 04 17:50:19.863280 dv-cinder-840512-1-iscsi devstack@c-api.service[117272]: INFO cinder.api.openstack.wsgi [None req-aedc011e-9fc1-4ede-b15d-58d1825dbd4f tempest-GroupSnapshotsTest-186067426 tempest-GroupSnapshotsTest-186067426-project] GET http://10.222.0.81/volume/v3/8ae10404eb4c45889b684d3ec230227f/groups/110aaad0-0d90-4503-b7c1-875942e12377
May 04 17:50:19.864110 dv-cinder-840512-1-iscsi devstack@c-api.service[117272]: DEBUG cinder.api.openstack.wsgi [None req-aedc011e-9fc1-4ede-b15d-58d1825dbd4f tempest-GroupSnapshotsTest-186067426 tempest-GroupSnapshotsTest-186067426-project] Empty body provided in request {{(pid=117272) get_body /opt/stack/cinder/cinder/api/openstack/wsgi.py:715}}
May 04 17:50:19.864722 dv-cinder-840512-1-iscsi devstack@c-api.service[117272]: DEBUG cinder.api.openstack.wsgi [None req-aedc011e-9fc1-4ede-b15d-58d1825dbd4f tempest-GroupSnapshotsTest-186067426 tempest-GroupSnapshotsTest-186067426-project] Calling method 'version_select' {{(pid=117272) _process_stack /opt/stack/cinder/cinder/api/openstack/wsgi.py:868}}
May 04 17:50:19.865988 dv-cinder-840512-1-iscsi devstack@c-api.service[117273]: INFO cinder.api.openstack.wsgi [None req-7f43235a-b567-4386-856c-9217cf51a041 tempest-GroupsTest-1357560642 tempest-GroupsTest-1357560642-project] http://10.222.0.81/volume/v3/57c6ef6db48549ce8e5acbcc5e434262/volumes returned with HTTP 202
May 04 17:50:19.866185 dv-cinder-840512-1-iscsi devstack@c-api.service[117272]: DEBUG cinder.api.v3.groups [None req-aedc011e-9fc1-4ede-b15d-58d1825dbd4f tempest-GroupSnapshotsTest-186067426 tempest-GroupSnapshotsTest-186067426-project] show called for member 110aaad0-0d90-4503-b7c1-875942e12377 {{(pid=117272) show /opt/stack/cinder/cinder/api/v3/groups.py:58}}
May 04 17:50:19.884795 dv-cinder-840512-1-iscsi devstack@c-api.service[117273]: [pid: 117273|app: 0|req: 50/95] 10.222.0.81 () {62 vars in 1276 bytes} [Wed May 4 17:50:18 2022] POST /volume/v3/57c6ef6db48549ce8e5acbcc5e434262/volumes => generated 891 bytes in 1032 msecs (HTTP/1.1 202) 7 headers in 292 bytes (1 switches on core 0)
May 04 17:50:19.889178 dv-cinder-840512-1-iscsi devstack@c-api.service[117273]: DEBUG cinder.api.middleware.request_id [None req-b86f9d60-7951-4232-81dd-3e95418f0f22 None None] RequestId filter calling following filter/app {{(pid=117273) _context_setter /opt/stack/cinder/cinder/api/middleware/request_id.py:62}}
May 04 17:50:19.909494 dv-cinder-840512-1-iscsi devstack@c-api.service[117272]: /usr/local/lib/python3.8/dist-packages/oslo_context/context.py:100: DeprecationWarning: Policy enforcement is depending on the value of is_admin. This key is deprecated. Please update your policy file to use the standard policy values.
May 04 17:50:19.909494 dv-cinder-840512-1-iscsi devstack@c-api.service[117272]: warnings.warn('Policy enforcement is depending on the value of '
May 04 17:50:19.910246 dv-cinder-840512-1-iscsi devstack@c-api.service[117273]: INFO cinder.api.openstack.wsgi [None req-b86f9d60-7951-4232-81dd-3e95418f0f22 tempest-GroupsTest-1357560642 tempest-GroupsTest-1357560642-project] GET http://10.222.0.81/volume/v3/57c6ef6db48549ce8e5acbcc5e434262/volumes/523193f1-0bba-41e5-b974-96581d4587ab
May 04 17:50:19.910246 dv-cinder-840512-1-iscsi devstack@c-api.service[117273]: DEBUG cinder.api.openstack.wsgi [None req-b86f9d60-7951-4232-81dd-3e95418f0f22 tempest-GroupsTest-1357560642 tempest-GroupsTest-1357560642-project] Empty body provided in request {{(pid=117273) get_body /opt/stack/cinder/cinder/api/openstack/wsgi.py:715}}
May 04 17:50:19.910246 dv-cinder-840512-1-iscsi devstack@c-api.service[117273]: DEBUG cinder.api.openstack.wsgi [None req-b86f9d60-7951-4232-81dd-3e95418f0f22 tempest-GroupsTest-1357560642 tempest-GroupsTest-1357560642-project] Calling method 'show' {{(pid=117273) _process_stack /opt/stack/cinder/cinder/api/openstack/wsgi.py:868}}
May 04 17:50:19.957106 dv-cinder-840512-1-iscsi devstack@c-api.service[117273]: /usr/local/lib/python3.8/dist-packages/oslo_context/context.py:100: DeprecationWarning: Policy enforcement is depending on the value of is_admin. This key is deprecated. Please update your policy file to use the standard policy values.
May 04 17:50:19.957106 dv-cinder-840512-1-iscsi devstack@c-api.service[117273]: warnings.warn('Policy enforcement is depending on the value of '
May 04 17:50:20.007049 dv-cinder-840512-1-iscsi devstack@c-api.service[117273]: INFO cinder.volume.api [None req-b86f9d60-7951-4232-81dd-3e95418f0f22 tempest-GroupsTest-1357560642 tempest-GroupsTest-1357560642-project] Volume info retrieved successfully.
May 04 17:50:20.008774 dv-cinder-840512-1-iscsi devstack@c-api.service[117273]: WARNING stevedore.named [None req-b86f9d60-7951-4232-81dd-3e95418f0f22 tempest-GroupsTest-1357560642 tempest-GroupsTest-1357560642-project] Could not load cinder.keymgr.conf_key_mgr.ConfKeyManager
May 04 17:50:20.009416 dv-cinder-840512-1-iscsi devstack@c-api.service[117273]: WARNING castellan.key_manager [None req-b86f9d60-7951-4232-81dd-3e95418f0f22 tempest-GroupsTest-1357560642 tempest-GroupsTest-1357560642-project] Deprecation Warning : cinder.keymgr.conf_key_mgr.ConfKeyManager is not a stevedore based driver, trying to load it as a class: stevedore.exception.NoMatches: No 'castellan.drivers' driver found, looking for 'cinder.keymgr.conf_key_mgr.ConfKeyManager'
May 04 17:50:20.009956 dv-cinder-840512-1-iscsi devstack@c-api.service[117272]: INFO cinder.api.openstack.wsgi [None req-aedc011e-9fc1-4ede-b15d-58d1825dbd4f tempest-GroupSnapshotsTest-186067426 tempest-GroupSnapshotsTest-186067426-project] http://10.222.0.81/volume/v3/8ae10404eb4c45889b684d3ec230227f/groups/110aaad0-0d90-4503-b7c1-875942e12377 returned with HTTP 200
May 04 17:50:20.016642 dv-cinder-840512-1-iscsi devstack@c-api.service[117272]: [pid: 117272|app: 0|req: 46/96] 10.222.0.81 () {60 vars in 1362 bytes} [Wed May 4 17:50:19 2022] GET /volume/v3/8ae10404eb4c45889b684d3ec230227f/groups/110aaad0-0d90-4503-b7c1-875942e12377 => generated 392 bytes in 155 msecs (HTTP/1.1 200) 7 headers in 286 bytes (1 switches on core 0)
May 04 17:50:20.020812 dv-cinder-840512-1-iscsi devstack@c-api.service[117272]: DEBUG cinder.api.middleware.request_id [None req-f681bbfc-9187-4dc8-81ef-1a1cdbb47272 None None] RequestId filter calling following filter/app {{(pid=117272) _context_setter /opt/stack/cinder/cinder/api/middleware/request_id.py:62}}
May 04 17:50:20.033047 dv-cinder-840512-1-iscsi devstack@c-api.service[117273]: DEBUG oslo_db.sqlalchemy.engines [None req-b86f9d60-7951-4232-81dd-3e95418f0f22 tempest-GroupsTest-1357560642 tempest-GroupsTest-1357560642-project] MySQL server mode set to STRICT_TRANS_TABLES,STRICT_ALL_TABLES,NO_ZERO_IN_DATE,NO_ZERO_DATE,ERROR_FOR_DIVISION_BY_ZERO,TRADITIONAL,NO_ENGINE_SUBSTITUTION {{(pid=117273) _check_effective_sql_mode /usr/local/lib/python3.8/dist-packages/oslo_db/sqlalchemy/engines.py:314}}
May 04 17:50:20.034714 dv-cinder-840512-1-iscsi devstack@c-api.service[117272]: INFO cinder.api.openstack.wsgi [None req-f681bbfc-9187-4dc8-81ef-1a1cdbb47272 tempest-GroupSnapshotsTest-186067426 tempest-GroupSnapshotsTest-186067426-project] POST http://10.222.0.81/volume/v3/8ae10404eb4c45889b684d3ec230227f/volumes
May 04 17:50:20.035568 dv-cinder-840512-1-iscsi devstack@c-api.service[117272]: DEBUG cinder.api.openstack.wsgi [None req-f681bbfc-9187-4dc8-81ef-1a1cdbb47272 tempest-GroupSnapshotsTest-186067426 tempest-GroupSnapshotsTest-186067426-project] Action: 'create', calling method: create, body: {"volume": {"volume_type": "98c821c8-474d-43ef-b125-2c350aa5e8d2", "group_id": "110aaad0-0d90-4503-b7c1-875942e12377", "size": 1, "name": "tempest-GroupSnapshotsTest-Volume-1633377093"}} {{(pid=117272) _process_stack /opt/stack/cinder/cinder/api/openstack/wsgi.py:866}}
May 04 17:50:20.036666 dv-cinder-840512-1-iscsi devstack@c-api.service[117272]: DEBUG cinder.api.v3.volumes [None req-f681bbfc-9187-4dc8-81ef-1a1cdbb47272 tempest-GroupSnapshotsTest-186067426 tempest-GroupSnapshotsTest-186067426-project] Create volume request body: {'volume': {'volume_type': '98c821c8-474d-43ef-b125-2c350aa5e8d2', 'group_id': '110aaad0-0d90-4503-b7c1-875942e12377', 'size': 1, 'name': 'tempest-GroupSnapshotsTest-Volume-1633377093'}} {{(pid=117272) create /opt/stack/cinder/cinder/api/v3/volumes.py:298}}
May 04 17:50:20.044103 dv-cinder-840512-1-iscsi devstack@c-api.service[117273]: /usr/local/lib/python3.8/dist-packages/oslo_context/context.py:100: DeprecationWarning: Policy enforcement is depending on the value of is_admin. This key is deprecated. Please update your policy file to use the standard policy values.
May 04 17:50:20.044103 dv-cinder-840512-1-iscsi devstack@c-api.service[117273]: warnings.warn('Policy enforcement is depending on the value of '
May 04 17:50:20.091591 dv-cinder-840512-1-iscsi devstack@c-api.service[117273]: INFO cinder.api.openstack.wsgi [None req-b86f9d60-7951-4232-81dd-3e95418f0f22 tempest-GroupsTest-1357560642 tempest-GroupsTest-1357560642-project] http://10.222.0.81/volume/v3/57c6ef6db48549ce8e5acbcc5e434262/volumes/523193f1-0bba-41e5-b974-96581d4587ab returned with HTTP 200
May 04 17:50:20.092609 dv-cinder-840512-1-iscsi devstack@c-api.service[117273]: [pid: 117273|app: 0|req: 51/97] 10.222.0.81 () {60 vars in 1365 bytes} [Wed May 4 17:50:19 2022] GET /volume/v3/57c6ef6db48549ce8e5acbcc5e434262/volumes/523193f1-0bba-41e5-b974-96581d4587ab => generated 959 bytes in 206 msecs (HTTP/1.1 200) 7 headers in 286 bytes (1 switches on core 0)
May 04 17:50:20.122931 dv-cinder-840512-1-iscsi devstack@c-api.service[117272]: /usr/local/lib/python3.8/dist-packages/oslo_context/context.py:100: DeprecationWarning: Policy enforcement is depending on the value of is_admin. This key is deprecated. Please update your policy file to use the standard policy values.
May 04 17:50:20.122931 dv-cinder-840512-1-iscsi devstack@c-api.service[117272]: warnings.warn('Policy enforcement is depending on the value of '
May 04 17:50:20.125150 dv-cinder-840512-1-iscsi devstack@c-api.service[117273]: DEBUG cinder.api.middleware.request_id [None req-4c7a74f3-21e5-4a72-be5d-fe482252f77e None None] RequestId filter calling following filter/app {{(pid=117273) _context_setter /opt/stack/cinder/cinder/api/middleware/request_id.py:62}}
May 04 17:50:20.129047 dv-cinder-840512-1-iscsi devstack@c-api.service[117273]: INFO cinder.api.openstack.wsgi [None req-4c7a74f3-21e5-4a72-be5d-fe482252f77e tempest-VolumeTypesAccessTest-1203064444 tempest-VolumeTypesAccessTest-1203064444-project] GET http://10.222.0.81/volume/v3/4d20668e54b349d780b21e9253b8a91c/volumes/48d23d45-c65e-4dd2-bc9b-0d6e2e10cc09
May 04 17:50:20.129738 dv-cinder-840512-1-iscsi devstack@c-api.service[117272]: INFO cinder.api.v3.volumes [None req-f681bbfc-9187-4dc8-81ef-1a1cdbb47272 tempest-GroupSnapshotsTest-186067426 tempest-GroupSnapshotsTest-186067426-project] Create volume of 1 GB
May 04 17:50:20.133163 dv-cinder-840512-1-iscsi devstack@c-api.service[117273]: DEBUG cinder.api.openstack.wsgi [None req-4c7a74f3-21e5-4a72-be5d-fe482252f77e tempest-VolumeTypesAccessTest-1203064444 tempest-VolumeTypesAccessTest-1203064444-project] Empty body provided in request {{(pid=117273) get_body /opt/stack/cinder/cinder/api/openstack/wsgi.py:715}}
May 04 17:50:20.133864 dv-cinder-840512-1-iscsi devstack@c-api.service[117273]: DEBUG cinder.api.openstack.wsgi [None req-4c7a74f3-21e5-4a72-be5d-fe482252f77e tempest-VolumeTypesAccessTest-1203064444 tempest-VolumeTypesAccessTest-1203064444-project] Calling method 'show' {{(pid=117273) _process_stack /opt/stack/cinder/cinder/api/openstack/wsgi.py:868}}
May 04 17:50:20.170487 dv-cinder-840512-1-iscsi devstack@c-api.service[117273]: /usr/local/lib/python3.8/dist-packages/oslo_context/context.py:100: DeprecationWarning: Policy enforcement is depending on the value of is_admin. This key is deprecated. Please update your policy file to use the standard policy values.
May 04 17:50:20.170487 dv-cinder-840512-1-iscsi devstack@c-api.service[117273]: warnings.warn('Policy enforcement is depending on the value of '
May 04 17:50:20.175112 dv-cinder-840512-1-iscsi devstack@c-api.service[117272]: INFO cinder.volume.api [None req-f681bbfc-9187-4dc8-81ef-1a1cdbb47272 tempest-GroupSnapshotsTest-186067426 tempest-GroupSnapshotsTest-186067426-project] Availability Zones retrieved successfully.
May 04 17:50:20.192144 dv-cinder-840512-1-iscsi devstack@c-api.service[117273]: INFO cinder.volume.api [None req-4c7a74f3-21e5-4a72-be5d-fe482252f77e tempest-VolumeTypesAccessTest-1203064444 tempest-VolumeTypesAccessTest-1203064444-project] Volume info retrieved successfully.
May 04 17:50:20.204660 dv-cinder-840512-1-iscsi devstack@c-api.service[117273]: INFO cinder.api.openstack.wsgi [None req-4c7a74f3-21e5-4a72-be5d-fe482252f77e tempest-VolumeTypesAccessTest-1203064444 tempest-VolumeTypesAccessTest-1203064444-project] http://10.222.0.81/volume/v3/4d20668e54b349d780b21e9253b8a91c/volumes/48d23d45-c65e-4dd2-bc9b-0d6e2e10cc09 returned with HTTP 200
May 04 17:50:20.205568 dv-cinder-840512-1-iscsi devstack@c-api.service[117273]: [pid: 117273|app: 0|req: 52/98] 10.222.0.81 () {58 vars in 1324 bytes} [Wed May 4 17:50:20 2022] GET /volume/v3/4d20668e54b349d780b21e9253b8a91c/volumes/48d23d45-c65e-4dd2-bc9b-0d6e2e10cc09 => generated 955 bytes in 81 msecs (HTTP/1.1 200) 7 headers in 285 bytes (2 switches on core 0)
May 04 17:50:20.216858 dv-cinder-840512-1-iscsi devstack@c-api.service[117272]: DEBUG cinder.volume.api [None req-f681bbfc-9187-4dc8-81ef-1a1cdbb47272 tempest-GroupSnapshotsTest-186067426 tempest-GroupSnapshotsTest-186067426-project] Flow 'volume_create_api' (8d798b36-1a95-4310-b2c3-876aaf450e9e) transitioned into state 'RUNNING' from state 'PENDING' {{(pid=117272) _flow_receiver /usr/local/lib/python3.8/dist-packages/taskflow/listeners/logging.py:141}}
May 04 17:50:20.219213 dv-cinder-840512-1-iscsi devstack@c-api.service[117273]: DEBUG cinder.api.middleware.request_id [None req-df93eb9e-4e6b-4d35-90ef-2e4d1c30fdb4 None None] RequestId filter calling following filter/app {{(pid=117273) _context_setter /opt/stack/cinder/cinder/api/middleware/request_id.py:62}}
May 04 17:50:20.227503 dv-cinder-840512-1-iscsi devstack@c-api.service[117272]: DEBUG cinder.volume.api [None req-f681bbfc-9187-4dc8-81ef-1a1cdbb47272 tempest-GroupSnapshotsTest-186067426 tempest-GroupSnapshotsTest-186067426-project] Task 'cinder.volume.flows.api.create_volume.ExtractVolumeRequestTask;volume:create' (04c42664-28bc-40d6-81ce-01f268e7632e) transitioned into state 'RUNNING' from state 'PENDING' {{(pid=117272) _task_receiver /usr/local/lib/python3.8/dist-packages/taskflow/listeners/logging.py:190}}
May 04 17:50:20.227503 dv-cinder-840512-1-iscsi devstack@c-api.service[117272]: /usr/local/lib/python3.8/dist-packages/oslo_context/context.py:100: DeprecationWarning: Policy enforcement is depending on the value of is_admin. This key is deprecated. Please update your policy file to use the standard policy values.
May 04 17:50:20.227503 dv-cinder-840512-1-iscsi devstack@c-api.service[117272]: warnings.warn('Policy enforcement is depending on the value of '
May 04 17:50:20.227795 dv-cinder-840512-1-iscsi devstack@c-api.service[117273]: INFO cinder.api.openstack.wsgi [None req-df93eb9e-4e6b-4d35-90ef-2e4d1c30fdb4 tempest-VolumeTypesAccessTest-1009470236 tempest-VolumeTypesAccessTest-1009470236-project-admin] POST http://10.222.0.81/volume/v3/aef4b3d38e754bd2a50fee7918e4ec6a/types/93fba76e-4030-4b8a-b5b8-f1343b45947b/action
May 04 17:50:20.228239 dv-cinder-840512-1-iscsi devstack@c-api.service[117272]: DEBUG cinder.volume.flows.api.create_volume [None req-f681bbfc-9187-4dc8-81ef-1a1cdbb47272 tempest-GroupSnapshotsTest-186067426 tempest-GroupSnapshotsTest-186067426-project] Validating volume size '1' using validate_int {{(pid=117272) _extract_size /opt/stack/cinder/cinder/volume/flows/api/create_volume.py:225}}
May 04 17:50:20.232913 dv-cinder-840512-1-iscsi devstack@c-api.service[117273]: DEBUG cinder.api.openstack.wsgi [None req-df93eb9e-4e6b-4d35-90ef-2e4d1c30fdb4 tempest-VolumeTypesAccessTest-1009470236 tempest-VolumeTypesAccessTest-1009470236-project-admin] Action body: b'{"removeProjectAccess": {"project": "4d20668e54b349d780b21e9253b8a91c"}}' {{(pid=117273) get_method /opt/stack/cinder/cinder/api/openstack/wsgi.py:983}}
May 04 17:50:20.234114 dv-cinder-840512-1-iscsi devstack@c-api.service[117273]: DEBUG cinder.api.openstack.wsgi [None req-df93eb9e-4e6b-4d35-90ef-2e4d1c30fdb4 tempest-VolumeTypesAccessTest-1009470236 tempest-VolumeTypesAccessTest-1009470236-project-admin] Action: 'action', calling method: _removeProjectAccess, body: {"removeProjectAccess": {"project": "4d20668e54b349d780b21e9253b8a91c"}} {{(pid=117273) _process_stack /opt/stack/cinder/cinder/api/openstack/wsgi.py:866}}
May 04 17:50:20.266960 dv-cinder-840512-1-iscsi devstack@c-api.service[117272]: DEBUG cinder.volume.api [None req-f681bbfc-9187-4dc8-81ef-1a1cdbb47272 tempest-GroupSnapshotsTest-186067426 tempest-GroupSnapshotsTest-186067426-project] Task 'cinder.volume.flows.api.create_volume.ExtractVolumeRequestTask;volume:create' (04c42664-28bc-40d6-81ce-01f268e7632e) transitioned into state 'SUCCESS' from state 'RUNNING' with result '{'size': 1, 'snapshot_id': None, 'source_volid': None, 'volume_type': VolumeType(created_at=2022-05-04T17:50:18Z,deleted=False,deleted_at=None,description=None,extra_specs={},id=98c821c8-474d-43ef-b125-2c350aa5e8d2,is_public=True,name='tempest-GroupSnapshotsTest-volume-type-1580812044',projects=[],qos_specs=,qos_specs_id=None,updated_at=None), 'volume_type_id': '98c821c8-474d-43ef-b125-2c350aa5e8d2', 'encryption_key_id': None, 'qos_specs': None, 'consistencygroup_id': None, 'cgsnapshot_id': None, 'group_id': '110aaad0-0d90-4503-b7c1-875942e12377', 'replication_status': 'disabled', 'refresh_az': False, 'backup_id': None, 'multiattach': False, 'availability_zones': ['nova']}' {{(pid=117272) _task_receiver /usr/local/lib/python3.8/dist-packages/taskflow/listeners/logging.py:178}}
May 04 17:50:20.266960 dv-cinder-840512-1-iscsi devstack@c-api.service[117272]: DEBUG cinder.volume.api [None req-f681bbfc-9187-4dc8-81ef-1a1cdbb47272 tempest-GroupSnapshotsTest-186067426 tempest-GroupSnapshotsTest-186067426-project] Task 'cinder.volume.flows.api.create_volume.QuotaReserveTask;volume:create' (f193a0bb-54f8-44d9-bd79-7fb8a848dfb3) transitioned into state 'RUNNING' from state 'PENDING' {{(pid=117272) _task_receiver /usr/local/lib/python3.8/dist-packages/taskflow/listeners/logging.py:190}}
May 04 17:50:20.346919 dv-cinder-840512-1-iscsi devstack@c-api.service[117273]: INFO cinder.api.openstack.wsgi [None req-df93eb9e-4e6b-4d35-90ef-2e4d1c30fdb4 tempest-VolumeTypesAccessTest-1009470236 tempest-VolumeTypesAccessTest-1009470236-project-admin] http://10.222.0.81/volume/v3/aef4b3d38e754bd2a50fee7918e4ec6a/types/93fba76e-4030-4b8a-b5b8-f1343b45947b/action returned with HTTP 202
May 04 17:50:20.356697 dv-cinder-840512-1-iscsi devstack@c-api.service[117273]: [pid: 117273|app: 0|req: 53/99] 10.222.0.81 () {60 vars in 1360 bytes} [Wed May 4 17:50:20 2022] POST /volume/v3/aef4b3d38e754bd2a50fee7918e4ec6a/types/93fba76e-4030-4b8a-b5b8-f1343b45947b/action => generated 0 bytes in 139 msecs (HTTP/1.1 202) 6 headers in 233 bytes (2 switches on core 0)
May 04 17:50:20.360414 dv-cinder-840512-1-iscsi devstack@c-api.service[117273]: DEBUG cinder.api.middleware.request_id [None req-f9133ef8-09e4-496b-9b8d-08be22ed2404 None None] RequestId filter calling following filter/app {{(pid=117273) _context_setter /opt/stack/cinder/cinder/api/middleware/request_id.py:62}}
May 04 17:50:20.368245 dv-cinder-840512-1-iscsi devstack@c-api.service[117273]: INFO cinder.api.openstack.wsgi [None req-f9133ef8-09e4-496b-9b8d-08be22ed2404 tempest-VolumeTypesAccessTest-1009470236 tempest-VolumeTypesAccessTest-1009470236-project-admin] POST http://10.222.0.81/volume/v3/aef4b3d38e754bd2a50fee7918e4ec6a/types
May 04 17:50:20.373839 dv-cinder-840512-1-iscsi devstack@c-api.service[117273]: DEBUG cinder.api.openstack.wsgi [None req-f9133ef8-09e4-496b-9b8d-08be22ed2404 tempest-VolumeTypesAccessTest-1009470236 tempest-VolumeTypesAccessTest-1009470236-project-admin] Action: 'create', calling method: _create, body: {"volume_type": {"name": "tempest-VolumeTypesAccessTest-volume-type-460767117", "os-volume-type-access:is_public": false}} {{(pid=117273) _process_stack /opt/stack/cinder/cinder/api/openstack/wsgi.py:866}}
May 04 17:50:20.374651 dv-cinder-840512-1-iscsi devstack@c-api.service[117272]: WARNING cinder.quota [None req-f681bbfc-9187-4dc8-81ef-1a1cdbb47272 tempest-GroupSnapshotsTest-186067426 tempest-GroupSnapshotsTest-186067426-project] Deprecated: Default quota for resource: volumes_tempest-GroupSnapshotsTest-volume-type-1580812044 is set by the default quota flag: quota_volumes_tempest-GroupSnapshotsTest-volume-type-1580812044, it is now deprecated. Please use the default quota class for default quota.
May 04 17:50:20.376934 dv-cinder-840512-1-iscsi devstack@c-api.service[117272]: WARNING cinder.quota [None req-f681bbfc-9187-4dc8-81ef-1a1cdbb47272 tempest-GroupSnapshotsTest-186067426 tempest-GroupSnapshotsTest-186067426-project] Deprecated: Default quota for resource: gigabytes_tempest-GroupSnapshotsTest-volume-type-1580812044 is set by the default quota flag: quota_gigabytes_tempest-GroupSnapshotsTest-volume-type-1580812044, it is now deprecated. Please use the default quota class for default quota.
May 04 17:50:20.507231 dv-cinder-840512-1-iscsi devstack@c-api.service[117273]: INFO cinder.api.openstack.wsgi [None req-f9133ef8-09e4-496b-9b8d-08be22ed2404 tempest-VolumeTypesAccessTest-1009470236 tempest-VolumeTypesAccessTest-1009470236-project-admin] http://10.222.0.81/volume/v3/aef4b3d38e754bd2a50fee7918e4ec6a/types returned with HTTP 200
May 04 17:50:20.513860 dv-cinder-840512-1-iscsi devstack@c-api.service[117273]: [pid: 117273|app: 0|req: 54/100] 10.222.0.81 () {60 vars in 1229 bytes} [Wed May 4 17:50:20 2022] POST /volume/v3/aef4b3d38e754bd2a50fee7918e4ec6a/types => generated 228 bytes in 151 msecs (HTTP/1.1 200) 7 headers in 285 bytes (1 switches on core 0)
May 04 17:50:20.516888 dv-cinder-840512-1-iscsi devstack@c-api.service[117273]: DEBUG cinder.api.middleware.request_id [None req-79b9d27a-e190-49e4-8b70-6d3e12093f7e None None] RequestId filter calling following filter/app {{(pid=117273) _context_setter /opt/stack/cinder/cinder/api/middleware/request_id.py:62}}
May 04 17:50:20.525838 dv-cinder-840512-1-iscsi devstack@c-api.service[117273]: INFO cinder.api.openstack.wsgi [None req-79b9d27a-e190-49e4-8b70-6d3e12093f7e tempest-VolumeTypesAccessTest-1009470236 tempest-VolumeTypesAccessTest-1009470236-project-admin] POST http://10.222.0.81/volume/v3/aef4b3d38e754bd2a50fee7918e4ec6a/types/7200818c-6bea-4e1b-89f0-a93718e79c16/action
May 04 17:50:20.527706 dv-cinder-840512-1-iscsi devstack@c-api.service[117273]: DEBUG cinder.api.openstack.wsgi [None req-79b9d27a-e190-49e4-8b70-6d3e12093f7e tempest-VolumeTypesAccessTest-1009470236 tempest-VolumeTypesAccessTest-1009470236-project-admin] Action body: b'{"addProjectAccess": {"project": "4d20668e54b349d780b21e9253b8a91c"}}' {{(pid=117273) get_method /opt/stack/cinder/cinder/api/openstack/wsgi.py:983}}
May 04 17:50:20.530129 dv-cinder-840512-1-iscsi devstack@c-api.service[117273]: DEBUG cinder.api.openstack.wsgi [None req-79b9d27a-e190-49e4-8b70-6d3e12093f7e tempest-VolumeTypesAccessTest-1009470236 tempest-VolumeTypesAccessTest-1009470236-project-admin] Action: 'action', calling method: _addProjectAccess, body: {"addProjectAccess": {"project": "4d20668e54b349d780b21e9253b8a91c"}} {{(pid=117273) _process_stack /opt/stack/cinder/cinder/api/openstack/wsgi.py:866}}
May 04 17:50:20.625040 dv-cinder-840512-1-iscsi devstack@c-api.service[117273]: INFO cinder.api.openstack.wsgi [None req-79b9d27a-e190-49e4-8b70-6d3e12093f7e tempest-VolumeTypesAccessTest-1009470236 tempest-VolumeTypesAccessTest-1009470236-project-admin] http://10.222.0.81/volume/v3/aef4b3d38e754bd2a50fee7918e4ec6a/types/7200818c-6bea-4e1b-89f0-a93718e79c16/action returned with HTTP 202
May 04 17:50:20.626915 dv-cinder-840512-1-iscsi devstack@c-api.service[117273]: [pid: 117273|app: 0|req: 55/101] 10.222.0.81 () {60 vars in 1360 bytes} [Wed May 4 17:50:20 2022] POST /volume/v3/aef4b3d38e754bd2a50fee7918e4ec6a/types/7200818c-6bea-4e1b-89f0-a93718e79c16/action => generated 0 bytes in 112 msecs (HTTP/1.1 202) 6 headers in 233 bytes (1 switches on core 0)
May 04 17:50:20.636103 dv-cinder-840512-1-iscsi devstack@c-api.service[117273]: DEBUG cinder.api.middleware.request_id [None req-8b7c1b3a-7057-4a24-a591-2b506d8a0167 None None] RequestId filter calling following filter/app {{(pid=117273) _context_setter /opt/stack/cinder/cinder/api/middleware/request_id.py:62}}
