May 04 17:50:38.775268 dv-cinder-840512-1-iscsi devstack@c-api.service[117272]: [pid: 117272|app: 0|req: 100/240] 10.222.0.81 () {58 vars in 1381 bytes} [Wed May 4 17:50:38 2022] GET /volume/v3/b7c16c8cd7684f3785f594d05c854e7a/qos-specs/12cebba4-305d-4697-ad4e-db41ea8dda8c/disassociate_all => generated 0 bytes in 169 msecs (HTTP/1.1 202) 6 headers in 233 bytes (1 switches on core 0)
May 04 17:50:38.776890 dv-cinder-840512-1-iscsi devstack@c-api.service[117272]: DEBUG cinder.api.middleware.request_id [None req-858dfb99-6d9e-44dd-8ce9-8bde77ffa394 None None] RequestId filter calling following filter/app {{(pid=117272) _context_setter /opt/stack/cinder/cinder/api/middleware/request_id.py:62}}
May 04 17:50:38.780764 dv-cinder-840512-1-iscsi devstack@c-api.service[117272]: INFO cinder.api.openstack.wsgi [None req-858dfb99-6d9e-44dd-8ce9-8bde77ffa394 tempest-GroupSnapshotsTest-1982552390 tempest-GroupSnapshotsTest-1982552390-project-admin] DELETE http://10.222.0.81/volume/v3/b3ed80062dad48d6b230afcc2f8daea2/group_types/59780c5a-8fb7-4ede-b1c1-289982615c45
May 04 17:50:38.781297 dv-cinder-840512-1-iscsi devstack@c-api.service[117272]: DEBUG cinder.api.openstack.wsgi [None req-858dfb99-6d9e-44dd-8ce9-8bde77ffa394 tempest-GroupSnapshotsTest-1982552390 tempest-GroupSnapshotsTest-1982552390-project-admin] Empty body provided in request {{(pid=117272) get_body /opt/stack/cinder/cinder/api/openstack/wsgi.py:715}}
May 04 17:50:38.781862 dv-cinder-840512-1-iscsi devstack@c-api.service[117272]: DEBUG cinder.api.openstack.wsgi [None req-858dfb99-6d9e-44dd-8ce9-8bde77ffa394 tempest-GroupSnapshotsTest-1982552390 tempest-GroupSnapshotsTest-1982552390-project-admin] Calling method 'version_select' {{(pid=117272) _process_stack /opt/stack/cinder/cinder/api/openstack/wsgi.py:868}}
May 04 17:50:38.782525 dv-cinder-840512-1-iscsi devstack@c-api.service[117272]: /usr/local/lib/python3.8/dist-packages/oslo_context/context.py:100: DeprecationWarning: Policy enforcement is depending on the value of is_admin. This key is deprecated. Please update your policy file to use the standard policy values.
May 04 17:50:38.782525 dv-cinder-840512-1-iscsi devstack@c-api.service[117272]: warnings.warn('Policy enforcement is depending on the value of '
May 04 17:50:38.959669 dv-cinder-840512-1-iscsi devstack@c-api.service[117272]: INFO cinder.api.openstack.wsgi [None req-858dfb99-6d9e-44dd-8ce9-8bde77ffa394 tempest-GroupSnapshotsTest-1982552390 tempest-GroupSnapshotsTest-1982552390-project-admin] http://10.222.0.81/volume/v3/b3ed80062dad48d6b230afcc2f8daea2/group_types/59780c5a-8fb7-4ede-b1c1-289982615c45 returned with HTTP 202
May 04 17:50:38.971238 dv-cinder-840512-1-iscsi devstack@c-api.service[117272]: [pid: 117272|app: 0|req: 101/241] 10.222.0.81 () {60 vars in 1380 bytes} [Wed May 4 17:50:38 2022] DELETE /volume/v3/b3ed80062dad48d6b230afcc2f8daea2/group_types/59780c5a-8fb7-4ede-b1c1-289982615c45 => generated 0 bytes in 195 msecs (HTTP/1.1 202) 6 headers in 234 bytes (1 switches on core 0)
May 04 17:50:38.977249 dv-cinder-840512-1-iscsi devstack@c-api.service[117272]: DEBUG cinder.api.middleware.request_id [None req-d1d2bc28-6f0d-4f02-8e80-d59d29f52a40 None None] RequestId filter calling following filter/app {{(pid=117272) _context_setter /opt/stack/cinder/cinder/api/middleware/request_id.py:62}}
May 04 17:50:38.981960 dv-cinder-840512-1-iscsi devstack@c-api.service[117272]: INFO cinder.api.openstack.wsgi [None req-d1d2bc28-6f0d-4f02-8e80-d59d29f52a40 tempest-QosSpecsTestJSON-684057938 tempest-QosSpecsTestJSON-684057938-project-admin] GET http://10.222.0.81/volume/v3/b7c16c8cd7684f3785f594d05c854e7a/qos-specs/12cebba4-305d-4697-ad4e-db41ea8dda8c/associations
May 04 17:50:38.982806 dv-cinder-840512-1-iscsi devstack@c-api.service[117272]: DEBUG cinder.api.openstack.wsgi [None req-d1d2bc28-6f0d-4f02-8e80-d59d29f52a40 tempest-QosSpecsTestJSON-684057938 tempest-QosSpecsTestJSON-684057938-project-admin] Empty body provided in request {{(pid=117272) get_body /opt/stack/cinder/cinder/api/openstack/wsgi.py:715}}
May 04 17:50:38.983653 dv-cinder-840512-1-iscsi devstack@c-api.service[117272]: DEBUG cinder.api.openstack.wsgi [None req-d1d2bc28-6f0d-4f02-8e80-d59d29f52a40 tempest-QosSpecsTestJSON-684057938 tempest-QosSpecsTestJSON-684057938-project-admin] Calling method 'associations' {{(pid=117272) _process_stack /opt/stack/cinder/cinder/api/openstack/wsgi.py:868}}
May 04 17:50:38.985156 dv-cinder-840512-1-iscsi devstack@c-api.service[117272]: DEBUG cinder.api.contrib.qos_specs_manage [None req-d1d2bc28-6f0d-4f02-8e80-d59d29f52a40 tempest-QosSpecsTestJSON-684057938 tempest-QosSpecsTestJSON-684057938-project-admin] Get associations for qos_spec id: 12cebba4-305d-4697-ad4e-db41ea8dda8c {{(pid=117272) associations /opt/stack/cinder/cinder/api/contrib/qos_specs_manage.py:233}}
May 04 17:50:39.004045 dv-cinder-840512-1-iscsi devstack@c-api.service[117273]: INFO cinder.api.openstack.wsgi [None req-9d147b11-ebda-4513-9264-1eaba2b9db12 tempest-VolumeTypesTest-1149285111 tempest-VolumeTypesTest-1149285111-project-admin] http://10.222.0.81/volume/v3/6353cf2ff3c0475f9c9bd67b91c55306/types/1346c002-4b8a-40ce-a552-2ab20fae342f returned with HTTP 200
May 04 17:50:39.008542 dv-cinder-840512-1-iscsi devstack@c-api.service[117273]: [pid: 117273|app: 0|req: 141/242] 10.222.0.81 () {60 vars in 1339 bytes} [Wed May 4 17:50:38 2022] PUT /volume/v3/6353cf2ff3c0475f9c9bd67b91c55306/types/1346c002-4b8a-40ce-a552-2ab20fae342f => generated 204 bytes in 688 msecs (HTTP/1.1 200) 7 headers in 285 bytes (1 switches on core 0)
May 04 17:50:39.008542 dv-cinder-840512-1-iscsi devstack@c-api.service[117273]: DEBUG cinder.api.middleware.request_id [None req-8155ba25-286c-419c-bc64-a008d4e806d1 None None] RequestId filter calling following filter/app {{(pid=117273) _context_setter /opt/stack/cinder/cinder/api/middleware/request_id.py:62}}
May 04 17:50:39.013499 dv-cinder-840512-1-iscsi devstack@c-api.service[117273]: INFO cinder.api.openstack.wsgi [None req-8155ba25-286c-419c-bc64-a008d4e806d1 tempest-GroupSnapshotsTest-1982552390 tempest-GroupSnapshotsTest-1982552390-project-admin] POST http://10.222.0.81/volume/v3/b3ed80062dad48d6b230afcc2f8daea2/types
May 04 17:50:39.013877 dv-cinder-840512-1-iscsi devstack@c-api.service[117272]: INFO cinder.api.openstack.wsgi [None req-d1d2bc28-6f0d-4f02-8e80-d59d29f52a40 tempest-QosSpecsTestJSON-684057938 tempest-QosSpecsTestJSON-684057938-project-admin] http://10.222.0.81/volume/v3/b7c16c8cd7684f3785f594d05c854e7a/qos-specs/12cebba4-305d-4697-ad4e-db41ea8dda8c/associations returned with HTTP 200
May 04 17:50:39.014747 dv-cinder-840512-1-iscsi devstack@c-api.service[117272]: [pid: 117272|app: 0|req: 102/243] 10.222.0.81 () {58 vars in 1369 bytes} [Wed May 4 17:50:38 2022] GET /volume/v3/b7c16c8cd7684f3785f594d05c854e7a/qos-specs/12cebba4-305d-4697-ad4e-db41ea8dda8c/associations => generated 24 bytes in 43 msecs (HTTP/1.1 200) 7 headers in 284 bytes (1 switches on core 0)
May 04 17:50:39.015183 dv-cinder-840512-1-iscsi devstack@c-api.service[117273]: DEBUG cinder.api.openstack.wsgi [None req-8155ba25-286c-419c-bc64-a008d4e806d1 tempest-GroupSnapshotsTest-1982552390 tempest-GroupSnapshotsTest-1982552390-project-admin] Action: 'create', calling method: _create, body: {"volume_type": {"name": "tempest-GroupSnapshotsTest-volume-type-613229029"}} {{(pid=117273) _process_stack /opt/stack/cinder/cinder/api/openstack/wsgi.py:866}}
May 04 17:50:39.021270 dv-cinder-840512-1-iscsi devstack@c-api.service[117272]: DEBUG cinder.api.middleware.request_id [None req-9a33fa5b-3345-46a0-a6a6-fa8092ced51f None None] RequestId filter calling following filter/app {{(pid=117272) _context_setter /opt/stack/cinder/cinder/api/middleware/request_id.py:62}}
May 04 17:50:39.025566 dv-cinder-840512-1-iscsi devstack@c-api.service[117272]: INFO cinder.api.openstack.wsgi [None req-9a33fa5b-3345-46a0-a6a6-fa8092ced51f tempest-VolumeTypesTest-1149285111 tempest-VolumeTypesTest-1149285111-project-admin] GET http://10.222.0.81/volume/v3/6353cf2ff3c0475f9c9bd67b91c55306/types/1346c002-4b8a-40ce-a552-2ab20fae342f
May 04 17:50:39.026784 dv-cinder-840512-1-iscsi devstack@c-api.service[117272]: DEBUG cinder.api.openstack.wsgi [None req-9a33fa5b-3345-46a0-a6a6-fa8092ced51f tempest-VolumeTypesTest-1149285111 tempest-VolumeTypesTest-1149285111-project-admin] Empty body provided in request {{(pid=117272) get_body /opt/stack/cinder/cinder/api/openstack/wsgi.py:715}}
May 04 17:50:39.027256 dv-cinder-840512-1-iscsi devstack@c-api.service[117272]: DEBUG cinder.api.openstack.wsgi [None req-9a33fa5b-3345-46a0-a6a6-fa8092ced51f tempest-VolumeTypesTest-1149285111 tempest-VolumeTypesTest-1149285111-project-admin] Calling method 'show' {{(pid=117272) _process_stack /opt/stack/cinder/cinder/api/openstack/wsgi.py:868}}
May 04 17:50:39.033250 dv-cinder-840512-1-iscsi devstack@c-api.service[117272]: /usr/local/lib/python3.8/dist-packages/oslo_context/context.py:100: DeprecationWarning: Policy enforcement is depending on the value of is_admin. This key is deprecated. Please update your policy file to use the standard policy values.
May 04 17:50:39.033250 dv-cinder-840512-1-iscsi devstack@c-api.service[117272]: warnings.warn('Policy enforcement is depending on the value of '
May 04 17:50:39.037482 dv-cinder-840512-1-iscsi devstack@c-api.service[117272]: INFO cinder.api.openstack.wsgi [None req-9a33fa5b-3345-46a0-a6a6-fa8092ced51f tempest-VolumeTypesTest-1149285111 tempest-VolumeTypesTest-1149285111-project-admin] http://10.222.0.81/volume/v3/6353cf2ff3c0475f9c9bd67b91c55306/types/1346c002-4b8a-40ce-a552-2ab20fae342f returned with HTTP 200
May 04 17:50:39.038473 dv-cinder-840512-1-iscsi devstack@c-api.service[117272]: [pid: 117272|app: 0|req: 103/244] 10.222.0.81 () {58 vars in 1318 bytes} [Wed May 4 17:50:39 2022] GET /volume/v3/6353cf2ff3c0475f9c9bd67b91c55306/types/1346c002-4b8a-40ce-a552-2ab20fae342f => generated 268 bytes in 23 msecs (HTTP/1.1 200) 7 headers in 285 bytes (1 switches on core 0)
May 04 17:50:39.039738 dv-cinder-840512-1-iscsi devstack@c-api.service[117272]: DEBUG cinder.api.middleware.request_id [None req-3cfb44af-10a4-401c-8ed0-5ffed2495ed8 None None] RequestId filter calling following filter/app {{(pid=117272) _context_setter /opt/stack/cinder/cinder/api/middleware/request_id.py:62}}
May 04 17:50:39.045129 dv-cinder-840512-1-iscsi devstack@c-api.service[117272]: INFO cinder.api.openstack.wsgi [None req-3cfb44af-10a4-401c-8ed0-5ffed2495ed8 tempest-QosSpecsTestJSON-684057938 tempest-QosSpecsTestJSON-684057938-project-admin] POST http://10.222.0.81/volume/v3/b7c16c8cd7684f3785f594d05c854e7a/qos-specs
May 04 17:50:39.045838 dv-cinder-840512-1-iscsi devstack@c-api.service[117272]: DEBUG cinder.api.openstack.wsgi [None req-3cfb44af-10a4-401c-8ed0-5ffed2495ed8 tempest-QosSpecsTestJSON-684057938 tempest-QosSpecsTestJSON-684057938-project-admin] Action: 'create', calling method: create, body: {"qos_specs": {"name": "tempest-QosSpecsTestJSON-qos-137142454", "consumer": "back-end"}} {{(pid=117272) _process_stack /opt/stack/cinder/cinder/api/openstack/wsgi.py:866}}
May 04 17:50:39.051231 dv-cinder-840512-1-iscsi devstack@c-api.service[117272]: DEBUG cinder.volume.qos_specs [None req-3cfb44af-10a4-401c-8ed0-5ffed2495ed8 tempest-QosSpecsTestJSON-684057938 tempest-QosSpecsTestJSON-684057938-project-admin] Dict for qos_specs: {'name': 'tempest-QosSpecsTestJSON-qos-137142454', 'consumer': 'back-end', 'specs': {}} {{(pid=117272) create /opt/stack/cinder/cinder/volume/qos_specs.py:64}}
May 04 17:50:39.057902 dv-cinder-840512-1-iscsi devstack@c-api.service[117272]: DEBUG cinder.db.sqlalchemy.api [None req-3cfb44af-10a4-401c-8ed0-5ffed2495ed8 tempest-QosSpecsTestJSON-684057938 tempest-QosSpecsTestJSON-684057938-project-admin] DB qos_specs_create(): root {'id': 'b8ba8e5a-46d0-4946-8077-00e91276bc95', 'key': 'QoS_Specs_Name', 'value': 'tempest-QosSpecsTestJSON-qos-137142454'} {{(pid=117272) qos_specs_create /opt/stack/cinder/cinder/db/sqlalchemy/api.py:4940}}
May 04 17:50:39.111851 dv-cinder-840512-1-iscsi devstack@c-api.service[117273]: INFO cinder.api.openstack.wsgi [None req-8155ba25-286c-419c-bc64-a008d4e806d1 tempest-GroupSnapshotsTest-1982552390 tempest-GroupSnapshotsTest-1982552390-project-admin] http://10.222.0.81/volume/v3/b3ed80062dad48d6b230afcc2f8daea2/types returned with HTTP 200
May 04 17:50:39.112839 dv-cinder-840512-1-iscsi devstack@c-api.service[117273]: [pid: 117273|app: 0|req: 142/245] 10.222.0.81 () {60 vars in 1228 bytes} [Wed May 4 17:50:39 2022] POST /volume/v3/b3ed80062dad48d6b230afcc2f8daea2/types => generated 223 bytes in 107 msecs (HTTP/1.1 200) 7 headers in 285 bytes (1 switches on core 0)
May 04 17:50:39.114302 dv-cinder-840512-1-iscsi devstack@c-api.service[117273]: DEBUG cinder.api.middleware.request_id [None req-e7921952-e9d6-4f45-800a-3603cd1ba3a4 None None] RequestId filter calling following filter/app {{(pid=117273) _context_setter /opt/stack/cinder/cinder/api/middleware/request_id.py:62}}
May 04 17:50:39.118635 dv-cinder-840512-1-iscsi devstack@c-api.service[117273]: INFO cinder.api.openstack.wsgi [None req-e7921952-e9d6-4f45-800a-3603cd1ba3a4 tempest-VolumeTypesTest-1149285111 tempest-VolumeTypesTest-1149285111-project-admin] DELETE http://10.222.0.81/volume/v3/6353cf2ff3c0475f9c9bd67b91c55306/types/1346c002-4b8a-40ce-a552-2ab20fae342f
May 04 17:50:39.119325 dv-cinder-840512-1-iscsi devstack@c-api.service[117273]: DEBUG cinder.api.openstack.wsgi [None req-e7921952-e9d6-4f45-800a-3603cd1ba3a4 tempest-VolumeTypesTest-1149285111 tempest-VolumeTypesTest-1149285111-project-admin] Empty body provided in request {{(pid=117273) get_body /opt/stack/cinder/cinder/api/openstack/wsgi.py:715}}
May 04 17:50:39.119894 dv-cinder-840512-1-iscsi devstack@c-api.service[117273]: DEBUG cinder.api.openstack.wsgi [None req-e7921952-e9d6-4f45-800a-3603cd1ba3a4 tempest-VolumeTypesTest-1149285111 tempest-VolumeTypesTest-1149285111-project-admin] Calling method '_delete' {{(pid=117273) _process_stack /opt/stack/cinder/cinder/api/openstack/wsgi.py:868}}
May 04 17:50:39.166809 dv-cinder-840512-1-iscsi devstack@c-api.service[117272]: INFO cinder.api.openstack.wsgi [None req-3cfb44af-10a4-401c-8ed0-5ffed2495ed8 tempest-QosSpecsTestJSON-684057938 tempest-QosSpecsTestJSON-684057938-project-admin] http://10.222.0.81/volume/v3/b7c16c8cd7684f3785f594d05c854e7a/qos-specs returned with HTTP 200
May 04 17:50:39.166809 dv-cinder-840512-1-iscsi devstack@c-api.service[117272]: [pid: 117272|app: 0|req: 104/246] 10.222.0.81 () {60 vars in 1240 bytes} [Wed May 4 17:50:39 2022] POST /volume/v3/b7c16c8cd7684f3785f594d05c854e7a/qos-specs => generated 434 bytes in 126 msecs (HTTP/1.1 200) 7 headers in 285 bytes (1 switches on core 0)
May 04 17:50:39.167428 dv-cinder-840512-1-iscsi devstack@c-api.service[117272]: DEBUG cinder.api.middleware.request_id [None req-c5185ec8-ed6a-4804-96ba-7d910165c09c None None] RequestId filter calling following filter/app {{(pid=117272) _context_setter /opt/stack/cinder/cinder/api/middleware/request_id.py:62}}
May 04 17:50:39.174368 dv-cinder-840512-1-iscsi devstack@c-api.service[117272]: INFO cinder.api.openstack.wsgi [None req-c5185ec8-ed6a-4804-96ba-7d910165c09c tempest-GroupSnapshotsTest-1982552390 tempest-GroupSnapshotsTest-1982552390-project-admin] POST http://10.222.0.81/volume/v3/b3ed80062dad48d6b230afcc2f8daea2/group_types
May 04 17:50:39.175075 dv-cinder-840512-1-iscsi devstack@c-api.service[117272]: DEBUG cinder.api.openstack.wsgi [None req-c5185ec8-ed6a-4804-96ba-7d910165c09c tempest-GroupSnapshotsTest-1982552390 tempest-GroupSnapshotsTest-1982552390-project-admin] Action: 'create', calling method: version_select, body: {"group_type": {"name": "tempest-GroupSnapshotsTest-group-type-1601394463"}} {{(pid=117272) _process_stack /opt/stack/cinder/cinder/api/openstack/wsgi.py:866}}
May 04 17:50:39.176535 dv-cinder-840512-1-iscsi devstack@c-api.service[117272]: /usr/local/lib/python3.8/dist-packages/oslo_context/context.py:100: DeprecationWarning: Policy enforcement is depending on the value of is_admin. This key is deprecated. Please update your policy file to use the standard policy values.
May 04 17:50:39.176535 dv-cinder-840512-1-iscsi devstack@c-api.service[117272]: warnings.warn('Policy enforcement is depending on the value of '
May 04 17:50:39.273885 dv-cinder-840512-1-iscsi devstack@c-api.service[117273]: INFO cinder.api.openstack.wsgi [None req-e7921952-e9d6-4f45-800a-3603cd1ba3a4 tempest-VolumeTypesTest-1149285111 tempest-VolumeTypesTest-1149285111-project-admin] http://10.222.0.81/volume/v3/6353cf2ff3c0475f9c9bd67b91c55306/types/1346c002-4b8a-40ce-a552-2ab20fae342f returned with HTTP 202
May 04 17:50:39.274866 dv-cinder-840512-1-iscsi devstack@c-api.service[117273]: [pid: 117273|app: 0|req: 143/247] 10.222.0.81 () {58 vars in 1321 bytes} [Wed May 4 17:50:39 2022] DELETE /volume/v3/6353cf2ff3c0475f9c9bd67b91c55306/types/1346c002-4b8a-40ce-a552-2ab20fae342f => generated 0 bytes in 161 msecs (HTTP/1.1 202) 6 headers in 233 bytes (1 switches on core 0)
May 04 17:50:39.279160 dv-cinder-840512-1-iscsi devstack@c-api.service[117273]: DEBUG cinder.api.middleware.request_id [None req-49f3ac99-d94d-43cb-b258-8816db9a3352 None None] RequestId filter calling following filter/app {{(pid=117273) _context_setter /opt/stack/cinder/cinder/api/middleware/request_id.py:62}}
May 04 17:50:39.280278 dv-cinder-840512-1-iscsi devstack@c-api.service[117272]: INFO cinder.api.openstack.wsgi [None req-c5185ec8-ed6a-4804-96ba-7d910165c09c tempest-GroupSnapshotsTest-1982552390 tempest-GroupSnapshotsTest-1982552390-project-admin] http://10.222.0.81/volume/v3/b3ed80062dad48d6b230afcc2f8daea2/group_types returned with HTTP 202
May 04 17:50:39.282334 dv-cinder-840512-1-iscsi devstack@c-api.service[117272]: [pid: 117272|app: 0|req: 105/248] 10.222.0.81 () {62 vars in 1287 bytes} [Wed May 4 17:50:39 2022] POST /volume/v3/b3ed80062dad48d6b230afcc2f8daea2/group_types => generated 181 bytes in 116 msecs (HTTP/1.1 202) 7 headers in 292 bytes (1 switches on core 0)
May 04 17:50:39.287089 dv-cinder-840512-1-iscsi devstack@c-api.service[117272]: DEBUG cinder.api.middleware.request_id [None req-bc1f4cf7-f06e-47eb-98f2-75a182a094d0 None None] RequestId filter calling following filter/app {{(pid=117272) _context_setter /opt/stack/cinder/cinder/api/middleware/request_id.py:62}}
May 04 17:50:39.287210 dv-cinder-840512-1-iscsi devstack@c-api.service[117273]: INFO cinder.api.openstack.wsgi [None req-49f3ac99-d94d-43cb-b258-8816db9a3352 tempest-QosSpecsTestJSON-684057938 tempest-QosSpecsTestJSON-684057938-project-admin] DELETE http://10.222.0.81/volume/v3/b7c16c8cd7684f3785f594d05c854e7a/qos-specs/b8ba8e5a-46d0-4946-8077-00e91276bc95?force=False
May 04 17:50:39.287210 dv-cinder-840512-1-iscsi devstack@c-api.service[117273]: DEBUG cinder.api.openstack.wsgi [None req-49f3ac99-d94d-43cb-b258-8816db9a3352 tempest-QosSpecsTestJSON-684057938 tempest-QosSpecsTestJSON-684057938-project-admin] Empty body provided in request {{(pid=117273) get_body /opt/stack/cinder/cinder/api/openstack/wsgi.py:715}}
May 04 17:50:39.287210 dv-cinder-840512-1-iscsi devstack@c-api.service[117273]: DEBUG cinder.api.openstack.wsgi [None req-49f3ac99-d94d-43cb-b258-8816db9a3352 tempest-QosSpecsTestJSON-684057938 tempest-QosSpecsTestJSON-684057938-project-admin] Calling method 'delete' {{(pid=117273) _process_stack /opt/stack/cinder/cinder/api/openstack/wsgi.py:868}}
May 04 17:50:39.287471 dv-cinder-840512-1-iscsi devstack@c-api.service[117272]: INFO cinder.api.openstack.wsgi [None req-bc1f4cf7-f06e-47eb-98f2-75a182a094d0 tempest-GroupSnapshotsV319Test-68138684 tempest-GroupSnapshotsV319Test-68138684-project] GET http://10.222.0.81/volume/v3/d9072fb16ee0458c86d7b1f3f3bb2015/volumes/6698b985-d351-413c-b69c-241d79d88643
May 04 17:50:39.287471 dv-cinder-840512-1-iscsi devstack@c-api.service[117272]: DEBUG cinder.api.openstack.wsgi [None req-bc1f4cf7-f06e-47eb-98f2-75a182a094d0 tempest-GroupSnapshotsV319Test-68138684 tempest-GroupSnapshotsV319Test-68138684-project] Empty body provided in request {{(pid=117272) get_body /opt/stack/cinder/cinder/api/openstack/wsgi.py:715}}
May 04 17:50:39.287471 dv-cinder-840512-1-iscsi devstack@c-api.service[117272]: DEBUG cinder.api.openstack.wsgi [None req-bc1f4cf7-f06e-47eb-98f2-75a182a094d0 tempest-GroupSnapshotsV319Test-68138684 tempest-GroupSnapshotsV319Test-68138684-project] Calling method 'show' {{(pid=117272) _process_stack /opt/stack/cinder/cinder/api/openstack/wsgi.py:868}}
May 04 17:50:39.287679 dv-cinder-840512-1-iscsi devstack@c-api.service[117273]: DEBUG cinder.api.contrib.qos_specs_manage [None req-49f3ac99-d94d-43cb-b258-8816db9a3352 tempest-QosSpecsTestJSON-684057938 tempest-QosSpecsTestJSON-684057938-project-admin] Delete qos_spec: b8ba8e5a-46d0-4946-8077-00e91276bc95, force: False {{(pid=117273) delete /opt/stack/cinder/cinder/api/contrib/qos_specs_manage.py:168}}
May 04 17:50:39.299667 dv-cinder-840512-1-iscsi devstack@c-api.service[117272]: INFO cinder.api.openstack.wsgi [None req-bc1f4cf7-f06e-47eb-98f2-75a182a094d0 tempest-GroupSnapshotsV319Test-68138684 tempest-GroupSnapshotsV319Test-68138684-project] http://10.222.0.81/volume/v3/d9072fb16ee0458c86d7b1f3f3bb2015/volumes/6698b985-d351-413c-b69c-241d79d88643 returned with HTTP 404
May 04 17:50:39.301014 dv-cinder-840512-1-iscsi devstack@c-api.service[117272]: [pid: 117272|app: 0|req: 106/249] 10.222.0.81 () {60 vars in 1365 bytes} [Wed May 4 17:50:39 2022] GET /volume/v3/d9072fb16ee0458c86d7b1f3f3bb2015/volumes/6698b985-d351-413c-b69c-241d79d88643 => generated 109 bytes in 19 msecs (HTTP/1.1 404) 7 headers in 293 bytes (1 switches on core 0)
May 04 17:50:39.302127 dv-cinder-840512-1-iscsi devstack@c-api.service[117272]: DEBUG cinder.api.middleware.request_id [None req-2e7e16d7-2c50-44e5-9a9a-4f621e8c50e6 None None] RequestId filter calling following filter/app {{(pid=117272) _context_setter /opt/stack/cinder/cinder/api/middleware/request_id.py:62}}
May 04 17:50:39.305972 dv-cinder-840512-1-iscsi devstack@c-api.service[117272]: INFO cinder.api.openstack.wsgi [None req-2e7e16d7-2c50-44e5-9a9a-4f621e8c50e6 tempest-VolumeTypesTest-1149285111 tempest-VolumeTypesTest-1149285111-project-admin] GET http://10.222.0.81/volume/v3/6353cf2ff3c0475f9c9bd67b91c55306/types/1346c002-4b8a-40ce-a552-2ab20fae342f
May 04 17:50:39.306481 dv-cinder-840512-1-iscsi devstack@c-api.service[117272]: DEBUG cinder.api.openstack.wsgi [None req-2e7e16d7-2c50-44e5-9a9a-4f621e8c50e6 tempest-VolumeTypesTest-1149285111 tempest-VolumeTypesTest-1149285111-project-admin] Empty body provided in request {{(pid=117272) get_body /opt/stack/cinder/cinder/api/openstack/wsgi.py:715}}
May 04 17:50:39.307731 dv-cinder-840512-1-iscsi devstack@c-api.service[117272]: DEBUG cinder.api.openstack.wsgi [None req-2e7e16d7-2c50-44e5-9a9a-4f621e8c50e6 tempest-VolumeTypesTest-1149285111 tempest-VolumeTypesTest-1149285111-project-admin] Calling method 'show' {{(pid=117272) _process_stack /opt/stack/cinder/cinder/api/openstack/wsgi.py:868}}
May 04 17:50:39.314640 dv-cinder-840512-1-iscsi devstack@c-api.service[117272]: INFO cinder.api.openstack.wsgi [None req-2e7e16d7-2c50-44e5-9a9a-4f621e8c50e6 tempest-VolumeTypesTest-1149285111 tempest-VolumeTypesTest-1149285111-project-admin] http://10.222.0.81/volume/v3/6353cf2ff3c0475f9c9bd67b91c55306/types/1346c002-4b8a-40ce-a552-2ab20fae342f returned with HTTP 404
May 04 17:50:39.315908 dv-cinder-840512-1-iscsi devstack@c-api.service[117272]: [pid: 117272|app: 0|req: 107/250] 10.222.0.81 () {58 vars in 1318 bytes} [Wed May 4 17:50:39 2022] GET /volume/v3/6353cf2ff3c0475f9c9bd67b91c55306/types/1346c002-4b8a-40ce-a552-2ab20fae342f => generated 114 bytes in 15 msecs (HTTP/1.1 404) 7 headers in 292 bytes (1 switches on core 0)
May 04 17:50:39.317320 dv-cinder-840512-1-iscsi devstack@c-api.service[117272]: DEBUG cinder.api.middleware.request_id [None req-1b59f76c-ce1a-4511-887e-a580a9372c0b None None] RequestId filter calling following filter/app {{(pid=117272) _context_setter /opt/stack/cinder/cinder/api/middleware/request_id.py:62}}
May 04 17:50:39.321252 dv-cinder-840512-1-iscsi devstack@c-api.service[117272]: INFO cinder.api.openstack.wsgi [None req-1b59f76c-ce1a-4511-887e-a580a9372c0b tempest-GroupSnapshotsTest-186067426 tempest-GroupSnapshotsTest-186067426-project] POST http://10.222.0.81/volume/v3/8ae10404eb4c45889b684d3ec230227f/groups
May 04 17:50:39.322023 dv-cinder-840512-1-iscsi devstack@c-api.service[117272]: DEBUG cinder.api.openstack.wsgi [None req-1b59f76c-ce1a-4511-887e-a580a9372c0b tempest-GroupSnapshotsTest-186067426 tempest-GroupSnapshotsTest-186067426-project] Action: 'create', calling method: version_select, body: {"group": {"group_type": "c973a0c6-56e4-462e-8033-cf12268b1138", "volume_types": ["42549b23-e49d-4d7f-8b91-2d2d4a46cc77"], "name": "tempest-GroupSnapshotsTest-Group-1833615761"}} {{(pid=117272) _process_stack /opt/stack/cinder/cinder/api/openstack/wsgi.py:866}}
May 04 17:50:39.322928 dv-cinder-840512-1-iscsi devstack@c-api.service[117272]: DEBUG cinder.api.v3.groups [None req-1b59f76c-ce1a-4511-887e-a580a9372c0b tempest-GroupSnapshotsTest-186067426 tempest-GroupSnapshotsTest-186067426-project] Creating new group {'group': {'group_type': 'c973a0c6-56e4-462e-8033-cf12268b1138', 'volume_types': ['42549b23-e49d-4d7f-8b91-2d2d4a46cc77'], 'name': 'tempest-GroupSnapshotsTest-Group-1833615761'}} {{(pid=117272) create /opt/stack/cinder/cinder/api/v3/groups.py:190}}
May 04 17:50:39.333983 dv-cinder-840512-1-iscsi devstack@c-api.service[117272]: INFO cinder.api.v3.groups [None req-1b59f76c-ce1a-4511-887e-a580a9372c0b tempest-GroupSnapshotsTest-186067426 tempest-GroupSnapshotsTest-186067426-project] Creating group tempest-GroupSnapshotsTest-Group-1833615761.
May 04 17:50:39.345587 dv-cinder-840512-1-iscsi devstack@c-api.service[117272]: INFO cinder.volume.api [None req-1b59f76c-ce1a-4511-887e-a580a9372c0b tempest-GroupSnapshotsTest-186067426 tempest-GroupSnapshotsTest-186067426-project] Availability Zones retrieved successfully.
May 04 17:50:39.404326 dv-cinder-840512-1-iscsi devstack@c-api.service[117273]: INFO cinder.api.openstack.wsgi [None req-49f3ac99-d94d-43cb-b258-8816db9a3352 tempest-QosSpecsTestJSON-684057938 tempest-QosSpecsTestJSON-684057938-project-admin] http://10.222.0.81/volume/v3/b7c16c8cd7684f3785f594d05c854e7a/qos-specs/b8ba8e5a-46d0-4946-8077-00e91276bc95?force=False returned with HTTP 202
May 04 17:50:39.405157 dv-cinder-840512-1-iscsi devstack@c-api.service[117273]: [pid: 117273|app: 0|req: 144/251] 10.222.0.81 () {58 vars in 1356 bytes} [Wed May 4 17:50:39 2022] DELETE /volume/v3/b7c16c8cd7684f3785f594d05c854e7a/qos-specs/b8ba8e5a-46d0-4946-8077-00e91276bc95?force=False => generated 0 bytes in 127 msecs (HTTP/1.1 202) 6 headers in 233 bytes (1 switches on core 0)
May 04 17:50:39.406512 dv-cinder-840512-1-iscsi devstack@c-api.service[117273]: DEBUG cinder.api.middleware.request_id [None req-a4aae1f0-974b-4c40-9bb8-fbfad4f50914 None None] RequestId filter calling following filter/app {{(pid=117273) _context_setter /opt/stack/cinder/cinder/api/middleware/request_id.py:62}}
May 04 17:50:39.410373 dv-cinder-840512-1-iscsi devstack@c-api.service[117273]: INFO cinder.api.openstack.wsgi [None req-a4aae1f0-974b-4c40-9bb8-fbfad4f50914 tempest-GroupSnapshotsV319Test-68138684 tempest-GroupSnapshotsV319Test-68138684-project] GET http://10.222.0.81/volume/v3/d9072fb16ee0458c86d7b1f3f3bb2015/groups/253b46bf-028c-49d9-a34e-14932df2fa37
May 04 17:50:39.410860 dv-cinder-840512-1-iscsi devstack@c-api.service[117273]: DEBUG cinder.api.openstack.wsgi [None req-a4aae1f0-974b-4c40-9bb8-fbfad4f50914 tempest-GroupSnapshotsV319Test-68138684 tempest-GroupSnapshotsV319Test-68138684-project] Empty body provided in request {{(pid=117273) get_body /opt/stack/cinder/cinder/api/openstack/wsgi.py:715}}
May 04 17:50:39.411309 dv-cinder-840512-1-iscsi devstack@c-api.service[117273]: DEBUG cinder.api.openstack.wsgi [None req-a4aae1f0-974b-4c40-9bb8-fbfad4f50914 tempest-GroupSnapshotsV319Test-68138684 tempest-GroupSnapshotsV319Test-68138684-project] Calling method 'version_select' {{(pid=117273) _process_stack /opt/stack/cinder/cinder/api/openstack/wsgi.py:868}}
May 04 17:50:39.411653 dv-cinder-840512-1-iscsi devstack@c-api.service[117273]: DEBUG cinder.api.v3.groups [None req-a4aae1f0-974b-4c40-9bb8-fbfad4f50914 tempest-GroupSnapshotsV319Test-68138684 tempest-GroupSnapshotsV319Test-68138684-project] show called for member 253b46bf-028c-49d9-a34e-14932df2fa37 {{(pid=117273) show /opt/stack/cinder/cinder/api/v3/groups.py:58}}
May 04 17:50:39.417172 dv-cinder-840512-1-iscsi devstack@c-api.service[117273]: INFO cinder.api.openstack.wsgi [None req-a4aae1f0-974b-4c40-9bb8-fbfad4f50914 tempest-GroupSnapshotsV319Test-68138684 tempest-GroupSnapshotsV319Test-68138684-project] http://10.222.0.81/volume/v3/d9072fb16ee0458c86d7b1f3f3bb2015/groups/253b46bf-028c-49d9-a34e-14932df2fa37 returned with HTTP 404
May 04 17:50:39.418012 dv-cinder-840512-1-iscsi devstack@c-api.service[117273]: [pid: 117273|app: 0|req: 145/252] 10.222.0.81 () {60 vars in 1362 bytes} [Wed May 4 17:50:39 2022] GET /volume/v3/d9072fb16ee0458c86d7b1f3f3bb2015/groups/253b46bf-028c-49d9-a34e-14932df2fa37 => generated 108 bytes in 12 msecs (HTTP/1.1 404) 7 headers in 293 bytes (1 switches on core 0)
May 04 17:50:39.419222 dv-cinder-840512-1-iscsi devstack@c-api.service[117273]: DEBUG cinder.api.middleware.request_id [None req-5562c12f-dc46-4f16-9c24-2ca57be53587 None None] RequestId filter calling following filter/app {{(pid=117273) _context_setter /opt/stack/cinder/cinder/api/middleware/request_id.py:62}}
May 04 17:50:39.422687 dv-cinder-840512-1-iscsi devstack@c-api.service[117273]: INFO cinder.api.openstack.wsgi [None req-5562c12f-dc46-4f16-9c24-2ca57be53587 tempest-VolumeTypesTest-1149285111 tempest-VolumeTypesTest-1149285111-project-admin] DELETE http://10.222.0.81/volume/v3/6353cf2ff3c0475f9c9bd67b91c55306/types/8619f229-34a9-44bd-a7b2-28d5a443c8a1
May 04 17:50:39.423122 dv-cinder-840512-1-iscsi devstack@c-api.service[117273]: DEBUG cinder.api.openstack.wsgi [None req-5562c12f-dc46-4f16-9c24-2ca57be53587 tempest-VolumeTypesTest-1149285111 tempest-VolumeTypesTest-1149285111-project-admin] Empty body provided in request {{(pid=117273) get_body /opt/stack/cinder/cinder/api/openstack/wsgi.py:715}}
May 04 17:50:39.423578 dv-cinder-840512-1-iscsi devstack@c-api.service[117273]: DEBUG cinder.api.openstack.wsgi [None req-5562c12f-dc46-4f16-9c24-2ca57be53587 tempest-VolumeTypesTest-1149285111 tempest-VolumeTypesTest-1149285111-project-admin] Calling method '_delete' {{(pid=117273) _process_stack /opt/stack/cinder/cinder/api/openstack/wsgi.py:868}}
May 04 17:50:39.424193 dv-cinder-840512-1-iscsi devstack@c-api.service[117273]: /usr/local/lib/python3.8/dist-packages/oslo_context/context.py:100: DeprecationWarning: Policy enforcement is depending on the value of is_admin. This key is deprecated. Please update your policy file to use the standard policy values.
May 04 17:50:39.424193 dv-cinder-840512-1-iscsi devstack@c-api.service[117273]: warnings.warn('Policy enforcement is depending on the value of '
May 04 17:50:39.496749 dv-cinder-840512-1-iscsi devstack@c-api.service[117272]: DEBUG cinder.quota [None req-1b59f76c-ce1a-4511-887e-a580a9372c0b tempest-GroupSnapshotsTest-186067426 tempest-GroupSnapshotsTest-186067426-project] Created reservations ['f0ab8e51-d9b4-4a7e-a06c-19f65440be9f'] {{(pid=117272) reserve /opt/stack/cinder/cinder/quota.py:755}}
May 04 17:50:39.557771 dv-cinder-840512-1-iscsi devstack@c-api.service[117273]: INFO cinder.api.openstack.wsgi [None req-5562c12f-dc46-4f16-9c24-2ca57be53587 tempest-VolumeTypesTest-1149285111 tempest-VolumeTypesTest-1149285111-project-admin] http://10.222.0.81/volume/v3/6353cf2ff3c0475f9c9bd67b91c55306/types/8619f229-34a9-44bd-a7b2-28d5a443c8a1 returned with HTTP 202
May 04 17:50:39.558567 dv-cinder-840512-1-iscsi devstack@c-api.service[117273]: [pid: 117273|app: 0|req: 146/253] 10.222.0.81 () {58 vars in 1321 bytes} [Wed May 4 17:50:39 2022] DELETE /volume/v3/6353cf2ff3c0475f9c9bd67b91c55306/types/8619f229-34a9-44bd-a7b2-28d5a443c8a1 => generated 0 bytes in 140 msecs (HTTP/1.1 202) 6 headers in 233 bytes (1 switches on core 0)
May 04 17:50:39.559953 dv-cinder-840512-1-iscsi devstack@c-api.service[117273]: DEBUG cinder.api.middleware.request_id [None req-692958c8-65a7-42fa-914e-56bc15ad389e None None] RequestId filter calling following filter/app {{(pid=117273) _context_setter /opt/stack/cinder/cinder/api/middleware/request_id.py:62}}
May 04 17:50:39.565181 dv-cinder-840512-1-iscsi devstack@c-api.service[117273]: INFO cinder.api.openstack.wsgi [None req-692958c8-65a7-42fa-914e-56bc15ad389e tempest-QosSpecsTestJSON-684057938 tempest-QosSpecsTestJSON-684057938-project-admin] GET http://10.222.0.81/volume/v3/b7c16c8cd7684f3785f594d05c854e7a/qos-specs/b8ba8e5a-46d0-4946-8077-00e91276bc95
May 04 17:50:39.570302 dv-cinder-840512-1-iscsi devstack@c-api.service[117273]: DEBUG cinder.api.openstack.wsgi [None req-692958c8-65a7-42fa-914e-56bc15ad389e tempest-QosSpecsTestJSON-684057938 tempest-QosSpecsTestJSON-684057938-project-admin] Empty body provided in request {{(pid=117273) get_body /opt/stack/cinder/cinder/api/openstack/wsgi.py:715}}
May 04 17:50:39.570302 dv-cinder-840512-1-iscsi devstack@c-api.service[117273]: DEBUG cinder.api.openstack.wsgi [None req-692958c8-65a7-42fa-914e-56bc15ad389e tempest-QosSpecsTestJSON-684057938 tempest-QosSpecsTestJSON-684057938-project-admin] Calling method 'show' {{(pid=117273) _process_stack /opt/stack/cinder/cinder/api/openstack/wsgi.py:868}}
May 04 17:50:39.571446 dv-cinder-840512-1-iscsi devstack@c-api.service[117273]: INFO cinder.api.openstack.wsgi [None req-692958c8-65a7-42fa-914e-56bc15ad389e tempest-QosSpecsTestJSON-684057938 tempest-QosSpecsTestJSON-684057938-project-admin] http://10.222.0.81/volume/v3/b7c16c8cd7684f3785f594d05c854e7a/qos-specs/b8ba8e5a-46d0-4946-8077-00e91276bc95 returned with HTTP 404
May 04 17:50:39.572322 dv-cinder-840512-1-iscsi devstack@c-api.service[117273]: [pid: 117273|app: 0|req: 147/254] 10.222.0.81 () {58 vars in 1330 bytes} [Wed May 4 17:50:39 2022] GET /volume/v3/b7c16c8cd7684f3785f594d05c854e7a/qos-specs/b8ba8e5a-46d0-4946-8077-00e91276bc95 => generated 100 bytes in 13 msecs (HTTP/1.1 404) 7 headers in 292 bytes (1 switches on core 0)
May 04 17:50:39.574433 dv-cinder-840512-1-iscsi devstack@c-api.service[117273]: DEBUG cinder.api.middleware.request_id [None req-0e1824ce-dd75-4c3b-bc31-1ae435b72362 None None] RequestId filter calling following filter/app {{(pid=117273) _context_setter /opt/stack/cinder/cinder/api/middleware/request_id.py:62}}
May 04 17:50:39.578122 dv-cinder-840512-1-iscsi devstack@c-api.service[117273]: INFO cinder.api.openstack.wsgi [None req-0e1824ce-dd75-4c3b-bc31-1ae435b72362 tempest-GroupSnapshotsV319Test-414623314 tempest-GroupSnapshotsV319Test-414623314-project-admin] DELETE http://10.222.0.81/volume/v3/4197bfef7ac34835a647c0286bc7724d/group_types/60eabe1e-b109-4bae-85e6-f34f832a2200
May 04 17:50:39.578604 dv-cinder-840512-1-iscsi devstack@c-api.service[117273]: DEBUG cinder.api.openstack.wsgi [None req-0e1824ce-dd75-4c3b-bc31-1ae435b72362 tempest-GroupSnapshotsV319Test-414623314 tempest-GroupSnapshotsV319Test-414623314-project-admin] Empty body provided in request {{(pid=117273) get_body /opt/stack/cinder/cinder/api/openstack/wsgi.py:715}}
May 04 17:50:39.579042 dv-cinder-840512-1-iscsi devstack@c-api.service[117273]: DEBUG cinder.api.openstack.wsgi [None req-0e1824ce-dd75-4c3b-bc31-1ae435b72362 tempest-GroupSnapshotsV319Test-414623314 tempest-GroupSnapshotsV319Test-414623314-project-admin] Calling method 'version_select' {{(pid=117273) _process_stack /opt/stack/cinder/cinder/api/openstack/wsgi.py:868}}
May 04 17:50:39.656915 dv-cinder-840512-1-iscsi devstack@c-api.service[117273]: INFO cinder.api.openstack.wsgi [None req-0e1824ce-dd75-4c3b-bc31-1ae435b72362 tempest-GroupSnapshotsV319Test-414623314 tempest-GroupSnapshotsV319Test-414623314-project-admin] http://10.222.0.81/volume/v3/4197bfef7ac34835a647c0286bc7724d/group_types/60eabe1e-b109-4bae-85e6-f34f832a2200 returned with HTTP 202
May 04 17:50:39.663487 dv-cinder-840512-1-iscsi devstack@c-api.service[117273]: [pid: 117273|app: 0|req: 148/255] 10.222.0.81 () {60 vars in 1380 bytes} [Wed May 4 17:50:39 2022] DELETE /volume/v3/4197bfef7ac34835a647c0286bc7724d/group_types/60eabe1e-b109-4bae-85e6-f34f832a2200 => generated 0 bytes in 85 msecs (HTTP/1.1 202) 6 headers in 234 bytes (1 switches on core 0)
May 04 17:50:39.663487 dv-cinder-840512-1-iscsi devstack@c-api.service[117273]: DEBUG cinder.api.middleware.request_id [None req-dd6ab22b-8da7-467c-8fa2-81c76af0b44f None None] RequestId filter calling following filter/app {{(pid=117273) _context_setter /opt/stack/cinder/cinder/api/middleware/request_id.py:62}}
May 04 17:50:39.667532 dv-cinder-840512-1-iscsi devstack@c-api.service[117273]: INFO cinder.api.openstack.wsgi [None req-dd6ab22b-8da7-467c-8fa2-81c76af0b44f tempest-VolumeTypesTest-1149285111 tempest-VolumeTypesTest-1149285111-project-admin] GET http://10.222.0.81/volume/v3/6353cf2ff3c0475f9c9bd67b91c55306/types/8619f229-34a9-44bd-a7b2-28d5a443c8a1
May 04 17:50:39.668004 dv-cinder-840512-1-iscsi devstack@c-api.service[117273]: DEBUG cinder.api.openstack.wsgi [None req-dd6ab22b-8da7-467c-8fa2-81c76af0b44f tempest-VolumeTypesTest-1149285111 tempest-VolumeTypesTest-1149285111-project-admin] Empty body provided in request {{(pid=117273) get_body /opt/stack/cinder/cinder/api/openstack/wsgi.py:715}}
May 04 17:50:39.668486 dv-cinder-840512-1-iscsi devstack@c-api.service[117273]: DEBUG cinder.api.openstack.wsgi [None req-dd6ab22b-8da7-467c-8fa2-81c76af0b44f tempest-VolumeTypesTest-1149285111 tempest-VolumeTypesTest-1149285111-project-admin] Calling method 'show' {{(pid=117273) _process_stack /opt/stack/cinder/cinder/api/openstack/wsgi.py:868}}
May 04 17:50:39.670729 dv-cinder-840512-1-iscsi devstack@c-api.service[117272]: INFO cinder.api.openstack.wsgi [None req-1b59f76c-ce1a-4511-887e-a580a9372c0b tempest-GroupSnapshotsTest-186067426 tempest-GroupSnapshotsTest-186067426-project] http://10.222.0.81/volume/v3/8ae10404eb4c45889b684d3ec230227f/groups returned with HTTP 202
May 04 17:50:39.671714 dv-cinder-840512-1-iscsi devstack@c-api.service[117272]: [pid: 117272|app: 0|req: 108/256] 10.222.0.81 () {62 vars in 1273 bytes} [Wed May 4 17:50:39 2022] POST /volume/v3/8ae10404eb4c45889b684d3ec230227f/groups => generated 112 bytes in 355 msecs (HTTP/1.1 202) 7 headers in 292 bytes (1 switches on core 0)
May 04 17:50:39.673241 dv-cinder-840512-1-iscsi devstack@c-api.service[117272]: DEBUG cinder.api.middleware.request_id [None req-49dd80f4-1c65-407c-bffc-4876e84951e6 None None] RequestId filter calling following filter/app {{(pid=117272) _context_setter /opt/stack/cinder/cinder/api/middleware/request_id.py:62}}
May 04 17:50:39.678249 dv-cinder-840512-1-iscsi devstack@c-api.service[117273]: INFO cinder.api.openstack.wsgi [None req-dd6ab22b-8da7-467c-8fa2-81c76af0b44f tempest-VolumeTypesTest-1149285111 tempest-VolumeTypesTest-1149285111-project-admin] http://10.222.0.81/volume/v3/6353cf2ff3c0475f9c9bd67b91c55306/types/8619f229-34a9-44bd-a7b2-28d5a443c8a1 returned with HTTP 404
May 04 17:50:39.678925 dv-cinder-840512-1-iscsi devstack@c-api.service[117272]: INFO cinder.api.openstack.wsgi [None req-49dd80f4-1c65-407c-bffc-4876e84951e6 tempest-QosSpecsTestJSON-684057938 tempest-QosSpecsTestJSON-684057938-project-admin] GET http://10.222.0.81/volume/v3/b7c16c8cd7684f3785f594d05c854e7a/qos-specs
May 04 17:50:39.679623 dv-cinder-840512-1-iscsi devstack@c-api.service[117272]: DEBUG cinder.api.openstack.wsgi [None req-49dd80f4-1c65-407c-bffc-4876e84951e6 tempest-QosSpecsTestJSON-684057938 tempest-QosSpecsTestJSON-684057938-project-admin] Empty body provided in request {{(pid=117272) get_body /opt/stack/cinder/cinder/api/openstack/wsgi.py:715}}
May 04 17:50:39.679738 dv-cinder-840512-1-iscsi devstack@c-api.service[117273]: [pid: 117273|app: 0|req: 149/257] 10.222.0.81 () {58 vars in 1318 bytes} [Wed May 4 17:50:39 2022] GET /volume/v3/6353cf2ff3c0475f9c9bd67b91c55306/types/8619f229-34a9-44bd-a7b2-28d5a443c8a1 => generated 114 bytes in 21 msecs (HTTP/1.1 404) 7 headers in 292 bytes (1 switches on core 0)
May 04 17:50:39.680380 dv-cinder-840512-1-iscsi devstack@c-api.service[117272]: DEBUG cinder.api.openstack.wsgi [None req-49dd80f4-1c65-407c-bffc-4876e84951e6 tempest-QosSpecsTestJSON-684057938 tempest-QosSpecsTestJSON-684057938-project-admin] Calling method 'index' {{(pid=117272) _process_stack /opt/stack/cinder/cinder/api/openstack/wsgi.py:868}}
May 04 17:50:39.681052 dv-cinder-840512-1-iscsi devstack@c-api.service[117273]: DEBUG cinder.api.middleware.request_id [None req-73a2a287-58de-4e78-9bf3-6bdfab9e46c5 None None] RequestId filter calling following filter/app {{(pid=117273) _context_setter /opt/stack/cinder/cinder/api/middleware/request_id.py:62}}
May 04 17:50:39.681459 dv-cinder-840512-1-iscsi devstack@c-api.service[117272]: /usr/local/lib/python3.8/dist-packages/oslo_context/context.py:100: DeprecationWarning: Policy enforcement is depending on the value of is_admin. This key is deprecated. Please update your policy file to use the standard policy values.
May 04 17:50:39.681459 dv-cinder-840512-1-iscsi devstack@c-api.service[117272]: warnings.warn('Policy enforcement is depending on the value of '
May 04 17:50:39.685562 dv-cinder-840512-1-iscsi devstack@c-api.service[117273]: INFO cinder.api.openstack.wsgi [None req-73a2a287-58de-4e78-9bf3-6bdfab9e46c5 tempest-GroupSnapshotsV319Test-68138684 tempest-GroupSnapshotsV319Test-68138684-project] DELETE http://10.222.0.81/volume/v3/d9072fb16ee0458c86d7b1f3f3bb2015/volumes/6698b985-d351-413c-b69c-241d79d88643
May 04 17:50:39.686052 dv-cinder-840512-1-iscsi devstack@c-api.service[117273]: DEBUG cinder.api.openstack.wsgi [None req-73a2a287-58de-4e78-9bf3-6bdfab9e46c5 tempest-GroupSnapshotsV319Test-68138684 tempest-GroupSnapshotsV319Test-68138684-project] Empty body provided in request {{(pid=117273) get_body /opt/stack/cinder/cinder/api/openstack/wsgi.py:715}}
May 04 17:50:39.686487 dv-cinder-840512-1-iscsi devstack@c-api.service[117273]: DEBUG cinder.api.openstack.wsgi [None req-73a2a287-58de-4e78-9bf3-6bdfab9e46c5 tempest-GroupSnapshotsV319Test-68138684 tempest-GroupSnapshotsV319Test-68138684-project] Calling method 'delete' {{(pid=117273) _process_stack /opt/stack/cinder/cinder/api/openstack/wsgi.py:868}}
May 04 17:50:39.687137 dv-cinder-840512-1-iscsi devstack@c-api.service[117273]: INFO cinder.api.v3.volumes [None req-73a2a287-58de-4e78-9bf3-6bdfab9e46c5 tempest-GroupSnapshotsV319Test-68138684 tempest-GroupSnapshotsV319Test-68138684-project] Delete volume with id: 6698b985-d351-413c-b69c-241d79d88643
May 04 17:50:39.702941 dv-cinder-840512-1-iscsi devstack@c-api.service[117273]: INFO cinder.api.openstack.wsgi [None req-73a2a287-58de-4e78-9bf3-6bdfab9e46c5 tempest-GroupSnapshotsV319Test-68138684 tempest-GroupSnapshotsV319Test-68138684-project] http://10.222.0.81/volume/v3/d9072fb16ee0458c86d7b1f3f3bb2015/volumes/6698b985-d351-413c-b69c-241d79d88643 returned with HTTP 404
May 04 17:50:39.702941 dv-cinder-840512-1-iscsi devstack@c-api.service[117273]: [pid: 117273|app: 0|req: 150/258] 10.222.0.81 () {60 vars in 1368 bytes} [Wed May 4 17:50:39 2022] DELETE /volume/v3/d9072fb16ee0458c86d7b1f3f3bb2015/volumes/6698b985-d351-413c-b69c-241d79d88643 => generated 109 bytes in 21 msecs (HTTP/1.1 404) 7 headers in 293 bytes (1 switches on core 0)
May 04 17:50:39.702941 dv-cinder-840512-1-iscsi devstack@c-api.service[117273]: DEBUG cinder.api.middleware.request_id [None req-ce57cfe4-469c-47a9-9e71-a86b0e21821b None None] RequestId filter calling following filter/app {{(pid=117273) _context_setter /opt/stack/cinder/cinder/api/middleware/request_id.py:62}}
May 04 17:50:39.706729 dv-cinder-840512-1-iscsi devstack@c-api.service[117273]: INFO cinder.api.openstack.wsgi [None req-ce57cfe4-469c-47a9-9e71-a86b0e21821b tempest-GroupSnapshotsTest-186067426 tempest-GroupSnapshotsTest-186067426-project] GET http://10.222.0.81/volume/v3/8ae10404eb4c45889b684d3ec230227f/groups/5abadb55-b1a8-4a61-85f1-07baeb3fbda8
May 04 17:50:39.707231 dv-cinder-840512-1-iscsi devstack@c-api.service[117273]: DEBUG cinder.api.openstack.wsgi [None req-ce57cfe4-469c-47a9-9e71-a86b0e21821b tempest-GroupSnapshotsTest-186067426 tempest-GroupSnapshotsTest-186067426-project] Empty body provided in request {{(pid=117273) get_body /opt/stack/cinder/cinder/api/openstack/wsgi.py:715}}
May 04 17:50:39.707723 dv-cinder-840512-1-iscsi devstack@c-api.service[117273]: DEBUG cinder.api.openstack.wsgi [None req-ce57cfe4-469c-47a9-9e71-a86b0e21821b tempest-GroupSnapshotsTest-186067426 tempest-GroupSnapshotsTest-186067426-project] Calling method 'version_select' {{(pid=117273) _process_stack /opt/stack/cinder/cinder/api/openstack/wsgi.py:868}}
May 04 17:50:39.708077 dv-cinder-840512-1-iscsi devstack@c-api.service[117273]: DEBUG cinder.api.v3.groups [None req-ce57cfe4-469c-47a9-9e71-a86b0e21821b tempest-GroupSnapshotsTest-186067426 tempest-GroupSnapshotsTest-186067426-project] show called for member 5abadb55-b1a8-4a61-85f1-07baeb3fbda8 {{(pid=117273) show /opt/stack/cinder/cinder/api/v3/groups.py:58}}
May 04 17:50:39.713948 dv-cinder-840512-1-iscsi devstack@c-api.service[117273]: /usr/local/lib/python3.8/dist-packages/oslo_context/context.py:100: DeprecationWarning: Policy enforcement is depending on the value of is_admin. This key is deprecated. Please update your policy file to use the standard policy values.
May 04 17:50:39.713948 dv-cinder-840512-1-iscsi devstack@c-api.service[117273]: warnings.warn('Policy enforcement is depending on the value of '
May 04 17:50:39.730298 dv-cinder-840512-1-iscsi devstack@c-api.service[117273]: INFO cinder.api.openstack.wsgi [None req-ce57cfe4-469c-47a9-9e71-a86b0e21821b tempest-GroupSnapshotsTest-186067426 tempest-GroupSnapshotsTest-186067426-project] http://10.222.0.81/volume/v3/8ae10404eb4c45889b684d3ec230227f/groups/5abadb55-b1a8-4a61-85f1-07baeb3fbda8 returned with HTTP 200
May 04 17:50:39.731375 dv-cinder-840512-1-iscsi devstack@c-api.service[117273]: [pid: 117273|app: 0|req: 151/259] 10.222.0.81 () {60 vars in 1362 bytes} [Wed May 4 17:50:39 2022] GET /volume/v3/8ae10404eb4c45889b684d3ec230227f/groups/5abadb55-b1a8-4a61-85f1-07baeb3fbda8 => generated 392 bytes in 30 msecs (HTTP/1.1 200) 7 headers in 286 bytes (1 switches on core 0)
May 04 17:50:39.732937 dv-cinder-840512-1-iscsi devstack@c-api.service[117273]: DEBUG cinder.api.middleware.request_id [None req-28253e3f-4a2f-468a-b70a-e36d4f9ae8bc None None] RequestId filter calling following filter/app {{(pid=117273) _context_setter /opt/stack/cinder/cinder/api/middleware/request_id.py:62}}
May 04 17:50:39.737870 dv-cinder-840512-1-iscsi devstack@c-api.service[117273]: INFO cinder.api.openstack.wsgi [None req-28253e3f-4a2f-468a-b70a-e36d4f9ae8bc tempest-VolumeTypesTest-1149285111 tempest-VolumeTypesTest-1149285111-project-admin] DELETE http://10.222.0.81/volume/v3/6353cf2ff3c0475f9c9bd67b91c55306/types/d33fbbab-9341-4324-b822-af53b484c9be
May 04 17:50:39.738613 dv-cinder-840512-1-iscsi devstack@c-api.service[117273]: DEBUG cinder.api.openstack.wsgi [None req-28253e3f-4a2f-468a-b70a-e36d4f9ae8bc tempest-VolumeTypesTest-1149285111 tempest-VolumeTypesTest-1149285111-project-admin] Empty body provided in request {{(pid=117273) get_body /opt/stack/cinder/cinder/api/openstack/wsgi.py:715}}
May 04 17:50:39.739276 dv-cinder-840512-1-iscsi devstack@c-api.service[117273]: DEBUG cinder.api.openstack.wsgi [None req-28253e3f-4a2f-468a-b70a-e36d4f9ae8bc tempest-VolumeTypesTest-1149285111 tempest-VolumeTypesTest-1149285111-project-admin] Calling method '_delete' {{(pid=117273) _process_stack /opt/stack/cinder/cinder/api/openstack/wsgi.py:868}}
May 04 17:50:39.740171 dv-cinder-840512-1-iscsi devstack@c-api.service[117273]: /usr/local/lib/python3.8/dist-packages/oslo_context/context.py:100: DeprecationWarning: Policy enforcement is depending on the value of is_admin. This key is deprecated. Please update your policy file to use the standard policy values.
May 04 17:50:39.740171 dv-cinder-840512-1-iscsi devstack@c-api.service[117273]: warnings.warn('Policy enforcement is depending on the value of '
May 04 17:50:39.843458 dv-cinder-840512-1-iscsi devstack@c-api.service[117272]: INFO cinder.api.openstack.wsgi [None req-49dd80f4-1c65-407c-bffc-4876e84951e6 tempest-QosSpecsTestJSON-684057938 tempest-QosSpecsTestJSON-684057938-project-admin] http://10.222.0.81/volume/v3/b7c16c8cd7684f3785f594d05c854e7a/qos-specs returned with HTTP 200
May 04 17:50:39.844373 dv-cinder-840512-1-iscsi devstack@c-api.service[117272]: [pid: 117272|app: 0|req: 109/260] 10.222.0.81 () {58 vars in 1219 bytes} [Wed May 4 17:50:39 2022] GET /volume/v3/b7c16c8cd7684f3785f594d05c854e7a/qos-specs => generated 174 bytes in 172 msecs (HTTP/1.1 200) 7 headers in 285 bytes (1 switches on core 0)
May 04 17:50:39.845401 dv-cinder-840512-1-iscsi devstack@c-api.service[117272]: DEBUG cinder.api.middleware.request_id [None req-7c3830ba-0ec5-40d4-9597-679ab2071fe7 None None] RequestId filter calling following filter/app {{(pid=117272) _context_setter /opt/stack/cinder/cinder/api/middleware/request_id.py:62}}
May 04 17:50:39.849161 dv-cinder-840512-1-iscsi devstack@c-api.service[117272]: INFO cinder.api.openstack.wsgi [None req-7c3830ba-0ec5-40d4-9597-679ab2071fe7 tempest-GroupSnapshotsV319Test-414623314 tempest-GroupSnapshotsV319Test-414623314-project-admin] DELETE http://10.222.0.81/volume/v3/4197bfef7ac34835a647c0286bc7724d/types/06c140cc-a661-4f52-a8a8-18defecb448c
May 04 17:50:39.849611 dv-cinder-840512-1-iscsi devstack@c-api.service[117272]: DEBUG cinder.api.openstack.wsgi [None req-7c3830ba-0ec5-40d4-9597-679ab2071fe7 tempest-GroupSnapshotsV319Test-414623314 tempest-GroupSnapshotsV319Test-414623314-project-admin] Empty body provided in request {{(pid=117272) get_body /opt/stack/cinder/cinder/api/openstack/wsgi.py:715}}
