May 04 18:05:28.789267 dv-cinder-840511-4-smb devstack@c-api.service[110289]: DEBUG cinder.volume.api [None req-c27951cd-c550-498e-8fcb-9566a3497a02 tempest-VolumesListAdminTestJSON-2020392093 tempest-VolumesListAdminTestJSON-2020392093-project] Task 'cinder.volume.flows.api.create_volume.EntryCreateTask;volume:create' (2c59d023-1c3d-445c-b3ae-23c13dd40cbd) transitioned into state 'SUCCESS' from state 'RUNNING' with result '{'volume_id': 'c27bea38-f162-420d-bc60-40c862a5b9bd', 'volume_properties': VolumeProperties(attach_status='detached',availability_zone='nova',cgsnapshot_id=None,consistencygroup_id=None,display_description=None,display_name='tempest-VolumesListAdminTestJSON-Volume-1355218348',encryption_key_id=None,group_id=None,group_type_id=<?>,metadata={},multiattach=False,project_id='96af2b4599514ae89e5144ed64324f59',qos_specs=None,replication_status=<?>,reservations=['8298089d-9cad-473c-8831-374e6cbc1c5e','e9e4ab81-4e1b-4999-bfa7-65c23f80ff41','0ea9e546-a85d-4179-97a6-bae0716bb3bf','27635d19-8291-42bd-a6cc-40b0dc252a22'],size=1,snapshot_id=None,source_replicaid=<?>,source_volid=None,status='creating',user_id='2796466cc2bb480185f105d44be3b1f3',volume_type_id=71ab1e61-33af-4450-8deb-7bcb37029522), 'volume': Volume(_name_id=None,admin_metadata=<?>,attach_status='detached',availability_zone='nova',bootable=False,cluster=<?>,cluster_name=None,consistencygroup=<?>,consistencygroup_id=None,created_at=2022-05-04T18:05:28Z,deleted=False,deleted_at=None,display_description=None,display_name='tempest-VolumesListAdminTestJSON-Volume-1355218348',ec2_id=None,encryption_key_id=None,glance_metadata=<?>,group=<?>,group_id=None,host=None,id=c27bea38-f162-420d-bc60-40c862a5b9bd,launched_at=None,metadata={},migration_status=None,multiattach=False,previous_status=None,project_id='96af2b4599514ae89e5144ed64324f59',provider_auth=None,provider_geometry=None,provider_id=None,provider_location=None,replication_driver_data=None,replication_extended_status=None,replication_status=None,scheduled_at=None,service_uuid=None,shared_targets=True,size=1,snapshot_id=None,snapshots=<?>,source_volid=None,status='creating',terminated_at=None,updated_at=None,use_quota=True,user_id='2796466cc2bb480185f105d44be3b1f3',volume_attachment=VolumeAttachmentList,volume_type=VolumeType(71ab1e61-33af-4450-8deb-7bcb37029522),volume_type_id=71ab1e61-33af-4450-8deb-7bcb37029522)}' {{(pid=110289) _task_receiver /usr/local/lib/python3.8/dist-packages/taskflow/listeners/logging.py:178}}
May 04 18:05:28.791676 dv-cinder-840511-4-smb devstack@c-api.service[110289]: DEBUG cinder.volume.api [None req-c27951cd-c550-498e-8fcb-9566a3497a02 tempest-VolumesListAdminTestJSON-2020392093 tempest-VolumesListAdminTestJSON-2020392093-project] Task 'cinder.volume.flows.api.create_volume.QuotaCommitTask;volume:create' (f6116f87-707c-4713-9baf-04db6e1927fa) transitioned into state 'RUNNING' from state 'PENDING' {{(pid=110289) _task_receiver /usr/local/lib/python3.8/dist-packages/taskflow/listeners/logging.py:190}}
May 04 18:05:28.804700 dv-cinder-840511-4-smb devstack@c-api.service[110288]: DEBUG cinder.volume.api [None req-02c00fe6-7b8f-493d-a3a5-1c99c2fb490f tempest-DeleteServersTestJSON-478655894 tempest-DeleteServersTestJSON-478655894-project] Task 'cinder.volume.flows.api.create_volume.VolumeCastTask;volume:create' (6e4536ed-3491-4c71-bc97-84f5a7b048cc) transitioned into state 'SUCCESS' from state 'RUNNING' with result 'None' {{(pid=110288) _task_receiver /usr/local/lib/python3.8/dist-packages/taskflow/listeners/logging.py:178}}
May 04 18:05:28.807828 dv-cinder-840511-4-smb devstack@c-api.service[110288]: DEBUG cinder.volume.api [None req-02c00fe6-7b8f-493d-a3a5-1c99c2fb490f tempest-DeleteServersTestJSON-478655894 tempest-DeleteServersTestJSON-478655894-project] Flow 'volume_create_api' (8fbf7117-b395-4b4d-86ad-293c2fdc2d18) transitioned into state 'SUCCESS' from state 'RUNNING' {{(pid=110288) _flow_receiver /usr/local/lib/python3.8/dist-packages/taskflow/listeners/logging.py:141}}
May 04 18:05:28.809944 dv-cinder-840511-4-smb devstack@c-api.service[110288]: INFO cinder.volume.api [None req-02c00fe6-7b8f-493d-a3a5-1c99c2fb490f tempest-DeleteServersTestJSON-478655894 tempest-DeleteServersTestJSON-478655894-project] Create volume request issued successfully.
May 04 18:05:28.811643 dv-cinder-840511-4-smb devstack@c-api.service[110288]: INFO cinder.api.openstack.wsgi [None req-02c00fe6-7b8f-493d-a3a5-1c99c2fb490f tempest-DeleteServersTestJSON-478655894 tempest-DeleteServersTestJSON-478655894-project] http://10.222.0.82/volume/v3/b4151341b6b7450f97f07af357d5709e/volumes returned with HTTP 202
May 04 18:05:28.821929 dv-cinder-840511-4-smb devstack@c-api.service[110288]: [pid: 110288|app: 0|req: 103/207] 10.222.0.82 () {60 vars in 1234 bytes} [Wed May  4 18:05:28 2022] POST /volume/v3/b4151341b6b7450f97f07af357d5709e/volumes => generated 820 bytes in 516 msecs (HTTP/1.1 202) 7 headers in 291 bytes (1 switches on core 0)
May 04 18:05:28.826944 dv-cinder-840511-4-smb devstack@c-api.service[110288]: DEBUG cinder.api.middleware.request_id [None req-1fc0ac5f-3904-46a8-8325-c372eb891d1d None None] RequestId filter calling following filter/app {{(pid=110288) _context_setter /opt/stack/cinder/cinder/api/middleware/request_id.py:62}}
May 04 18:05:28.828730 dv-cinder-840511-4-smb devstack@c-api.service[110289]: DEBUG cinder.volume.api [None req-c27951cd-c550-498e-8fcb-9566a3497a02 tempest-VolumesListAdminTestJSON-2020392093 tempest-VolumesListAdminTestJSON-2020392093-project] Task 'cinder.volume.flows.api.create_volume.QuotaCommitTask;volume:create' (f6116f87-707c-4713-9baf-04db6e1927fa) transitioned into state 'SUCCESS' from state 'RUNNING' with result '{'volume_properties': VolumeProperties(attach_status='detached',availability_zone='nova',cgsnapshot_id=None,consistencygroup_id=None,display_description=None,display_name='tempest-VolumesListAdminTestJSON-Volume-1355218348',encryption_key_id=None,group_id=None,group_type_id=<?>,metadata={},multiattach=False,project_id='96af2b4599514ae89e5144ed64324f59',qos_specs=None,replication_status=<?>,reservations=['8298089d-9cad-473c-8831-374e6cbc1c5e','e9e4ab81-4e1b-4999-bfa7-65c23f80ff41','0ea9e546-a85d-4179-97a6-bae0716bb3bf','27635d19-8291-42bd-a6cc-40b0dc252a22'],size=1,snapshot_id=None,source_replicaid=<?>,source_volid=None,status='creating',user_id='2796466cc2bb480185f105d44be3b1f3',volume_type_id=71ab1e61-33af-4450-8deb-7bcb37029522)}' {{(pid=110289) _task_receiver /usr/local/lib/python3.8/dist-packages/taskflow/listeners/logging.py:178}}
May 04 18:05:28.830960 dv-cinder-840511-4-smb devstack@c-api.service[110289]: DEBUG cinder.volume.api [None req-c27951cd-c550-498e-8fcb-9566a3497a02 tempest-VolumesListAdminTestJSON-2020392093 tempest-VolumesListAdminTestJSON-2020392093-project] Task 'cinder.volume.flows.api.create_volume.VolumeCastTask;volume:create' (6af031de-fa12-4c07-a23b-7131b1506c3a) transitioned into state 'RUNNING' from state 'PENDING' {{(pid=110289) _task_receiver /usr/local/lib/python3.8/dist-packages/taskflow/listeners/logging.py:190}}
May 04 18:05:28.831632 dv-cinder-840511-4-smb devstack@c-api.service[110288]: INFO cinder.api.openstack.wsgi [None req-1fc0ac5f-3904-46a8-8325-c372eb891d1d tempest-DeleteServersTestJSON-478655894 tempest-DeleteServersTestJSON-478655894-project] GET http://10.222.0.82/volume/v3/b4151341b6b7450f97f07af357d5709e/volumes/0f3e1a44-d34f-4439-8384-f2762fba608e
May 04 18:05:28.832091 dv-cinder-840511-4-smb devstack@c-api.service[110288]: DEBUG cinder.api.openstack.wsgi [None req-1fc0ac5f-3904-46a8-8325-c372eb891d1d tempest-DeleteServersTestJSON-478655894 tempest-DeleteServersTestJSON-478655894-project] Empty body provided in request {{(pid=110288) get_body /opt/stack/cinder/cinder/api/openstack/wsgi.py:715}}
May 04 18:05:28.837294 dv-cinder-840511-4-smb devstack@c-api.service[110288]: DEBUG cinder.api.openstack.wsgi [None req-1fc0ac5f-3904-46a8-8325-c372eb891d1d tempest-DeleteServersTestJSON-478655894 tempest-DeleteServersTestJSON-478655894-project] Calling method 'show' {{(pid=110288) _process_stack /opt/stack/cinder/cinder/api/openstack/wsgi.py:868}}
May 04 18:05:28.857186 dv-cinder-840511-4-smb devstack@c-api.service[110289]: DEBUG cinder.volume.api [None req-c27951cd-c550-498e-8fcb-9566a3497a02 tempest-VolumesListAdminTestJSON-2020392093 tempest-VolumesListAdminTestJSON-2020392093-project] Task 'cinder.volume.flows.api.create_volume.VolumeCastTask;volume:create' (6af031de-fa12-4c07-a23b-7131b1506c3a) transitioned into state 'SUCCESS' from state 'RUNNING' with result 'None' {{(pid=110289) _task_receiver /usr/local/lib/python3.8/dist-packages/taskflow/listeners/logging.py:178}}
May 04 18:05:28.859688 dv-cinder-840511-4-smb devstack@c-api.service[110289]: DEBUG cinder.volume.api [None req-c27951cd-c550-498e-8fcb-9566a3497a02 tempest-VolumesListAdminTestJSON-2020392093 tempest-VolumesListAdminTestJSON-2020392093-project] Flow 'volume_create_api' (79085b93-1f31-45f7-99ac-e187d4467cea) transitioned into state 'SUCCESS' from state 'RUNNING' {{(pid=110289) _flow_receiver /usr/local/lib/python3.8/dist-packages/taskflow/listeners/logging.py:141}}
May 04 18:05:28.860382 dv-cinder-840511-4-smb devstack@c-api.service[110289]: INFO cinder.volume.api [None req-c27951cd-c550-498e-8fcb-9566a3497a02 tempest-VolumesListAdminTestJSON-2020392093 tempest-VolumesListAdminTestJSON-2020392093-project] Create volume request issued successfully.
May 04 18:05:28.861691 dv-cinder-840511-4-smb devstack@c-api.service[110289]: INFO cinder.api.openstack.wsgi [None req-c27951cd-c550-498e-8fcb-9566a3497a02 tempest-VolumesListAdminTestJSON-2020392093 tempest-VolumesListAdminTestJSON-2020392093-project] http://10.222.0.82/volume/v3/96af2b4599514ae89e5144ed64324f59/volumes returned with HTTP 202
May 04 18:05:28.872878 dv-cinder-840511-4-smb devstack@c-api.service[110289]: [pid: 110289|app: 0|req: 105/208] 10.222.0.82 () {60 vars in 1234 bytes} [Wed May  4 18:05:28 2022] POST /volume/v3/96af2b4599514ae89e5144ed64324f59/volumes => generated 824 bytes in 437 msecs (HTTP/1.1 202) 7 headers in 291 bytes (1 switches on core 0)
May 04 18:05:28.875738 dv-cinder-840511-4-smb devstack@c-api.service[110289]: DEBUG cinder.api.middleware.request_id [None req-136e97b3-037d-4f13-8132-a762a7136158 None None] RequestId filter calling following filter/app {{(pid=110289) _context_setter /opt/stack/cinder/cinder/api/middleware/request_id.py:62}}
May 04 18:05:28.875871 dv-cinder-840511-4-smb devstack@c-api.service[110288]: /usr/local/lib/python3.8/dist-packages/oslo_context/context.py:100: DeprecationWarning: Policy enforcement is depending on the value of is_admin. This key is deprecated. Please update your policy file to use the standard policy values.
May 04 18:05:28.875871 dv-cinder-840511-4-smb devstack@c-api.service[110288]:   warnings.warn('Policy enforcement is depending on the value of '
May 04 18:05:28.879503 dv-cinder-840511-4-smb devstack@c-api.service[110289]: INFO cinder.api.openstack.wsgi [None req-136e97b3-037d-4f13-8132-a762a7136158 tempest-VolumesListAdminTestJSON-2020392093 tempest-VolumesListAdminTestJSON-2020392093-project] GET http://10.222.0.82/volume/v3/96af2b4599514ae89e5144ed64324f59/volumes/c27bea38-f162-420d-bc60-40c862a5b9bd
May 04 18:05:28.880362 dv-cinder-840511-4-smb devstack@c-api.service[110289]: DEBUG cinder.api.openstack.wsgi [None req-136e97b3-037d-4f13-8132-a762a7136158 tempest-VolumesListAdminTestJSON-2020392093 tempest-VolumesListAdminTestJSON-2020392093-project] Empty body provided in request {{(pid=110289) get_body /opt/stack/cinder/cinder/api/openstack/wsgi.py:715}}
May 04 18:05:28.881042 dv-cinder-840511-4-smb devstack@c-api.service[110289]: DEBUG cinder.api.openstack.wsgi [None req-136e97b3-037d-4f13-8132-a762a7136158 tempest-VolumesListAdminTestJSON-2020392093 tempest-VolumesListAdminTestJSON-2020392093-project] Calling method 'show' {{(pid=110289) _process_stack /opt/stack/cinder/cinder/api/openstack/wsgi.py:868}}
May 04 18:05:28.891415 dv-cinder-840511-4-smb devstack@c-api.service[110288]: INFO cinder.volume.api [None req-1fc0ac5f-3904-46a8-8325-c372eb891d1d tempest-DeleteServersTestJSON-478655894 tempest-DeleteServersTestJSON-478655894-project] Volume info retrieved successfully.
May 04 18:05:28.904071 dv-cinder-840511-4-smb devstack@c-api.service[110289]: /usr/local/lib/python3.8/dist-packages/oslo_context/context.py:100: DeprecationWarning: Policy enforcement is depending on the value of is_admin. This key is deprecated. Please update your policy file to use the standard policy values.
May 04 18:05:28.904071 dv-cinder-840511-4-smb devstack@c-api.service[110289]:   warnings.warn('Policy enforcement is depending on the value of '
May 04 18:05:28.909378 dv-cinder-840511-4-smb devstack@c-api.service[110288]: INFO cinder.api.openstack.wsgi [None req-1fc0ac5f-3904-46a8-8325-c372eb891d1d tempest-DeleteServersTestJSON-478655894 tempest-DeleteServersTestJSON-478655894-project] http://10.222.0.82/volume/v3/b4151341b6b7450f97f07af357d5709e/volumes/0f3e1a44-d34f-4439-8384-f2762fba608e returned with HTTP 200
May 04 18:05:28.911858 dv-cinder-840511-4-smb devstack@c-api.service[110288]: [pid: 110288|app: 0|req: 104/209] 10.222.0.82 () {58 vars in 1324 bytes} [Wed May  4 18:05:28 2022] GET /volume/v3/b4151341b6b7450f97f07af357d5709e/volumes/0f3e1a44-d34f-4439-8384-f2762fba608e => generated 888 bytes in 85 msecs (HTTP/1.1 200) 7 headers in 285 bytes (1 switches on core 0)
May 04 18:05:28.923230 dv-cinder-840511-4-smb devstack@c-api.service[110289]: INFO cinder.volume.api [None req-136e97b3-037d-4f13-8132-a762a7136158 tempest-VolumesListAdminTestJSON-2020392093 tempest-VolumesListAdminTestJSON-2020392093-project] Volume info retrieved successfully.
May 04 18:05:28.934895 dv-cinder-840511-4-smb devstack@c-api.service[110289]: INFO cinder.api.openstack.wsgi [None req-136e97b3-037d-4f13-8132-a762a7136158 tempest-VolumesListAdminTestJSON-2020392093 tempest-VolumesListAdminTestJSON-2020392093-project] http://10.222.0.82/volume/v3/96af2b4599514ae89e5144ed64324f59/volumes/c27bea38-f162-420d-bc60-40c862a5b9bd returned with HTTP 200
May 04 18:05:28.936005 dv-cinder-840511-4-smb devstack@c-api.service[110289]: [pid: 110289|app: 0|req: 106/210] 10.222.0.82 () {58 vars in 1324 bytes} [Wed May  4 18:05:28 2022] GET /volume/v3/96af2b4599514ae89e5144ed64324f59/volumes/c27bea38-f162-420d-bc60-40c862a5b9bd => generated 892 bytes in 63 msecs (HTTP/1.1 200) 7 headers in 285 bytes (1 switches on core 0)
May 04 18:05:29.221838 dv-cinder-840511-4-smb devstack@c-api.service[110288]: DEBUG cinder.api.middleware.request_id [None req-ac3714f2-d824-4952-99c3-04992eab2522 None None] RequestId filter calling following filter/app {{(pid=110288) _context_setter /opt/stack/cinder/cinder/api/middleware/request_id.py:62}}
May 04 18:05:29.228248 dv-cinder-840511-4-smb devstack@c-api.service[110288]: INFO cinder.api.openstack.wsgi [None req-ac3714f2-d824-4952-99c3-04992eab2522 tempest-GroupSnapshotsTest-1448565779 tempest-GroupSnapshotsTest-1448565779-project] GET http://10.222.0.82/volume/v3/b5a931da5fa948ccb8ba1b8bc92bfbbd/volumes/2d2140f3-85ce-464f-9602-350a24f56873
May 04 18:05:29.229106 dv-cinder-840511-4-smb devstack@c-api.service[110288]: DEBUG cinder.api.openstack.wsgi [None req-ac3714f2-d824-4952-99c3-04992eab2522 tempest-GroupSnapshotsTest-1448565779 tempest-GroupSnapshotsTest-1448565779-project] Empty body provided in request {{(pid=110288) get_body /opt/stack/cinder/cinder/api/openstack/wsgi.py:715}}
May 04 18:05:29.231133 dv-cinder-840511-4-smb devstack@c-api.service[110288]: DEBUG cinder.api.openstack.wsgi [None req-ac3714f2-d824-4952-99c3-04992eab2522 tempest-GroupSnapshotsTest-1448565779 tempest-GroupSnapshotsTest-1448565779-project] Calling method 'show' {{(pid=110288) _process_stack /opt/stack/cinder/cinder/api/openstack/wsgi.py:868}}
May 04 18:05:29.267294 dv-cinder-840511-4-smb devstack@c-api.service[110288]: INFO cinder.api.openstack.wsgi [None req-ac3714f2-d824-4952-99c3-04992eab2522 tempest-GroupSnapshotsTest-1448565779 tempest-GroupSnapshotsTest-1448565779-project] http://10.222.0.82/volume/v3/b5a931da5fa948ccb8ba1b8bc92bfbbd/volumes/2d2140f3-85ce-464f-9602-350a24f56873 returned with HTTP 404
May 04 18:05:29.268311 dv-cinder-840511-4-smb devstack@c-api.service[110288]: [pid: 110288|app: 0|req: 105/211] 10.222.0.82 () {60 vars in 1365 bytes} [Wed May  4 18:05:29 2022] GET /volume/v3/b5a931da5fa948ccb8ba1b8bc92bfbbd/volumes/2d2140f3-85ce-464f-9602-350a24f56873 => generated 109 bytes in 48 msecs (HTTP/1.1 404) 7 headers in 293 bytes (1 switches on core 0)
May 04 18:05:29.273166 dv-cinder-840511-4-smb devstack@c-api.service[110289]: DEBUG cinder.api.middleware.request_id [None req-0621d876-da8a-4bc1-ab65-af81b63ba8be None None] RequestId filter calling following filter/app {{(pid=110289) _context_setter /opt/stack/cinder/cinder/api/middleware/request_id.py:62}}
May 04 18:05:29.278879 dv-cinder-840511-4-smb devstack@c-api.service[110289]: INFO cinder.api.openstack.wsgi [None req-0621d876-da8a-4bc1-ab65-af81b63ba8be tempest-GroupSnapshotsTest-1448565779 tempest-GroupSnapshotsTest-1448565779-project] GET http://10.222.0.82/volume/v3/b5a931da5fa948ccb8ba1b8bc92bfbbd/groups/82393dfa-420a-414d-971d-38ca95dbccd4
May 04 18:05:29.278879 dv-cinder-840511-4-smb devstack@c-api.service[110289]: DEBUG cinder.api.openstack.wsgi [None req-0621d876-da8a-4bc1-ab65-af81b63ba8be tempest-GroupSnapshotsTest-1448565779 tempest-GroupSnapshotsTest-1448565779-project] Empty body provided in request {{(pid=110289) get_body /opt/stack/cinder/cinder/api/openstack/wsgi.py:715}}
May 04 18:05:29.279514 dv-cinder-840511-4-smb devstack@c-api.service[110289]: DEBUG cinder.api.openstack.wsgi [None req-0621d876-da8a-4bc1-ab65-af81b63ba8be tempest-GroupSnapshotsTest-1448565779 tempest-GroupSnapshotsTest-1448565779-project] Calling method 'version_select' {{(pid=110289) _process_stack /opt/stack/cinder/cinder/api/openstack/wsgi.py:868}}
May 04 18:05:29.280004 dv-cinder-840511-4-smb devstack@c-api.service[110289]: DEBUG cinder.api.v3.groups [None req-0621d876-da8a-4bc1-ab65-af81b63ba8be tempest-GroupSnapshotsTest-1448565779 tempest-GroupSnapshotsTest-1448565779-project] show called for member 82393dfa-420a-414d-971d-38ca95dbccd4 {{(pid=110289) show /opt/stack/cinder/cinder/api/v3/groups.py:58}}
May 04 18:05:29.287625 dv-cinder-840511-4-smb devstack@c-api.service[110289]: INFO cinder.api.openstack.wsgi [None req-0621d876-da8a-4bc1-ab65-af81b63ba8be tempest-GroupSnapshotsTest-1448565779 tempest-GroupSnapshotsTest-1448565779-project] http://10.222.0.82/volume/v3/b5a931da5fa948ccb8ba1b8bc92bfbbd/groups/82393dfa-420a-414d-971d-38ca95dbccd4 returned with HTTP 404
May 04 18:05:29.289119 dv-cinder-840511-4-smb devstack@c-api.service[110289]: [pid: 110289|app: 0|req: 107/212] 10.222.0.82 () {60 vars in 1362 bytes} [Wed May  4 18:05:29 2022] GET /volume/v3/b5a931da5fa948ccb8ba1b8bc92bfbbd/groups/82393dfa-420a-414d-971d-38ca95dbccd4 => generated 108 bytes in 17 msecs (HTTP/1.1 404) 7 headers in 293 bytes (1 switches on core 0)
May 04 18:05:29.294314 dv-cinder-840511-4-smb devstack@c-api.service[110288]: DEBUG cinder.api.middleware.request_id [None req-c2f96347-1297-4720-ae41-a7016ad5d7d6 None None] RequestId filter calling following filter/app {{(pid=110288) _context_setter /opt/stack/cinder/cinder/api/middleware/request_id.py:62}}
May 04 18:05:29.298848 dv-cinder-840511-4-smb devstack@c-api.service[110288]: INFO cinder.api.openstack.wsgi [None req-c2f96347-1297-4720-ae41-a7016ad5d7d6 tempest-GroupSnapshotsTest-1948653221 tempest-GroupSnapshotsTest-1948653221-project-admin] DELETE http://10.222.0.82/volume/v3/2503c3a7700d4add956ee8b3a4a22775/group_types/31e3b803-48f9-4bfa-a697-4ad254d7c089
May 04 18:05:29.299251 dv-cinder-840511-4-smb devstack@c-api.service[110288]: DEBUG cinder.api.openstack.wsgi [None req-c2f96347-1297-4720-ae41-a7016ad5d7d6 tempest-GroupSnapshotsTest-1948653221 tempest-GroupSnapshotsTest-1948653221-project-admin] Empty body provided in request {{(pid=110288) get_body /opt/stack/cinder/cinder/api/openstack/wsgi.py:715}}
May 04 18:05:29.299710 dv-cinder-840511-4-smb devstack@c-api.service[110288]: DEBUG cinder.api.openstack.wsgi [None req-c2f96347-1297-4720-ae41-a7016ad5d7d6 tempest-GroupSnapshotsTest-1948653221 tempest-GroupSnapshotsTest-1948653221-project-admin] Calling method 'version_select' {{(pid=110288) _process_stack /opt/stack/cinder/cinder/api/openstack/wsgi.py:868}}
May 04 18:05:29.333349 dv-cinder-840511-4-smb devstack@c-api.service[110288]: INFO cinder.api.openstack.wsgi [None req-c2f96347-1297-4720-ae41-a7016ad5d7d6 tempest-GroupSnapshotsTest-1948653221 tempest-GroupSnapshotsTest-1948653221-project-admin] http://10.222.0.82/volume/v3/2503c3a7700d4add956ee8b3a4a22775/group_types/31e3b803-48f9-4bfa-a697-4ad254d7c089 returned with HTTP 202
May 04 18:05:29.334427 dv-cinder-840511-4-smb devstack@c-api.service[110288]: [pid: 110288|app: 0|req: 106/213] 10.222.0.82 () {60 vars in 1380 bytes} [Wed May  4 18:05:29 2022] DELETE /volume/v3/2503c3a7700d4add956ee8b3a4a22775/group_types/31e3b803-48f9-4bfa-a697-4ad254d7c089 => generated 0 bytes in 42 msecs (HTTP/1.1 202) 6 headers in 234 bytes (1 switches on core 0)
May 04 18:05:29.344449 dv-cinder-840511-4-smb devstack@c-api.service[110289]: DEBUG cinder.api.middleware.request_id [None req-d17c3bb6-53f8-4508-8886-ad5d3bc6e42f None None] RequestId filter calling following filter/app {{(pid=110289) _context_setter /opt/stack/cinder/cinder/api/middleware/request_id.py:62}}
May 04 18:05:29.349113 dv-cinder-840511-4-smb devstack@c-api.service[110289]: INFO cinder.api.openstack.wsgi [None req-d17c3bb6-53f8-4508-8886-ad5d3bc6e42f tempest-GroupSnapshotsTest-1948653221 tempest-GroupSnapshotsTest-1948653221-project-admin] POST http://10.222.0.82/volume/v3/2503c3a7700d4add956ee8b3a4a22775/types
May 04 18:05:29.349947 dv-cinder-840511-4-smb devstack@c-api.service[110289]: DEBUG cinder.api.openstack.wsgi [None req-d17c3bb6-53f8-4508-8886-ad5d3bc6e42f tempest-GroupSnapshotsTest-1948653221 tempest-GroupSnapshotsTest-1948653221-project-admin] Action: 'create', calling method: _create, body: {"volume_type": {"name": "tempest-GroupSnapshotsTest-volume-type-236194277"}} {{(pid=110289) _process_stack /opt/stack/cinder/cinder/api/openstack/wsgi.py:866}}
May 04 18:05:29.516601 dv-cinder-840511-4-smb devstack@c-api.service[110289]: INFO cinder.api.openstack.wsgi [None req-d17c3bb6-53f8-4508-8886-ad5d3bc6e42f tempest-GroupSnapshotsTest-1948653221 tempest-GroupSnapshotsTest-1948653221-project-admin] http://10.222.0.82/volume/v3/2503c3a7700d4add956ee8b3a4a22775/types returned with HTTP 200
May 04 18:05:29.522198 dv-cinder-840511-4-smb devstack@c-api.service[110289]: [pid: 110289|app: 0|req: 108/214] 10.222.0.82 () {60 vars in 1228 bytes} [Wed May  4 18:05:29 2022] POST /volume/v3/2503c3a7700d4add956ee8b3a4a22775/types => generated 223 bytes in 174 msecs (HTTP/1.1 200) 7 headers in 285 bytes (1 switches on core 0)
May 04 18:05:29.523816 dv-cinder-840511-4-smb devstack@c-api.service[110288]: DEBUG cinder.api.middleware.request_id [None req-990e6354-b8e5-4e49-b3f9-e4bef3c897f0 None None] RequestId filter calling following filter/app {{(pid=110288) _context_setter /opt/stack/cinder/cinder/api/middleware/request_id.py:62}}
May 04 18:05:29.528521 dv-cinder-840511-4-smb devstack@c-api.service[110288]: INFO cinder.api.openstack.wsgi [None req-990e6354-b8e5-4e49-b3f9-e4bef3c897f0 tempest-GroupSnapshotsTest-1948653221 tempest-GroupSnapshotsTest-1948653221-project-admin] POST http://10.222.0.82/volume/v3/2503c3a7700d4add956ee8b3a4a22775/group_types
May 04 18:05:29.529308 dv-cinder-840511-4-smb devstack@c-api.service[110288]: DEBUG cinder.api.openstack.wsgi [None req-990e6354-b8e5-4e49-b3f9-e4bef3c897f0 tempest-GroupSnapshotsTest-1948653221 tempest-GroupSnapshotsTest-1948653221-project-admin] Action: 'create', calling method: version_select, body: {"group_type": {"name": "tempest-GroupSnapshotsTest-group-type-593197580"}} {{(pid=110288) _process_stack /opt/stack/cinder/cinder/api/openstack/wsgi.py:866}}
May 04 18:05:29.551311 dv-cinder-840511-4-smb devstack@c-api.service[110288]: INFO cinder.api.openstack.wsgi [None req-990e6354-b8e5-4e49-b3f9-e4bef3c897f0 tempest-GroupSnapshotsTest-1948653221 tempest-GroupSnapshotsTest-1948653221-project-admin] http://10.222.0.82/volume/v3/2503c3a7700d4add956ee8b3a4a22775/group_types returned with HTTP 202
May 04 18:05:29.552096 dv-cinder-840511-4-smb devstack@c-api.service[110288]: [pid: 110288|app: 0|req: 107/215] 10.222.0.82 () {62 vars in 1287 bytes} [Wed May  4 18:05:29 2022] POST /volume/v3/2503c3a7700d4add956ee8b3a4a22775/group_types => generated 180 bytes in 29 msecs (HTTP/1.1 202) 7 headers in 292 bytes (1 switches on core 0)
May 04 18:05:29.558923 dv-cinder-840511-4-smb devstack@c-api.service[110289]: DEBUG cinder.api.middleware.request_id [None req-91068324-1962-45a9-84e3-c579e75bf0b3 None None] RequestId filter calling following filter/app {{(pid=110289) _context_setter /opt/stack/cinder/cinder/api/middleware/request_id.py:62}}
May 04 18:05:29.562965 dv-cinder-840511-4-smb devstack@c-api.service[110289]: INFO cinder.api.openstack.wsgi [None req-91068324-1962-45a9-84e3-c579e75bf0b3 tempest-GroupSnapshotsTest-1448565779 tempest-GroupSnapshotsTest-1448565779-project] POST http://10.222.0.82/volume/v3/b5a931da5fa948ccb8ba1b8bc92bfbbd/groups
May 04 18:05:29.563720 dv-cinder-840511-4-smb devstack@c-api.service[110289]: DEBUG cinder.api.openstack.wsgi [None req-91068324-1962-45a9-84e3-c579e75bf0b3 tempest-GroupSnapshotsTest-1448565779 tempest-GroupSnapshotsTest-1448565779-project] Action: 'create', calling method: version_select, body: {"group": {"group_type": "625a3840-c59f-4057-8fe7-b82ff0175d2f", "volume_types": ["641fe630-1f18-4f6c-925c-aa2ed9b317be"], "name": "tempest-GroupSnapshotsTest-Group-806681403"}} {{(pid=110289) _process_stack /opt/stack/cinder/cinder/api/openstack/wsgi.py:866}}
May 04 18:05:29.564654 dv-cinder-840511-4-smb devstack@c-api.service[110289]: DEBUG cinder.api.v3.groups [None req-91068324-1962-45a9-84e3-c579e75bf0b3 tempest-GroupSnapshotsTest-1448565779 tempest-GroupSnapshotsTest-1448565779-project] Creating new group {'group': {'group_type': '625a3840-c59f-4057-8fe7-b82ff0175d2f', 'volume_types': ['641fe630-1f18-4f6c-925c-aa2ed9b317be'], 'name': 'tempest-GroupSnapshotsTest-Group-806681403'}} {{(pid=110289) create /opt/stack/cinder/cinder/api/v3/groups.py:190}}
May 04 18:05:29.571267 dv-cinder-840511-4-smb devstack@c-api.service[110289]: INFO cinder.api.v3.groups [None req-91068324-1962-45a9-84e3-c579e75bf0b3 tempest-GroupSnapshotsTest-1448565779 tempest-GroupSnapshotsTest-1448565779-project] Creating group tempest-GroupSnapshotsTest-Group-806681403.
May 04 18:05:29.602362 dv-cinder-840511-4-smb devstack@c-api.service[110289]: DEBUG cinder.volume.api [None req-91068324-1962-45a9-84e3-c579e75bf0b3 tempest-GroupSnapshotsTest-1448565779 tempest-GroupSnapshotsTest-1448565779-project] Availability zone cache updated, next update will occur around 2022-05-04 19:05:29.601776. {{(pid=110289) list_availability_zones /opt/stack/cinder/cinder/volume/api.py:152}}
May 04 18:05:29.602610 dv-cinder-840511-4-smb devstack@c-api.service[110289]: INFO cinder.volume.api [None req-91068324-1962-45a9-84e3-c579e75bf0b3 tempest-GroupSnapshotsTest-1448565779 tempest-GroupSnapshotsTest-1448565779-project] Availability Zones retrieved successfully.
May 04 18:05:29.624903 dv-cinder-840511-4-smb devstack@c-api.service[110289]: DEBUG cinder.quota [None req-91068324-1962-45a9-84e3-c579e75bf0b3 tempest-GroupSnapshotsTest-1448565779 tempest-GroupSnapshotsTest-1448565779-project] Created reservations ['7de3f67c-b878-4edb-a685-63d167b92f9f'] {{(pid=110289) reserve /opt/stack/cinder/cinder/quota.py:755}}
May 04 18:05:29.682070 dv-cinder-840511-4-smb devstack@c-api.service[110289]: INFO cinder.api.openstack.wsgi [None req-91068324-1962-45a9-84e3-c579e75bf0b3 tempest-GroupSnapshotsTest-1448565779 tempest-GroupSnapshotsTest-1448565779-project] http://10.222.0.82/volume/v3/b5a931da5fa948ccb8ba1b8bc92bfbbd/groups returned with HTTP 202
May 04 18:05:29.689362 dv-cinder-840511-4-smb devstack@c-api.service[110289]: [pid: 110289|app: 0|req: 109/216] 10.222.0.82 () {62 vars in 1273 bytes} [Wed May  4 18:05:29 2022] POST /volume/v3/b5a931da5fa948ccb8ba1b8bc92bfbbd/groups => generated 111 bytes in 132 msecs (HTTP/1.1 202) 7 headers in 292 bytes (1 switches on core 0)
May 04 18:05:29.693577 dv-cinder-840511-4-smb devstack@c-api.service[110288]: DEBUG cinder.api.middleware.request_id [None req-03efb923-412d-42d9-af91-f6a52f0fa3d6 None None] RequestId filter calling following filter/app {{(pid=110288) _context_setter /opt/stack/cinder/cinder/api/middleware/request_id.py:62}}
May 04 18:05:29.702132 dv-cinder-840511-4-smb devstack@c-api.service[110288]: INFO cinder.api.openstack.wsgi [None req-03efb923-412d-42d9-af91-f6a52f0fa3d6 tempest-GroupSnapshotsTest-1448565779 tempest-GroupSnapshotsTest-1448565779-project] GET http://10.222.0.82/volume/v3/b5a931da5fa948ccb8ba1b8bc92bfbbd/groups/0a8dbd54-2597-4812-b031-df9045e42d07
May 04 18:05:29.702865 dv-cinder-840511-4-smb devstack@c-api.service[110288]: DEBUG cinder.api.openstack.wsgi [None req-03efb923-412d-42d9-af91-f6a52f0fa3d6 tempest-GroupSnapshotsTest-1448565779 tempest-GroupSnapshotsTest-1448565779-project] Empty body provided in request {{(pid=110288) get_body /opt/stack/cinder/cinder/api/openstack/wsgi.py:715}}
May 04 18:05:29.703630 dv-cinder-840511-4-smb devstack@c-api.service[110288]: DEBUG cinder.api.openstack.wsgi [None req-03efb923-412d-42d9-af91-f6a52f0fa3d6 tempest-GroupSnapshotsTest-1448565779 tempest-GroupSnapshotsTest-1448565779-project] Calling method 'version_select' {{(pid=110288) _process_stack /opt/stack/cinder/cinder/api/openstack/wsgi.py:868}}
May 04 18:05:29.704191 dv-cinder-840511-4-smb devstack@c-api.service[110288]: DEBUG cinder.api.v3.groups [None req-03efb923-412d-42d9-af91-f6a52f0fa3d6 tempest-GroupSnapshotsTest-1448565779 tempest-GroupSnapshotsTest-1448565779-project] show called for member 0a8dbd54-2597-4812-b031-df9045e42d07 {{(pid=110288) show /opt/stack/cinder/cinder/api/v3/groups.py:58}}
May 04 18:05:29.713157 dv-cinder-840511-4-smb devstack@c-api.service[110288]: /usr/local/lib/python3.8/dist-packages/oslo_context/context.py:100: DeprecationWarning: Policy enforcement is depending on the value of is_admin. This key is deprecated. Please update your policy file to use the standard policy values.
May 04 18:05:29.713157 dv-cinder-840511-4-smb devstack@c-api.service[110288]:   warnings.warn('Policy enforcement is depending on the value of '
May 04 18:05:29.734163 dv-cinder-840511-4-smb devstack@c-api.service[110288]: INFO cinder.api.openstack.wsgi [None req-03efb923-412d-42d9-af91-f6a52f0fa3d6 tempest-GroupSnapshotsTest-1448565779 tempest-GroupSnapshotsTest-1448565779-project] http://10.222.0.82/volume/v3/b5a931da5fa948ccb8ba1b8bc92bfbbd/groups/0a8dbd54-2597-4812-b031-df9045e42d07 returned with HTTP 200
May 04 18:05:29.735339 dv-cinder-840511-4-smb devstack@c-api.service[110288]: [pid: 110288|app: 0|req: 108/217] 10.222.0.82 () {60 vars in 1362 bytes} [Wed May  4 18:05:29 2022] GET /volume/v3/b5a931da5fa948ccb8ba1b8bc92bfbbd/groups/0a8dbd54-2597-4812-b031-df9045e42d07 => generated 391 bytes in 44 msecs (HTTP/1.1 200) 7 headers in 286 bytes (1 switches on core 0)
May 04 18:05:29.922889 dv-cinder-840511-4-smb devstack@c-api.service[110289]: DEBUG cinder.api.middleware.request_id [None req-2f9bd990-faa2-4e7b-bce2-3c9069c6a1a2 None None] RequestId filter calling following filter/app {{(pid=110289) _context_setter /opt/stack/cinder/cinder/api/middleware/request_id.py:62}}
May 04 18:05:29.926516 dv-cinder-840511-4-smb devstack@c-api.service[110289]: INFO cinder.api.openstack.wsgi [None req-2f9bd990-faa2-4e7b-bce2-3c9069c6a1a2 tempest-DeleteServersTestJSON-478655894 tempest-DeleteServersTestJSON-478655894-project] GET http://10.222.0.82/volume/v3/b4151341b6b7450f97f07af357d5709e/volumes/0f3e1a44-d34f-4439-8384-f2762fba608e
May 04 18:05:29.927024 dv-cinder-840511-4-smb devstack@c-api.service[110289]: DEBUG cinder.api.openstack.wsgi [None req-2f9bd990-faa2-4e7b-bce2-3c9069c6a1a2 tempest-DeleteServersTestJSON-478655894 tempest-DeleteServersTestJSON-478655894-project] Empty body provided in request {{(pid=110289) get_body /opt/stack/cinder/cinder/api/openstack/wsgi.py:715}}
May 04 18:05:29.927525 dv-cinder-840511-4-smb devstack@c-api.service[110289]: DEBUG cinder.api.openstack.wsgi [None req-2f9bd990-faa2-4e7b-bce2-3c9069c6a1a2 tempest-DeleteServersTestJSON-478655894 tempest-DeleteServersTestJSON-478655894-project] Calling method 'show' {{(pid=110289) _process_stack /opt/stack/cinder/cinder/api/openstack/wsgi.py:868}}
May 04 18:05:29.942251 dv-cinder-840511-4-smb devstack@c-api.service[110289]: /usr/local/lib/python3.8/dist-packages/oslo_context/context.py:100: DeprecationWarning: Policy enforcement is depending on the value of is_admin. This key is deprecated. Please update your policy file to use the standard policy values.
May 04 18:05:29.942251 dv-cinder-840511-4-smb devstack@c-api.service[110289]:   warnings.warn('Policy enforcement is depending on the value of '
May 04 18:05:29.947808 dv-cinder-840511-4-smb devstack@c-api.service[110288]: DEBUG cinder.api.middleware.request_id [None req-b057efe7-ad30-4696-95a4-11aac26d9e5d None None] RequestId filter calling following filter/app {{(pid=110288) _context_setter /opt/stack/cinder/cinder/api/middleware/request_id.py:62}}
May 04 18:05:29.950245 dv-cinder-840511-4-smb devstack@c-api.service[110289]: INFO cinder.volume.api [None req-2f9bd990-faa2-4e7b-bce2-3c9069c6a1a2 tempest-DeleteServersTestJSON-478655894 tempest-DeleteServersTestJSON-478655894-project] Volume info retrieved successfully.
May 04 18:05:29.953270 dv-cinder-840511-4-smb devstack@c-api.service[110288]: INFO cinder.api.openstack.wsgi [None req-b057efe7-ad30-4696-95a4-11aac26d9e5d tempest-VolumesListAdminTestJSON-2020392093 tempest-VolumesListAdminTestJSON-2020392093-project] GET http://10.222.0.82/volume/v3/96af2b4599514ae89e5144ed64324f59/volumes/c27bea38-f162-420d-bc60-40c862a5b9bd
May 04 18:05:29.953948 dv-cinder-840511-4-smb devstack@c-api.service[110288]: DEBUG cinder.api.openstack.wsgi [None req-b057efe7-ad30-4696-95a4-11aac26d9e5d tempest-VolumesListAdminTestJSON-2020392093 tempest-VolumesListAdminTestJSON-2020392093-project] Empty body provided in request {{(pid=110288) get_body /opt/stack/cinder/cinder/api/openstack/wsgi.py:715}}
May 04 18:05:29.954779 dv-cinder-840511-4-smb devstack@c-api.service[110288]: DEBUG cinder.api.openstack.wsgi [None req-b057efe7-ad30-4696-95a4-11aac26d9e5d tempest-VolumesListAdminTestJSON-2020392093 tempest-VolumesListAdminTestJSON-2020392093-project] Calling method 'show' {{(pid=110288) _process_stack /opt/stack/cinder/cinder/api/openstack/wsgi.py:868}}
May 04 18:05:29.960138 dv-cinder-840511-4-smb devstack@c-api.service[110289]: INFO cinder.api.openstack.wsgi [None req-2f9bd990-faa2-4e7b-bce2-3c9069c6a1a2 tempest-DeleteServersTestJSON-478655894 tempest-DeleteServersTestJSON-478655894-project] http://10.222.0.82/volume/v3/b4151341b6b7450f97f07af357d5709e/volumes/0f3e1a44-d34f-4439-8384-f2762fba608e returned with HTTP 200
May 04 18:05:29.961082 dv-cinder-840511-4-smb devstack@c-api.service[110289]: [pid: 110289|app: 0|req: 110/218] 10.222.0.82 () {58 vars in 1324 bytes} [Wed May  4 18:05:29 2022] GET /volume/v3/b4151341b6b7450f97f07af357d5709e/volumes/0f3e1a44-d34f-4439-8384-f2762fba608e => generated 913 bytes in 39 msecs (HTTP/1.1 200) 7 headers in 285 bytes (1 switches on core 0)
May 04 18:05:29.977292 dv-cinder-840511-4-smb devstack@c-api.service[110288]: /usr/local/lib/python3.8/dist-packages/oslo_context/context.py:100: DeprecationWarning: Policy enforcement is depending on the value of is_admin. This key is deprecated. Please update your policy file to use the standard policy values.
May 04 18:05:29.977292 dv-cinder-840511-4-smb devstack@c-api.service[110288]:   warnings.warn('Policy enforcement is depending on the value of '
May 04 18:05:29.988114 dv-cinder-840511-4-smb devstack@c-api.service[110288]: INFO cinder.volume.api [None req-b057efe7-ad30-4696-95a4-11aac26d9e5d tempest-VolumesListAdminTestJSON-2020392093 tempest-VolumesListAdminTestJSON-2020392093-project] Volume info retrieved successfully.
May 04 18:05:29.997302 dv-cinder-840511-4-smb devstack@c-api.service[110288]: INFO cinder.api.openstack.wsgi [None req-b057efe7-ad30-4696-95a4-11aac26d9e5d tempest-VolumesListAdminTestJSON-2020392093 tempest-VolumesListAdminTestJSON-2020392093-project] http://10.222.0.82/volume/v3/96af2b4599514ae89e5144ed64324f59/volumes/c27bea38-f162-420d-bc60-40c862a5b9bd returned with HTTP 200
May 04 18:05:30.008594 dv-cinder-840511-4-smb devstack@c-api.service[110288]: [pid: 110288|app: 0|req: 109/219] 10.222.0.82 () {58 vars in 1324 bytes} [Wed May  4 18:05:29 2022] GET /volume/v3/96af2b4599514ae89e5144ed64324f59/volumes/c27bea38-f162-420d-bc60-40c862a5b9bd => generated 917 bytes in 62 msecs (HTTP/1.1 200) 7 headers in 285 bytes (1 switches on core 0)
May 04 18:05:30.009768 dv-cinder-840511-4-smb devstack@c-api.service[110289]: DEBUG cinder.api.middleware.request_id [None req-2b9a647e-ff9b-4b9c-9ec0-fad0812facef None None] RequestId filter calling following filter/app {{(pid=110289) _context_setter /opt/stack/cinder/cinder/api/middleware/request_id.py:62}}
May 04 18:05:30.019892 dv-cinder-840511-4-smb devstack@c-api.service[110289]: INFO cinder.api.openstack.wsgi [None req-2b9a647e-ff9b-4b9c-9ec0-fad0812facef tempest-VolumesListAdminTestJSON-2020392093 tempest-VolumesListAdminTestJSON-2020392093-project] GET http://10.222.0.82/volume/v3/96af2b4599514ae89e5144ed64324f59/volumes/c27bea38-f162-420d-bc60-40c862a5b9bd
May 04 18:05:30.020445 dv-cinder-840511-4-smb devstack@c-api.service[110289]: DEBUG cinder.api.openstack.wsgi [None req-2b9a647e-ff9b-4b9c-9ec0-fad0812facef tempest-VolumesListAdminTestJSON-2020392093 tempest-VolumesListAdminTestJSON-2020392093-project] Empty body provided in request {{(pid=110289) get_body /opt/stack/cinder/cinder/api/openstack/wsgi.py:715}}
May 04 18:05:30.020922 dv-cinder-840511-4-smb devstack@c-api.service[110289]: DEBUG cinder.api.openstack.wsgi [None req-2b9a647e-ff9b-4b9c-9ec0-fad0812facef tempest-VolumesListAdminTestJSON-2020392093 tempest-VolumesListAdminTestJSON-2020392093-project] Calling method 'show' {{(pid=110289) _process_stack /opt/stack/cinder/cinder/api/openstack/wsgi.py:868}}
May 04 18:05:30.035560 dv-cinder-840511-4-smb devstack@c-api.service[110289]: /usr/local/lib/python3.8/dist-packages/oslo_context/context.py:100: DeprecationWarning: Policy enforcement is depending on the value of is_admin. This key is deprecated. Please update your policy file to use the standard policy values.
May 04 18:05:30.035560 dv-cinder-840511-4-smb devstack@c-api.service[110289]:   warnings.warn('Policy enforcement is depending on the value of '
May 04 18:05:30.045328 dv-cinder-840511-4-smb devstack@c-api.service[110289]: INFO cinder.volume.api [None req-2b9a647e-ff9b-4b9c-9ec0-fad0812facef tempest-VolumesListAdminTestJSON-2020392093 tempest-VolumesListAdminTestJSON-2020392093-project] Volume info retrieved successfully.
May 04 18:05:30.053794 dv-cinder-840511-4-smb devstack@c-api.service[110289]: INFO cinder.api.openstack.wsgi [None req-2b9a647e-ff9b-4b9c-9ec0-fad0812facef tempest-VolumesListAdminTestJSON-2020392093 tempest-VolumesListAdminTestJSON-2020392093-project] http://10.222.0.82/volume/v3/96af2b4599514ae89e5144ed64324f59/volumes/c27bea38-f162-420d-bc60-40c862a5b9bd returned with HTTP 200
May 04 18:05:30.054604 dv-cinder-840511-4-smb devstack@c-api.service[110289]: [pid: 110289|app: 0|req: 111/220] 10.222.0.82 () {58 vars in 1324 bytes} [Wed May  4 18:05:30 2022] GET /volume/v3/96af2b4599514ae89e5144ed64324f59/volumes/c27bea38-f162-420d-bc60-40c862a5b9bd => generated 917 bytes in 46 msecs (HTTP/1.1 200) 7 headers in 285 bytes (1 switches on core 0)
May 04 18:05:30.066667 dv-cinder-840511-4-smb devstack@c-api.service[110288]: DEBUG cinder.api.middleware.request_id [None req-e3193bc9-c99e-453b-a64d-a35eee6d6826 None None] RequestId filter calling following filter/app {{(pid=110288) _context_setter /opt/stack/cinder/cinder/api/middleware/request_id.py:62}}
May 04 18:05:30.070152 dv-cinder-840511-4-smb devstack@c-api.service[110288]: INFO cinder.api.openstack.wsgi [None req-e3193bc9-c99e-453b-a64d-a35eee6d6826 tempest-VolumesListAdminTestJSON-2020392093 tempest-VolumesListAdminTestJSON-2020392093-project] POST http://10.222.0.82/volume/v3/96af2b4599514ae89e5144ed64324f59/volumes
May 04 18:05:30.070865 dv-cinder-840511-4-smb devstack@c-api.service[110288]: DEBUG cinder.api.openstack.wsgi [None req-e3193bc9-c99e-453b-a64d-a35eee6d6826 tempest-VolumesListAdminTestJSON-2020392093 tempest-VolumesListAdminTestJSON-2020392093-project] Action: 'create', calling method: create, body: {"volume": {"size": 1, "name": "tempest-VolumesListAdminTestJSON-Volume-1737504931"}} {{(pid=110288) _process_stack /opt/stack/cinder/cinder/api/openstack/wsgi.py:866}}
May 04 18:05:30.071812 dv-cinder-840511-4-smb devstack@c-api.service[110288]: DEBUG cinder.api.v3.volumes [None req-e3193bc9-c99e-453b-a64d-a35eee6d6826 tempest-VolumesListAdminTestJSON-2020392093 tempest-VolumesListAdminTestJSON-2020392093-project] Create volume request body: {'volume': {'size': 1, 'name': 'tempest-VolumesListAdminTestJSON-Volume-1737504931'}} {{(pid=110288) create /opt/stack/cinder/cinder/api/v3/volumes.py:298}}
May 04 18:05:30.072120 dv-cinder-840511-4-smb devstack@c-api.service[110288]: INFO cinder.api.v3.volumes [None req-e3193bc9-c99e-453b-a64d-a35eee6d6826 tempest-VolumesListAdminTestJSON-2020392093 tempest-VolumesListAdminTestJSON-2020392093-project] Create volume of 1 GB
May 04 18:05:30.078952 dv-cinder-840511-4-smb devstack@c-api.service[110288]: INFO cinder.volume.api [None req-e3193bc9-c99e-453b-a64d-a35eee6d6826 tempest-VolumesListAdminTestJSON-2020392093 tempest-VolumesListAdminTestJSON-2020392093-project] Availability Zones retrieved successfully.
May 04 18:05:30.095452 dv-cinder-840511-4-smb devstack@c-api.service[110288]: DEBUG cinder.volume.api [None req-e3193bc9-c99e-453b-a64d-a35eee6d6826 tempest-VolumesListAdminTestJSON-2020392093 tempest-VolumesListAdminTestJSON-2020392093-project] Flow 'volume_create_api' (4920cc1e-aa15-4b03-a0d5-2c4319fb27b3) transitioned into state 'RUNNING' from state 'PENDING' {{(pid=110288) _flow_receiver /usr/local/lib/python3.8/dist-packages/taskflow/listeners/logging.py:141}}
May 04 18:05:30.097979 dv-cinder-840511-4-smb devstack@c-api.service[110288]: DEBUG cinder.volume.api [None req-e3193bc9-c99e-453b-a64d-a35eee6d6826 tempest-VolumesListAdminTestJSON-2020392093 tempest-VolumesListAdminTestJSON-2020392093-project] Task 'cinder.volume.flows.api.create_volume.ExtractVolumeRequestTask;volume:create' (800ea0dc-6642-4982-9ad9-5d703db344cb) transitioned into state 'RUNNING' from state 'PENDING' {{(pid=110288) _task_receiver /usr/local/lib/python3.8/dist-packages/taskflow/listeners/logging.py:190}}
May 04 18:05:30.100414 dv-cinder-840511-4-smb devstack@c-api.service[110288]: DEBUG cinder.volume.flows.api.create_volume [None req-e3193bc9-c99e-453b-a64d-a35eee6d6826 tempest-VolumesListAdminTestJSON-2020392093 tempest-VolumesListAdminTestJSON-2020392093-project] Validating volume size '1' using validate_int {{(pid=110288) _extract_size /opt/stack/cinder/cinder/volume/flows/api/create_volume.py:225}}
May 04 18:05:30.131148 dv-cinder-840511-4-smb devstack@c-api.service[110289]: DEBUG cinder.api.middleware.request_id [req-2f1d9ce7-2b16-4dcc-b813-538e732af854 req-18d8576f-95a9-4f3d-b674-68277265ec2e None None] RequestId filter calling following filter/app {{(pid=110289) _context_setter /opt/stack/cinder/cinder/api/middleware/request_id.py:62}}
May 04 18:05:30.137232 dv-cinder-840511-4-smb devstack@c-api.service[110289]: INFO cinder.api.openstack.wsgi [req-2f1d9ce7-2b16-4dcc-b813-538e732af854 req-18d8576f-95a9-4f3d-b674-68277265ec2e tempest-DeleteServersTestJSON-478655894 tempest-DeleteServersTestJSON-478655894-project] GET http://10.222.0.82/volume/v3/b4151341b6b7450f97f07af357d5709e/volumes/0f3e1a44-d34f-4439-8384-f2762fba608e
May 04 18:05:30.137956 dv-cinder-840511-4-smb devstack@c-api.service[110289]: DEBUG cinder.api.openstack.wsgi [req-2f1d9ce7-2b16-4dcc-b813-538e732af854 req-18d8576f-95a9-4f3d-b674-68277265ec2e tempest-DeleteServersTestJSON-478655894 tempest-DeleteServersTestJSON-478655894-project] Empty body provided in request {{(pid=110289) get_body /opt/stack/cinder/cinder/api/openstack/wsgi.py:715}}
May 04 18:05:30.138597 dv-cinder-840511-4-smb devstack@c-api.service[110289]: DEBUG cinder.api.openstack.wsgi [req-2f1d9ce7-2b16-4dcc-b813-538e732af854 req-18d8576f-95a9-4f3d-b674-68277265ec2e tempest-DeleteServersTestJSON-478655894 tempest-DeleteServersTestJSON-478655894-project] Calling method 'show' {{(pid=110289) _process_stack /opt/stack/cinder/cinder/api/openstack/wsgi.py:868}}
May 04 18:05:30.149548 dv-cinder-840511-4-smb devstack@c-api.service[110288]: DEBUG cinder.volume.api [None req-e3193bc9-c99e-453b-a64d-a35eee6d6826 tempest-VolumesListAdminTestJSON-2020392093 tempest-VolumesListAdminTestJSON-2020392093-project] Task 'cinder.volume.flows.api.create_volume.ExtractVolumeRequestTask;volume:create' (800ea0dc-6642-4982-9ad9-5d703db344cb) transitioned into state 'SUCCESS' from state 'RUNNING' with result '{'size': 1, 'snapshot_id': None, 'source_volid': None, 'volume_type': VolumeType(created_at=2022-05-04T17:54:10Z,deleted=False,deleted_at=None,description='Default Volume Type',extra_specs={},id=71ab1e61-33af-4450-8deb-7bcb37029522,is_public=True,name='__DEFAULT__',projects=[],qos_specs=<?>,qos_specs_id=None,updated_at=2022-05-04T17:54:10Z), 'volume_type_id': '71ab1e61-33af-4450-8deb-7bcb37029522', 'encryption_key_id': None, 'qos_specs': None, 'consistencygroup_id': None, 'cgsnapshot_id': None, 'group_id': None, 'replication_status': 'disabled', 'refresh_az': False, 'backup_id': None, 'multiattach': False, 'availability_zones': ['nova']}' {{(pid=110288) _task_receiver /usr/local/lib/python3.8/dist-packages/taskflow/listeners/logging.py:178}}
May 04 18:05:30.153663 dv-cinder-840511-4-smb devstack@c-api.service[110288]: DEBUG cinder.volume.api [None req-e3193bc9-c99e-453b-a64d-a35eee6d6826 tempest-VolumesListAdminTestJSON-2020392093 tempest-VolumesListAdminTestJSON-2020392093-project] Task 'cinder.volume.flows.api.create_volume.QuotaReserveTask;volume:create' (cdc76a2f-2e80-47e6-b2c0-fc145fe8cc51) transitioned into state 'RUNNING' from state 'PENDING' {{(pid=110288) _task_receiver /usr/local/lib/python3.8/dist-packages/taskflow/listeners/logging.py:190}}
May 04 18:05:30.153789 dv-cinder-840511-4-smb devstack@c-api.service[110289]: /usr/local/lib/python3.8/dist-packages/oslo_context/context.py:100: DeprecationWarning: Policy enforcement is depending on the value of is_admin. This key is deprecated. Please update your policy file to use the standard policy values.
May 04 18:05:30.153789 dv-cinder-840511-4-smb devstack@c-api.service[110289]:   warnings.warn('Policy enforcement is depending on the value of '
May 04 18:05:30.161103 dv-cinder-840511-4-smb devstack@c-api.service[110289]: INFO cinder.volume.api [req-2f1d9ce7-2b16-4dcc-b813-538e732af854 req-18d8576f-95a9-4f3d-b674-68277265ec2e tempest-DeleteServersTestJSON-478655894 tempest-DeleteServersTestJSON-478655894-project] Volume info retrieved successfully.
May 04 18:05:30.170541 dv-cinder-840511-4-smb devstack@c-api.service[110289]: INFO cinder.api.openstack.wsgi [req-2f1d9ce7-2b16-4dcc-b813-538e732af854 req-18d8576f-95a9-4f3d-b674-68277265ec2e tempest-DeleteServersTestJSON-478655894 tempest-DeleteServersTestJSON-478655894-project] http://10.222.0.82/volume/v3/b4151341b6b7450f97f07af357d5709e/volumes/0f3e1a44-d34f-4439-8384-f2762fba608e returned with HTTP 200
May 04 18:05:30.172371 dv-cinder-840511-4-smb devstack@c-api.service[110289]: [pid: 110289|app: 0|req: 112/221] 10.222.0.82 () {60 vars in 1578 bytes} [Wed May  4 18:05:30 2022] GET /volume/v3/b4151341b6b7450f97f07af357d5709e/volumes/0f3e1a44-d34f-4439-8384-f2762fba608e => generated 913 bytes in 42 msecs (HTTP/1.1 200) 7 headers in 285 bytes (1 switches on core 0)
May 04 18:05:30.240011 dv-cinder-840511-4-smb devstack@c-api.service[110288]: DEBUG cinder.quota [None req-e3193bc9-c99e-453b-a64d-a35eee6d6826 tempest-VolumesListAdminTestJSON-2020392093 tempest-VolumesListAdminTestJSON-2020392093-project] Created reservations ['b103ad39-1169-48b8-920a-9117b0104c73', 'fc62b10f-2d24-4da2-a97c-a233e21e3013', '78abd91f-4ba2-467c-87c4-0a635dfb8fd6', 'b0a45927-b8ef-4f18-8b0f-9fda8ffbf215'] {{(pid=110288) reserve /opt/stack/cinder/cinder/quota.py:755}}
May 04 18:05:30.242081 dv-cinder-840511-4-smb devstack@c-api.service[110288]: DEBUG cinder.volume.api [None req-e3193bc9-c99e-453b-a64d-a35eee6d6826 tempest-VolumesListAdminTestJSON-2020392093 tempest-VolumesListAdminTestJSON-2020392093-project] Task 'cinder.volume.flows.api.create_volume.QuotaReserveTask;volume:create' (cdc76a2f-2e80-47e6-b2c0-fc145fe8cc51) transitioned into state 'SUCCESS' from state 'RUNNING' with result '{'reservations': ['b103ad39-1169-48b8-920a-9117b0104c73', 'fc62b10f-2d24-4da2-a97c-a233e21e3013', '78abd91f-4ba2-467c-87c4-0a635dfb8fd6', 'b0a45927-b8ef-4f18-8b0f-9fda8ffbf215']}' {{(pid=110288) _task_receiver /usr/local/lib/python3.8/dist-packages/taskflow/listeners/logging.py:178}}
May 04 18:05:30.245816 dv-cinder-840511-4-smb devstack@c-api.service[110288]: DEBUG cinder.volume.api [None req-e3193bc9-c99e-453b-a64d-a35eee6d6826 tempest-VolumesListAdminTestJSON-2020392093 tempest-VolumesListAdminTestJSON-2020392093-project] Task 'cinder.volume.flows.api.create_volume.EntryCreateTask;volume:create' (d5b0ef83-a90e-425e-a653-31ca66934d54) transitioned into state 'RUNNING' from state 'PENDING' {{(pid=110288) _task_receiver /usr/local/lib/python3.8/dist-packages/taskflow/listeners/logging.py:190}}
