May 03 21:32:01.771478 dv-cinder-840377-1-smb devstack@n-api.service[97658]: INFO nova.api.openstack.requestlog [None req-48d6cf85-bacf-47d9-9c7b-007b512359a7 tempest-VolumesTestJSON-843181892 tempest-VolumesTestJSON-843181892-project] 10.222.0.50 "GET /compute/v2.1/os-volumes" status: 200 len: 1033 microversion: 2.1 time: 0.210933
May 03 21:32:01.772113 dv-cinder-840377-1-smb devstack@n-api.service[97658]: [pid: 97658|app: 0|req: 13/19] 10.222.0.50 () {58 vars in 1133 bytes} [Tue May 3 21:32:01 2022] GET /compute/v2.1/os-volumes => generated 1033 bytes in 213 msecs (HTTP/1.1 200) 9 headers in 358 bytes (1 switches on core 0)
May 03 21:32:01.796880 dv-cinder-840377-1-smb devstack@n-api.service[97657]: DEBUG nova.api.openstack.wsgi [None req-69945b3e-16c1-4a01-a639-3bbedab3cd6b tempest-VolumesTestJSON-843181892 tempest-VolumesTestJSON-843181892-project] Calling method '.version_select at 0x7fb3ddc72310>' {{(pid=97657) _process_stack /opt/stack/nova/nova/api/openstack/wsgi.py:513}}
May 03 21:32:01.895255 dv-cinder-840377-1-smb devstack@n-api.service[97658]: DEBUG nova.api.openstack.wsgi [None req-5e9c0d75-78e2-469f-88d5-3ba1b55c0e3a tempest-DeleteServersTestJSON-1581838996 tempest-DeleteServersTestJSON-1581838996-project] Calling method '>' {{(pid=97658) _process_stack /opt/stack/nova/nova/api/openstack/wsgi.py:513}}
May 03 21:32:01.899918 dv-cinder-840377-1-smb devstack@n-api.service[97658]: DEBUG nova.compute.api [None req-5e9c0d75-78e2-469f-88d5-3ba1b55c0e3a tempest-DeleteServersTestJSON-1581838996 tempest-DeleteServersTestJSON-1581838996-project] [instance: d73e8c8d-c3df-47f0-bef9-102e4d1b5afe] Fetching instance by UUID {{(pid=97658) get /opt/stack/nova/nova/compute/api.py:2810}}
May 03 21:32:01.915043 dv-cinder-840377-1-smb devstack@n-api.service[97658]: DEBUG oslo_concurrency.lockutils [None req-5e9c0d75-78e2-469f-88d5-3ba1b55c0e3a tempest-DeleteServersTestJSON-1581838996 tempest-DeleteServersTestJSON-1581838996-project] Lock "a614adca-1671-4175-a338-e580aefbccfa" acquired by "nova.context.set_target_cell..get_or_set_cached_cell_and_set_connections" :: waited 0.000s {{(pid=97658) inner /usr/local/lib/python3.8/dist-packages/oslo_concurrency/lockutils.py:355}}
May 03 21:32:01.917807 dv-cinder-840377-1-smb devstack@n-api.service[97658]: DEBUG oslo_concurrency.lockutils [None req-5e9c0d75-78e2-469f-88d5-3ba1b55c0e3a tempest-DeleteServersTestJSON-1581838996 tempest-DeleteServersTestJSON-1581838996-project] Lock "a614adca-1671-4175-a338-e580aefbccfa" released by "nova.context.set_target_cell..get_or_set_cached_cell_and_set_connections" :: held 0.003s {{(pid=97658) inner /usr/local/lib/python3.8/dist-packages/oslo_concurrency/lockutils.py:367}}
May 03 21:32:01.921559 dv-cinder-840377-1-smb devstack@n-api.service[97658]: DEBUG oslo_concurrency.lockutils [None req-5e9c0d75-78e2-469f-88d5-3ba1b55c0e3a tempest-DeleteServersTestJSON-1581838996 tempest-DeleteServersTestJSON-1581838996-project] Lock "a614adca-1671-4175-a338-e580aefbccfa" acquired by "nova.context.set_target_cell..get_or_set_cached_cell_and_set_connections" :: waited 0.000s {{(pid=97658) inner /usr/local/lib/python3.8/dist-packages/oslo_concurrency/lockutils.py:355}}
May 03 21:32:01.923884 dv-cinder-840377-1-smb devstack@n-api.service[97658]: DEBUG oslo_concurrency.lockutils [None req-5e9c0d75-78e2-469f-88d5-3ba1b55c0e3a tempest-DeleteServersTestJSON-1581838996 tempest-DeleteServersTestJSON-1581838996-project] Lock "a614adca-1671-4175-a338-e580aefbccfa" released by "nova.context.set_target_cell..get_or_set_cached_cell_and_set_connections" :: held 0.003s {{(pid=97658) inner /usr/local/lib/python3.8/dist-packages/oslo_concurrency/lockutils.py:367}}
May 03 21:32:02.034098 dv-cinder-840377-1-smb devstack@n-api.service[97657]: INFO nova.api.openstack.requestlog [None req-69945b3e-16c1-4a01-a639-3bbedab3cd6b tempest-VolumesTestJSON-843181892 tempest-VolumesTestJSON-843181892-project] 10.222.0.50 "GET /compute/v2.1/os-volumes?offset=1&limit=1" status: 200 len: 352 microversion: 2.1 time: 0.253622
May 03 21:32:02.034927 dv-cinder-840377-1-smb devstack@n-api.service[97657]: [pid: 97657|app: 0|req: 7/20] 10.222.0.50 () {58 vars in 1166 bytes} [Tue May 3 21:32:01 2022] GET /compute/v2.1/os-volumes?offset=1&limit=1 => generated 352 bytes in 255 msecs (HTTP/1.1 200) 9 headers in 357 bytes (1 switches on core 0)
May 03 21:32:02.054571 dv-cinder-840377-1-smb devstack@n-api.service[97657]: DEBUG nova.api.openstack.wsgi [None req-d4a5b3df-76f2-4ef3-b50e-59fd486d063f tempest-VolumesTestJSON-843181892 tempest-VolumesTestJSON-843181892-project] Calling method '.version_select at 0x7fb3ddd39430>' {{(pid=97657) _process_stack /opt/stack/nova/nova/api/openstack/wsgi.py:513}}
May 03 21:32:02.300264 dv-cinder-840377-1-smb devstack@n-api.service[97658]: DEBUG nova.policy [None req-5e9c0d75-78e2-469f-88d5-3ba1b55c0e3a tempest-DeleteServersTestJSON-1581838996 tempest-DeleteServersTestJSON-1581838996-project] Policy check for os_compute_api:os-extended-server-attributes failed with credentials {'is_admin': False, 'user_id': 'e4c4d67cc51c4882b7611a4ce665f8e5', 'user_domain_id': 'default', 'system_scope': None, 'domain_id': None, 'project_id': '6d440bc787334f6fb0d1455ea18f4f62', 'project_domain_id': 'default', 'roles': ['reader', 'member'], 'is_admin_project': True, 'service_user_id': None, 'service_user_domain_id': None, 'service_project_id': None, 'service_project_domain_id': None, 'service_roles': []} {{(pid=97658) authorize /opt/stack/nova/nova/policy.py:222}}
May 03 21:32:02.306119 dv-cinder-840377-1-smb devstack@n-api.service[97657]: INFO nova.api.openstack.requestlog [None req-d4a5b3df-76f2-4ef3-b50e-59fd486d063f tempest-VolumesTestJSON-843181892 tempest-VolumesTestJSON-843181892-project] 10.222.0.50 "GET /compute/v2.1/os-volumes/detail?limit=2" status: 200 len: 692 microversion: 2.1 time: 0.262975
May 03 21:32:02.307437 dv-cinder-840377-1-smb devstack@n-api.service[97657]: [pid: 97657|app: 0|req: 8/21] 10.222.0.50 () {58 vars in 1169 bytes} [Tue May 3 21:32:02 2022] GET /compute/v2.1/os-volumes/detail?limit=2 => generated 692 bytes in 265 msecs (HTTP/1.1 200) 9 headers in 357 bytes (2 switches on core 0)
May 03 21:32:02.331299 dv-cinder-840377-1-smb devstack@n-api.service[97657]: DEBUG nova.api.openstack.wsgi [None req-dd2fbb8d-44d1-4a4f-bf33-e2db65e14812 tempest-VolumesTestJSON-843181892 tempest-VolumesTestJSON-843181892-project] Calling method '.version_select at 0x7fb3ddc72ca0>' {{(pid=97657) _process_stack /opt/stack/nova/nova/api/openstack/wsgi.py:513}}
May 03 21:32:02.336067 dv-cinder-840377-1-smb devstack@n-api.service[97658]: INFO nova.api.openstack.requestlog [None req-5e9c0d75-78e2-469f-88d5-3ba1b55c0e3a tempest-DeleteServersTestJSON-1581838996 tempest-DeleteServersTestJSON-1581838996-project] 10.222.0.50 "GET /compute/v2.1/servers/d73e8c8d-c3df-47f0-bef9-102e4d1b5afe" status: 200 len: 1284 microversion: 2.1 time: 0.454482
May 03 21:32:02.338804 dv-cinder-840377-1-smb devstack@n-api.service[97658]: [pid: 97658|app: 0|req: 14/22] 10.222.0.50 () {58 vars in 1235 bytes} [Tue May 3 21:32:01 2022] GET /compute/v2.1/servers/d73e8c8d-c3df-47f0-bef9-102e4d1b5afe => generated 1284 bytes in 458 msecs (HTTP/1.1 200) 9 headers in 358 bytes (1 switches on core 0)
May 03 21:32:02.566112 dv-cinder-840377-1-smb devstack@n-api.service[97657]: INFO nova.api.openstack.requestlog [None req-dd2fbb8d-44d1-4a4f-bf33-e2db65e14812 tempest-VolumesTestJSON-843181892 tempest-VolumesTestJSON-843181892-project] 10.222.0.50 "GET /compute/v2.1/os-volumes/detail" status: 200 len: 1033 microversion: 2.1 time: 0.249305
May 03 21:32:02.566679 dv-cinder-840377-1-smb devstack@n-api.service[97657]: [pid: 97657|app: 0|req: 9/23] 10.222.0.50 () {58 vars in 1154 bytes} [Tue May 3 21:32:02 2022] GET /compute/v2.1/os-volumes/detail => generated 1033 bytes in 251 msecs (HTTP/1.1 200) 9 headers in 358 bytes (2 switches on core 0)
May 03 21:32:02.601283 dv-cinder-840377-1-smb devstack@n-api.service[97658]: DEBUG nova.api.openstack.wsgi [None req-8985bc10-c64c-4ceb-b541-f95058a1fa0c tempest-VolumesTestJSON-843181892 tempest-VolumesTestJSON-843181892-project] Calling method '.version_select at 0x7fb3ddc4b550>' {{(pid=97658) _process_stack /opt/stack/nova/nova/api/openstack/wsgi.py:513}}
May 03 21:32:02.899771 dv-cinder-840377-1-smb devstack@n-api.service[97658]: INFO nova.api.openstack.requestlog [None req-8985bc10-c64c-4ceb-b541-f95058a1fa0c tempest-VolumesTestJSON-843181892 tempest-VolumesTestJSON-843181892-project] 10.222.0.50 "GET /compute/v2.1/os-volumes/detail?offset=1&limit=1" status: 200 len: 352 microversion: 2.1 time: 0.322847
May 03 21:32:02.899771 dv-cinder-840377-1-smb devstack@n-api.service[97658]: [pid: 97658|app: 0|req: 15/24] 10.222.0.50 () {58 vars in 1187 bytes} [Tue May 3 21:32:02 2022] GET /compute/v2.1/os-volumes/detail?offset=1&limit=1 => generated 352 bytes in 325 msecs (HTTP/1.1 200) 9 headers in 357 bytes (1 switches on core 0)
May 03 21:32:02.919787 dv-cinder-840377-1-smb devstack@n-api.service[97657]: DEBUG nova.api.openstack.wsgi [None req-6363d0e5-c071-43eb-b5e4-285c6894b053 tempest-VolumesTestJSON-843181892 tempest-VolumesTestJSON-843181892-project] Calling method '.version_select at 0x7fb3ddbf3040>' {{(pid=97657) _process_stack /opt/stack/nova/nova/api/openstack/wsgi.py:513}}
May 03 21:32:03.201259 dv-cinder-840377-1-smb devstack@n-api.service[97657]: INFO nova.api.openstack.requestlog [None req-6363d0e5-c071-43eb-b5e4-285c6894b053 tempest-VolumesTestJSON-843181892 tempest-VolumesTestJSON-843181892-project] 10.222.0.50 "GET /compute/v2.1/os-volumes/detail" status: 200 len: 1033 microversion: 2.1 time: 0.293999
May 03 21:32:03.220277 dv-cinder-840377-1-smb devstack@n-api.service[97657]: [pid: 97657|app: 0|req: 10/25] 10.222.0.50 () {58 vars in 1154 bytes} [Tue May 3 21:32:02 2022] GET /compute/v2.1/os-volumes/detail => generated 1033 bytes in 296 msecs (HTTP/1.1 200) 9 headers in 358 bytes (1 switches on core 0)
May 03 21:32:03.363975 dv-cinder-840377-1-smb devstack@n-api.service[97658]: DEBUG nova.api.openstack.wsgi [None req-99cd2bc2-26d5-47f6-8953-78acba47b53d tempest-DeleteServersTestJSON-1581838996 tempest-DeleteServersTestJSON-1581838996-project] Calling method '>' {{(pid=97658) _process_stack /opt/stack/nova/nova/api/openstack/wsgi.py:513}}
May 03 21:32:03.365441 dv-cinder-840377-1-smb devstack@n-api.service[97658]: DEBUG nova.compute.api [None req-99cd2bc2-26d5-47f6-8953-78acba47b53d tempest-DeleteServersTestJSON-1581838996 tempest-DeleteServersTestJSON-1581838996-project] [instance: d73e8c8d-c3df-47f0-bef9-102e4d1b5afe] Fetching instance by UUID {{(pid=97658) get /opt/stack/nova/nova/compute/api.py:2810}}
May 03 21:32:03.383332 dv-cinder-840377-1-smb devstack@n-api.service[97658]: DEBUG oslo_concurrency.lockutils [None req-99cd2bc2-26d5-47f6-8953-78acba47b53d tempest-DeleteServersTestJSON-1581838996 tempest-DeleteServersTestJSON-1581838996-project] Lock "a614adca-1671-4175-a338-e580aefbccfa" acquired by "nova.context.set_target_cell..get_or_set_cached_cell_and_set_connections" :: waited 0.000s {{(pid=97658) inner /usr/local/lib/python3.8/dist-packages/oslo_concurrency/lockutils.py:355}}
May 03 21:32:03.383781 dv-cinder-840377-1-smb devstack@n-api.service[97658]: DEBUG oslo_concurrency.lockutils [None req-99cd2bc2-26d5-47f6-8953-78acba47b53d tempest-DeleteServersTestJSON-1581838996 tempest-DeleteServersTestJSON-1581838996-project] Lock "a614adca-1671-4175-a338-e580aefbccfa" released by "nova.context.set_target_cell..get_or_set_cached_cell_and_set_connections" :: held 0.001s {{(pid=97658) inner /usr/local/lib/python3.8/dist-packages/oslo_concurrency/lockutils.py:367}}
May 03 21:32:03.385101 dv-cinder-840377-1-smb devstack@n-api.service[97658]: DEBUG oslo_concurrency.lockutils [None req-99cd2bc2-26d5-47f6-8953-78acba47b53d tempest-DeleteServersTestJSON-1581838996 tempest-DeleteServersTestJSON-1581838996-project] Lock "a614adca-1671-4175-a338-e580aefbccfa" acquired by "nova.context.set_target_cell..get_or_set_cached_cell_and_set_connections" :: waited 0.000s {{(pid=97658) inner /usr/local/lib/python3.8/dist-packages/oslo_concurrency/lockutils.py:355}}
May 03 21:32:03.385615 dv-cinder-840377-1-smb devstack@n-api.service[97658]: DEBUG oslo_concurrency.lockutils [None req-99cd2bc2-26d5-47f6-8953-78acba47b53d tempest-DeleteServersTestJSON-1581838996 tempest-DeleteServersTestJSON-1581838996-project] Lock "a614adca-1671-4175-a338-e580aefbccfa" released by "nova.context.set_target_cell..get_or_set_cached_cell_and_set_connections" :: held 0.000s {{(pid=97658) inner /usr/local/lib/python3.8/dist-packages/oslo_concurrency/lockutils.py:367}}
May 03 21:32:04.134766 dv-cinder-840377-1-smb devstack@n-api.service[97658]: DEBUG nova.policy [None req-99cd2bc2-26d5-47f6-8953-78acba47b53d tempest-DeleteServersTestJSON-1581838996 tempest-DeleteServersTestJSON-1581838996-project] Policy check for os_compute_api:os-extended-server-attributes failed with credentials {'is_admin': False, 'user_id': 'e4c4d67cc51c4882b7611a4ce665f8e5', 'user_domain_id': 'default', 'system_scope': None, 'domain_id': None, 'project_id': '6d440bc787334f6fb0d1455ea18f4f62', 'project_domain_id': 'default', 'roles': ['reader', 'member'], 'is_admin_project': True, 'service_user_id': None, 'service_user_domain_id': None, 'service_project_id': None, 'service_project_domain_id': None, 'service_roles': []} {{(pid=97658) authorize /opt/stack/nova/nova/policy.py:222}}
May 03 21:32:04.134766 dv-cinder-840377-1-smb devstack@n-api.service[97658]: INFO nova.api.openstack.requestlog [None req-99cd2bc2-26d5-47f6-8953-78acba47b53d tempest-DeleteServersTestJSON-1581838996 tempest-DeleteServersTestJSON-1581838996-project] 10.222.0.50 "GET /compute/v2.1/servers/d73e8c8d-c3df-47f0-bef9-102e4d1b5afe" status: 200 len: 1272 microversion: 2.1 time: 0.479141
May 03 21:32:04.134766 dv-cinder-840377-1-smb devstack@n-api.service[97658]: [pid: 97658|app: 0|req: 16/26] 10.222.0.50 () {58 vars in 1235 bytes} [Tue May 3 21:32:03 2022] GET /compute/v2.1/servers/d73e8c8d-c3df-47f0-bef9-102e4d1b5afe => generated 1272 bytes in 482 msecs (HTTP/1.1 200) 9 headers in 358 bytes (1 switches on core 0)
May 03 21:32:04.866088 dv-cinder-840377-1-smb devstack@n-api.service[97657]: DEBUG nova.api.openstack.wsgi [None req-868a1878-aa95-417b-8e65-bd0beb9cf501 tempest-DeleteServersTestJSON-1581838996 tempest-DeleteServersTestJSON-1581838996-project] Calling method '>' {{(pid=97657) _process_stack /opt/stack/nova/nova/api/openstack/wsgi.py:513}}
May 03 21:32:04.866862 dv-cinder-840377-1-smb devstack@n-api.service[97657]: DEBUG nova.compute.api [None req-868a1878-aa95-417b-8e65-bd0beb9cf501 tempest-DeleteServersTestJSON-1581838996 tempest-DeleteServersTestJSON-1581838996-project] [instance: d73e8c8d-c3df-47f0-bef9-102e4d1b5afe] Fetching instance by UUID {{(pid=97657) get /opt/stack/nova/nova/compute/api.py:2810}}
May 03 21:32:04.891737 dv-cinder-840377-1-smb devstack@n-api.service[97657]: DEBUG oslo_concurrency.lockutils [None req-868a1878-aa95-417b-8e65-bd0beb9cf501 tempest-DeleteServersTestJSON-1581838996 tempest-DeleteServersTestJSON-1581838996-project] Lock "a614adca-1671-4175-a338-e580aefbccfa" acquired by "nova.context.set_target_cell..get_or_set_cached_cell_and_set_connections" :: waited 0.000s {{(pid=97657) inner /usr/local/lib/python3.8/dist-packages/oslo_concurrency/lockutils.py:355}}
May 03 21:32:04.892190 dv-cinder-840377-1-smb devstack@n-api.service[97657]: DEBUG oslo_concurrency.lockutils [None req-868a1878-aa95-417b-8e65-bd0beb9cf501 tempest-DeleteServersTestJSON-1581838996 tempest-DeleteServersTestJSON-1581838996-project] Lock "a614adca-1671-4175-a338-e580aefbccfa" released by "nova.context.set_target_cell..get_or_set_cached_cell_and_set_connections" :: held 0.001s {{(pid=97657) inner /usr/local/lib/python3.8/dist-packages/oslo_concurrency/lockutils.py:367}}
May 03 21:32:04.897366 dv-cinder-840377-1-smb devstack@n-api.service[97657]: DEBUG oslo_concurrency.lockutils [None req-868a1878-aa95-417b-8e65-bd0beb9cf501 tempest-DeleteServersTestJSON-1581838996 tempest-DeleteServersTestJSON-1581838996-project] Lock "a614adca-1671-4175-a338-e580aefbccfa" acquired by "nova.context.set_target_cell..get_or_set_cached_cell_and_set_connections" :: waited 0.000s {{(pid=97657) inner /usr/local/lib/python3.8/dist-packages/oslo_concurrency/lockutils.py:355}}
May 03 21:32:04.898114 dv-cinder-840377-1-smb devstack@n-api.service[97657]: DEBUG oslo_concurrency.lockutils [None req-868a1878-aa95-417b-8e65-bd0beb9cf501 tempest-DeleteServersTestJSON-1581838996 tempest-DeleteServersTestJSON-1581838996-project] Lock "a614adca-1671-4175-a338-e580aefbccfa" released by "nova.context.set_target_cell..get_or_set_cached_cell_and_set_connections" :: held 0.002s {{(pid=97657) inner /usr/local/lib/python3.8/dist-packages/oslo_concurrency/lockutils.py:367}}
May 03 21:32:07.376636 dv-cinder-840377-1-smb devstack@n-api.service[97657]: DEBUG nova.policy [None req-868a1878-aa95-417b-8e65-bd0beb9cf501 tempest-DeleteServersTestJSON-1581838996 tempest-DeleteServersTestJSON-1581838996-project] Policy check for os_compute_api:os-extended-server-attributes failed with credentials {'is_admin': False, 'user_id': 'e4c4d67cc51c4882b7611a4ce665f8e5', 'user_domain_id': 'default', 'system_scope': None, 'domain_id': None, 'project_id': '6d440bc787334f6fb0d1455ea18f4f62', 'project_domain_id': 'default', 'roles': ['reader', 'member'], 'is_admin_project': True, 'service_user_id': None, 'service_user_domain_id': None, 'service_project_id': None, 'service_project_domain_id': None, 'service_roles': []} {{(pid=97657) authorize /opt/stack/nova/nova/policy.py:222}}
May 03 21:32:07.452097 dv-cinder-840377-1-smb devstack@n-api.service[97657]: INFO nova.api.openstack.requestlog [None req-868a1878-aa95-417b-8e65-bd0beb9cf501 tempest-DeleteServersTestJSON-1581838996 tempest-DeleteServersTestJSON-1581838996-project] 10.222.0.50 "GET /compute/v2.1/servers/d73e8c8d-c3df-47f0-bef9-102e4d1b5afe" status: 200 len: 1314 microversion: 2.1 time: 2.585092
May 03 21:32:07.454635 dv-cinder-840377-1-smb devstack@n-api.service[97657]: [pid: 97657|app: 0|req: 11/27] 10.222.0.50 () {58 vars in 1235 bytes} [Tue May 3 21:32:04 2022] GET /compute/v2.1/servers/d73e8c8d-c3df-47f0-bef9-102e4d1b5afe => generated 1314 bytes in 2607 msecs (HTTP/1.1 200) 9 headers in 358 bytes (1 switches on core 0)
May 03 21:32:08.489445 dv-cinder-840377-1-smb devstack@n-api.service[97658]: DEBUG nova.api.openstack.wsgi [None req-491cf060-b275-408d-b479-8dc8ff3db291 tempest-DeleteServersTestJSON-1581838996 tempest-DeleteServersTestJSON-1581838996-project] Calling method '>' {{(pid=97658) _process_stack /opt/stack/nova/nova/api/openstack/wsgi.py:513}}
May 03 21:32:08.495264 dv-cinder-840377-1-smb devstack@n-api.service[97658]: DEBUG nova.compute.api [None req-491cf060-b275-408d-b479-8dc8ff3db291 tempest-DeleteServersTestJSON-1581838996 tempest-DeleteServersTestJSON-1581838996-project] [instance: d73e8c8d-c3df-47f0-bef9-102e4d1b5afe] Fetching instance by UUID {{(pid=97658) get /opt/stack/nova/nova/compute/api.py:2810}}
May 03 21:32:08.515531 dv-cinder-840377-1-smb devstack@n-api.service[97658]: DEBUG oslo_concurrency.lockutils [None req-491cf060-b275-408d-b479-8dc8ff3db291 tempest-DeleteServersTestJSON-1581838996 tempest-DeleteServersTestJSON-1581838996-project] Lock "a614adca-1671-4175-a338-e580aefbccfa" acquired by "nova.context.set_target_cell..get_or_set_cached_cell_and_set_connections" :: waited 0.000s {{(pid=97658) inner /usr/local/lib/python3.8/dist-packages/oslo_concurrency/lockutils.py:355}}
May 03 21:32:08.522008 dv-cinder-840377-1-smb devstack@n-api.service[97658]: DEBUG oslo_concurrency.lockutils [None req-491cf060-b275-408d-b479-8dc8ff3db291 tempest-DeleteServersTestJSON-1581838996 tempest-DeleteServersTestJSON-1581838996-project] Lock "a614adca-1671-4175-a338-e580aefbccfa" released by "nova.context.set_target_cell..get_or_set_cached_cell_and_set_connections" :: held 0.006s {{(pid=97658) inner /usr/local/lib/python3.8/dist-packages/oslo_concurrency/lockutils.py:367}}
May 03 21:32:08.523373 dv-cinder-840377-1-smb devstack@n-api.service[97658]: DEBUG oslo_concurrency.lockutils [None req-491cf060-b275-408d-b479-8dc8ff3db291 tempest-DeleteServersTestJSON-1581838996 tempest-DeleteServersTestJSON-1581838996-project] Lock "a614adca-1671-4175-a338-e580aefbccfa" acquired by "nova.context.set_target_cell..get_or_set_cached_cell_and_set_connections" :: waited 0.000s {{(pid=97658) inner /usr/local/lib/python3.8/dist-packages/oslo_concurrency/lockutils.py:355}}
May 03 21:32:08.524012 dv-cinder-840377-1-smb devstack@n-api.service[97658]: DEBUG oslo_concurrency.lockutils [None req-491cf060-b275-408d-b479-8dc8ff3db291 tempest-DeleteServersTestJSON-1581838996 tempest-DeleteServersTestJSON-1581838996-project] Lock "a614adca-1671-4175-a338-e580aefbccfa" released by "nova.context.set_target_cell..get_or_set_cached_cell_and_set_connections" :: held 0.001s {{(pid=97658) inner /usr/local/lib/python3.8/dist-packages/oslo_concurrency/lockutils.py:367}}
May 03 21:32:09.292239 dv-cinder-840377-1-smb devstack@n-api.service[97658]: DEBUG nova.policy [None req-491cf060-b275-408d-b479-8dc8ff3db291 tempest-DeleteServersTestJSON-1581838996 tempest-DeleteServersTestJSON-1581838996-project] Policy check for os_compute_api:os-extended-server-attributes failed with credentials {'is_admin': False, 'user_id': 'e4c4d67cc51c4882b7611a4ce665f8e5', 'user_domain_id': 'default', 'system_scope': None, 'domain_id': None, 'project_id': '6d440bc787334f6fb0d1455ea18f4f62', 'project_domain_id': 'default', 'roles': ['reader', 'member'], 'is_admin_project': True, 'service_user_id': None, 'service_user_domain_id': None, 'service_project_id': None, 'service_project_domain_id': None, 'service_roles': []} {{(pid=97658) authorize /opt/stack/nova/nova/policy.py:222}}
May 03 21:32:09.355119 dv-cinder-840377-1-smb devstack@n-api.service[97658]: INFO nova.api.openstack.requestlog [None req-491cf060-b275-408d-b479-8dc8ff3db291 tempest-DeleteServersTestJSON-1581838996 tempest-DeleteServersTestJSON-1581838996-project] 10.222.0.50 "GET /compute/v2.1/servers/d73e8c8d-c3df-47f0-bef9-102e4d1b5afe" status: 200 len: 1314 microversion: 2.1 time: 0.876002
May 03 21:32:09.356453 dv-cinder-840377-1-smb devstack@n-api.service[97658]: [pid: 97658|app: 0|req: 17/28] 10.222.0.50 () {58 vars in 1235 bytes} [Tue May 3 21:32:08 2022] GET /compute/v2.1/servers/d73e8c8d-c3df-47f0-bef9-102e4d1b5afe => generated 1314 bytes in 885 msecs (HTTP/1.1 200) 9 headers in 358 bytes (1 switches on core 0)
May 03 21:32:10.379751 dv-cinder-840377-1-smb devstack@n-api.service[97658]: DEBUG nova.api.openstack.wsgi [None req-45fda3a6-2307-43a5-9077-e1b3745b5b72 tempest-DeleteServersTestJSON-1581838996 tempest-DeleteServersTestJSON-1581838996-project] Calling method '>' {{(pid=97658) _process_stack /opt/stack/nova/nova/api/openstack/wsgi.py:513}}
May 03 21:32:10.380433 dv-cinder-840377-1-smb devstack@n-api.service[97658]: DEBUG nova.compute.api [None req-45fda3a6-2307-43a5-9077-e1b3745b5b72 tempest-DeleteServersTestJSON-1581838996 tempest-DeleteServersTestJSON-1581838996-project] [instance: d73e8c8d-c3df-47f0-bef9-102e4d1b5afe] Fetching instance by UUID {{(pid=97658) get /opt/stack/nova/nova/compute/api.py:2810}}
May 03 21:32:10.400422 dv-cinder-840377-1-smb devstack@n-api.service[97658]: DEBUG oslo_concurrency.lockutils [None req-45fda3a6-2307-43a5-9077-e1b3745b5b72 tempest-DeleteServersTestJSON-1581838996 tempest-DeleteServersTestJSON-1581838996-project] Lock "a614adca-1671-4175-a338-e580aefbccfa" acquired by "nova.context.set_target_cell..get_or_set_cached_cell_and_set_connections" :: waited 0.000s {{(pid=97658) inner /usr/local/lib/python3.8/dist-packages/oslo_concurrency/lockutils.py:355}}
May 03 21:32:10.403766 dv-cinder-840377-1-smb devstack@n-api.service[97658]: DEBUG oslo_concurrency.lockutils [None req-45fda3a6-2307-43a5-9077-e1b3745b5b72 tempest-DeleteServersTestJSON-1581838996 tempest-DeleteServersTestJSON-1581838996-project] Lock "a614adca-1671-4175-a338-e580aefbccfa" released by "nova.context.set_target_cell..get_or_set_cached_cell_and_set_connections" :: held 0.004s {{(pid=97658) inner /usr/local/lib/python3.8/dist-packages/oslo_concurrency/lockutils.py:367}}
May 03 21:32:10.404855 dv-cinder-840377-1-smb devstack@n-api.service[97658]: DEBUG oslo_concurrency.lockutils [None req-45fda3a6-2307-43a5-9077-e1b3745b5b72 tempest-DeleteServersTestJSON-1581838996 tempest-DeleteServersTestJSON-1581838996-project] Lock "a614adca-1671-4175-a338-e580aefbccfa" acquired by "nova.context.set_target_cell..get_or_set_cached_cell_and_set_connections" :: waited 0.000s {{(pid=97658) inner /usr/local/lib/python3.8/dist-packages/oslo_concurrency/lockutils.py:355}}
May 03 21:32:10.406297 dv-cinder-840377-1-smb devstack@n-api.service[97658]: DEBUG oslo_concurrency.lockutils [None req-45fda3a6-2307-43a5-9077-e1b3745b5b72 tempest-DeleteServersTestJSON-1581838996 tempest-DeleteServersTestJSON-1581838996-project] Lock "a614adca-1671-4175-a338-e580aefbccfa" released by "nova.context.set_target_cell..get_or_set_cached_cell_and_set_connections" :: held 0.001s {{(pid=97658) inner /usr/local/lib/python3.8/dist-packages/oslo_concurrency/lockutils.py:367}}
May 03 21:32:10.436838 dv-cinder-840377-1-smb devstack@n-api.service[97657]: DEBUG nova.api.openstack.wsgi [None req-d1b4ba72-7327-42e8-ba59-f695c25aabaf tempest-AttachVolumeTestJSON-958204535 tempest-AttachVolumeTestJSON-958204535-project] Action: 'create', calling method: .version_select at 0x7fb3ddb79040>, body: {"keypair": {"name": "tempest-keypair-815526418"}} {{(pid=97657) _process_stack /opt/stack/nova/nova/api/openstack/wsgi.py:511}}
May 03 21:32:10.542734 dv-cinder-840377-1-smb devstack@n-api.service[97657]: DEBUG nova.quota [None req-d1b4ba72-7327-42e8-ba59-f695c25aabaf tempest-AttachVolumeTestJSON-958204535 tempest-AttachVolumeTestJSON-958204535-project] Getting quotas for project 9534cd3aa61144c0a9b25e26b1ab7e31. Resources: {'key_pairs'} {{(pid=97657) _get_quotas /opt/stack/nova/nova/quota.py:387}}
May 03 21:32:10.547727 dv-cinder-840377-1-smb devstack@n-api.service[97657]: DEBUG nova.quota [None req-d1b4ba72-7327-42e8-ba59-f695c25aabaf tempest-AttachVolumeTestJSON-958204535 tempest-AttachVolumeTestJSON-958204535-project] Getting quotas for user 1716f11d104e40c49fa253d7bf3013ce and project 9534cd3aa61144c0a9b25e26b1ab7e31. Resources: {'key_pairs'} {{(pid=97657) _get_quotas /opt/stack/nova/nova/quota.py:377}}
May 03 21:32:10.867057 dv-cinder-840377-1-smb devstack@n-api.service[97657]: DEBUG nova.quota [None req-d1b4ba72-7327-42e8-ba59-f695c25aabaf tempest-AttachVolumeTestJSON-958204535 tempest-AttachVolumeTestJSON-958204535-project] Getting quotas for project 9534cd3aa61144c0a9b25e26b1ab7e31. Resources: {'key_pairs'} {{(pid=97657) _get_quotas /opt/stack/nova/nova/quota.py:387}}
May 03 21:32:10.872922 dv-cinder-840377-1-smb devstack@n-api.service[97657]: DEBUG nova.quota [None req-d1b4ba72-7327-42e8-ba59-f695c25aabaf tempest-AttachVolumeTestJSON-958204535 tempest-AttachVolumeTestJSON-958204535-project] Getting quotas for user 1716f11d104e40c49fa253d7bf3013ce and project 9534cd3aa61144c0a9b25e26b1ab7e31. Resources: {'key_pairs'} {{(pid=97657) _get_quotas /opt/stack/nova/nova/quota.py:377}}
May 03 21:32:10.889732 dv-cinder-840377-1-smb devstack@n-api.service[97658]: DEBUG nova.policy [None req-45fda3a6-2307-43a5-9077-e1b3745b5b72 tempest-DeleteServersTestJSON-1581838996 tempest-DeleteServersTestJSON-1581838996-project] Policy check for os_compute_api:os-extended-server-attributes failed with credentials {'is_admin': False, 'user_id': 'e4c4d67cc51c4882b7611a4ce665f8e5', 'user_domain_id': 'default', 'system_scope': None, 'domain_id': None, 'project_id': '6d440bc787334f6fb0d1455ea18f4f62', 'project_domain_id': 'default', 'roles': ['reader', 'member'], 'is_admin_project': True, 'service_user_id': None, 'service_user_domain_id': None, 'service_project_id': None, 'service_project_domain_id': None, 'service_roles': []} {{(pid=97658) authorize /opt/stack/nova/nova/policy.py:222}}
May 03 21:32:10.912364 dv-cinder-840377-1-smb devstack@n-api.service[97658]: INFO nova.api.openstack.requestlog [None req-45fda3a6-2307-43a5-9077-e1b3745b5b72 tempest-DeleteServersTestJSON-1581838996 tempest-DeleteServersTestJSON-1581838996-project] 10.222.0.50 "GET /compute/v2.1/servers/d73e8c8d-c3df-47f0-bef9-102e4d1b5afe" status: 200 len: 1314 microversion: 2.1 time: 0.543661
May 03 21:32:10.917076 dv-cinder-840377-1-smb devstack@n-api.service[97658]: [pid: 97658|app: 0|req: 18/29] 10.222.0.50 () {58 vars in 1235 bytes} [Tue May 3 21:32:10 2022] GET /compute/v2.1/servers/d73e8c8d-c3df-47f0-bef9-102e4d1b5afe => generated 1314 bytes in 549 msecs (HTTP/1.1 200) 9 headers in 358 bytes (2 switches on core 0)
May 03 21:32:10.943865 dv-cinder-840377-1-smb devstack@n-api.service[97657]: INFO nova.api.openstack.requestlog [None req-d1b4ba72-7327-42e8-ba59-f695c25aabaf tempest-AttachVolumeTestJSON-958204535 tempest-AttachVolumeTestJSON-958204535-project] 10.222.0.50 "POST /compute/v2.1/os-keypairs" status: 200 len: 2304 microversion: 2.1 time: 1.294025
May 03 21:32:10.949070 dv-cinder-840377-1-smb devstack@n-api.service[97657]: [pid: 97657|app: 0|req: 12/30] 10.222.0.50 () {60 vars in 1157 bytes} [Tue May 3 21:32:09 2022] POST /compute/v2.1/os-keypairs => generated 2304 bytes in 1300 msecs (HTTP/1.1 200) 9 headers in 358 bytes (1 switches on core 0)
May 03 21:32:11.365419 dv-cinder-840377-1-smb devstack@n-api.service[97658]: DEBUG nova.api.openstack.wsgi [req-8334a79d-f03f-43b3-bc00-449ab658a7a8 req-b4d89976-2941-4464-837f-4f5aad18be04 service nova] Action: 'create', calling method: >, body: {"events": [{"name": "network-changed", "server_uuid": "d73e8c8d-c3df-47f0-bef9-102e4d1b5afe", "tag": "8976412d-7b2b-44b9-9f19-c6f0be81e70d"}]} {{(pid=97658) _process_stack /opt/stack/nova/nova/api/openstack/wsgi.py:511}}
May 03 21:32:11.374078 dv-cinder-840377-1-smb devstack@n-api.service[97658]: /usr/local/lib/python3.8/dist-packages/oslo_policy/policy.py:1022: UserWarning: Policy os_compute_api:os-server-external-events:create failed scope check. The token used to make the request was project scoped but the policy requires ['system'] scope. This behavior may change in the future where using the intended scope is required
May 03 21:32:11.374078 dv-cinder-840377-1-smb devstack@n-api.service[97658]: warnings.warn(msg)
May 03 21:32:11.401827 dv-cinder-840377-1-smb devstack@n-api.service[97658]: DEBUG oslo_concurrency.lockutils [req-8334a79d-f03f-43b3-bc00-449ab658a7a8 req-b4d89976-2941-4464-837f-4f5aad18be04 service nova] Lock "a614adca-1671-4175-a338-e580aefbccfa" acquired by "nova.context.set_target_cell..get_or_set_cached_cell_and_set_connections" :: waited 0.000s {{(pid=97658) inner /usr/local/lib/python3.8/dist-packages/oslo_concurrency/lockutils.py:355}}
May 03 21:32:11.402453 dv-cinder-840377-1-smb devstack@n-api.service[97658]: DEBUG oslo_concurrency.lockutils [req-8334a79d-f03f-43b3-bc00-449ab658a7a8 req-b4d89976-2941-4464-837f-4f5aad18be04 service nova] Lock "a614adca-1671-4175-a338-e580aefbccfa" released by "nova.context.set_target_cell..get_or_set_cached_cell_and_set_connections" :: held 0.001s {{(pid=97658) inner /usr/local/lib/python3.8/dist-packages/oslo_concurrency/lockutils.py:367}}
May 03 21:32:11.435237 dv-cinder-840377-1-smb devstack@n-api.service[97658]: INFO nova.api.openstack.compute.server_external_events [req-8334a79d-f03f-43b3-bc00-449ab658a7a8 req-b4d89976-2941-4464-837f-4f5aad18be04 service nova] Creating event network-changed:8976412d-7b2b-44b9-9f19-c6f0be81e70d for instance d73e8c8d-c3df-47f0-bef9-102e4d1b5afe on hv-cinder-84037
May 03 21:32:11.435750 dv-cinder-840377-1-smb devstack@n-api.service[97658]: DEBUG oslo_concurrency.lockutils [req-8334a79d-f03f-43b3-bc00-449ab658a7a8 req-b4d89976-2941-4464-837f-4f5aad18be04 service nova] Acquired lock "compute-rpcapi-router" {{(pid=97658) lock /usr/local/lib/python3.8/dist-packages/oslo_concurrency/lockutils.py:266}}
May 03 21:32:11.436953 dv-cinder-840377-1-smb devstack@n-api.service[97658]: DEBUG oslo_concurrency.lockutils [None req-5b0ed1fc-af74-41e0-b86e-c881b286b0d1 None None] Lock "00000000-0000-0000-0000-000000000000" acquired by "nova.context.set_target_cell..get_or_set_cached_cell_and_set_connections" :: waited 0.000s {{(pid=97658) inner /usr/local/lib/python3.8/dist-packages/oslo_concurrency/lockutils.py:355}}
May 03 21:32:11.437336 dv-cinder-840377-1-smb devstack@n-api.service[97658]: DEBUG oslo_concurrency.lockutils [None req-5b0ed1fc-af74-41e0-b86e-c881b286b0d1 None None] Lock "00000000-0000-0000-0000-000000000000" released by "nova.context.set_target_cell..get_or_set_cached_cell_and_set_connections" :: held 0.000s {{(pid=97658) inner /usr/local/lib/python3.8/dist-packages/oslo_concurrency/lockutils.py:367}}
May 03 21:32:11.438077 dv-cinder-840377-1-smb devstack@n-api.service[97658]: DEBUG oslo_concurrency.lockutils [None req-5b0ed1fc-af74-41e0-b86e-c881b286b0d1 None None] Lock "a614adca-1671-4175-a338-e580aefbccfa" acquired by "nova.context.set_target_cell..get_or_set_cached_cell_and_set_connections" :: waited 0.000s {{(pid=97658) inner /usr/local/lib/python3.8/dist-packages/oslo_concurrency/lockutils.py:355}}
May 03 21:32:11.438499 dv-cinder-840377-1-smb devstack@n-api.service[97658]: DEBUG oslo_concurrency.lockutils [None req-5b0ed1fc-af74-41e0-b86e-c881b286b0d1 None None] Lock "a614adca-1671-4175-a338-e580aefbccfa" released by "nova.context.set_target_cell..get_or_set_cached_cell_and_set_connections" :: held 0.000s {{(pid=97658) inner /usr/local/lib/python3.8/dist-packages/oslo_concurrency/lockutils.py:367}}
May 03 21:32:11.467627 dv-cinder-840377-1-smb devstack@n-api.service[97658]: INFO nova.compute.rpcapi [None req-5b0ed1fc-af74-41e0-b86e-c881b286b0d1 None None] Automatically selected compute RPC version 5.12 from minimum service version 53
May 03 21:32:11.468510 dv-cinder-840377-1-smb devstack@n-api.service[97658]: DEBUG oslo_concurrency.lockutils [None req-5b0ed1fc-af74-41e0-b86e-c881b286b0d1 None None] Releasing lock "compute-rpcapi-router" {{(pid=97658) lock /usr/local/lib/python3.8/dist-packages/oslo_concurrency/lockutils.py:282}}
May 03 21:32:11.518222 dv-cinder-840377-1-smb devstack@n-api.service[97658]: INFO nova.api.openstack.requestlog [None req-5b0ed1fc-af74-41e0-b86e-c881b286b0d1 None None] 10.222.0.50 "POST /compute/v2.1/os-server-external-events" status: 200 len: 179 microversion: 2.1 time: 0.599625
May 03 21:32:11.519379 dv-cinder-840377-1-smb devstack@n-api.service[97658]: [pid: 97658|app: 0|req: 19/31] 10.222.0.50 () {64 vars in 1317 bytes} [Tue May 3 21:32:10 2022] POST /compute/v2.1/os-server-external-events => generated 179 bytes in 601 msecs (HTTP/1.1 200) 9 headers in 357 bytes (1 switches on core 0)
May 03 21:32:11.947755 dv-cinder-840377-1-smb devstack@n-api.service[97657]: DEBUG nova.api.openstack.wsgi [None req-cbcbc7fc-7113-46e5-b9d1-2b10dc02b101 tempest-DeleteServersTestJSON-1581838996 tempest-DeleteServersTestJSON-1581838996-project] Calling method '>' {{(pid=97657) _process_stack /opt/stack/nova/nova/api/openstack/wsgi.py:513}}
May 03 21:32:11.970290 dv-cinder-840377-1-smb devstack@n-api.service[97657]: DEBUG nova.compute.api [None req-cbcbc7fc-7113-46e5-b9d1-2b10dc02b101 tempest-DeleteServersTestJSON-1581838996 tempest-DeleteServersTestJSON-1581838996-project] [instance: d73e8c8d-c3df-47f0-bef9-102e4d1b5afe] Fetching instance by UUID {{(pid=97657) get /opt/stack/nova/nova/compute/api.py:2810}}
May 03 21:32:12.008562 dv-cinder-840377-1-smb devstack@n-api.service[97657]: DEBUG oslo_concurrency.lockutils [None req-cbcbc7fc-7113-46e5-b9d1-2b10dc02b101 tempest-DeleteServersTestJSON-1581838996 tempest-DeleteServersTestJSON-1581838996-project] Lock "a614adca-1671-4175-a338-e580aefbccfa" acquired by "nova.context.set_target_cell..get_or_set_cached_cell_and_set_connections" :: waited 0.000s {{(pid=97657) inner /usr/local/lib/python3.8/dist-packages/oslo_concurrency/lockutils.py:355}}
May 03 21:32:12.010087 dv-cinder-840377-1-smb devstack@n-api.service[97657]: DEBUG oslo_concurrency.lockutils [None req-cbcbc7fc-7113-46e5-b9d1-2b10dc02b101 tempest-DeleteServersTestJSON-1581838996 tempest-DeleteServersTestJSON-1581838996-project] Lock "a614adca-1671-4175-a338-e580aefbccfa" released by "nova.context.set_target_cell..get_or_set_cached_cell_and_set_connections" :: held 0.001s {{(pid=97657) inner /usr/local/lib/python3.8/dist-packages/oslo_concurrency/lockutils.py:367}}
May 03 21:32:12.011163 dv-cinder-840377-1-smb devstack@n-api.service[97657]: DEBUG oslo_concurrency.lockutils [None req-cbcbc7fc-7113-46e5-b9d1-2b10dc02b101 tempest-DeleteServersTestJSON-1581838996 tempest-DeleteServersTestJSON-1581838996-project] Lock "a614adca-1671-4175-a338-e580aefbccfa" acquired by "nova.context.set_target_cell..get_or_set_cached_cell_and_set_connections" :: waited 0.000s {{(pid=97657) inner /usr/local/lib/python3.8/dist-packages/oslo_concurrency/lockutils.py:355}}
May 03 21:32:12.011817 dv-cinder-840377-1-smb devstack@n-api.service[97657]: DEBUG oslo_concurrency.lockutils [None req-cbcbc7fc-7113-46e5-b9d1-2b10dc02b101 tempest-DeleteServersTestJSON-1581838996 tempest-DeleteServersTestJSON-1581838996-project] Lock "a614adca-1671-4175-a338-e580aefbccfa" released by "nova.context.set_target_cell..get_or_set_cached_cell_and_set_connections" :: held 0.001s {{(pid=97657) inner /usr/local/lib/python3.8/dist-packages/oslo_concurrency/lockutils.py:367}}
May 03 21:32:13.590296 dv-cinder-840377-1-smb devstack@n-api.service[97658]: DEBUG nova.api.openstack.wsgi [None req-d8d6bccf-7703-4b17-9bbe-16973115ad88 tempest-AttachVolumeNegativeTest-562602172 tempest-AttachVolumeNegativeTest-562602172-project] Action: 'create', calling method: .version_select at 0x7fb3ddcb4d30>, body: {"keypair": {"name": "tempest-keypair-1740763031"}} {{(pid=97658) _process_stack /opt/stack/nova/nova/api/openstack/wsgi.py:511}}
May 03 21:32:13.714372 dv-cinder-840377-1-smb devstack@n-api.service[97658]: DEBUG nova.quota [None req-d8d6bccf-7703-4b17-9bbe-16973115ad88 tempest-AttachVolumeNegativeTest-562602172 tempest-AttachVolumeNegativeTest-562602172-project] Getting quotas for project f99f599336ad410b863de09335232069. Resources: {'key_pairs'} {{(pid=97658) _get_quotas /opt/stack/nova/nova/quota.py:387}}
May 03 21:32:13.731637 dv-cinder-840377-1-smb devstack@n-api.service[97658]: DEBUG nova.quota [None req-d8d6bccf-7703-4b17-9bbe-16973115ad88 tempest-AttachVolumeNegativeTest-562602172 tempest-AttachVolumeNegativeTest-562602172-project] Getting quotas for user 398bfe452a5640c5a7c6dacd61e31b53 and project f99f599336ad410b863de09335232069. Resources: {'key_pairs'} {{(pid=97658) _get_quotas /opt/stack/nova/nova/quota.py:377}}
May 03 21:32:14.193388 dv-cinder-840377-1-smb devstack@n-api.service[97657]: DEBUG nova.policy [None req-cbcbc7fc-7113-46e5-b9d1-2b10dc02b101 tempest-DeleteServersTestJSON-1581838996 tempest-DeleteServersTestJSON-1581838996-project] Policy check for os_compute_api:os-extended-server-attributes failed with credentials {'is_admin': False, 'user_id': 'e4c4d67cc51c4882b7611a4ce665f8e5', 'user_domain_id': 'default', 'system_scope': None, 'domain_id': None, 'project_id': '6d440bc787334f6fb0d1455ea18f4f62', 'project_domain_id': 'default', 'roles': ['reader', 'member'], 'is_admin_project': True, 'service_user_id': None, 'service_user_domain_id': None, 'service_project_id': None, 'service_project_domain_id': None, 'service_roles': []} {{(pid=97657) authorize /opt/stack/nova/nova/policy.py:222}}
May 03 21:32:14.237313 dv-cinder-840377-1-smb devstack@n-api.service[97657]: INFO nova.api.openstack.requestlog [None req-cbcbc7fc-7113-46e5-b9d1-2b10dc02b101 tempest-DeleteServersTestJSON-1581838996 tempest-DeleteServersTestJSON-1581838996-project] 10.222.0.50 "GET /compute/v2.1/servers/d73e8c8d-c3df-47f0-bef9-102e4d1b5afe" status: 200 len: 1314 microversion: 2.1 time: 2.302281
May 03 21:32:14.238402 dv-cinder-840377-1-smb devstack@n-api.service[97657]: [pid: 97657|app: 0|req: 13/32] 10.222.0.50 () {58 vars in 1235 bytes} [Tue May 3 21:32:11 2022] GET /compute/v2.1/servers/d73e8c8d-c3df-47f0-bef9-102e4d1b5afe => generated 1314 bytes in 2308 msecs (HTTP/1.1 200) 9 headers in 358 bytes (1 switches on core 0)
May 03 21:32:14.958103 dv-cinder-840377-1-smb devstack@n-api.service[97658]: DEBUG nova.quota [None req-d8d6bccf-7703-4b17-9bbe-16973115ad88 tempest-AttachVolumeNegativeTest-562602172 tempest-AttachVolumeNegativeTest-562602172-project] Getting quotas for project f99f599336ad410b863de09335232069. Resources: {'key_pairs'} {{(pid=97658) _get_quotas /opt/stack/nova/nova/quota.py:387}}
May 03 21:32:14.974462 dv-cinder-840377-1-smb devstack@n-api.service[97658]: DEBUG nova.quota [None req-d8d6bccf-7703-4b17-9bbe-16973115ad88 tempest-AttachVolumeNegativeTest-562602172 tempest-AttachVolumeNegativeTest-562602172-project] Getting quotas for user 398bfe452a5640c5a7c6dacd61e31b53 and project f99f599336ad410b863de09335232069. Resources: {'key_pairs'} {{(pid=97658) _get_quotas /opt/stack/nova/nova/quota.py:377}}
May 03 21:32:15.014685 dv-cinder-840377-1-smb devstack@n-api.service[97658]: INFO nova.api.openstack.requestlog [None req-d8d6bccf-7703-4b17-9bbe-16973115ad88 tempest-AttachVolumeNegativeTest-562602172 tempest-AttachVolumeNegativeTest-562602172-project] 10.222.0.50 "POST /compute/v2.1/os-keypairs" status: 200 len: 2301 microversion: 2.1 time: 1.663028
May 03 21:32:15.017852 dv-cinder-840377-1-smb devstack@n-api.service[97658]: [pid: 97658|app: 0|req: 20/33] 10.222.0.50 () {60 vars in 1157 bytes} [Tue May 3 21:32:13 2022] POST /compute/v2.1/os-keypairs => generated 2301 bytes in 1667 msecs (HTTP/1.1 200) 9 headers in 358 bytes (2 switches on core 0)
May 03 21:32:15.268632 dv-cinder-840377-1-smb devstack@n-api.service[97657]: DEBUG nova.api.openstack.wsgi [None req-37eda032-4b1d-4c3e-8630-28b745e273f5 tempest-DeleteServersTestJSON-1581838996 tempest-DeleteServersTestJSON-1581838996-project] Calling method '>' {{(pid=97657) _process_stack /opt/stack/nova/nova/api/openstack/wsgi.py:513}}
May 03 21:32:15.268632 dv-cinder-840377-1-smb devstack@n-api.service[97657]: DEBUG nova.compute.api [None req-37eda032-4b1d-4c3e-8630-28b745e273f5 tempest-DeleteServersTestJSON-1581838996 tempest-DeleteServersTestJSON-1581838996-project] [instance: d73e8c8d-c3df-47f0-bef9-102e4d1b5afe] Fetching instance by UUID {{(pid=97657) get /opt/stack/nova/nova/compute/api.py:2810}}
May 03 21:32:15.290124 dv-cinder-840377-1-smb devstack@n-api.service[97657]: DEBUG oslo_concurrency.lockutils [None req-37eda032-4b1d-4c3e-8630-28b745e273f5 tempest-DeleteServersTestJSON-1581838996 tempest-DeleteServersTestJSON-1581838996-project] Lock "a614adca-1671-4175-a338-e580aefbccfa" acquired by "nova.context.set_target_cell..get_or_set_cached_cell_and_set_connections" :: waited 0.000s {{(pid=97657) inner /usr/local/lib/python3.8/dist-packages/oslo_concurrency/lockutils.py:355}}
May 03 21:32:15.291019 dv-cinder-840377-1-smb devstack@n-api.service[97657]: DEBUG oslo_concurrency.lockutils [None req-37eda032-4b1d-4c3e-8630-28b745e273f5 tempest-DeleteServersTestJSON-1581838996 tempest-DeleteServersTestJSON-1581838996-project] Lock "a614adca-1671-4175-a338-e580aefbccfa" released by "nova.context.set_target_cell..get_or_set_cached_cell_and_set_connections" :: held 0.003s {{(pid=97657) inner /usr/local/lib/python3.8/dist-packages/oslo_concurrency/lockutils.py:367}}
May 03 21:32:15.291877 dv-cinder-840377-1-smb devstack@n-api.service[97657]: DEBUG oslo_concurrency.lockutils [None req-37eda032-4b1d-4c3e-8630-28b745e273f5 tempest-DeleteServersTestJSON-1581838996 tempest-DeleteServersTestJSON-1581838996-project] Lock "a614adca-1671-4175-a338-e580aefbccfa" acquired by "nova.context.set_target_cell..get_or_set_cached_cell_and_set_connections" :: waited 0.000s {{(pid=97657) inner /usr/local/lib/python3.8/dist-packages/oslo_concurrency/lockutils.py:355}}
May 03 21:32:15.292320 dv-cinder-840377-1-smb devstack@n-api.service[97657]: DEBUG oslo_concurrency.lockutils [None req-37eda032-4b1d-4c3e-8630-28b745e273f5 tempest-DeleteServersTestJSON-1581838996 tempest-DeleteServersTestJSON-1581838996-project] Lock "a614adca-1671-4175-a338-e580aefbccfa" released by "nova.context.set_target_cell..get_or_set_cached_cell_and_set_connections" :: held 0.000s {{(pid=97657) inner /usr/local/lib/python3.8/dist-packages/oslo_concurrency/lockutils.py:367}}
May 03 21:32:16.403347 dv-cinder-840377-1-smb devstack@n-api.service[97657]: DEBUG nova.policy [None req-37eda032-4b1d-4c3e-8630-28b745e273f5 tempest-DeleteServersTestJSON-1581838996 tempest-DeleteServersTestJSON-1581838996-project] Policy check for os_compute_api:os-extended-server-attributes failed with credentials {'is_admin': False, 'user_id': 'e4c4d67cc51c4882b7611a4ce665f8e5', 'user_domain_id': 'default', 'system_scope': None, 'domain_id': None, 'project_id': '6d440bc787334f6fb0d1455ea18f4f62', 'project_domain_id': 'default', 'roles': ['reader', 'member'], 'is_admin_project': True, 'service_user_id': None, 'service_user_domain_id': None, 'service_project_id': None, 'service_project_domain_id': None, 'service_roles': []} {{(pid=97657) authorize /opt/stack/nova/nova/policy.py:222}}
May 03 21:32:16.441551 dv-cinder-840377-1-smb devstack@n-api.service[97657]: INFO nova.api.openstack.requestlog [None req-37eda032-4b1d-4c3e-8630-28b745e273f5 tempest-DeleteServersTestJSON-1581838996 tempest-DeleteServersTestJSON-1581838996-project] 10.222.0.50 "GET /compute/v2.1/servers/d73e8c8d-c3df-47f0-bef9-102e4d1b5afe" status: 200 len: 1314 microversion: 2.1 time: 1.189403
May 03 21:32:16.453810 dv-cinder-840377-1-smb devstack@n-api.service[97657]: [pid: 97657|app: 0|req: 14/34] 10.222.0.50 () {58 vars in 1235 bytes} [Tue May 3 21:32:15 2022] GET /compute/v2.1/servers/d73e8c8d-c3df-47f0-bef9-102e4d1b5afe => generated 1314 bytes in 1203 msecs (HTTP/1.1 200) 9 headers in 358 bytes (1 switches on core 0)
May 03 21:32:16.758826 dv-cinder-840377-1-smb devstack@n-api.service[97658]: DEBUG nova.api.openstack.wsgi [None req-d10f8407-b5d2-4b58-ae51-41997bf1cfa1 tempest-ServerRescueNegativeTestJSON-1695585274 tempest-ServerRescueNegativeTestJSON-1695585274-project] Action: 'create', calling method: >, body: {"server": {"name": "tempest-ServerRescueNegativeTestJSON-server-896073388", "imageRef": "7f2fd680-4548-4186-aef0-3700b5924857", "flavorRef": "452", "adminPass": "***", "networks": [{"uuid": "}]}} {{(pid=97658) _process_stack /opt/stack/nova/nova/api/openstack/wsgi.py:511}}
May 03 21:32:17.268275 dv-cinder-840377-1-smb devstack@n-api.service[97658]: DEBUG nova.network.neutron [None req-d10f8407-b5d2-4b58-ae51-41997bf1cfa1 tempest-ServerRescueNegativeTestJSON-1695585274 tempest-ServerRescueNegativeTestJSON-1695585274-project] validate_networks() for [('38ff0d15-e366-40a0-9ece-db153122fc4c', None, None, None)] {{(pid=97658) validate_networks /opt/stack/nova/nova/network/neutron.py:2348}}
May 03 21:32:17.485457 dv-cinder-840377-1-smb devstack@n-api.service[97657]: DEBUG nova.api.openstack.wsgi [None req-e08ea05d-6525-4e7d-970b-4a88be788966 tempest-DeleteServersTestJSON-1581838996 tempest-DeleteServersTestJSON-1581838996-project] Calling method '>' {{(pid=97657) _process_stack /opt/stack/nova/nova/api/openstack/wsgi.py:513}}
May 03 21:32:17.485457 dv-cinder-840377-1-smb devstack@n-api.service[97657]: DEBUG nova.compute.api [None req-e08ea05d-6525-4e7d-970b-4a88be788966 tempest-DeleteServersTestJSON-1581838996 tempest-DeleteServersTestJSON-1581838996-project] [instance: d73e8c8d-c3df-47f0-bef9-102e4d1b5afe] Fetching instance by UUID {{(pid=97657) get /opt/stack/nova/nova/compute/api.py:2810}}
May 03 21:32:17.502513 dv-cinder-840377-1-smb devstack@n-api.service[97657]: DEBUG oslo_concurrency.lockutils [None req-e08ea05d-6525-4e7d-970b-4a88be788966 tempest-DeleteServersTestJSON-1581838996 tempest-DeleteServersTestJSON-1581838996-project] Lock "a614adca-1671-4175-a338-e580aefbccfa" acquired by "nova.context.set_target_cell..get_or_set_cached_cell_and_set_connections" :: waited 0.000s {{(pid=97657) inner /usr/local/lib/python3.8/dist-packages/oslo_concurrency/lockutils.py:355}}
May 03 21:32:17.503343 dv-cinder-840377-1-smb devstack@n-api.service[97657]: DEBUG oslo_concurrency.lockutils [None req-e08ea05d-6525-4e7d-970b-4a88be788966 tempest-DeleteServersTestJSON-1581838996 tempest-DeleteServersTestJSON-1581838996-project] Lock "a614adca-1671-4175-a338-e580aefbccfa" released by "nova.context.set_target_cell..get_or_set_cached_cell_and_set_connections" :: held 0.001s {{(pid=97657) inner /usr/local/lib/python3.8/dist-packages/oslo_concurrency/lockutils.py:367}}
May 03 21:32:17.509633 dv-cinder-840377-1-smb devstack@n-api.service[97657]: DEBUG oslo_concurrency.lockutils [None req-e08ea05d-6525-4e7d-970b-4a88be788966 tempest-DeleteServersTestJSON-1581838996 tempest-DeleteServersTestJSON-1581838996-project] Lock "a614adca-1671-4175-a338-e580aefbccfa" acquired by "nova.context.set_target_cell..get_or_set_cached_cell_and_set_connections" :: waited 0.000s {{(pid=97657) inner /usr/local/lib/python3.8/dist-packages/oslo_concurrency/lockutils.py:355}}
May 03 21:32:17.509633 dv-cinder-840377-1-smb devstack@n-api.service[97657]: DEBUG oslo_concurrency.lockutils [None req-e08ea05d-6525-4e7d-970b-4a88be788966 tempest-DeleteServersTestJSON-1581838996 tempest-DeleteServersTestJSON-1581838996-project] Lock "a614adca-1671-4175-a338-e580aefbccfa" released by "nova.context.set_target_cell..get_or_set_cached_cell_and_set_connections" :: held 0.001s {{(pid=97657) inner /usr/local/lib/python3.8/dist-packages/oslo_concurrency/lockutils.py:367}}
