May 03 21:05:49.898892 dv-cinder-840376-1-smb devstack@n-api.service[86559]: [pid: 86559|app: 0|req: 2/5] 10.222.0.44 () {64 vars in 1282 bytes} [Tue May 3 21:05:49 2022] POST /compute/v2.1/flavors => generated 407 bytes in 96 msecs (HTTP/1.1 200) 9 headers in 359 bytes (2 switches on core 0)
May 03 21:05:50.232519 dv-cinder-840376-1-smb devstack@n-api.service[86560]: DEBUG nova.api.openstack.wsgi [None req-8c657d6f-afc1-49c0-aefc-f12b8ae68f1c admin admin] Action: 'create', calling method: >, body: {"extra_specs": {"hw_rng:allowed": "True"}} {{(pid=86560) _process_stack /opt/stack/nova/nova/api/openstack/wsgi.py:511}}
May 03 21:05:50.234889 dv-cinder-840376-1-smb devstack@n-api.service[86560]: /usr/local/lib/python3.8/dist-packages/oslo_policy/policy.py:1065: UserWarning: Policy os_compute_api:os-flavor-extra-specs:create failed scope check. The token used to make the request was project scoped but the policy requires ['system'] scope. This behavior may change in the future where using the intended scope is required
May 03 21:05:50.234889 dv-cinder-840376-1-smb devstack@n-api.service[86560]: warnings.warn(msg)
May 03 21:05:50.277669 dv-cinder-840376-1-smb devstack@n-api.service[86560]: INFO nova.api.openstack.requestlog [None req-8c657d6f-afc1-49c0-aefc-f12b8ae68f1c admin admin] 10.222.0.44 "POST /compute/v2.1/flavors/c1/os-extra_specs" status: 200 len: 43 microversion: 2.61 time: 0.370890
May 03 21:05:50.278277 dv-cinder-840376-1-smb devstack@n-api.service[86560]: [pid: 86560|app: 0|req: 4/6] 10.222.0.44 () {64 vars in 1335 bytes} [Tue May 3 21:05:49 2022] POST /compute/v2.1/flavors/c1/os-extra_specs => generated 43 bytes in 372 msecs (HTTP/1.1 200) 9 headers in 358 bytes (1 switches on core 0)
May 03 21:05:52.456405 dv-cinder-840376-1-smb devstack@n-api.service[86559]: DEBUG nova.api.openstack.wsgi [None req-ace7c0a2-14a0-478c-a940-29159614f386 admin admin] Calling method '>' {{(pid=86559) _process_stack /opt/stack/nova/nova/api/openstack/wsgi.py:513}}
May 03 21:05:52.457410 dv-cinder-840376-1-smb devstack@n-api.service[86559]: INFO nova.api.openstack.requestlog [None req-ace7c0a2-14a0-478c-a940-29159614f386 admin admin] 10.222.0.44 "GET /compute/v2.1" status: 200 len: 388 microversion: 2.1 time: 0.001481
May 03 21:05:52.457804 dv-cinder-840376-1-smb devstack@n-api.service[86559]: [pid: 86559|app: 0|req: 3/7] 10.222.0.44 () {54 vars in 930 bytes} [Tue May 3 21:05:52 2022] GET /compute/v2.1 => generated 388 bytes in 2 msecs (HTTP/1.1 200) 9 headers in 357 bytes (1 switches on core 0)
May 03 21:05:52.562578 dv-cinder-840376-1-smb devstack@n-api.service[86560]: DEBUG nova.api.openstack.wsgi [None req-1b3dd3fd-7d55-46d2-922b-81338106576b admin admin] Action: 'create', calling method: >, body: {"flavor": {"swap": 0, "OS-FLV-EXT-DATA:ephemeral": 0, "ram": 512, "rxtx_factor": 1.0, "id": "d1", "os-flavor-access:is_public": true, "vcpus": 1, "disk": 5, "name": "ds512M"}} {{(pid=86560) _process_stack /opt/stack/nova/nova/api/openstack/wsgi.py:511}}
May 03 21:05:52.580149 dv-cinder-840376-1-smb devstack@n-api.service[86560]: /usr/local/lib/python3.8/dist-packages/oslo_policy/policy.py:1065: UserWarning: Policy os_compute_api:os-flavor-manage:create failed scope check. The token used to make the request was project scoped but the policy requires ['system'] scope. This behavior may change in the future where using the intended scope is required
May 03 21:05:52.580149 dv-cinder-840376-1-smb devstack@n-api.service[86560]: warnings.warn(msg)
May 03 21:05:52.604411 dv-cinder-840376-1-smb devstack@n-api.service[86560]: INFO nova.api.openstack.requestlog [None req-1b3dd3fd-7d55-46d2-922b-81338106576b admin admin] 10.222.0.44 "POST /compute/v2.1/flavors" status: 200 len: 404 microversion: 2.61 time: 0.139350
May 03 21:05:52.604896 dv-cinder-840376-1-smb devstack@n-api.service[86560]: [pid: 86560|app: 0|req: 5/8] 10.222.0.44 () {64 vars in 1282 bytes} [Tue May 3 21:05:52 2022] POST /compute/v2.1/flavors => generated 404 bytes in 142 msecs (HTTP/1.1 200) 9 headers in 359 bytes (1 switches on core 0)
May 03 21:05:52.616409 dv-cinder-840376-1-smb devstack@n-api.service[86559]: DEBUG nova.api.openstack.wsgi [None req-e76de575-8f21-4a34-b1fc-ed3ac600749b admin admin] Action: 'create', calling method: >, body: {"extra_specs": {"hw_rng:allowed": "True"}} {{(pid=86559) _process_stack /opt/stack/nova/nova/api/openstack/wsgi.py:511}}
May 03 21:05:52.617904 dv-cinder-840376-1-smb devstack@n-api.service[86559]: /usr/local/lib/python3.8/dist-packages/oslo_policy/policy.py:1065: UserWarning: Policy os_compute_api:os-flavor-extra-specs:create failed scope check. The token used to make the request was project scoped but the policy requires ['system'] scope. This behavior may change in the future where using the intended scope is required
May 03 21:05:52.617904 dv-cinder-840376-1-smb devstack@n-api.service[86559]: warnings.warn(msg)
May 03 21:05:52.651788 dv-cinder-840376-1-smb devstack@n-api.service[86559]: INFO nova.api.openstack.requestlog [None req-e76de575-8f21-4a34-b1fc-ed3ac600749b admin admin] 10.222.0.44 "POST /compute/v2.1/flavors/d1/os-extra_specs" status: 200 len: 43 microversion: 2.61 time: 0.038960
May 03 21:05:52.652341 dv-cinder-840376-1-smb devstack@n-api.service[86559]: [pid: 86559|app: 0|req: 4/9] 10.222.0.44 () {64 vars in 1335 bytes} [Tue May 3 21:05:52 2022] POST /compute/v2.1/flavors/d1/os-extra_specs => generated 43 bytes in 40 msecs (HTTP/1.1 200) 9 headers in 358 bytes (2 switches on core 0)
May 03 21:05:54.830295 dv-cinder-840376-1-smb devstack@n-api.service[86560]: DEBUG nova.api.openstack.wsgi [None req-1b3dd3fd-7d55-46d2-922b-81338106576b admin admin] Calling method '>' {{(pid=86560) _process_stack /opt/stack/nova/nova/api/openstack/wsgi.py:513}}
May 03 21:05:54.831322 dv-cinder-840376-1-smb devstack@n-api.service[86560]: INFO nova.api.openstack.requestlog [None req-1b3dd3fd-7d55-46d2-922b-81338106576b admin admin] 10.222.0.44 "GET /compute/v2.1" status: 200 len: 388 microversion: 2.1 time: 0.001493
May 03 21:05:54.831710 dv-cinder-840376-1-smb devstack@n-api.service[86560]: [pid: 86560|app: 0|req: 6/10] 10.222.0.44 () {54 vars in 930 bytes} [Tue May 3 21:05:54 2022] GET /compute/v2.1 => generated 388 bytes in 2 msecs (HTTP/1.1 200) 9 headers in 357 bytes (1 switches on core 0)
May 03 21:05:54.887416 dv-cinder-840376-1-smb devstack@n-api.service[86559]: DEBUG nova.api.openstack.wsgi [None req-b88eacfd-20b5-424a-84ba-ad69aad38af6 admin admin] Action: 'create', calling method: >, body: {"flavor": {"disk": 10, "vcpus": 1, "name": "ds1G", "rxtx_factor": 1.0, "ram": 1024, "swap": 0, "os-flavor-access:is_public": true, "OS-FLV-EXT-DATA:ephemeral": 0, "id": "d2"}} {{(pid=86559) _process_stack /opt/stack/nova/nova/api/openstack/wsgi.py:511}}
May 03 21:05:54.910815 dv-cinder-840376-1-smb devstack@n-api.service[86559]: INFO nova.api.openstack.requestlog [None req-b88eacfd-20b5-424a-84ba-ad69aad38af6 admin admin] 10.222.0.44 "POST /compute/v2.1/flavors" status: 200 len: 404 microversion: 2.61 time: 0.073465
May 03 21:05:54.911342 dv-cinder-840376-1-smb devstack@n-api.service[86559]: [pid: 86559|app: 0|req: 5/11] 10.222.0.44 () {64 vars in 1282 bytes} [Tue May 3 21:05:54 2022] POST /compute/v2.1/flavors => generated 404 bytes in 75 msecs (HTTP/1.1 200) 9 headers in 359 bytes (2 switches on core 0)
May 03 21:05:54.923718 dv-cinder-840376-1-smb devstack@n-api.service[86560]: DEBUG nova.api.openstack.wsgi [None req-ca0ed72e-7b55-4e30-bbbd-a8e3e9911134 admin admin] Action: 'create', calling method: >, body: {"extra_specs": {"hw_rng:allowed": "True"}} {{(pid=86560) _process_stack /opt/stack/nova/nova/api/openstack/wsgi.py:511}}
May 03 21:05:54.958587 dv-cinder-840376-1-smb devstack@n-api.service[86560]: INFO nova.api.openstack.requestlog [None req-ca0ed72e-7b55-4e30-bbbd-a8e3e9911134 admin admin] 10.222.0.44 "POST /compute/v2.1/flavors/d2/os-extra_specs" status: 200 len: 43 microversion: 2.61 time: 0.038776
May 03 21:05:54.959131 dv-cinder-840376-1-smb devstack@n-api.service[86560]: [pid: 86560|app: 0|req: 7/12] 10.222.0.44 () {64 vars in 1335 bytes} [Tue May 3 21:05:54 2022] POST /compute/v2.1/flavors/d2/os-extra_specs => generated 43 bytes in 40 msecs (HTTP/1.1 200) 9 headers in 358 bytes (2 switches on core 0)
May 03 21:05:57.268075 dv-cinder-840376-1-smb devstack@n-api.service[86559]: DEBUG nova.api.openstack.wsgi [None req-b88eacfd-20b5-424a-84ba-ad69aad38af6 admin admin] Calling method '>' {{(pid=86559) _process_stack /opt/stack/nova/nova/api/openstack/wsgi.py:513}}
May 03 21:05:57.269152 dv-cinder-840376-1-smb devstack@n-api.service[86559]: INFO nova.api.openstack.requestlog [None req-b88eacfd-20b5-424a-84ba-ad69aad38af6 admin admin] 10.222.0.44 "GET /compute/v2.1" status: 200 len: 388 microversion: 2.1 time: 0.001583
May 03 21:05:57.269562 dv-cinder-840376-1-smb devstack@n-api.service[86559]: [pid: 86559|app: 0|req: 6/13] 10.222.0.44 () {54 vars in 930 bytes} [Tue May 3 21:05:57 2022] GET /compute/v2.1 => generated 388 bytes in 2 msecs (HTTP/1.1 200) 9 headers in 357 bytes (1 switches on core 0)
May 03 21:05:57.327502 dv-cinder-840376-1-smb devstack@n-api.service[86560]: DEBUG nova.api.openstack.wsgi [None req-aa574dce-6772-4f6d-a6b1-96ea55c7abe9 admin admin] Action: 'create', calling method: >, body: {"flavor": {"swap": 0, "disk": 10, "name": "ds2G", "OS-FLV-EXT-DATA:ephemeral": 0, "id": "d3", "os-flavor-access:is_public": true, "vcpus": 2, "rxtx_factor": 1.0, "ram": 2048}} {{(pid=86560) _process_stack /opt/stack/nova/nova/api/openstack/wsgi.py:511}}
May 03 21:05:57.350815 dv-cinder-840376-1-smb devstack@n-api.service[86560]: INFO nova.api.openstack.requestlog [None req-aa574dce-6772-4f6d-a6b1-96ea55c7abe9 admin admin] 10.222.0.44 "POST /compute/v2.1/flavors" status: 200 len: 404 microversion: 2.61 time: 0.075341
May 03 21:05:57.351289 dv-cinder-840376-1-smb devstack@n-api.service[86560]: [pid: 86560|app: 0|req: 8/14] 10.222.0.44 () {64 vars in 1282 bytes} [Tue May 3 21:05:57 2022] POST /compute/v2.1/flavors => generated 404 bytes in 76 msecs (HTTP/1.1 200) 9 headers in 359 bytes (1 switches on core 0)
May 03 21:05:57.362814 dv-cinder-840376-1-smb devstack@n-api.service[86559]: DEBUG nova.api.openstack.wsgi [None req-7db237bf-13cb-4c7b-9663-dd30033ae49b admin admin] Action: 'create', calling method: >, body: {"extra_specs": {"hw_rng:allowed": "True"}} {{(pid=86559) _process_stack /opt/stack/nova/nova/api/openstack/wsgi.py:511}}
May 03 21:05:57.397582 dv-cinder-840376-1-smb devstack@n-api.service[86559]: INFO nova.api.openstack.requestlog [None req-7db237bf-13cb-4c7b-9663-dd30033ae49b admin admin] 10.222.0.44 "POST /compute/v2.1/flavors/d3/os-extra_specs" status: 200 len: 43 microversion: 2.61 time: 0.038371
May 03 21:05:57.398170 dv-cinder-840376-1-smb devstack@n-api.service[86559]: [pid: 86559|app: 0|req: 7/15] 10.222.0.44 () {64 vars in 1335 bytes} [Tue May 3 21:05:57 2022] POST /compute/v2.1/flavors/d3/os-extra_specs => generated 43 bytes in 40 msecs (HTTP/1.1 200) 9 headers in 358 bytes (1 switches on core 0)
May 03 21:05:59.591029 dv-cinder-840376-1-smb devstack@n-api.service[86560]: DEBUG nova.api.openstack.wsgi [None req-aa574dce-6772-4f6d-a6b1-96ea55c7abe9 admin admin] Calling method '>' {{(pid=86560) _process_stack /opt/stack/nova/nova/api/openstack/wsgi.py:513}}
May 03 21:05:59.592057 dv-cinder-840376-1-smb devstack@n-api.service[86560]: INFO nova.api.openstack.requestlog [None req-aa574dce-6772-4f6d-a6b1-96ea55c7abe9 admin admin] 10.222.0.44 "GET /compute/v2.1" status: 200 len: 388 microversion: 2.1 time: 0.001425
May 03 21:05:59.592447 dv-cinder-840376-1-smb devstack@n-api.service[86560]: [pid: 86560|app: 0|req: 9/16] 10.222.0.44 () {54 vars in 930 bytes} [Tue May 3 21:05:59 2022] GET /compute/v2.1 => generated 388 bytes in 2 msecs (HTTP/1.1 200) 9 headers in 357 bytes (1 switches on core 0)
May 03 21:05:59.648189 dv-cinder-840376-1-smb devstack@n-api.service[86559]: DEBUG nova.api.openstack.wsgi [None req-1a3edaee-c1e8-4602-8fa4-4c8c39972a7e admin admin] Action: 'create', calling method: >, body: {"flavor": {"id": "d4", "ram": 4096, "name": "ds4G", "OS-FLV-EXT-DATA:ephemeral": 0, "os-flavor-access:is_public": true, "rxtx_factor": 1.0, "swap": 0, "vcpus": 4, "disk": 20}} {{(pid=86559) _process_stack /opt/stack/nova/nova/api/openstack/wsgi.py:511}}
May 03 21:05:59.672989 dv-cinder-840376-1-smb devstack@n-api.service[86559]: INFO nova.api.openstack.requestlog [None req-1a3edaee-c1e8-4602-8fa4-4c8c39972a7e admin admin] 10.222.0.44 "POST /compute/v2.1/flavors" status: 200 len: 404 microversion: 2.61 time: 0.074734
May 03 21:05:59.673534 dv-cinder-840376-1-smb devstack@n-api.service[86559]: [pid: 86559|app: 0|req: 8/17] 10.222.0.44 () {64 vars in 1282 bytes} [Tue May 3 21:05:59 2022] POST /compute/v2.1/flavors => generated 404 bytes in 76 msecs (HTTP/1.1 200) 9 headers in 359 bytes (2 switches on core 0)
May 03 21:05:59.685011 dv-cinder-840376-1-smb devstack@n-api.service[86560]: DEBUG nova.api.openstack.wsgi [None req-b344e5f4-364d-4a00-b1d8-6a1f25d796d1 admin admin] Action: 'create', calling method: >, body: {"extra_specs": {"hw_rng:allowed": "True"}} {{(pid=86560) _process_stack /opt/stack/nova/nova/api/openstack/wsgi.py:511}}
May 03 21:05:59.719826 dv-cinder-840376-1-smb devstack@n-api.service[86560]: INFO nova.api.openstack.requestlog [None req-b344e5f4-364d-4a00-b1d8-6a1f25d796d1 admin admin] 10.222.0.44 "POST /compute/v2.1/flavors/d4/os-extra_specs" status: 200 len: 43 microversion: 2.61 time: 0.038433
May 03 21:05:59.720381 dv-cinder-840376-1-smb devstack@n-api.service[86560]: [pid: 86560|app: 0|req: 10/18] 10.222.0.44 () {64 vars in 1335 bytes} [Tue May 3 21:05:59 2022] POST /compute/v2.1/flavors/d4/os-extra_specs => generated 43 bytes in 39 msecs (HTTP/1.1 200) 9 headers in 358 bytes (2 switches on core 0)
May 03 21:06:01.885549 dv-cinder-840376-1-smb devstack@n-api.service[86559]: DEBUG nova.api.openstack.wsgi [None req-1a3edaee-c1e8-4602-8fa4-4c8c39972a7e admin admin] Calling method '>' {{(pid=86559) _process_stack /opt/stack/nova/nova/api/openstack/wsgi.py:513}}
May 03 21:06:01.886574 dv-cinder-840376-1-smb devstack@n-api.service[86559]: INFO nova.api.openstack.requestlog [None req-1a3edaee-c1e8-4602-8fa4-4c8c39972a7e admin admin] 10.222.0.44 "GET /compute/v2.1" status: 200 len: 388 microversion: 2.1 time: 0.001957
May 03 21:06:01.886974 dv-cinder-840376-1-smb devstack@n-api.service[86559]: [pid: 86559|app: 0|req: 9/19] 10.222.0.44 () {54 vars in 930 bytes} [Tue May 3 21:06:01 2022] GET /compute/v2.1 => generated 388 bytes in 3 msecs (HTTP/1.1 200) 9 headers in 357 bytes (1 switches on core 0)
May 03 21:06:01.942053 dv-cinder-840376-1-smb devstack@n-api.service[86560]: DEBUG nova.api.openstack.wsgi [None req-eea0de55-fe7b-4654-8796-b0a49afd5b69 admin admin] Calling method '>' {{(pid=86560) _process_stack /opt/stack/nova/nova/api/openstack/wsgi.py:513}}
May 03 21:06:01.963643 dv-cinder-840376-1-smb devstack@n-api.service[86560]: INFO nova.api.openstack.requestlog [None req-eea0de55-fe7b-4654-8796-b0a49afd5b69 admin admin] 10.222.0.44 "GET /compute/v2.1/flavors/detail?is_public=True" status: 200 len: 2106 microversion: 2.61 time: 0.070125
May 03 21:06:01.964189 dv-cinder-840376-1-smb devstack@n-api.service[86560]: [pid: 86560|app: 0|req: 11/20] 10.222.0.44 () {60 vars in 1291 bytes} [Tue May 3 21:06:01 2022] GET /compute/v2.1/flavors/detail?is_public=True => generated 2106 bytes in 72 msecs (HTTP/1.1 200) 9 headers in 360 bytes (1 switches on core 0)
May 03 21:06:04.141621 dv-cinder-840376-1-smb devstack@n-api.service[86559]: DEBUG nova.api.openstack.wsgi [None req-1a3edaee-c1e8-4602-8fa4-4c8c39972a7e admin admin] Calling method '>' {{(pid=86559) _process_stack /opt/stack/nova/nova/api/openstack/wsgi.py:513}}
May 03 21:06:04.142677 dv-cinder-840376-1-smb devstack@n-api.service[86559]: INFO nova.api.openstack.requestlog [None req-1a3edaee-c1e8-4602-8fa4-4c8c39972a7e admin admin] 10.222.0.44 "GET /compute/v2.1" status: 200 len: 388 microversion: 2.1 time: 0.001459
May 03 21:06:04.143079 dv-cinder-840376-1-smb devstack@n-api.service[86559]: [pid: 86559|app: 0|req: 10/21] 10.222.0.44 () {54 vars in 930 bytes} [Tue May 3 21:06:04 2022] GET /compute/v2.1 => generated 388 bytes in 2 msecs (HTTP/1.1 200) 9 headers in 357 bytes (1 switches on core 0)
May 03 21:06:04.198699 dv-cinder-840376-1-smb devstack@n-api.service[86560]: DEBUG nova.api.openstack.wsgi [None req-99ddda7b-739b-49d1-9083-835b88616256 admin admin] Action: 'create', calling method: >, body: {"flavor": {"disk": 1, "swap": 0, "os-flavor-access:is_public": true, "vcpus": 1, "rxtx_factor": 1.0, "OS-FLV-EXT-DATA:ephemeral": 0, "ram": 512, "id": "1", "name": "m1.tiny"}} {{(pid=86560) _process_stack /opt/stack/nova/nova/api/openstack/wsgi.py:511}}
May 03 21:06:04.223339 dv-cinder-840376-1-smb devstack@n-api.service[86560]: INFO nova.api.openstack.requestlog [None req-99ddda7b-739b-49d1-9083-835b88616256 admin admin] 10.222.0.44 "POST /compute/v2.1/flavors" status: 200 len: 402 microversion: 2.61 time: 0.074451
May 03 21:06:04.223870 dv-cinder-840376-1-smb devstack@n-api.service[86560]: [pid: 86560|app: 0|req: 12/22] 10.222.0.44 () {64 vars in 1282 bytes} [Tue May 3 21:06:04 2022] POST /compute/v2.1/flavors => generated 402 bytes in 76 msecs (HTTP/1.1 200) 9 headers in 359 bytes (1 switches on core 0)
May 03 21:06:04.235729 dv-cinder-840376-1-smb devstack@n-api.service[86559]: DEBUG nova.api.openstack.wsgi [None req-a7c99718-7941-4b52-994a-0716ea1cd13d admin admin] Action: 'create', calling method: >, body: {"extra_specs": {"hw_rng:allowed": "True"}} {{(pid=86559) _process_stack /opt/stack/nova/nova/api/openstack/wsgi.py:511}}
May 03 21:06:04.270760 dv-cinder-840376-1-smb devstack@n-api.service[86559]: INFO nova.api.openstack.requestlog [None req-a7c99718-7941-4b52-994a-0716ea1cd13d admin admin] 10.222.0.44 "POST /compute/v2.1/flavors/1/os-extra_specs" status: 200 len: 43 microversion: 2.61 time: 0.038716
May 03 21:06:04.271522 dv-cinder-840376-1-smb devstack@n-api.service[86559]: [pid: 86559|app: 0|req: 11/23] 10.222.0.44 () {64 vars in 1332 bytes} [Tue May 3 21:06:04 2022] POST /compute/v2.1/flavors/1/os-extra_specs => generated 43 bytes in 40 msecs (HTTP/1.1 200) 9 headers in 358 bytes (1 switches on core 0)
May 03 21:06:06.441040 dv-cinder-840376-1-smb devstack@n-api.service[86560]: DEBUG nova.api.openstack.wsgi [None req-99ddda7b-739b-49d1-9083-835b88616256 admin admin] Calling method '>' {{(pid=86560) _process_stack /opt/stack/nova/nova/api/openstack/wsgi.py:513}}
May 03 21:06:06.442162 dv-cinder-840376-1-smb devstack@n-api.service[86560]: INFO nova.api.openstack.requestlog [None req-99ddda7b-739b-49d1-9083-835b88616256 admin admin] 10.222.0.44 "GET /compute/v2.1" status: 200 len: 388 microversion: 2.1 time: 0.001496
May 03 21:06:06.442592 dv-cinder-840376-1-smb devstack@n-api.service[86560]: [pid: 86560|app: 0|req: 13/24] 10.222.0.44 () {54 vars in 930 bytes} [Tue May 3 21:06:06 2022] GET /compute/v2.1 => generated 388 bytes in 2 msecs (HTTP/1.1 200) 9 headers in 357 bytes (1 switches on core 0)
May 03 21:06:06.499564 dv-cinder-840376-1-smb devstack@n-api.service[86559]: DEBUG nova.api.openstack.wsgi [None req-20a9ca38-49ed-4e94-b791-8e5340a5ede1 admin admin] Action: 'create', calling method: >, body: {"flavor": {"rxtx_factor": 1.0, "os-flavor-access:is_public": true, "name": "m1.small", "id": "2", "OS-FLV-EXT-DATA:ephemeral": 0, "ram": 2048, "vcpus": 1, "swap": 0, "disk": 20}} {{(pid=86559) _process_stack /opt/stack/nova/nova/api/openstack/wsgi.py:511}}
May 03 21:06:06.525998 dv-cinder-840376-1-smb devstack@n-api.service[86559]: INFO nova.api.openstack.requestlog [None req-20a9ca38-49ed-4e94-b791-8e5340a5ede1 admin admin] 10.222.0.44 "POST /compute/v2.1/flavors" status: 200 len: 405 microversion: 2.61 time: 0.077505
May 03 21:06:06.526530 dv-cinder-840376-1-smb devstack@n-api.service[86559]: [pid: 86559|app: 0|req: 12/25] 10.222.0.44 () {64 vars in 1282 bytes} [Tue May 3 21:06:06 2022] POST /compute/v2.1/flavors => generated 405 bytes in 79 msecs (HTTP/1.1 200) 9 headers in 359 bytes (2 switches on core 0)
May 03 21:06:06.538044 dv-cinder-840376-1-smb devstack@n-api.service[86560]: DEBUG nova.api.openstack.wsgi [None req-4af47dca-105f-4ebf-b7f2-d2d51f4d8f07 admin admin] Action: 'create', calling method: >, body: {"extra_specs": {"hw_rng:allowed": "True"}} {{(pid=86560) _process_stack /opt/stack/nova/nova/api/openstack/wsgi.py:511}}
May 03 21:06:06.571914 dv-cinder-840376-1-smb devstack@n-api.service[86560]: INFO nova.api.openstack.requestlog [None req-4af47dca-105f-4ebf-b7f2-d2d51f4d8f07 admin admin] 10.222.0.44 "POST /compute/v2.1/flavors/2/os-extra_specs" status: 200 len: 43 microversion: 2.61 time: 0.037407
May 03 21:06:06.572455 dv-cinder-840376-1-smb devstack@n-api.service[86560]: [pid: 86560|app: 0|req: 14/26] 10.222.0.44 () {64 vars in 1332 bytes} [Tue May 3 21:06:06 2022] POST /compute/v2.1/flavors/2/os-extra_specs => generated 43 bytes in 39 msecs (HTTP/1.1 200) 9 headers in 358 bytes (1 switches on core 0)
May 03 21:06:08.754925 dv-cinder-840376-1-smb devstack@n-api.service[86559]: DEBUG nova.api.openstack.wsgi [None req-20a9ca38-49ed-4e94-b791-8e5340a5ede1 admin admin] Calling method '>' {{(pid=86559) _process_stack /opt/stack/nova/nova/api/openstack/wsgi.py:513}}
May 03 21:06:08.755956 dv-cinder-840376-1-smb devstack@n-api.service[86559]: INFO nova.api.openstack.requestlog [None req-20a9ca38-49ed-4e94-b791-8e5340a5ede1 admin admin] 10.222.0.44 "GET /compute/v2.1" status: 200 len: 388 microversion: 2.1 time: 0.001451
May 03 21:06:08.756349 dv-cinder-840376-1-smb devstack@n-api.service[86559]: [pid: 86559|app: 0|req: 13/27] 10.222.0.44 () {54 vars in 930 bytes} [Tue May 3 21:06:08 2022] GET /compute/v2.1 => generated 388 bytes in 2 msecs (HTTP/1.1 200) 9 headers in 357 bytes (1 switches on core 0)
May 03 21:06:08.812909 dv-cinder-840376-1-smb devstack@n-api.service[86560]: DEBUG nova.api.openstack.wsgi [None req-c1bbfcf4-3dce-4acd-adcd-62560616a6c1 admin admin] Action: 'create', calling method: >, body: {"flavor": {"disk": 40, "swap": 0, "ram": 4096, "os-flavor-access:is_public": true, "rxtx_factor": 1.0, "vcpus": 2, "OS-FLV-EXT-DATA:ephemeral": 0, "name": "m1.medium", "id": "3"}} {{(pid=86560) _process_stack /opt/stack/nova/nova/api/openstack/wsgi.py:511}}
May 03 21:06:08.836663 dv-cinder-840376-1-smb devstack@n-api.service[86560]: INFO nova.api.openstack.requestlog [None req-c1bbfcf4-3dce-4acd-adcd-62560616a6c1 admin admin] 10.222.0.44 "POST /compute/v2.1/flavors" status: 200 len: 406 microversion: 2.61 time: 0.073694
May 03 21:06:08.837203 dv-cinder-840376-1-smb devstack@n-api.service[86560]: [pid: 86560|app: 0|req: 15/28] 10.222.0.44 () {64 vars in 1282 bytes} [Tue May 3 21:06:08 2022] POST /compute/v2.1/flavors => generated 406 bytes in 75 msecs (HTTP/1.1 200) 9 headers in 359 bytes (1 switches on core 0)
May 03 21:06:08.848839 dv-cinder-840376-1-smb devstack@n-api.service[86559]: DEBUG nova.api.openstack.wsgi [None req-e4767c58-f2f1-455e-a9be-8b35520a9614 admin admin] Action: 'create', calling method: >, body: {"extra_specs": {"hw_rng:allowed": "True"}} {{(pid=86559) _process_stack /opt/stack/nova/nova/api/openstack/wsgi.py:511}}
May 03 21:06:08.882528 dv-cinder-840376-1-smb devstack@n-api.service[86559]: INFO nova.api.openstack.requestlog [None req-e4767c58-f2f1-455e-a9be-8b35520a9614 admin admin] 10.222.0.44 "POST /compute/v2.1/flavors/3/os-extra_specs" status: 200 len: 43 microversion: 2.61 time: 0.037245
May 03 21:06:08.883129 dv-cinder-840376-1-smb devstack@n-api.service[86559]: [pid: 86559|app: 0|req: 14/29] 10.222.0.44 () {64 vars in 1332 bytes} [Tue May 3 21:06:08 2022] POST /compute/v2.1/flavors/3/os-extra_specs => generated 43 bytes in 38 msecs (HTTP/1.1 200) 9 headers in 358 bytes (1 switches on core 0)
May 03 21:06:11.047271 dv-cinder-840376-1-smb devstack@n-api.service[86560]: DEBUG nova.api.openstack.wsgi [None req-c1bbfcf4-3dce-4acd-adcd-62560616a6c1 admin admin] Calling method '>' {{(pid=86560) _process_stack /opt/stack/nova/nova/api/openstack/wsgi.py:513}}
May 03 21:06:11.048256 dv-cinder-840376-1-smb devstack@n-api.service[86560]: INFO nova.api.openstack.requestlog [None req-c1bbfcf4-3dce-4acd-adcd-62560616a6c1 admin admin] 10.222.0.44 "GET /compute/v2.1" status: 200 len: 388 microversion: 2.1 time: 0.001391
May 03 21:06:11.048647 dv-cinder-840376-1-smb devstack@n-api.service[86560]: [pid: 86560|app: 0|req: 16/30] 10.222.0.44 () {54 vars in 930 bytes} [Tue May 3 21:06:11 2022] GET /compute/v2.1 => generated 388 bytes in 2 msecs (HTTP/1.1 200) 9 headers in 357 bytes (2 switches on core 0)
May 03 21:06:11.103146 dv-cinder-840376-1-smb devstack@n-api.service[86559]: DEBUG nova.api.openstack.wsgi [None req-9bfd399f-2b9c-4aec-9a77-1e8fc2ca0cbe admin admin] Action: 'create', calling method: >, body: {"flavor": {"name": "m1.large", "rxtx_factor": 1.0, "OS-FLV-EXT-DATA:ephemeral": 0, "vcpus": 4, "os-flavor-access:is_public": true, "disk": 80, "swap": 0, "ram": 8192, "id": "4"}} {{(pid=86559) _process_stack /opt/stack/nova/nova/api/openstack/wsgi.py:511}}
May 03 21:06:11.126873 dv-cinder-840376-1-smb devstack@n-api.service[86559]: INFO nova.api.openstack.requestlog [None req-9bfd399f-2b9c-4aec-9a77-1e8fc2ca0cbe admin admin] 10.222.0.44 "POST /compute/v2.1/flavors" status: 200 len: 405 microversion: 2.61 time: 0.072366
May 03 21:06:11.127409 dv-cinder-840376-1-smb devstack@n-api.service[86559]: [pid: 86559|app: 0|req: 15/31] 10.222.0.44 () {64 vars in 1282 bytes} [Tue May 3 21:06:11 2022] POST /compute/v2.1/flavors => generated 405 bytes in 73 msecs (HTTP/1.1 200) 9 headers in 359 bytes (2 switches on core 0)
May 03 21:06:11.139920 dv-cinder-840376-1-smb devstack@n-api.service[86560]: DEBUG nova.api.openstack.wsgi [None req-f5794dfd-80d2-410f-afc6-8c2b3a5cdf80 admin admin] Action: 'create', calling method: >, body: {"extra_specs": {"hw_rng:allowed": "True"}} {{(pid=86560) _process_stack /opt/stack/nova/nova/api/openstack/wsgi.py:511}}
May 03 21:06:11.174143 dv-cinder-840376-1-smb devstack@n-api.service[86560]: INFO nova.api.openstack.requestlog [None req-f5794dfd-80d2-410f-afc6-8c2b3a5cdf80 admin admin] 10.222.0.44 "POST /compute/v2.1/flavors/4/os-extra_specs" status: 200 len: 43 microversion: 2.61 time: 0.037785
May 03 21:06:11.174949 dv-cinder-840376-1-smb devstack@n-api.service[86560]: [pid: 86560|app: 0|req: 17/32] 10.222.0.44 () {64 vars in 1332 bytes} [Tue May 3 21:06:11 2022] POST /compute/v2.1/flavors/4/os-extra_specs => generated 43 bytes in 40 msecs (HTTP/1.1 200) 9 headers in 358 bytes (1 switches on core 0)
May 03 21:06:13.371514 dv-cinder-840376-1-smb devstack@n-api.service[86559]: DEBUG nova.api.openstack.wsgi [None req-9bfd399f-2b9c-4aec-9a77-1e8fc2ca0cbe admin admin] Calling method '>' {{(pid=86559) _process_stack /opt/stack/nova/nova/api/openstack/wsgi.py:513}}
May 03 21:06:13.372436 dv-cinder-840376-1-smb devstack@n-api.service[86559]: INFO nova.api.openstack.requestlog [None req-9bfd399f-2b9c-4aec-9a77-1e8fc2ca0cbe admin admin] 10.222.0.44 "GET /compute/v2.1" status: 200 len: 388 microversion: 2.1 time: 0.001410
May 03 21:06:13.372825 dv-cinder-840376-1-smb devstack@n-api.service[86559]: [pid: 86559|app: 0|req: 16/33] 10.222.0.44 () {54 vars in 930 bytes} [Tue May 3 21:06:13 2022] GET /compute/v2.1 => generated 388 bytes in 2 msecs (HTTP/1.1 200) 9 headers in 357 bytes (1 switches on core 0)
May 03 21:06:13.428659 dv-cinder-840376-1-smb devstack@n-api.service[86560]: DEBUG nova.api.openstack.wsgi [None req-32552332-6c66-4f39-bd0a-719136550d53 admin admin] Action: 'create', calling method: >, body: {"flavor": {"vcpus": 8, "swap": 0, "rxtx_factor": 1.0, "disk": 160, "name": "m1.xlarge", "OS-FLV-EXT-DATA:ephemeral": 0, "id": "5", "ram": 16384, "os-flavor-access:is_public": true}} {{(pid=86560) _process_stack /opt/stack/nova/nova/api/openstack/wsgi.py:511}}
May 03 21:06:13.451410 dv-cinder-840376-1-smb devstack@n-api.service[86560]: INFO nova.api.openstack.requestlog [None req-32552332-6c66-4f39-bd0a-719136550d53 admin admin] 10.222.0.44 "POST /compute/v2.1/flavors" status: 200 len: 408 microversion: 2.61 time: 0.072754
May 03 21:06:13.451943 dv-cinder-840376-1-smb devstack@n-api.service[86560]: [pid: 86560|app: 0|req: 18/34] 10.222.0.44 () {64 vars in 1282 bytes} [Tue May 3 21:06:13 2022] POST /compute/v2.1/flavors => generated 408 bytes in 74 msecs (HTTP/1.1 200) 9 headers in 359 bytes (1 switches on core 0)
May 03 21:06:13.464137 dv-cinder-840376-1-smb devstack@n-api.service[86559]: DEBUG nova.api.openstack.wsgi [None req-38d048e3-63fc-4618-b21a-35e726e2e19a admin admin] Action: 'create', calling method: >, body: {"extra_specs": {"hw_rng:allowed": "True"}} {{(pid=86559) _process_stack /opt/stack/nova/nova/api/openstack/wsgi.py:511}}
May 03 21:06:13.498146 dv-cinder-840376-1-smb devstack@n-api.service[86559]: INFO nova.api.openstack.requestlog [None req-38d048e3-63fc-4618-b21a-35e726e2e19a admin admin] 10.222.0.44 "POST /compute/v2.1/flavors/5/os-extra_specs" status: 200 len: 43 microversion: 2.61 time: 0.038200
May 03 21:06:13.498696 dv-cinder-840376-1-smb devstack@n-api.service[86559]: [pid: 86559|app: 0|req: 17/35] 10.222.0.44 () {64 vars in 1332 bytes} [Tue May 3 21:06:13 2022] POST /compute/v2.1/flavors/5/os-extra_specs => generated 43 bytes in 39 msecs (HTTP/1.1 200) 9 headers in 358 bytes (2 switches on core 0)
May 03 21:07:20.690034 dv-cinder-840376-1-smb devstack@n-api.service[86560]: DEBUG nova.api.openstack.wsgi [None req-32552332-6c66-4f39-bd0a-719136550d53 admin admin] Calling method '>' {{(pid=86560) _process_stack /opt/stack/nova/nova/api/openstack/wsgi.py:513}}
May 03 21:07:20.691042 dv-cinder-840376-1-smb devstack@n-api.service[86560]: INFO nova.api.openstack.requestlog [None req-32552332-6c66-4f39-bd0a-719136550d53 admin admin] 10.222.0.44 "GET /compute/v2.1" status: 200 len: 388 microversion: 2.1 time: 0.001463
May 03 21:07:20.691439 dv-cinder-840376-1-smb devstack@n-api.service[86560]: [pid: 86560|app: 0|req: 19/36] 10.222.0.44 () {54 vars in 930 bytes} [Tue May 3 21:07:20 2022] GET /compute/v2.1 => generated 388 bytes in 2 msecs (HTTP/1.1 200) 9 headers in 357 bytes (1 switches on core 0)
May 03 21:07:20.748588 dv-cinder-840376-1-smb devstack@n-api.service[86559]: DEBUG nova.api.openstack.wsgi [None req-27da719c-e1d4-46d5-85b1-f57b859072b0 admin admin] Calling method '>' {{(pid=86559) _process_stack /opt/stack/nova/nova/api/openstack/wsgi.py:513}}
May 03 21:07:20.771802 dv-cinder-840376-1-smb devstack@n-api.service[86559]: INFO nova.api.openstack.requestlog [None req-27da719c-e1d4-46d5-85b1-f57b859072b0 admin admin] 10.222.0.44 "GET /compute/v2.1/flavors/detail?is_public=True" status: 200 len: 4202 microversion: 2.61 time: 0.073650
May 03 21:07:20.772326 dv-cinder-840376-1-smb devstack@n-api.service[86559]: [pid: 86559|app: 0|req: 18/37] 10.222.0.44 () {60 vars in 1291 bytes} [Tue May 3 21:07:20 2022] GET /compute/v2.1/flavors/detail?is_public=True => generated 4202 bytes in 75 msecs (HTTP/1.1 200) 9 headers in 360 bytes (2 switches on core 0)
May 03 21:07:22.204842 dv-cinder-840376-1-smb devstack@n-api.service[86560]: DEBUG nova.api.openstack.wsgi [None req-32552332-6c66-4f39-bd0a-719136550d53 admin admin] Calling method '>' {{(pid=86560) _process_stack /opt/stack/nova/nova/api/openstack/wsgi.py:513}}
May 03 21:07:22.205875 dv-cinder-840376-1-smb devstack@n-api.service[86560]: INFO nova.api.openstack.requestlog [None req-32552332-6c66-4f39-bd0a-719136550d53 admin admin] 10.222.0.44 "GET /compute/v2.1" status: 200 len: 388 microversion: 2.1 time: 0.001438
May 03 21:07:22.206273 dv-cinder-840376-1-smb devstack@n-api.service[86560]: [pid: 86560|app: 0|req: 20/38] 10.222.0.44 () {56 vars in 1074 bytes} [Tue May 3 21:07:22 2022] GET /compute/v2.1 => generated 388 bytes in 2 msecs (HTTP/1.1 200) 9 headers in 357 bytes (1 switches on core 0)
May 03 21:07:22.399070 dv-cinder-840376-1-smb devstack@n-api.service[86559]: DEBUG nova.api.openstack.wsgi [None req-b414fcc8-53bb-4c60-923d-31498092eb7a admin admin] Calling method '>' {{(pid=86559) _process_stack /opt/stack/nova/nova/api/openstack/wsgi.py:513}}
May 03 21:07:22.411523 dv-cinder-840376-1-smb devstack@n-api.service[86559]: INFO nova.api.openstack.wsgi [None req-b414fcc8-53bb-4c60-923d-31498092eb7a admin admin] HTTP exception thrown: Flavor 42 could not be found.
May 03 21:07:22.412043 dv-cinder-840376-1-smb devstack@n-api.service[86559]: DEBUG nova.api.openstack.wsgi [None req-b414fcc8-53bb-4c60-923d-31498092eb7a admin admin] Returning 404 to user: Flavor 42 could not be found. {{(pid=86559) __call__ /opt/stack/nova/nova/api/openstack/wsgi.py:927}}
May 03 21:07:22.412838 dv-cinder-840376-1-smb devstack@n-api.service[86559]: INFO nova.api.openstack.requestlog [None req-b414fcc8-53bb-4c60-923d-31498092eb7a admin admin] 10.222.0.44 "GET /compute/v2.1/flavors/42" status: 404 len: 75 microversion: 2.88 time: 0.064604
May 03 21:07:22.413345 dv-cinder-840376-1-smb devstack@n-api.service[86559]: [pid: 86559|app: 0|req: 19/39] 10.222.0.44 () {60 vars in 1190 bytes} [Tue May 3 21:07:22 2022] GET /compute/v2.1/flavors/42 => generated 75 bytes in 66 msecs (HTTP/1.1 404) 9 headers in 380 bytes (1 switches on core 0)
May 03 21:07:22.423344 dv-cinder-840376-1-smb devstack@n-api.service[86560]: DEBUG nova.api.openstack.wsgi [None req-6016db02-6fe8-4f47-a3bd-89d9d905d0f9 admin admin] Calling method '>' {{(pid=86560) _process_stack /opt/stack/nova/nova/api/openstack/wsgi.py:513}}
May 03 21:07:22.443403 dv-cinder-840376-1-smb devstack@n-api.service[86560]: INFO nova.api.openstack.requestlog [None req-6016db02-6fe8-4f47-a3bd-89d9d905d0f9 admin admin] 10.222.0.44 "GET /compute/v2.1/flavors?is_public=None" status: 200 len: 2056 microversion: 2.88 time: 0.023809
May 03 21:07:22.443925 dv-cinder-840376-1-smb devstack@n-api.service[86560]: [pid: 86560|app: 0|req: 21/40] 10.222.0.44 () {60 vars in 1210 bytes} [Tue May 3 21:07:22 2022] GET /compute/v2.1/flavors?is_public=None => generated 2056 bytes in 25 msecs (HTTP/1.1 200) 9 headers in 360 bytes (1 switches on core 0)
May 03 21:07:22.454043 dv-cinder-840376-1-smb devstack@n-api.service[86559]: DEBUG nova.api.openstack.wsgi [None req-c00a93b6-5daf-436e-8288-f4ad72136a50 admin admin] Calling method '>' {{(pid=86559) _process_stack /opt/stack/nova/nova/api/openstack/wsgi.py:513}}
May 03 21:07:22.473421 dv-cinder-840376-1-smb devstack@n-api.service[86559]: INFO nova.api.openstack.requestlog [None req-c00a93b6-5daf-436e-8288-f4ad72136a50 admin admin] 10.222.0.44 "GET /compute/v2.1/flavors?is_public=None" status: 200 len: 2056 microversion: 2.88 time: 0.022782
May 03 21:07:22.474012 dv-cinder-840376-1-smb devstack@n-api.service[86559]: [pid: 86559|app: 0|req: 20/41] 10.222.0.44 () {60 vars in 1210 bytes} [Tue May 3 21:07:22 2022] GET /compute/v2.1/flavors?is_public=None => generated 2056 bytes in 24 msecs (HTTP/1.1 200) 9 headers in 360 bytes (1 switches on core 0)
May 03 21:07:22.482845 dv-cinder-840376-1-smb devstack@n-api.service[86560]: DEBUG nova.api.openstack.wsgi [None req-aafb0a6e-dc5b-4ff1-9de9-a40d84de5b25 admin admin] Calling method '>' {{(pid=86560) _process_stack /opt/stack/nova/nova/api/openstack/wsgi.py:513}}
May 03 21:07:22.495268 dv-cinder-840376-1-smb devstack@n-api.service[86560]: INFO nova.api.openstack.wsgi [None req-aafb0a6e-dc5b-4ff1-9de9-a40d84de5b25 admin admin] HTTP exception thrown: Flavor 42 could not be found.
May 03 21:07:22.495833 dv-cinder-840376-1-smb devstack@n-api.service[86560]: DEBUG nova.api.openstack.wsgi [None req-aafb0a6e-dc5b-4ff1-9de9-a40d84de5b25 admin admin] Returning 404 to user: Flavor 42 could not be found. {{(pid=86560) __call__ /opt/stack/nova/nova/api/openstack/wsgi.py:927}}
May 03 21:07:22.496604 dv-cinder-840376-1-smb devstack@n-api.service[86560]: INFO nova.api.openstack.requestlog [None req-aafb0a6e-dc5b-4ff1-9de9-a40d84de5b25 admin admin] 10.222.0.44 "GET /compute/v2.1/flavors/42" status: 404 len: 75 microversion: 2.88 time: 0.017181
May 03 21:07:22.497093 dv-cinder-840376-1-smb devstack@n-api.service[86560]: [pid: 86560|app: 0|req: 22/42] 10.222.0.44 () {60 vars in 1190 bytes} [Tue May 3 21:07:22 2022] GET /compute/v2.1/flavors/42 => generated 75 bytes in 18 msecs (HTTP/1.1 404) 9 headers in 380 bytes (1 switches on core 0)
May 03 21:07:23.914057 dv-cinder-840376-1-smb devstack@n-api.service[86559]: DEBUG nova.api.openstack.wsgi [None req-c00a93b6-5daf-436e-8288-f4ad72136a50 admin admin] Calling method '>' {{(pid=86559) _process_stack /opt/stack/nova/nova/api/openstack/wsgi.py:513}}
May 03 21:07:23.915169 dv-cinder-840376-1-smb devstack@n-api.service[86559]: INFO nova.api.openstack.requestlog [None req-c00a93b6-5daf-436e-8288-f4ad72136a50 admin admin] 10.222.0.44 "GET /compute/v2.1" status: 200 len: 388 microversion: 2.1 time: 0.001564
May 03 21:07:23.916152 dv-cinder-840376-1-smb devstack@n-api.service[86559]: [pid: 86559|app: 0|req: 21/43] 10.222.0.44 () {56 vars in 1074 bytes} [Tue May 3 21:07:23 2022] GET /compute/v2.1 => generated 388 bytes in 3 msecs (HTTP/1.1 200) 9 headers in 357 bytes (1 switches on core 0)
May 03 21:07:24.099840 dv-cinder-840376-1-smb devstack@n-api.service[86560]: DEBUG nova.api.openstack.wsgi [None req-f8107868-153f-46c7-8be2-97ffe0d3acb2 admin admin] Calling method '>' {{(pid=86560) _process_stack /opt/stack/nova/nova/api/openstack/wsgi.py:513}}
May 03 21:07:24.112482 dv-cinder-840376-1-smb devstack@n-api.service[86560]: INFO nova.api.openstack.wsgi [None req-f8107868-153f-46c7-8be2-97ffe0d3acb2 admin admin] HTTP exception thrown: Flavor 84 could not be found.
May 03 21:07:24.113049 dv-cinder-840376-1-smb devstack@n-api.service[86560]: DEBUG nova.api.openstack.wsgi [None req-f8107868-153f-46c7-8be2-97ffe0d3acb2 admin admin] Returning 404 to user: Flavor 84 could not be found. {{(pid=86560) __call__ /opt/stack/nova/nova/api/openstack/wsgi.py:927}}
May 03 21:07:24.113855 dv-cinder-840376-1-smb devstack@n-api.service[86560]: INFO nova.api.openstack.requestlog [None req-f8107868-153f-46c7-8be2-97ffe0d3acb2 admin admin] 10.222.0.44 "GET /compute/v2.1/flavors/84" status: 404 len: 75 microversion: 2.88 time: 0.063151
May 03 21:07:24.114365 dv-cinder-840376-1-smb devstack@n-api.service[86560]: [pid: 86560|app: 0|req: 23/44] 10.222.0.44 () {60 vars in 1190 bytes} [Tue May 3 21:07:24 2022] GET /compute/v2.1/flavors/84 => generated 75 bytes in 64 msecs (HTTP/1.1 404) 9 headers in 380 bytes (1 switches on core 0)
May 03 21:07:24.124333 dv-cinder-840376-1-smb devstack@n-api.service[86559]: DEBUG nova.api.openstack.wsgi [None req-17372d0b-2833-4789-9f6a-1915466ebde0 admin admin] Calling method '>' {{(pid=86559) _process_stack /opt/stack/nova/nova/api/openstack/wsgi.py:513}}
May 03 21:07:24.143579 dv-cinder-840376-1-smb devstack@n-api.service[86559]: INFO nova.api.openstack.requestlog [None req-17372d0b-2833-4789-9f6a-1915466ebde0 admin admin] 10.222.0.44 "GET /compute/v2.1/flavors?is_public=None" status: 200 len: 2056 microversion: 2.88 time: 0.022877
May 03 21:07:24.144111 dv-cinder-840376-1-smb devstack@n-api.service[86559]: [pid: 86559|app: 0|req: 22/45] 10.222.0.44 () {60 vars in 1210 bytes} [Tue May 3 21:07:24 2022] GET /compute/v2.1/flavors?is_public=None => generated 2056 bytes in 24 msecs (HTTP/1.1 200) 9 headers in 360 bytes (1 switches on core 0)
May 03 21:07:24.153317 dv-cinder-840376-1-smb devstack@n-api.service[86560]: DEBUG nova.api.openstack.wsgi [None req-728aed07-4103-4198-8075-f18020fd54df admin admin] Calling method '>' {{(pid=86560) _process_stack /opt/stack/nova/nova/api/openstack/wsgi.py:513}}
May 03 21:07:24.173793 dv-cinder-840376-1-smb devstack@n-api.service[86560]: INFO nova.api.openstack.requestlog [None req-728aed07-4103-4198-8075-f18020fd54df admin admin] 10.222.0.44 "GET /compute/v2.1/flavors?is_public=None" status: 200 len: 2056 microversion: 2.88 time: 0.023950
May 03 21:07:24.174467 dv-cinder-840376-1-smb devstack@n-api.service[86560]: [pid: 86560|app: 0|req: 24/46] 10.222.0.44 () {60 vars in 1210 bytes} [Tue May 3 21:07:24 2022] GET /compute/v2.1/flavors?is_public=None => generated 2056 bytes in 25 msecs (HTTP/1.1 200) 9 headers in 360 bytes (1 switches on core 0)
May 03 21:07:24.184340 dv-cinder-840376-1-smb devstack@n-api.service[86559]: DEBUG nova.api.openstack.wsgi [None req-588443da-a1d8-4a16-a4c3-671a5b13f9d4 admin admin] Calling method '>' {{(pid=86559) _process_stack /opt/stack/nova/nova/api/openstack/wsgi.py:513}}
May 03 21:07:24.196082 dv-cinder-840376-1-smb devstack@n-api.service[86559]: INFO nova.api.openstack.wsgi [None req-588443da-a1d8-4a16-a4c3-671a5b13f9d4 admin admin] HTTP exception thrown: Flavor 84 could not be found.
May 03 21:07:24.196641 dv-cinder-840376-1-smb devstack@n-api.service[86559]: DEBUG nova.api.openstack.wsgi [None req-588443da-a1d8-4a16-a4c3-671a5b13f9d4 admin admin] Returning 404 to user: Flavor 84 could not be found. {{(pid=86559) __call__ /opt/stack/nova/nova/api/openstack/wsgi.py:927}}
May 03 21:07:24.197691 dv-cinder-840376-1-smb devstack@n-api.service[86559]: INFO nova.api.openstack.requestlog [None req-588443da-a1d8-4a16-a4c3-671a5b13f9d4 admin admin] 10.222.0.44 "GET /compute/v2.1/flavors/84" status: 404 len: 75 microversion: 2.88 time: 0.017509
May 03 21:07:24.198214 dv-cinder-840376-1-smb devstack@n-api.service[86559]: [pid: 86559|app: 0|req: 23/47] 10.222.0.44 () {60 vars in 1190 bytes} [Tue May 3 21:07:24 2022] GET /compute/v2.1/flavors/84 => generated 75 bytes in 19 msecs (HTTP/1.1 404) 9 headers in 380 bytes (2 switches on core 0)
May 03 21:07:25.572622 dv-cinder-840376-1-smb devstack@n-api.service[86560]: DEBUG nova.api.openstack.wsgi [None req-728aed07-4103-4198-8075-f18020fd54df admin admin] Calling method '>' {{(pid=86560) _process_stack /opt/stack/nova/nova/api/openstack/wsgi.py:513}}
May 03 21:07:25.574277 dv-cinder-840376-1-smb devstack@n-api.service[86560]: INFO nova.api.openstack.requestlog [None req-728aed07-4103-4198-8075-f18020fd54df admin admin] 10.222.0.44 "GET /compute/v2.1" status: 200 len: 388 microversion: 2.1 time: 0.001985
May 03 21:07:25.574785 dv-cinder-840376-1-smb devstack@n-api.service[86560]: [pid: 86560|app: 0|req: 25/48] 10.222.0.44 () {56 vars in 1074 bytes} [Tue May 3 21:07:25 2022] GET /compute/v2.1 => generated 388 bytes in 3 msecs (HTTP/1.1 200) 9 headers in 357 bytes (1 switches on core 0)
May 03 21:07:25.766485 dv-cinder-840376-1-smb devstack@n-api.service[86559]: DEBUG nova.api.openstack.wsgi [None req-ad1146d0-f5fb-4753-b96b-1b6381081bd9 admin admin] Calling method '>' {{(pid=86559) _process_stack /opt/stack/nova/nova/api/openstack/wsgi.py:513}}
May 03 21:07:25.778415 dv-cinder-840376-1-smb devstack@n-api.service[86559]: INFO nova.api.openstack.wsgi [None req-ad1146d0-f5fb-4753-b96b-1b6381081bd9 admin admin] HTTP exception thrown: Flavor 451 could not be found.
May 03 21:07:25.778902 dv-cinder-840376-1-smb devstack@n-api.service[86559]: DEBUG nova.api.openstack.wsgi [None req-ad1146d0-f5fb-4753-b96b-1b6381081bd9 admin admin] Returning 404 to user: Flavor 451 could not be found. {{(pid=86559) __call__ /opt/stack/nova/nova/api/openstack/wsgi.py:927}}
May 03 21:07:25.779679 dv-cinder-840376-1-smb devstack@n-api.service[86559]: INFO nova.api.openstack.requestlog [None req-ad1146d0-f5fb-4753-b96b-1b6381081bd9 admin admin] 10.222.0.44 "GET /compute/v2.1/flavors/451" status: 404 len: 76 microversion: 2.88 time: 0.063259
May 03 21:07:25.780177 dv-cinder-840376-1-smb devstack@n-api.service[86559]: [pid: 86559|app: 0|req: 24/49] 10.222.0.44 () {60 vars in 1193 bytes} [Tue May 3 21:07:25 2022] GET /compute/v2.1/flavors/451 => generated 76 bytes in 64 msecs (HTTP/1.1 404) 9 headers in 380 bytes (1 switches on core 0)
May 03 21:07:25.794746 dv-cinder-840376-1-smb devstack@n-api.service[86560]: DEBUG nova.api.openstack.wsgi [None req-2eb62ebf-d641-4f0b-a5e5-44882182651a admin admin] Calling method '>' {{(pid=86560) _process_stack /opt/stack/nova/nova/api/openstack/wsgi.py:513}}
May 03 21:07:25.815096 dv-cinder-840376-1-smb devstack@n-api.service[86560]: INFO nova.api.openstack.requestlog [None req-2eb62ebf-d641-4f0b-a5e5-44882182651a admin admin] 10.222.0.44 "GET /compute/v2.1/flavors?is_public=None" status: 200 len: 2056 microversion: 2.88 time: 0.024453
May 03 21:07:25.815621 dv-cinder-840376-1-smb devstack@n-api.service[86560]: [pid: 86560|app: 0|req: 26/50] 10.222.0.44 () {60 vars in 1210 bytes} [Tue May 3 21:07:25 2022] GET /compute/v2.1/flavors?is_public=None => generated 2056 bytes in 26 msecs (HTTP/1.1 200) 9 headers in 360 bytes (2 switches on core 0)
May 03 21:07:25.824879 dv-cinder-840376-1-smb devstack@n-api.service[86559]: DEBUG nova.api.openstack.wsgi [None req-58f09823-9486-43e0-9ca3-cef6a18ff8df admin admin] Calling method '>' {{(pid=86559) _process_stack /opt/stack/nova/nova/api/openstack/wsgi.py:513}}
May 03 21:07:25.844318 dv-cinder-840376-1-smb devstack@n-api.service[86559]: INFO nova.api.openstack.requestlog [None req-58f09823-9486-43e0-9ca3-cef6a18ff8df admin admin] 10.222.0.44 "GET /compute/v2.1/flavors?is_public=None" status: 200 len: 2056 microversion: 2.88 time: 0.022896
May 03 21:07:25.844836 dv-cinder-840376-1-smb devstack@n-api.service[86559]: [pid: 86559|app: 0|req: 25/51] 10.222.0.44 () {60 vars in 1210 bytes} [Tue May 3 21:07:25 2022] GET /compute/v2.1/flavors?is_public=None => generated 2056 bytes in 24 msecs (HTTP/1.1 200) 9 headers in 360 bytes (2 switches on core 0)
May 03 21:07:25.854369 dv-cinder-840376-1-smb devstack@n-api.service[86560]: DEBUG nova.api.openstack.wsgi [None req-2550a0d7-72ba-478f-b134-2b86d09becaf admin admin] Calling method '>' {{(pid=86560) _process_stack /opt/stack/nova/nova/api/openstack/wsgi.py:513}}
May 03 21:07:25.866062 dv-cinder-840376-1-smb devstack@n-api.service[86560]: INFO nova.api.openstack.wsgi [None req-2550a0d7-72ba-478f-b134-2b86d09becaf admin admin] HTTP exception thrown: Flavor 451 could not be found.
May 03 21:07:25.866622 dv-cinder-840376-1-smb devstack@n-api.service[86560]: DEBUG nova.api.openstack.wsgi [None req-2550a0d7-72ba-478f-b134-2b86d09becaf admin admin] Returning 404 to user: Flavor 451 could not be found. {{(pid=86560) __call__ /opt/stack/nova/nova/api/openstack/wsgi.py:927}}
May 03 21:07:25.867387 dv-cinder-840376-1-smb devstack@n-api.service[86560]: INFO nova.api.openstack.requestlog [None req-2550a0d7-72ba-478f-b134-2b86d09becaf admin admin] 10.222.0.44 "GET /compute/v2.1/flavors/451" status: 404 len: 76 microversion: 2.88 time: 0.017019
May 03 21:07:25.867873 dv-cinder-840376-1-smb devstack@n-api.service[86560]: [pid: 86560|app: 0|req: 27/52] 10.222.0.44 () {60 vars in 1193 bytes} [Tue May 3 21:07:25 2022] GET /compute/v2.1/flavors/451 => generated 76 bytes in 18 msecs (HTTP/1.1 404) 9 headers in 380 bytes (2 switches on core 0)
May 03 21:07:27.247258 dv-cinder-840376-1-smb devstack@n-api.service[86559]: DEBUG nova.api.openstack.wsgi [None req-58f09823-9486-43e0-9ca3-cef6a18ff8df admin admin] Calling method '>' {{(pid=86559) _process_stack /opt/stack/nova/nova/api/openstack/wsgi.py:513}}
May 03 21:07:27.248269 dv-cinder-840376-1-smb devstack@n-api.service[86559]: INFO nova.api.openstack.requestlog [None req-58f09823-9486-43e0-9ca3-cef6a18ff8df admin admin] 10.222.0.44 "GET /compute/v2.1" status: 200 len: 388 microversion: 2.1 time: 0.001426
May 03 21:07:27.248811 dv-cinder-840376-1-smb devstack@n-api.service[86559]: [pid: 86559|app: 0|req: 26/53] 10.222.0.44 () {56 vars in 1074 bytes} [Tue May 3 21:07:27 2022] GET /compute/v2.1 => generated 388 bytes in 2 msecs (HTTP/1.1 200) 9 headers in 357 bytes (1 switches on core 0)
May 03 21:07:27.437730 dv-cinder-840376-1-smb devstack@n-api.service[86560]: DEBUG nova.api.openstack.wsgi [None req-3a0c5628-6279-4540-af33-8ef91ba991f2 admin admin] Action: 'create', calling method: >, body: {"flavor": {"name": "m1.nano", "ram": 256, "vcpus": 1, "disk": 1, "id": "42", "swap": 0, "OS-FLV-EXT-DATA:ephemeral": 0, "rxtx_factor": 1.0, "os-flavor-access:is_public": true}} {{(pid=86560) _process_stack /opt/stack/nova/nova/api/openstack/wsgi.py:511}}
May 03 21:07:27.460834 dv-cinder-840376-1-smb devstack@n-api.service[86560]: INFO nova.api.openstack.requestlog [None req-3a0c5628-6279-4540-af33-8ef91ba991f2 admin admin] 10.222.0.44 "POST /compute/v2.1/flavors" status: 200 len: 404 microversion: 2.88 time: 0.072982
May 03 21:07:27.461364 dv-cinder-840376-1-smb devstack@n-api.service[86560]: [pid: 86560|app: 0|req: 28/54] 10.222.0.44 () {64 vars in 1235 bytes} [Tue May 3 21:07:27 2022] POST /compute/v2.1/flavors => generated 404 bytes in 74 msecs (HTTP/1.1 200) 9 headers in 359 bytes (1 switches on core 0)
May 03 21:07:28.825925 dv-cinder-840376-1-smb devstack@n-api.service[86559]: DEBUG nova.api.openstack.wsgi [None req-58f09823-9486-43e0-9ca3-cef6a18ff8df admin admin] Calling method '>' {{(pid=86559) _process_stack /opt/stack/nova/nova/api/openstack/wsgi.py:513}}
May 03 21:07:28.826925 dv-cinder-840376-1-smb devstack@n-api.service[86559]: INFO nova.api.openstack.requestlog [None req-58f09823-9486-43e0-9ca3-cef6a18ff8df admin admin] 10.222.0.44 "GET /compute/v2.1" status: 200 len: 388 microversion: 2.1 time: 0.001442
May 03 21:07:28.827320 dv-cinder-840376-1-smb devstack@n-api.service[86559]: [pid: 86559|app: 0|req: 27/55] 10.222.0.44 () {56 vars in 1074 bytes} [Tue May 3 21:07:28 2022] GET /compute/v2.1 => generated 388 bytes in 2 msecs (HTTP/1.1 200) 9 headers in 357 bytes (1 switches on core 0)
May 03 21:07:29.012866 dv-cinder-840376-1-smb devstack@n-api.service[86560]: DEBUG nova.api.openstack.wsgi [None req-a2755ee6-de1a-4c14-9019-9cb8b5849088 admin admin] Action: 'create', calling method: >, body: {"flavor": {"name": "m1.micro", "ram": 256, "vcpus": 1, "disk": 2, "id": "84", "swap": 0, "OS-FLV-EXT-DATA:ephemeral": 0, "rxtx_factor": 1.0, "os-flavor-access:is_public": true}} {{(pid=86560) _process_stack /opt/stack/nova/nova/api/openstack/wsgi.py:511}}
May 03 21:07:29.038979 dv-cinder-840376-1-smb devstack@n-api.service[86560]: INFO nova.api.openstack.requestlog [None req-a2755ee6-de1a-4c14-9019-9cb8b5849088 admin admin] 10.222.0.44 "POST /compute/v2.1/flavors" status: 200 len: 405 microversion: 2.88 time: 0.074511
