May 04 08:18:55.671139 dv-cinder-840289-4-smb devstack@c-api.service[110415]: DEBUG cinder.volume.api [None req-9e278e76-1fff-4124-9c82-a1cac1ef59e7 tempest-VolumesCloneNegativeTest-524271848 tempest-VolumesCloneNegativeTest-524271848-project] Task 'cinder.volume.flows.api.create_volume.EntryCreateTask;volume:create' (83d782fa-db96-4c81-bd31-7e6b1cad0437) transitioned into state 'SUCCESS' from state 'RUNNING' with result '{'volume_id': '143ad7f5-c941-487c-98ca-a9aa1a0cccc1', 'volume_properties': VolumeProperties(attach_status='detached',availability_zone='nova',cgsnapshot_id=None,consistencygroup_id=None,display_description=None,display_name='tempest-VolumesCloneNegativeTest-Volume-1033393733',encryption_key_id=None,group_id=None,group_type_id=,metadata={},multiattach=False,project_id='70fbe04d5b354ca5a0fef5cac0a4cfeb',qos_specs=None,replication_status=,reservations=['9d12cc75-43a1-426f-9f29-2c5e00517d3d','ac76f560-23c4-45d7-95be-be03ebade1d8','e15582e7-26da-492d-afcb-d47caaa3f8f4','6949881b-b87e-4bee-af19-4b0134a3ec76'],size=2,snapshot_id=None,source_replicaid=,source_volid=None,status='creating',user_id='da51133d347744afa8f3f0a9b1ce0a63',volume_type_id=bc3ead4c-2020-451a-9296-bcb83e67ef12), 'volume': Volume(_name_id=None,admin_metadata=,attach_status='detached',availability_zone='nova',bootable=False,cluster=,cluster_name=None,consistencygroup=,consistencygroup_id=None,created_at=2022-05-04T08:18:55Z,deleted=False,deleted_at=None,display_description=None,display_name='tempest-VolumesCloneNegativeTest-Volume-1033393733',ec2_id=None,encryption_key_id=None,glance_metadata=,group=,group_id=None,host=None,id=143ad7f5-c941-487c-98ca-a9aa1a0cccc1,launched_at=None,metadata={},migration_status=None,multiattach=False,previous_status=None,project_id='70fbe04d5b354ca5a0fef5cac0a4cfeb',provider_auth=None,provider_geometry=None,provider_id=None,provider_location=None,replication_driver_data=None,replication_extended_status=None,replication_status=None,scheduled_at=None,service_uuid=None,shared_targets=True,size=2,snapshot_id=None,snapshots=,source_volid=None,status='creating',terminated_at=None,updated_at=None,use_quota=True,user_id='da51133d347744afa8f3f0a9b1ce0a63',volume_attachment=VolumeAttachmentList,volume_type=VolumeType(bc3ead4c-2020-451a-9296-bcb83e67ef12),volume_type_id=bc3ead4c-2020-451a-9296-bcb83e67ef12)}' {{(pid=110415) _task_receiver /usr/local/lib/python3.8/dist-packages/taskflow/listeners/logging.py:178}}
May 04 08:18:55.677576 dv-cinder-840289-4-smb devstack@c-api.service[110415]: DEBUG cinder.volume.api [None req-9e278e76-1fff-4124-9c82-a1cac1ef59e7 tempest-VolumesCloneNegativeTest-524271848 tempest-VolumesCloneNegativeTest-524271848-project] Task 'cinder.volume.flows.api.create_volume.QuotaCommitTask;volume:create' (e619d6a6-beef-4fff-a8ac-d30ddc64871b) transitioned into state 'RUNNING' from state 'PENDING' {{(pid=110415) _task_receiver /usr/local/lib/python3.8/dist-packages/taskflow/listeners/logging.py:190}}
May 04 08:18:55.693472 dv-cinder-840289-4-smb devstack@c-api.service[110414]: INFO cinder.api.openstack.wsgi [None req-b47238bd-2876-493a-82af-046bc4f663ae tempest-VolumeServicesNegativeTest-280961589 tempest-VolumeServicesNegativeTest-280961589-project-admin] GET http://10.222.0.60/volume/v3/285a3c641fda4de6b73e5345cccc513d/os-services
May 04 08:18:55.693954 dv-cinder-840289-4-smb devstack@c-api.service[110414]: DEBUG cinder.api.openstack.wsgi [None req-b47238bd-2876-493a-82af-046bc4f663ae tempest-VolumeServicesNegativeTest-280961589 tempest-VolumeServicesNegativeTest-280961589-project-admin] Empty body provided in request {{(pid=110414) get_body /opt/stack/cinder/cinder/api/openstack/wsgi.py:715}}
May 04 08:18:55.694415 dv-cinder-840289-4-smb devstack@c-api.service[110414]: DEBUG cinder.api.openstack.wsgi [None req-b47238bd-2876-493a-82af-046bc4f663ae tempest-VolumeServicesNegativeTest-280961589 tempest-VolumeServicesNegativeTest-280961589-project-admin] Calling method 'index' {{(pid=110414) _process_stack /opt/stack/cinder/cinder/api/openstack/wsgi.py:868}}
May 04 08:18:55.709296 dv-cinder-840289-4-smb devstack@c-api.service[110414]: INFO cinder.api.openstack.wsgi [None req-b47238bd-2876-493a-82af-046bc4f663ae tempest-VolumeServicesNegativeTest-280961589 tempest-VolumeServicesNegativeTest-280961589-project-admin] http://10.222.0.60/volume/v3/285a3c641fda4de6b73e5345cccc513d/os-services returned with HTTP 200
May 04 08:18:55.710460 dv-cinder-840289-4-smb devstack@c-api.service[110415]: DEBUG cinder.volume.api [None req-9e278e76-1fff-4124-9c82-a1cac1ef59e7 tempest-VolumesCloneNegativeTest-524271848 tempest-VolumesCloneNegativeTest-524271848-project] Task 'cinder.volume.flows.api.create_volume.QuotaCommitTask;volume:create' (e619d6a6-beef-4fff-a8ac-d30ddc64871b) transitioned into state 'SUCCESS' from state 'RUNNING' with result '{'volume_properties': VolumeProperties(attach_status='detached',availability_zone='nova',cgsnapshot_id=None,consistencygroup_id=None,display_description=None,display_name='tempest-VolumesCloneNegativeTest-Volume-1033393733',encryption_key_id=None,group_id=None,group_type_id=,metadata={},multiattach=False,project_id='70fbe04d5b354ca5a0fef5cac0a4cfeb',qos_specs=None,replication_status=,reservations=['9d12cc75-43a1-426f-9f29-2c5e00517d3d','ac76f560-23c4-45d7-95be-be03ebade1d8','e15582e7-26da-492d-afcb-d47caaa3f8f4','6949881b-b87e-4bee-af19-4b0134a3ec76'],size=2,snapshot_id=None,source_replicaid=,source_volid=None,status='creating',user_id='da51133d347744afa8f3f0a9b1ce0a63',volume_type_id=bc3ead4c-2020-451a-9296-bcb83e67ef12)}' {{(pid=110415) _task_receiver /usr/local/lib/python3.8/dist-packages/taskflow/listeners/logging.py:178}}
May 04 08:18:55.711422 dv-cinder-840289-4-smb devstack@c-api.service[110414]: [pid: 110414|app: 0|req: 188/423] 10.222.0.60 () {58 vars in 1225 bytes} [Wed May 4 08:18:55 2022] GET /volume/v3/285a3c641fda4de6b73e5345cccc513d/os-services => generated 640 bytes in 175 msecs (HTTP/1.1 200) 7 headers in 285 bytes (1 switches on core 0)
May 04 08:18:55.712821 dv-cinder-840289-4-smb devstack@c-api.service[110414]: DEBUG cinder.api.middleware.request_id [None req-f28631df-b4d5-4b0b-ad56-b7d3692a7bca None None] RequestId filter calling following filter/app {{(pid=110414) _context_setter /opt/stack/cinder/cinder/api/middleware/request_id.py:62}}
May 04 08:18:55.717648 dv-cinder-840289-4-smb devstack@c-api.service[110415]: DEBUG cinder.volume.api [None req-9e278e76-1fff-4124-9c82-a1cac1ef59e7 tempest-VolumesCloneNegativeTest-524271848 tempest-VolumesCloneNegativeTest-524271848-project] Task 'cinder.volume.flows.api.create_volume.VolumeCastTask;volume:create' (03ef0706-7aea-4017-b5bc-6840c77efc1b) transitioned into state 'RUNNING' from state 'PENDING' {{(pid=110415) _task_receiver /usr/local/lib/python3.8/dist-packages/taskflow/listeners/logging.py:190}}
May 04 08:18:55.718763 dv-cinder-840289-4-smb devstack@c-api.service[110414]: INFO cinder.api.openstack.wsgi [None req-f28631df-b4d5-4b0b-ad56-b7d3692a7bca tempest-GroupSnapshotsTest-989253783 tempest-GroupSnapshotsTest-989253783-project] GET http://10.222.0.60/volume/v3/fae65a0126a94ea4868cfbfd95b889b4/group_snapshots/88062fd0-c5ec-4502-a3b4-6e2ab07054d1
May 04 08:18:55.719432 dv-cinder-840289-4-smb devstack@c-api.service[110414]: DEBUG cinder.api.openstack.wsgi [None req-f28631df-b4d5-4b0b-ad56-b7d3692a7bca tempest-GroupSnapshotsTest-989253783 tempest-GroupSnapshotsTest-989253783-project] Empty body provided in request {{(pid=110414) get_body /opt/stack/cinder/cinder/api/openstack/wsgi.py:715}}
May 04 08:18:55.720026 dv-cinder-840289-4-smb devstack@c-api.service[110414]: DEBUG cinder.api.openstack.wsgi [None req-f28631df-b4d5-4b0b-ad56-b7d3692a7bca tempest-GroupSnapshotsTest-989253783 tempest-GroupSnapshotsTest-989253783-project] Calling method 'version_select' {{(pid=110414) _process_stack /opt/stack/cinder/cinder/api/openstack/wsgi.py:868}}
May 04 08:18:55.720774 dv-cinder-840289-4-smb devstack@c-api.service[110414]: DEBUG cinder.api.v3.group_snapshots [None req-f28631df-b4d5-4b0b-ad56-b7d3692a7bca tempest-GroupSnapshotsTest-989253783 tempest-GroupSnapshotsTest-989253783-project] show called for member 88062fd0-c5ec-4502-a3b4-6e2ab07054d1 {{(pid=110414) show /opt/stack/cinder/cinder/api/v3/group_snapshots.py:58}}
May 04 08:18:55.725331 dv-cinder-840289-4-smb devstack@c-api.service[110414]: INFO cinder.api.openstack.wsgi [None req-f28631df-b4d5-4b0b-ad56-b7d3692a7bca tempest-GroupSnapshotsTest-989253783 tempest-GroupSnapshotsTest-989253783-project] http://10.222.0.60/volume/v3/fae65a0126a94ea4868cfbfd95b889b4/group_snapshots/88062fd0-c5ec-4502-a3b4-6e2ab07054d1 returned with HTTP 404
May 04 08:18:55.729800 dv-cinder-840289-4-smb devstack@c-api.service[110414]: [pid: 110414|app: 0|req: 189/424] 10.222.0.60 () {60 vars in 1389 bytes} [Wed May 4 08:18:55 2022] GET /volume/v3/fae65a0126a94ea4868cfbfd95b889b4/group_snapshots/88062fd0-c5ec-4502-a3b4-6e2ab07054d1 => generated 116 bytes in 15 msecs (HTTP/1.1 404) 7 headers in 293 bytes (1 switches on core 0)
May 04 08:18:55.729800 dv-cinder-840289-4-smb devstack@c-api.service[110414]: DEBUG cinder.api.middleware.request_id [None req-4a34807f-e621-4cdc-8c3b-48966dfe998b None None] RequestId filter calling following filter/app {{(pid=110414) _context_setter /opt/stack/cinder/cinder/api/middleware/request_id.py:62}}
May 04 08:18:55.734696 dv-cinder-840289-4-smb devstack@c-api.service[110414]: INFO cinder.api.openstack.wsgi [None req-4a34807f-e621-4cdc-8c3b-48966dfe998b tempest-VolumesCloneTest-1956281507 tempest-VolumesCloneTest-1956281507-project] GET http://10.222.0.60/volume/v3/522852a1ba4f41ed8828077a11957e93/volumes/5e6ad27c-3aae-4372-82cb-749b4a63dd5b
May 04 08:18:55.735159 dv-cinder-840289-4-smb devstack@c-api.service[110414]: DEBUG cinder.api.openstack.wsgi [None req-4a34807f-e621-4cdc-8c3b-48966dfe998b tempest-VolumesCloneTest-1956281507 tempest-VolumesCloneTest-1956281507-project] Empty body provided in request {{(pid=110414) get_body /opt/stack/cinder/cinder/api/openstack/wsgi.py:715}}
May 04 08:18:55.735646 dv-cinder-840289-4-smb devstack@c-api.service[110414]: DEBUG cinder.api.openstack.wsgi [None req-4a34807f-e621-4cdc-8c3b-48966dfe998b tempest-VolumesCloneTest-1956281507 tempest-VolumesCloneTest-1956281507-project] Calling method 'show' {{(pid=110414) _process_stack /opt/stack/cinder/cinder/api/openstack/wsgi.py:868}}
May 04 08:18:55.742448 dv-cinder-840289-4-smb devstack@c-api.service[110415]: DEBUG cinder.volume.api [None req-9e278e76-1fff-4124-9c82-a1cac1ef59e7 tempest-VolumesCloneNegativeTest-524271848 tempest-VolumesCloneNegativeTest-524271848-project] Task 'cinder.volume.flows.api.create_volume.VolumeCastTask;volume:create' (03ef0706-7aea-4017-b5bc-6840c77efc1b) transitioned into state 'SUCCESS' from state 'RUNNING' with result 'None' {{(pid=110415) _task_receiver /usr/local/lib/python3.8/dist-packages/taskflow/listeners/logging.py:178}}
May 04 08:18:55.754165 dv-cinder-840289-4-smb devstack@c-api.service[110414]: /usr/local/lib/python3.8/dist-packages/oslo_context/context.py:100: DeprecationWarning: Policy enforcement is depending on the value of is_admin. This key is deprecated. Please update your policy file to use the standard policy values.
May 04 08:18:55.754165 dv-cinder-840289-4-smb devstack@c-api.service[110414]: warnings.warn('Policy enforcement is depending on the value of '
May 04 08:18:55.758114 dv-cinder-840289-4-smb devstack@c-api.service[110415]: DEBUG cinder.volume.api [None req-9e278e76-1fff-4124-9c82-a1cac1ef59e7 tempest-VolumesCloneNegativeTest-524271848 tempest-VolumesCloneNegativeTest-524271848-project] Flow 'volume_create_api' (cd30774b-4b55-4ebf-bc36-3e4fad46eafc) transitioned into state 'SUCCESS' from state 'RUNNING' {{(pid=110415) _flow_receiver /usr/local/lib/python3.8/dist-packages/taskflow/listeners/logging.py:141}}
May 04 08:18:55.761038 dv-cinder-840289-4-smb devstack@c-api.service[110415]: INFO cinder.volume.api [None req-9e278e76-1fff-4124-9c82-a1cac1ef59e7 tempest-VolumesCloneNegativeTest-524271848 tempest-VolumesCloneNegativeTest-524271848-project] Create volume request issued successfully.
May 04 08:18:55.764153 dv-cinder-840289-4-smb devstack@c-api.service[110414]: INFO cinder.volume.api [None req-4a34807f-e621-4cdc-8c3b-48966dfe998b tempest-VolumesCloneTest-1956281507 tempest-VolumesCloneTest-1956281507-project] Volume info retrieved successfully.
May 04 08:18:55.765579 dv-cinder-840289-4-smb devstack@c-api.service[110415]: INFO cinder.api.openstack.wsgi [None req-9e278e76-1fff-4124-9c82-a1cac1ef59e7 tempest-VolumesCloneNegativeTest-524271848 tempest-VolumesCloneNegativeTest-524271848-project] http://10.222.0.60/volume/v3/70fbe04d5b354ca5a0fef5cac0a4cfeb/volumes returned with HTTP 202
May 04 08:18:55.767308 dv-cinder-840289-4-smb devstack@c-api.service[110415]: [pid: 110415|app: 0|req: 236/425] 10.222.0.60 () {60 vars in 1234 bytes} [Wed May 4 08:18:55 2022] POST /volume/v3/70fbe04d5b354ca5a0fef5cac0a4cfeb/volumes => generated 824 bytes in 714 msecs (HTTP/1.1 202) 7 headers in 291 bytes (1 switches on core 0)
May 04 08:18:55.770568 dv-cinder-840289-4-smb devstack@c-api.service[110415]: DEBUG cinder.api.middleware.request_id [None req-2995ddf4-8992-405d-bf13-b0dd5093b44c None None] RequestId filter calling following filter/app {{(pid=110415) _context_setter /opt/stack/cinder/cinder/api/middleware/request_id.py:62}}
May 04 08:18:55.782713 dv-cinder-840289-4-smb devstack@c-api.service[110415]: INFO cinder.api.openstack.wsgi [None req-2995ddf4-8992-405d-bf13-b0dd5093b44c tempest-VolumeServicesNegativeTest-280961589 tempest-VolumeServicesNegativeTest-280961589-project-admin] PUT http://10.222.0.60/volume/v3/285a3c641fda4de6b73e5345cccc513d/os-services/disable-log-reason
May 04 08:18:55.785595 dv-cinder-840289-4-smb devstack@c-api.service[110415]: DEBUG cinder.api.openstack.wsgi [None req-2995ddf4-8992-405d-bf13-b0dd5093b44c tempest-VolumeServicesNegativeTest-280961589 tempest-VolumeServicesNegativeTest-280961589-project-admin] Action: 'update', calling method: update, body: {"host": "dv-cinder-840289-4-smb", "binary": "cinder-scheduler", "disabled_reason": null} {{(pid=110415) _process_stack /opt/stack/cinder/cinder/api/openstack/wsgi.py:866}}
May 04 08:18:55.790830 dv-cinder-840289-4-smb devstack@c-api.service[110415]: /usr/local/lib/python3.8/dist-packages/oslo_context/context.py:100: DeprecationWarning: Policy enforcement is depending on the value of is_admin. This key is deprecated. Please update your policy file to use the standard policy values.
May 04 08:18:55.790830 dv-cinder-840289-4-smb devstack@c-api.service[110415]: warnings.warn('Policy enforcement is depending on the value of '
May 04 08:18:55.793777 dv-cinder-840289-4-smb devstack@c-api.service[110415]: INFO cinder.api.openstack.wsgi [None req-2995ddf4-8992-405d-bf13-b0dd5093b44c tempest-VolumeServicesNegativeTest-280961589 tempest-VolumeServicesNegativeTest-280961589-project-admin] http://10.222.0.60/volume/v3/285a3c641fda4de6b73e5345cccc513d/os-services/disable-log-reason returned with HTTP 400
May 04 08:18:55.795009 dv-cinder-840289-4-smb devstack@c-api.service[110415]: [pid: 110415|app: 0|req: 237/426] 10.222.0.60 () {60 vars in 1302 bytes} [Wed May 4 08:18:55 2022] PUT /volume/v3/285a3c641fda4de6b73e5345cccc513d/os-services/disable-log-reason => generated 136 bytes in 27 msecs (HTTP/1.1 400) 7 headers in 294 bytes (1 switches on core 0)
May 04 08:18:55.796862 dv-cinder-840289-4-smb devstack@c-api.service[110415]: DEBUG cinder.api.middleware.request_id [None req-02981b7a-b5ba-4bdc-8159-580f0fb612db None None] RequestId filter calling following filter/app {{(pid=110415) _context_setter /opt/stack/cinder/cinder/api/middleware/request_id.py:62}}
May 04 08:18:55.797877 dv-cinder-840289-4-smb devstack@c-api.service[110414]: INFO cinder.api.openstack.wsgi [None req-4a34807f-e621-4cdc-8c3b-48966dfe998b tempest-VolumesCloneTest-1956281507 tempest-VolumesCloneTest-1956281507-project] http://10.222.0.60/volume/v3/522852a1ba4f41ed8828077a11957e93/volumes/5e6ad27c-3aae-4372-82cb-749b4a63dd5b returned with HTTP 200
May 04 08:18:55.806978 dv-cinder-840289-4-smb devstack@c-api.service[110414]: [pid: 110414|app: 0|req: 190/427] 10.222.0.60 () {58 vars in 1324 bytes} [Wed May 4 08:18:55 2022] GET /volume/v3/522852a1ba4f41ed8828077a11957e93/volumes/5e6ad27c-3aae-4372-82cb-749b4a63dd5b => generated 908 bytes in 73 msecs (HTTP/1.1 200) 7 headers in 285 bytes (1 switches on core 0)
May 04 08:18:55.806978 dv-cinder-840289-4-smb devstack@c-api.service[110414]: DEBUG cinder.api.middleware.request_id [None req-b4403f08-cac0-4643-8564-f74dfa6e18b5 None None] RequestId filter calling following filter/app {{(pid=110414) _context_setter /opt/stack/cinder/cinder/api/middleware/request_id.py:62}}
May 04 08:18:55.812911 dv-cinder-840289-4-smb devstack@c-api.service[110414]: INFO cinder.api.openstack.wsgi [None req-b4403f08-cac0-4643-8564-f74dfa6e18b5 tempest-VolumesCloneNegativeTest-524271848 tempest-VolumesCloneNegativeTest-524271848-project] GET http://10.222.0.60/volume/v3/70fbe04d5b354ca5a0fef5cac0a4cfeb/volumes/143ad7f5-c941-487c-98ca-a9aa1a0cccc1
May 04 08:18:55.814714 dv-cinder-840289-4-smb devstack@c-api.service[110414]: DEBUG cinder.api.openstack.wsgi [None req-b4403f08-cac0-4643-8564-f74dfa6e18b5 tempest-VolumesCloneNegativeTest-524271848 tempest-VolumesCloneNegativeTest-524271848-project] Empty body provided in request {{(pid=110414) get_body /opt/stack/cinder/cinder/api/openstack/wsgi.py:715}}
May 04 08:18:55.816069 dv-cinder-840289-4-smb devstack@c-api.service[110414]: DEBUG cinder.api.openstack.wsgi [None req-b4403f08-cac0-4643-8564-f74dfa6e18b5 tempest-VolumesCloneNegativeTest-524271848 tempest-VolumesCloneNegativeTest-524271848-project] Calling method 'show' {{(pid=110414) _process_stack /opt/stack/cinder/cinder/api/openstack/wsgi.py:868}}
May 04 08:18:55.818071 dv-cinder-840289-4-smb devstack@c-api.service[110415]: INFO cinder.api.openstack.wsgi [None req-02981b7a-b5ba-4bdc-8159-580f0fb612db tempest-GroupSnapshotsTest-989253783 tempest-GroupSnapshotsTest-989253783-project] GET http://10.222.0.60/volume/v3/fae65a0126a94ea4868cfbfd95b889b4/group_snapshots
May 04 08:18:55.818867 dv-cinder-840289-4-smb devstack@c-api.service[110415]: DEBUG cinder.api.openstack.wsgi [None req-02981b7a-b5ba-4bdc-8159-580f0fb612db tempest-GroupSnapshotsTest-989253783 tempest-GroupSnapshotsTest-989253783-project] Empty body provided in request {{(pid=110415) get_body /opt/stack/cinder/cinder/api/openstack/wsgi.py:715}}
May 04 08:18:55.822429 dv-cinder-840289-4-smb devstack@c-api.service[110415]: DEBUG cinder.api.openstack.wsgi [None req-02981b7a-b5ba-4bdc-8159-580f0fb612db tempest-GroupSnapshotsTest-989253783 tempest-GroupSnapshotsTest-989253783-project] Calling method 'version_select' {{(pid=110415) _process_stack /opt/stack/cinder/cinder/api/openstack/wsgi.py:868}}
May 04 08:18:55.837452 dv-cinder-840289-4-smb devstack@c-api.service[110414]: /usr/local/lib/python3.8/dist-packages/oslo_context/context.py:100: DeprecationWarning: Policy enforcement is depending on the value of is_admin. This key is deprecated. Please update your policy file to use the standard policy values.
May 04 08:18:55.837452 dv-cinder-840289-4-smb devstack@c-api.service[110414]: warnings.warn('Policy enforcement is depending on the value of '
May 04 08:18:55.839194 dv-cinder-840289-4-smb devstack@c-api.service[110415]: INFO cinder.api.openstack.wsgi [None req-02981b7a-b5ba-4bdc-8159-580f0fb612db tempest-GroupSnapshotsTest-989253783 tempest-GroupSnapshotsTest-989253783-project] http://10.222.0.60/volume/v3/fae65a0126a94ea4868cfbfd95b889b4/group_snapshots returned with HTTP 200
May 04 08:18:55.840240 dv-cinder-840289-4-smb devstack@c-api.service[110415]: [pid: 110415|app: 0|req: 238/428] 10.222.0.60 () {60 vars in 1278 bytes} [Wed May 4 08:18:55 2022] GET /volume/v3/fae65a0126a94ea4868cfbfd95b889b4/group_snapshots => generated 23 bytes in 44 msecs (HTTP/1.1 200) 7 headers in 285 bytes (1 switches on core 0)
May 04 08:18:55.843040 dv-cinder-840289-4-smb devstack@c-api.service[110415]: DEBUG cinder.api.middleware.request_id [None req-ff806f28-ae26-44ef-bd6a-b4dd514bc4f0 None None] RequestId filter calling following filter/app {{(pid=110415) _context_setter /opt/stack/cinder/cinder/api/middleware/request_id.py:62}}
May 04 08:18:55.848061 dv-cinder-840289-4-smb devstack@c-api.service[110414]: INFO cinder.volume.api [None req-b4403f08-cac0-4643-8564-f74dfa6e18b5 tempest-VolumesCloneNegativeTest-524271848 tempest-VolumesCloneNegativeTest-524271848-project] Volume info retrieved successfully.
May 04 08:18:55.852287 dv-cinder-840289-4-smb devstack@c-api.service[110415]: INFO cinder.api.openstack.wsgi [None req-ff806f28-ae26-44ef-bd6a-b4dd514bc4f0 tempest-VolumeServicesNegativeTest-280961589 tempest-VolumeServicesNegativeTest-280961589-project-admin] PUT http://10.222.0.60/volume/v3/285a3c641fda4de6b73e5345cccc513d/os-services/disable
May 04 08:18:55.860278 dv-cinder-840289-4-smb devstack@c-api.service[110414]: INFO cinder.api.openstack.wsgi [None req-b4403f08-cac0-4643-8564-f74dfa6e18b5 tempest-VolumesCloneNegativeTest-524271848 tempest-VolumesCloneNegativeTest-524271848-project] http://10.222.0.60/volume/v3/70fbe04d5b354ca5a0fef5cac0a4cfeb/volumes/143ad7f5-c941-487c-98ca-a9aa1a0cccc1 returned with HTTP 200
May 04 08:18:55.861393 dv-cinder-840289-4-smb devstack@c-api.service[110415]: DEBUG cinder.api.openstack.wsgi [None req-ff806f28-ae26-44ef-bd6a-b4dd514bc4f0 tempest-VolumeServicesNegativeTest-280961589 tempest-VolumeServicesNegativeTest-280961589-project-admin] Action: 'update', calling method: update, body: {"host": "dv-cinder-840289-4-smb", "binary": "invalid_binary"} {{(pid=110415) _process_stack /opt/stack/cinder/cinder/api/openstack/wsgi.py:866}}
May 04 08:18:55.870695 dv-cinder-840289-4-smb devstack@c-api.service[110414]: [pid: 110414|app: 0|req: 191/429] 10.222.0.60 () {58 vars in 1324 bytes} [Wed May 4 08:18:55 2022] GET /volume/v3/70fbe04d5b354ca5a0fef5cac0a4cfeb/volumes/143ad7f5-c941-487c-98ca-a9aa1a0cccc1 => generated 892 bytes in 70 msecs (HTTP/1.1 200) 7 headers in 285 bytes (1 switches on core 0)
May 04 08:18:55.873333 dv-cinder-840289-4-smb devstack@c-api.service[110414]: DEBUG cinder.api.middleware.request_id [None req-a26a417c-a5c2-40fe-b94c-9d48892a64d1 None None] RequestId filter calling following filter/app {{(pid=110414) _context_setter /opt/stack/cinder/cinder/api/middleware/request_id.py:62}}
May 04 08:18:55.880627 dv-cinder-840289-4-smb devstack@c-api.service[110414]: INFO cinder.api.openstack.wsgi [None req-a26a417c-a5c2-40fe-b94c-9d48892a64d1 tempest-GroupSnapshotsTest-989253783 tempest-GroupSnapshotsTest-989253783-project] DELETE http://10.222.0.60/volume/v3/fae65a0126a94ea4868cfbfd95b889b4/group_snapshots/88062fd0-c5ec-4502-a3b4-6e2ab07054d1
May 04 08:18:55.881410 dv-cinder-840289-4-smb devstack@c-api.service[110414]: DEBUG cinder.api.openstack.wsgi [None req-a26a417c-a5c2-40fe-b94c-9d48892a64d1 tempest-GroupSnapshotsTest-989253783 tempest-GroupSnapshotsTest-989253783-project] Empty body provided in request {{(pid=110414) get_body /opt/stack/cinder/cinder/api/openstack/wsgi.py:715}}
May 04 08:18:55.882059 dv-cinder-840289-4-smb devstack@c-api.service[110414]: DEBUG cinder.api.openstack.wsgi [None req-a26a417c-a5c2-40fe-b94c-9d48892a64d1 tempest-GroupSnapshotsTest-989253783 tempest-GroupSnapshotsTest-989253783-project] Calling method 'version_select' {{(pid=110414) _process_stack /opt/stack/cinder/cinder/api/openstack/wsgi.py:868}}
May 04 08:18:55.882595 dv-cinder-840289-4-smb devstack@c-api.service[110414]: DEBUG cinder.api.v3.group_snapshots [None req-a26a417c-a5c2-40fe-b94c-9d48892a64d1 tempest-GroupSnapshotsTest-989253783 tempest-GroupSnapshotsTest-989253783-project] delete called for member 88062fd0-c5ec-4502-a3b4-6e2ab07054d1 {{(pid=110414) delete /opt/stack/cinder/cinder/api/v3/group_snapshots.py:72}}
May 04 08:18:55.883059 dv-cinder-840289-4-smb devstack@c-api.service[110414]: INFO cinder.api.v3.group_snapshots [None req-a26a417c-a5c2-40fe-b94c-9d48892a64d1 tempest-GroupSnapshotsTest-989253783 tempest-GroupSnapshotsTest-989253783-project] Delete group_snapshot with id: 88062fd0-c5ec-4502-a3b4-6e2ab07054d1
May 04 08:18:55.888060 dv-cinder-840289-4-smb devstack@c-api.service[110414]: INFO cinder.api.openstack.wsgi [None req-a26a417c-a5c2-40fe-b94c-9d48892a64d1 tempest-GroupSnapshotsTest-989253783 tempest-GroupSnapshotsTest-989253783-project] http://10.222.0.60/volume/v3/fae65a0126a94ea4868cfbfd95b889b4/group_snapshots/88062fd0-c5ec-4502-a3b4-6e2ab07054d1 returned with HTTP 404
May 04 08:18:55.889442 dv-cinder-840289-4-smb devstack@c-api.service[110415]: INFO cinder.api.openstack.wsgi [None req-ff806f28-ae26-44ef-bd6a-b4dd514bc4f0 tempest-VolumeServicesNegativeTest-280961589 tempest-VolumeServicesNegativeTest-280961589-project-admin] http://10.222.0.60/volume/v3/285a3c641fda4de6b73e5345cccc513d/os-services/disable returned with HTTP 404
May 04 08:18:55.890610 dv-cinder-840289-4-smb devstack@c-api.service[110415]: [pid: 110415|app: 0|req: 239/430] 10.222.0.60 () {60 vars in 1269 bytes} [Wed May 4 08:18:55 2022] PUT /volume/v3/285a3c641fda4de6b73e5345cccc513d/os-services/disable => generated 119 bytes in 50 msecs (HTTP/1.1 404) 7 headers in 292 bytes (1 switches on core 0)
May 04 08:18:55.894236 dv-cinder-840289-4-smb devstack@c-api.service[110414]: [pid: 110414|app: 0|req: 192/431] 10.222.0.60 () {60 vars in 1392 bytes} [Wed May 4 08:18:55 2022] DELETE /volume/v3/fae65a0126a94ea4868cfbfd95b889b4/group_snapshots/88062fd0-c5ec-4502-a3b4-6e2ab07054d1 => generated 116 bytes in 23 msecs (HTTP/1.1 404) 7 headers in 293 bytes (1 switches on core 0)
May 04 08:18:55.894706 dv-cinder-840289-4-smb devstack@c-api.service[110415]: DEBUG cinder.api.middleware.request_id [None req-320abe9d-fb5d-4a26-8f94-7888ff237be8 None None] RequestId filter calling following filter/app {{(pid=110415) _context_setter /opt/stack/cinder/cinder/api/middleware/request_id.py:62}}
May 04 08:18:55.897852 dv-cinder-840289-4-smb devstack@c-api.service[110414]: DEBUG cinder.api.middleware.request_id [None req-89869898-3f00-4637-bd88-9c4214ca9a05 None None] RequestId filter calling following filter/app {{(pid=110414) _context_setter /opt/stack/cinder/cinder/api/middleware/request_id.py:62}}
May 04 08:18:55.900837 dv-cinder-840289-4-smb devstack@c-api.service[110415]: INFO cinder.api.openstack.wsgi [None req-320abe9d-fb5d-4a26-8f94-7888ff237be8 tempest-GroupSnapshotsTest-989253783 tempest-GroupSnapshotsTest-989253783-project] GET http://10.222.0.60/volume/v3/fae65a0126a94ea4868cfbfd95b889b4/volumes/detail
May 04 08:18:55.901353 dv-cinder-840289-4-smb devstack@c-api.service[110415]: DEBUG cinder.api.openstack.wsgi [None req-320abe9d-fb5d-4a26-8f94-7888ff237be8 tempest-GroupSnapshotsTest-989253783 tempest-GroupSnapshotsTest-989253783-project] Empty body provided in request {{(pid=110415) get_body /opt/stack/cinder/cinder/api/openstack/wsgi.py:715}}
May 04 08:18:55.901815 dv-cinder-840289-4-smb devstack@c-api.service[110415]: DEBUG cinder.api.openstack.wsgi [None req-320abe9d-fb5d-4a26-8f94-7888ff237be8 tempest-GroupSnapshotsTest-989253783 tempest-GroupSnapshotsTest-989253783-project] Calling method 'detail' {{(pid=110415) _process_stack /opt/stack/cinder/cinder/api/openstack/wsgi.py:868}}
May 04 08:18:55.902396 dv-cinder-840289-4-smb devstack@c-api.service[110415]: DEBUG cinder.api.api_utils [None req-320abe9d-fb5d-4a26-8f94-7888ff237be8 tempest-GroupSnapshotsTest-989253783 tempest-GroupSnapshotsTest-989253783-project] Removing options '' from query. {{(pid=110415) remove_invalid_filter_options /opt/stack/cinder/cinder/api/api_utils.py:73}}
May 04 08:18:55.904146 dv-cinder-840289-4-smb devstack@c-api.service[110415]: DEBUG cinder.volume.api [None req-320abe9d-fb5d-4a26-8f94-7888ff237be8 tempest-GroupSnapshotsTest-989253783 tempest-GroupSnapshotsTest-989253783-project] Searching by: MultiDict([('no_migration_targets', True)]). {{(pid=110415) get_all /opt/stack/cinder/cinder/volume/api.py:662}}
May 04 08:18:55.929583 dv-cinder-840289-4-smb devstack@c-api.service[110414]: INFO cinder.api.openstack.wsgi [None req-89869898-3f00-4637-bd88-9c4214ca9a05 tempest-VolumeServicesNegativeTest-280961589 tempest-VolumeServicesNegativeTest-280961589-project-admin] PUT http://10.222.0.60/volume/v3/285a3c641fda4de6b73e5345cccc513d/os-services/enable
May 04 08:18:55.930831 dv-cinder-840289-4-smb devstack@c-api.service[110414]: DEBUG cinder.api.openstack.wsgi [None req-89869898-3f00-4637-bd88-9c4214ca9a05 tempest-VolumeServicesNegativeTest-280961589 tempest-VolumeServicesNegativeTest-280961589-project-admin] Action: 'update', calling method: update, body: {"host": "invalid_host", "binary": "cinder-scheduler"} {{(pid=110414) _process_stack /opt/stack/cinder/cinder/api/openstack/wsgi.py:866}}
May 04 08:18:55.950666 dv-cinder-840289-4-smb devstack@c-api.service[110414]: INFO cinder.api.openstack.wsgi [None req-89869898-3f00-4637-bd88-9c4214ca9a05 tempest-VolumeServicesNegativeTest-280961589 tempest-VolumeServicesNegativeTest-280961589-project-admin] http://10.222.0.60/volume/v3/285a3c641fda4de6b73e5345cccc513d/os-services/enable returned with HTTP 404
May 04 08:18:55.957913 dv-cinder-840289-4-smb devstack@c-api.service[110414]: [pid: 110414|app: 0|req: 193/432] 10.222.0.60 () {60 vars in 1266 bytes} [Wed May 4 08:18:55 2022] PUT /volume/v3/285a3c641fda4de6b73e5345cccc513d/os-services/enable => generated 111 bytes in 61 msecs (HTTP/1.1 404) 7 headers in 292 bytes (1 switches on core 0)
May 04 08:18:55.959984 dv-cinder-840289-4-smb devstack@c-api.service[110414]: DEBUG cinder.api.middleware.request_id [None req-92e6da99-02b4-4384-a51f-a5d9291ed9f3 None None] RequestId filter calling following filter/app {{(pid=110414) _context_setter /opt/stack/cinder/cinder/api/middleware/request_id.py:62}}
May 04 08:18:55.967202 dv-cinder-840289-4-smb devstack@c-api.service[110414]: INFO cinder.api.openstack.wsgi [None req-92e6da99-02b4-4384-a51f-a5d9291ed9f3 tempest-VolumeServicesNegativeTest-280961589 tempest-VolumeServicesNegativeTest-280961589-project-admin] PUT http://10.222.0.60/volume/v3/285a3c641fda4de6b73e5345cccc513d/os-services/freeze
May 04 08:18:55.968709 dv-cinder-840289-4-smb devstack@c-api.service[110414]: DEBUG cinder.api.openstack.wsgi [None req-92e6da99-02b4-4384-a51f-a5d9291ed9f3 tempest-VolumeServicesNegativeTest-280961589 tempest-VolumeServicesNegativeTest-280961589-project-admin] Action: 'update', calling method: update, body: {"host": "invalid_host"} {{(pid=110414) _process_stack /opt/stack/cinder/cinder/api/openstack/wsgi.py:866}}
May 04 08:18:55.987032 dv-cinder-840289-4-smb devstack@c-api.service[110414]: INFO cinder.api.openstack.wsgi [None req-92e6da99-02b4-4384-a51f-a5d9291ed9f3 tempest-VolumeServicesNegativeTest-280961589 tempest-VolumeServicesNegativeTest-280961589-project-admin] http://10.222.0.60/volume/v3/285a3c641fda4de6b73e5345cccc513d/os-services/freeze returned with HTTP 400
May 04 08:18:55.993531 dv-cinder-840289-4-smb devstack@c-api.service[110414]: [pid: 110414|app: 0|req: 194/433] 10.222.0.60 () {60 vars in 1266 bytes} [Wed May 4 08:18:55 2022] PUT /volume/v3/285a3c641fda4de6b73e5345cccc513d/os-services/freeze => generated 83 bytes in 35 msecs (HTTP/1.1 400) 7 headers in 293 bytes (1 switches on core 0)
May 04 08:18:55.995823 dv-cinder-840289-4-smb devstack@c-api.service[110414]: DEBUG cinder.api.middleware.request_id [None req-1a302fb9-88b5-4152-9438-1d7c4b3b7a1a None None] RequestId filter calling following filter/app {{(pid=110414) _context_setter /opt/stack/cinder/cinder/api/middleware/request_id.py:62}}
May 04 08:18:55.996196 dv-cinder-840289-4-smb devstack@c-api.service[110415]: INFO cinder.volume.api [None req-320abe9d-fb5d-4a26-8f94-7888ff237be8 tempest-GroupSnapshotsTest-989253783 tempest-GroupSnapshotsTest-989253783-project] Get all volumes completed successfully.
May 04 08:18:55.997632 dv-cinder-840289-4-smb devstack@c-api.service[110415]: WARNING stevedore.named [None req-320abe9d-fb5d-4a26-8f94-7888ff237be8 tempest-GroupSnapshotsTest-989253783 tempest-GroupSnapshotsTest-989253783-project] Could not load cinder.keymgr.conf_key_mgr.ConfKeyManager
May 04 08:18:55.998021 dv-cinder-840289-4-smb devstack@c-api.service[110415]: WARNING castellan.key_manager [None req-320abe9d-fb5d-4a26-8f94-7888ff237be8 tempest-GroupSnapshotsTest-989253783 tempest-GroupSnapshotsTest-989253783-project] Deprecation Warning : cinder.keymgr.conf_key_mgr.ConfKeyManager is not a stevedore based driver, trying to load it as a class: stevedore.exception.NoMatches: No 'castellan.drivers' driver found, looking for 'cinder.keymgr.conf_key_mgr.ConfKeyManager'
May 04 08:18:56.005970 dv-cinder-840289-4-smb devstack@c-api.service[110415]: DEBUG oslo_db.sqlalchemy.engines [None req-320abe9d-fb5d-4a26-8f94-7888ff237be8 tempest-GroupSnapshotsTest-989253783 tempest-GroupSnapshotsTest-989253783-project] MySQL server mode set to STRICT_TRANS_TABLES,STRICT_ALL_TABLES,NO_ZERO_IN_DATE,NO_ZERO_DATE,ERROR_FOR_DIVISION_BY_ZERO,TRADITIONAL,NO_ENGINE_SUBSTITUTION {{(pid=110415) _check_effective_sql_mode /usr/local/lib/python3.8/dist-packages/oslo_db/sqlalchemy/engines.py:314}}
May 04 08:18:56.007407 dv-cinder-840289-4-smb devstack@c-api.service[110414]: INFO cinder.api.openstack.wsgi [None req-1a302fb9-88b5-4152-9438-1d7c4b3b7a1a tempest-VolumeServicesNegativeTest-280961589 tempest-VolumeServicesNegativeTest-280961589-project-admin] PUT http://10.222.0.60/volume/v3/285a3c641fda4de6b73e5345cccc513d/os-services/thaw
May 04 08:18:56.008285 dv-cinder-840289-4-smb devstack@c-api.service[110414]: DEBUG cinder.api.openstack.wsgi [None req-1a302fb9-88b5-4152-9438-1d7c4b3b7a1a tempest-VolumeServicesNegativeTest-280961589 tempest-VolumeServicesNegativeTest-280961589-project-admin] Action: 'update', calling method: update, body: {"host": "invalid_host"} {{(pid=110414) _process_stack /opt/stack/cinder/cinder/api/openstack/wsgi.py:866}}
May 04 08:18:56.020963 dv-cinder-840289-4-smb devstack@c-api.service[110415]: /usr/local/lib/python3.8/dist-packages/oslo_context/context.py:100: DeprecationWarning: Policy enforcement is depending on the value of is_admin. This key is deprecated. Please update your policy file to use the standard policy values.
May 04 08:18:56.020963 dv-cinder-840289-4-smb devstack@c-api.service[110415]: warnings.warn('Policy enforcement is depending on the value of '
May 04 08:18:56.024340 dv-cinder-840289-4-smb devstack@c-api.service[110414]: INFO cinder.api.openstack.wsgi [None req-1a302fb9-88b5-4152-9438-1d7c4b3b7a1a tempest-VolumeServicesNegativeTest-280961589 tempest-VolumeServicesNegativeTest-280961589-project-admin] http://10.222.0.60/volume/v3/285a3c641fda4de6b73e5345cccc513d/os-services/thaw returned with HTTP 400
May 04 08:18:56.025296 dv-cinder-840289-4-smb devstack@c-api.service[110414]: [pid: 110414|app: 0|req: 195/434] 10.222.0.60 () {60 vars in 1260 bytes} [Wed May 4 08:18:55 2022] PUT /volume/v3/285a3c641fda4de6b73e5345cccc513d/os-services/thaw => generated 83 bytes in 31 msecs (HTTP/1.1 400) 7 headers in 293 bytes (1 switches on core 0)
May 04 08:18:56.044230 dv-cinder-840289-4-smb devstack@c-api.service[110415]: INFO cinder.api.openstack.wsgi [None req-320abe9d-fb5d-4a26-8f94-7888ff237be8 tempest-GroupSnapshotsTest-989253783 tempest-GroupSnapshotsTest-989253783-project] http://10.222.0.60/volume/v3/fae65a0126a94ea4868cfbfd95b889b4/volumes/detail returned with HTTP 200
May 04 08:18:56.045121 dv-cinder-840289-4-smb devstack@c-api.service[110415]: [pid: 110415|app: 0|req: 240/435] 10.222.0.60 () {60 vars in 1275 bytes} [Wed May 4 08:18:55 2022] GET /volume/v3/fae65a0126a94ea4868cfbfd95b889b4/volumes/detail => generated 1002 bytes in 152 msecs (HTTP/1.1 200) 7 headers in 287 bytes (1 switches on core 0)
May 04 08:18:56.059005 dv-cinder-840289-4-smb devstack@c-api.service[110414]: DEBUG cinder.api.middleware.request_id [None req-328b73f6-9cdf-4a29-8cf1-f5a3088d2715 None None] RequestId filter calling following filter/app {{(pid=110414) _context_setter /opt/stack/cinder/cinder/api/middleware/request_id.py:62}}
May 04 08:18:56.068008 dv-cinder-840289-4-smb devstack@c-api.service[110414]: INFO cinder.api.openstack.wsgi [None req-328b73f6-9cdf-4a29-8cf1-f5a3088d2715 tempest-GroupSnapshotsTest-989253783 tempest-GroupSnapshotsTest-989253783-project] POST http://10.222.0.60/volume/v3/fae65a0126a94ea4868cfbfd95b889b4/groups/02885b84-13ac-4e58-94d1-1e90f734c415/action
May 04 08:18:56.068224 dv-cinder-840289-4-smb devstack@c-api.service[110414]: DEBUG cinder.api.openstack.wsgi [None req-328b73f6-9cdf-4a29-8cf1-f5a3088d2715 tempest-GroupSnapshotsTest-989253783 tempest-GroupSnapshotsTest-989253783-project] Action body: b'{"delete": {"delete-volumes": true}}' {{(pid=110414) get_method /opt/stack/cinder/cinder/api/openstack/wsgi.py:983}}
May 04 08:18:56.068413 dv-cinder-840289-4-smb devstack@c-api.service[110414]: DEBUG cinder.api.openstack.wsgi [None req-328b73f6-9cdf-4a29-8cf1-f5a3088d2715 tempest-GroupSnapshotsTest-989253783 tempest-GroupSnapshotsTest-989253783-project] Action: 'action', calling method: delete_group, body: {"delete": {"delete-volumes": true}} {{(pid=110414) _process_stack /opt/stack/cinder/cinder/api/openstack/wsgi.py:866}}
May 04 08:18:56.069246 dv-cinder-840289-4-smb devstack@c-api.service[110414]: DEBUG cinder.api.v3.groups [None req-328b73f6-9cdf-4a29-8cf1-f5a3088d2715 tempest-GroupSnapshotsTest-989253783 tempest-GroupSnapshotsTest-989253783-project] delete called for group 02885b84-13ac-4e58-94d1-1e90f734c415 {{(pid=110414) _delete /opt/stack/cinder/cinder/api/v3/groups.py:117}}
May 04 08:18:56.069598 dv-cinder-840289-4-smb devstack@c-api.service[110414]: INFO cinder.api.v3.groups [None req-328b73f6-9cdf-4a29-8cf1-f5a3088d2715 tempest-GroupSnapshotsTest-989253783 tempest-GroupSnapshotsTest-989253783-project] Delete group with id: 02885b84-13ac-4e58-94d1-1e90f734c415
May 04 08:18:56.076136 dv-cinder-840289-4-smb devstack@c-api.service[110414]: /usr/local/lib/python3.8/dist-packages/oslo_context/context.py:100: DeprecationWarning: Policy enforcement is depending on the value of is_admin. This key is deprecated. Please update your policy file to use the standard policy values.
May 04 08:18:56.076136 dv-cinder-840289-4-smb devstack@c-api.service[110414]: warnings.warn('Policy enforcement is depending on the value of '
May 04 08:18:56.142836 dv-cinder-840289-4-smb devstack@c-api.service[110414]: INFO cinder.api.openstack.wsgi [None req-328b73f6-9cdf-4a29-8cf1-f5a3088d2715 tempest-GroupSnapshotsTest-989253783 tempest-GroupSnapshotsTest-989253783-project] http://10.222.0.60/volume/v3/fae65a0126a94ea4868cfbfd95b889b4/groups/02885b84-13ac-4e58-94d1-1e90f734c415/action returned with HTTP 202
May 04 08:18:56.147049 dv-cinder-840289-4-smb devstack@c-api.service[110414]: [pid: 110414|app: 0|req: 196/436] 10.222.0.60 () {62 vars in 1404 bytes} [Wed May 4 08:18:56 2022] POST /volume/v3/fae65a0126a94ea4868cfbfd95b889b4/groups/02885b84-13ac-4e58-94d1-1e90f734c415/action => generated 0 bytes in 86 msecs (HTTP/1.1 202) 6 headers in 234 bytes (2 switches on core 0)
May 04 08:18:56.148884 dv-cinder-840289-4-smb devstack@c-api.service[110415]: DEBUG cinder.api.middleware.request_id [None req-e12850b4-1a52-42d8-a20f-94b752d39a12 None None] RequestId filter calling following filter/app {{(pid=110415) _context_setter /opt/stack/cinder/cinder/api/middleware/request_id.py:62}}
May 04 08:18:56.153376 dv-cinder-840289-4-smb devstack@c-api.service[110415]: INFO cinder.api.openstack.wsgi [None req-e12850b4-1a52-42d8-a20f-94b752d39a12 tempest-GroupSnapshotsTest-989253783 tempest-GroupSnapshotsTest-989253783-project] GET http://10.222.0.60/volume/v3/fae65a0126a94ea4868cfbfd95b889b4/volumes/992c3134-47fb-42b6-bbdd-ffa452d1cf83
May 04 08:18:56.154128 dv-cinder-840289-4-smb devstack@c-api.service[110415]: DEBUG cinder.api.openstack.wsgi [None req-e12850b4-1a52-42d8-a20f-94b752d39a12 tempest-GroupSnapshotsTest-989253783 tempest-GroupSnapshotsTest-989253783-project] Empty body provided in request {{(pid=110415) get_body /opt/stack/cinder/cinder/api/openstack/wsgi.py:715}}
May 04 08:18:56.154812 dv-cinder-840289-4-smb devstack@c-api.service[110415]: DEBUG cinder.api.openstack.wsgi [None req-e12850b4-1a52-42d8-a20f-94b752d39a12 tempest-GroupSnapshotsTest-989253783 tempest-GroupSnapshotsTest-989253783-project] Calling method 'show' {{(pid=110415) _process_stack /opt/stack/cinder/cinder/api/openstack/wsgi.py:868}}
May 04 08:18:56.172575 dv-cinder-840289-4-smb devstack@c-api.service[110415]: /usr/local/lib/python3.8/dist-packages/oslo_context/context.py:100: DeprecationWarning: Policy enforcement is depending on the value of is_admin. This key is deprecated. Please update your policy file to use the standard policy values.
May 04 08:18:56.172575 dv-cinder-840289-4-smb devstack@c-api.service[110415]: warnings.warn('Policy enforcement is depending on the value of '
May 04 08:18:56.180873 dv-cinder-840289-4-smb devstack@c-api.service[110415]: INFO cinder.volume.api [None req-e12850b4-1a52-42d8-a20f-94b752d39a12 tempest-GroupSnapshotsTest-989253783 tempest-GroupSnapshotsTest-989253783-project] Volume info retrieved successfully.
May 04 08:18:56.182279 dv-cinder-840289-4-smb devstack@c-api.service[110415]: WARNING stevedore.named [None req-e12850b4-1a52-42d8-a20f-94b752d39a12 tempest-GroupSnapshotsTest-989253783 tempest-GroupSnapshotsTest-989253783-project] Could not load cinder.keymgr.conf_key_mgr.ConfKeyManager
May 04 08:18:56.182738 dv-cinder-840289-4-smb devstack@c-api.service[110415]: WARNING castellan.key_manager [None req-e12850b4-1a52-42d8-a20f-94b752d39a12 tempest-GroupSnapshotsTest-989253783 tempest-GroupSnapshotsTest-989253783-project] Deprecation Warning : cinder.keymgr.conf_key_mgr.ConfKeyManager is not a stevedore based driver, trying to load it as a class: stevedore.exception.NoMatches: No 'castellan.drivers' driver found, looking for 'cinder.keymgr.conf_key_mgr.ConfKeyManager'
May 04 08:18:56.189954 dv-cinder-840289-4-smb devstack@c-api.service[110415]: DEBUG oslo_db.sqlalchemy.engines [None req-e12850b4-1a52-42d8-a20f-94b752d39a12 tempest-GroupSnapshotsTest-989253783 tempest-GroupSnapshotsTest-989253783-project] MySQL server mode set to STRICT_TRANS_TABLES,STRICT_ALL_TABLES,NO_ZERO_IN_DATE,NO_ZERO_DATE,ERROR_FOR_DIVISION_BY_ZERO,TRADITIONAL,NO_ENGINE_SUBSTITUTION {{(pid=110415) _check_effective_sql_mode /usr/local/lib/python3.8/dist-packages/oslo_db/sqlalchemy/engines.py:314}}
May 04 08:18:56.195512 dv-cinder-840289-4-smb devstack@c-api.service[110415]: /usr/local/lib/python3.8/dist-packages/oslo_context/context.py:100: DeprecationWarning: Policy enforcement is depending on the value of is_admin. This key is deprecated. Please update your policy file to use the standard policy values.
May 04 08:18:56.195512 dv-cinder-840289-4-smb devstack@c-api.service[110415]: warnings.warn('Policy enforcement is depending on the value of '
May 04 08:18:56.210732 dv-cinder-840289-4-smb devstack@c-api.service[110415]: INFO cinder.api.openstack.wsgi [None req-e12850b4-1a52-42d8-a20f-94b752d39a12 tempest-GroupSnapshotsTest-989253783 tempest-GroupSnapshotsTest-989253783-project] http://10.222.0.60/volume/v3/fae65a0126a94ea4868cfbfd95b889b4/volumes/992c3134-47fb-42b6-bbdd-ffa452d1cf83 returned with HTTP 200
May 04 08:18:56.211655 dv-cinder-840289-4-smb devstack@c-api.service[110415]: [pid: 110415|app: 0|req: 241/437] 10.222.0.60 () {60 vars in 1365 bytes} [Wed May 4 08:18:56 2022] GET /volume/v3/fae65a0126a94ea4868cfbfd95b889b4/volumes/992c3134-47fb-42b6-bbdd-ffa452d1cf83 => generated 998 bytes in 64 msecs (HTTP/1.1 200) 7 headers in 286 bytes (1 switches on core 0)
May 04 08:18:56.406511 dv-cinder-840289-4-smb devstack@c-api.service[110414]: DEBUG cinder.api.middleware.request_id [None req-cfaf6d87-ae04-4f27-87f1-c45c093299ad None None] RequestId filter calling following filter/app {{(pid=110414) _context_setter /opt/stack/cinder/cinder/api/middleware/request_id.py:62}}
May 04 08:18:56.529216 dv-cinder-840289-4-smb devstack@c-api.service[110414]: INFO cinder.api.openstack.wsgi [None req-cfaf6d87-ae04-4f27-87f1-c45c093299ad tempest-GroupTypeSpecsTest-1002350242 tempest-GroupTypeSpecsTest-1002350242-project-admin] POST http://10.222.0.60/volume/v3/ffe2698dc9b948fcb64469a550d3f166/group_types
May 04 08:18:56.529975 dv-cinder-840289-4-smb devstack@c-api.service[110414]: DEBUG cinder.api.openstack.wsgi [None req-cfaf6d87-ae04-4f27-87f1-c45c093299ad tempest-GroupTypeSpecsTest-1002350242 tempest-GroupTypeSpecsTest-1002350242-project-admin] Action: 'create', calling method: version_select, body: {"group_type": {"name": "tempest-GroupTypeSpecsTest-group-type-662483133"}} {{(pid=110414) _process_stack /opt/stack/cinder/cinder/api/openstack/wsgi.py:866}}
May 04 08:18:56.552251 dv-cinder-840289-4-smb devstack@c-api.service[110414]: INFO cinder.api.openstack.wsgi [None req-cfaf6d87-ae04-4f27-87f1-c45c093299ad tempest-GroupTypeSpecsTest-1002350242 tempest-GroupTypeSpecsTest-1002350242-project-admin] http://10.222.0.60/volume/v3/ffe2698dc9b948fcb64469a550d3f166/group_types returned with HTTP 202
May 04 08:18:56.553639 dv-cinder-840289-4-smb devstack@c-api.service[110414]: [pid: 110414|app: 0|req: 197/438] 10.222.0.60 () {62 vars in 1287 bytes} [Wed May 4 08:18:56 2022] POST /volume/v3/ffe2698dc9b948fcb64469a550d3f166/group_types => generated 180 bytes in 148 msecs (HTTP/1.1 202) 7 headers in 292 bytes (1 switches on core 0)
May 04 08:18:56.560722 dv-cinder-840289-4-smb devstack@c-api.service[110415]: DEBUG cinder.api.middleware.request_id [None req-60ea6380-3805-4884-ab0f-04dd684b747a None None] RequestId filter calling following filter/app {{(pid=110415) _context_setter /opt/stack/cinder/cinder/api/middleware/request_id.py:62}}
May 04 08:18:56.565799 dv-cinder-840289-4-smb devstack@c-api.service[110415]: INFO cinder.api.openstack.wsgi [None req-60ea6380-3805-4884-ab0f-04dd684b747a tempest-GroupTypeSpecsTest-1002350242 tempest-GroupTypeSpecsTest-1002350242-project-admin] POST http://10.222.0.60/volume/v3/ffe2698dc9b948fcb64469a550d3f166/group_types/67123228-e723-49ca-b04d-9a5cfc89c1e5/group_specs
May 04 08:18:56.566627 dv-cinder-840289-4-smb devstack@c-api.service[110415]: DEBUG cinder.api.openstack.wsgi [None req-60ea6380-3805-4884-ab0f-04dd684b747a tempest-GroupTypeSpecsTest-1002350242 tempest-GroupTypeSpecsTest-1002350242-project-admin] Action: 'create', calling method: version_select, body: {"group_specs": {"key1": "value1", "key2": "value2"}} {{(pid=110415) _process_stack /opt/stack/cinder/cinder/api/openstack/wsgi.py:866}}
May 04 08:18:56.589951 dv-cinder-840289-4-smb devstack@c-api.service[110415]: INFO cinder.api.openstack.wsgi [None req-60ea6380-3805-4884-ab0f-04dd684b747a tempest-GroupTypeSpecsTest-1002350242 tempest-GroupTypeSpecsTest-1002350242-project-admin] http://10.222.0.60/volume/v3/ffe2698dc9b948fcb64469a550d3f166/group_types/67123228-e723-49ca-b04d-9a5cfc89c1e5/group_specs returned with HTTP 202
May 04 08:18:56.590824 dv-cinder-840289-4-smb devstack@c-api.service[110415]: [pid: 110415|app: 0|req: 242/439] 10.222.0.60 () {62 vars in 1434 bytes} [Wed May 4 08:18:56 2022] POST /volume/v3/ffe2698dc9b948fcb64469a550d3f166/group_types/67123228-e723-49ca-b04d-9a5cfc89c1e5/group_specs => generated 53 bytes in 31 msecs (HTTP/1.1 202) 7 headers in 291 bytes (1 switches on core 0)
May 04 08:18:56.597124 dv-cinder-840289-4-smb devstack@c-api.service[110414]: DEBUG cinder.api.middleware.request_id [None req-302e7c12-9fce-4383-8ca4-90e487ccc362 None None] RequestId filter calling following filter/app {{(pid=110414) _context_setter /opt/stack/cinder/cinder/api/middleware/request_id.py:62}}
May 04 08:18:56.601469 dv-cinder-840289-4-smb devstack@c-api.service[110414]: INFO cinder.api.openstack.wsgi [None req-302e7c12-9fce-4383-8ca4-90e487ccc362 tempest-GroupTypeSpecsTest-1002350242 tempest-GroupTypeSpecsTest-1002350242-project-admin] POST http://10.222.0.60/volume/v3/ffe2698dc9b948fcb64469a550d3f166/group_types/67123228-e723-49ca-b04d-9a5cfc89c1e5/group_specs
May 04 08:18:56.602296 dv-cinder-840289-4-smb devstack@c-api.service[110414]: DEBUG cinder.api.openstack.wsgi [None req-302e7c12-9fce-4383-8ca4-90e487ccc362 tempest-GroupTypeSpecsTest-1002350242 tempest-GroupTypeSpecsTest-1002350242-project-admin] Action: 'create', calling method: version_select, body: {"group_specs": {"key2": "value2-updated", "key3": "value3"}} {{(pid=110414) _process_stack /opt/stack/cinder/cinder/api/openstack/wsgi.py:866}}
May 04 08:18:56.626969 dv-cinder-840289-4-smb devstack@c-api.service[110414]: INFO cinder.api.openstack.wsgi [None req-302e7c12-9fce-4383-8ca4-90e487ccc362 tempest-GroupTypeSpecsTest-1002350242 tempest-GroupTypeSpecsTest-1002350242-project-admin] http://10.222.0.60/volume/v3/ffe2698dc9b948fcb64469a550d3f166/group_types/67123228-e723-49ca-b04d-9a5cfc89c1e5/group_specs returned with HTTP 202
May 04 08:18:56.628568 dv-cinder-840289-4-smb devstack@c-api.service[110414]: [pid: 110414|app: 0|req: 198/440] 10.222.0.60 () {62 vars in 1434 bytes} [Wed May 4 08:18:56 2022] POST /volume/v3/ffe2698dc9b948fcb64469a550d3f166/group_types/67123228-e723-49ca-b04d-9a5cfc89c1e5/group_specs => generated 61 bytes in 33 msecs (HTTP/1.1 202) 7 headers in 291 bytes (2 switches on core 0)
May 04 08:18:56.634228 dv-cinder-840289-4-smb devstack@c-api.service[110415]: DEBUG cinder.api.middleware.request_id [None req-8ed24fc5-f0b9-4bb0-8a5a-7f42e46f1abf None None] RequestId filter calling following filter/app {{(pid=110415) _context_setter /opt/stack/cinder/cinder/api/middleware/request_id.py:62}}
May 04 08:18:56.638104 dv-cinder-840289-4-smb devstack@c-api.service[110415]: INFO cinder.api.openstack.wsgi [None req-8ed24fc5-f0b9-4bb0-8a5a-7f42e46f1abf tempest-GroupTypeSpecsTest-1002350242 tempest-GroupTypeSpecsTest-1002350242-project-admin] GET http://10.222.0.60/volume/v3/ffe2698dc9b948fcb64469a550d3f166/group_types/67123228-e723-49ca-b04d-9a5cfc89c1e5/group_specs/key2
