May 04 08:02:29.509131 dv-cinder-840289-4-iscsi devstack@keystone.service[80097]: DEBUG keystone.server.flask.request_processing.middleware.auth_context [None req-52d6b773-96bd-48cc-a290-37771e5f4e69 None None] Authenticating user token {{(pid=80097) process_request /usr/local/lib/python3.8/dist-packages/keystonemiddleware/auth_token/__init__.py:407}}
May 04 08:02:29.510658 dv-cinder-840289-4-iscsi devstack@keystone.service[80098]: DEBUG keystone.server.flask.request_processing.middleware.auth_context [None req-be7b7c34-ecab-43f5-b8c0-936edc9c0cbb None admin] Validating token access rules against request {{(pid=80098) validate_allowed_request /usr/local/lib/python3.8/dist-packages/keystonemiddleware/auth_token/__init__.py:545}}
May 04 08:02:29.556893 dv-cinder-840289-4-iscsi devstack@keystone.service[80098]: DEBUG keystone.server.flask.request_processing.middleware.auth_context [None req-17d652da-a9ff-48f8-9f65-20b4d6fb3388 None admin] RBAC: auth_context: {'token': , 'domain_id': None, 'trust_id': None, 'trustor_id': None, 'trustee_id': None, 'domain_name': None, 'group_ids': [], 'user_id': '9f5e493603104e09ac10fad9a8d68de4', 'user_domain_id': 'default', 'system_scope': 'all', 'project_id': None, 'project_domain_id': None, 'roles': ['admin', 'member', 'reader'], 'is_admin_project': True, 'service_user_id': None, 'service_user_domain_id': None, 'service_project_id': None, 'service_project_domain_id': None, 'service_roles': []} {{(pid=80098) fill_context /opt/stack/keystone/keystone/server/flask/request_processing/middleware/auth_context.py:478}}
May 04 08:02:29.557813 dv-cinder-840289-4-iscsi devstack@keystone.service[80098]: DEBUG keystone.server.flask.request_processing.req_logging [None req-17d652da-a9ff-48f8-9f65-20b4d6fb3388 None admin] REQUEST_METHOD: `GET` {{(pid=80098) log_request_info /opt/stack/keystone/keystone/server/flask/request_processing/req_logging.py:27}}
May 04 08:02:29.558098 dv-cinder-840289-4-iscsi devstack@keystone.service[80098]: DEBUG keystone.server.flask.request_processing.req_logging [None req-17d652da-a9ff-48f8-9f65-20b4d6fb3388 None admin] SCRIPT_NAME: `/identity` {{(pid=80098) log_request_info /opt/stack/keystone/keystone/server/flask/request_processing/req_logging.py:28}}
May 04 08:02:29.558370 dv-cinder-840289-4-iscsi devstack@keystone.service[80098]: DEBUG keystone.server.flask.request_processing.req_logging [None req-17d652da-a9ff-48f8-9f65-20b4d6fb3388 None admin] PATH_INFO: `/v3/users/2f8c24b453894f579969b8c2672d5388` {{(pid=80098) log_request_info /opt/stack/keystone/keystone/server/flask/request_processing/req_logging.py:29}}
May 04 08:02:29.560216 dv-cinder-840289-4-iscsi devstack@keystone.service[80098]: DEBUG keystone.common.rbac_enforcer.enforcer [None req-17d652da-a9ff-48f8-9f65-20b4d6fb3388 None admin] RBAC: Authorizing `identity:get_user(user_id=2f8c24b453894f579969b8c2672d5388)` {{(pid=80098) enforce_call /opt/stack/keystone/keystone/common/rbac_enforcer/enforcer.py:449}}
May 04 08:02:29.561695 dv-cinder-840289-4-iscsi devstack@keystone.service[80098]: DEBUG keystone.common.rbac_enforcer.enforcer [None req-17d652da-a9ff-48f8-9f65-20b4d6fb3388 None admin] RBAC: Authorization granted {{(pid=80098) enforce_call /opt/stack/keystone/keystone/common/rbac_enforcer/enforcer.py:457}}
May 04 08:02:29.563481 dv-cinder-840289-4-iscsi devstack@keystone.service[80098]: [pid: 80098|app: 0|req: 187/354] 10.222.0.59 () {56 vars in 1177 bytes} [Wed May 4 08:02:29 2022] GET /identity/v3/users/2f8c24b453894f579969b8c2672d5388 => generated 293 bytes in 192 msecs (HTTP/1.1 200) 5 headers in 177 bytes (1 switches on core 0)
May 04 08:02:29.564233 dv-cinder-840289-4-iscsi devstack@keystone.service[80098]: DEBUG keystone.server.flask.request_processing.middleware.auth_context [None req-17d652da-a9ff-48f8-9f65-20b4d6fb3388 None admin] Authenticating user token {{(pid=80098) process_request /usr/local/lib/python3.8/dist-packages/keystonemiddleware/auth_token/__init__.py:407}}
May 04 08:02:29.646999 dv-cinder-840289-4-iscsi devstack@keystone.service[80097]: DEBUG keystone.server.flask.request_processing.middleware.auth_context [None req-52d6b773-96bd-48cc-a290-37771e5f4e69 None None] Validating token access rules against request {{(pid=80097) validate_allowed_request /usr/local/lib/python3.8/dist-packages/keystonemiddleware/auth_token/__init__.py:545}}
May 04 08:02:29.686054 dv-cinder-840289-4-iscsi devstack@keystone.service[80097]: DEBUG keystone.server.flask.request_processing.middleware.auth_context [None req-ae3fec26-f8b0-4d4e-8aad-7de0aa14c9ab None admin] RBAC: auth_context: {'token': , 'domain_id': None, 'trust_id': None, 'trustor_id': None, 'trustee_id': None, 'domain_name': None, 'group_ids': [], 'user_id': '9f5e493603104e09ac10fad9a8d68de4', 'user_domain_id': 'default', 'system_scope': 'all', 'project_id': None, 'project_domain_id': None, 'roles': ['admin', 'member', 'reader'], 'is_admin_project': True, 'service_user_id': None, 'service_user_domain_id': None, 'service_project_id': None, 'service_project_domain_id': None, 'service_roles': []} {{(pid=80097) fill_context /opt/stack/keystone/keystone/server/flask/request_processing/middleware/auth_context.py:478}}
May 04 08:02:29.686704 dv-cinder-840289-4-iscsi devstack@keystone.service[80097]: DEBUG keystone.server.flask.request_processing.req_logging [None req-ae3fec26-f8b0-4d4e-8aad-7de0aa14c9ab None admin] REQUEST_METHOD: `GET` {{(pid=80097) log_request_info /opt/stack/keystone/keystone/server/flask/request_processing/req_logging.py:27}}
May 04 08:02:29.687110 dv-cinder-840289-4-iscsi devstack@keystone.service[80097]: DEBUG keystone.server.flask.request_processing.req_logging [None req-ae3fec26-f8b0-4d4e-8aad-7de0aa14c9ab None admin] SCRIPT_NAME: `/identity` {{(pid=80097) log_request_info /opt/stack/keystone/keystone/server/flask/request_processing/req_logging.py:28}}
May 04 08:02:29.687378 dv-cinder-840289-4-iscsi devstack@keystone.service[80097]: DEBUG keystone.server.flask.request_processing.req_logging [None req-ae3fec26-f8b0-4d4e-8aad-7de0aa14c9ab None admin] PATH_INFO: `/v3/auth/tokens` {{(pid=80097) log_request_info /opt/stack/keystone/keystone/server/flask/request_processing/req_logging.py:29}}
May 04 08:02:29.689179 dv-cinder-840289-4-iscsi devstack@keystone.service[80098]: DEBUG keystone.server.flask.request_processing.middleware.auth_context [None req-17d652da-a9ff-48f8-9f65-20b4d6fb3388 None admin] Validating token access rules against request {{(pid=80098) validate_allowed_request /usr/local/lib/python3.8/dist-packages/keystonemiddleware/auth_token/__init__.py:545}}
May 04 08:02:29.733790 dv-cinder-840289-4-iscsi devstack@keystone.service[80098]: DEBUG keystone.server.flask.request_processing.middleware.auth_context [None req-34c0e18c-823a-4d75-93e0-edbda4af3183 None admin] RBAC: auth_context: {'token': , 'domain_id': None, 'trust_id': None, 'trustor_id': None, 'trustee_id': None, 'domain_name': None, 'group_ids': [], 'user_id': '9f5e493603104e09ac10fad9a8d68de4', 'user_domain_id': 'default', 'system_scope': 'all', 'project_id': None, 'project_domain_id': None, 'roles': ['admin', 'member', 'reader'], 'is_admin_project': True, 'service_user_id': None, 'service_user_domain_id': None, 'service_project_id': None, 'service_project_domain_id': None, 'service_roles': []} {{(pid=80098) fill_context /opt/stack/keystone/keystone/server/flask/request_processing/middleware/auth_context.py:478}}
May 04 08:02:29.734487 dv-cinder-840289-4-iscsi devstack@keystone.service[80098]: DEBUG keystone.server.flask.request_processing.req_logging [None req-34c0e18c-823a-4d75-93e0-edbda4af3183 None admin] REQUEST_METHOD: `GET` {{(pid=80098) log_request_info /opt/stack/keystone/keystone/server/flask/request_processing/req_logging.py:27}}
May 04 08:02:29.734769 dv-cinder-840289-4-iscsi devstack@keystone.service[80098]: DEBUG keystone.server.flask.request_processing.req_logging [None req-34c0e18c-823a-4d75-93e0-edbda4af3183 None admin] SCRIPT_NAME: `/identity` {{(pid=80098) log_request_info /opt/stack/keystone/keystone/server/flask/request_processing/req_logging.py:28}}
May 04 08:02:29.735112 dv-cinder-840289-4-iscsi devstack@keystone.service[80098]: DEBUG keystone.server.flask.request_processing.req_logging [None req-34c0e18c-823a-4d75-93e0-edbda4af3183 None admin] PATH_INFO: `/v3/role_assignments` {{(pid=80098) log_request_info /opt/stack/keystone/keystone/server/flask/request_processing/req_logging.py:29}}
May 04 08:02:29.735924 dv-cinder-840289-4-iscsi devstack@keystone.service[80098]: DEBUG keystone.common.rbac_enforcer.enforcer [None req-34c0e18c-823a-4d75-93e0-edbda4af3183 None admin] RBAC: Adding query filter params (group.id=bfe61cb002b64dada667579ad3798431, role.id=0f86d21e44a34c5c9fc395e47e3878ec, scope.project.id=6a34e27a9e9c4905968993041711ccdb) {{(pid=80098) _extract_filter_values /opt/stack/keystone/keystone/common/rbac_enforcer/enforcer.py:167}}
May 04 08:02:29.736230 dv-cinder-840289-4-iscsi devstack@keystone.service[80098]: DEBUG keystone.common.rbac_enforcer.enforcer [None req-34c0e18c-823a-4d75-93e0-edbda4af3183 None admin] RBAC: Authorizing `identity:list_role_assignments()` {{(pid=80098) enforce_call /opt/stack/keystone/keystone/common/rbac_enforcer/enforcer.py:449}}
May 04 08:02:29.737675 dv-cinder-840289-4-iscsi devstack@keystone.service[80098]: DEBUG keystone.common.rbac_enforcer.enforcer [None req-34c0e18c-823a-4d75-93e0-edbda4af3183 None admin] RBAC: Authorization granted {{(pid=80098) enforce_call /opt/stack/keystone/keystone/common/rbac_enforcer/enforcer.py:457}}
May 04 08:02:29.745633 dv-cinder-840289-4-iscsi devstack@keystone.service[80098]: [pid: 80098|app: 0|req: 188/355] 10.222.0.59 () {56 vars in 1376 bytes} [Wed May 4 08:02:29 2022] GET /identity/v3/role_assignments?group.id=bfe61cb002b64dada667579ad3798431&scope.project.id=6a34e27a9e9c4905968993041711ccdb&role.id=0f86d21e44a34c5c9fc395e47e3878ec => generated 260 bytes in 181 msecs (HTTP/1.1 200) 5 headers in 177 bytes (1 switches on core 0)
May 04 08:02:29.746144 dv-cinder-840289-4-iscsi devstack@keystone.service[80098]: DEBUG keystone.server.flask.request_processing.req_logging [None req-bf0617d6-6e28-43b8-995d-0237c397d77c None None] REQUEST_METHOD: `POST` {{(pid=80098) log_request_info /opt/stack/keystone/keystone/server/flask/request_processing/req_logging.py:27}}
May 04 08:02:29.746426 dv-cinder-840289-4-iscsi devstack@keystone.service[80098]: DEBUG keystone.server.flask.request_processing.req_logging [None req-bf0617d6-6e28-43b8-995d-0237c397d77c None None] SCRIPT_NAME: `/identity` {{(pid=80098) log_request_info /opt/stack/keystone/keystone/server/flask/request_processing/req_logging.py:28}}
May 04 08:02:29.746700 dv-cinder-840289-4-iscsi devstack@keystone.service[80098]: DEBUG keystone.server.flask.request_processing.req_logging [None req-bf0617d6-6e28-43b8-995d-0237c397d77c None None] PATH_INFO: `/v3/auth/tokens` {{(pid=80098) log_request_info /opt/stack/keystone/keystone/server/flask/request_processing/req_logging.py:29}}
May 04 08:02:29.764599 dv-cinder-840289-4-iscsi devstack@keystone.service[80098]: DEBUG keystone.auth.core [None req-bf0617d6-6e28-43b8-995d-0237c397d77c None None] MFA Rules not processed for user `9f5e493603104e09ac10fad9a8d68de4`. Rule list: `[]` (Enabled: `True`). {{(pid=80098) check_auth_methods_against_rules /opt/stack/keystone/keystone/auth/core.py:438}}
May 04 08:02:29.765883 dv-cinder-840289-4-iscsi devstack@keystone.service[80098]: DEBUG keystone.common.fernet_utils [None req-bf0617d6-6e28-43b8-995d-0237c397d77c None None] Loaded 2 Fernet keys from /etc/keystone/fernet-keys/, but `[fernet_tokens] max_active_keys = 3`; perhaps there have not been enough key rotations to reach `max_active_keys` yet? {{(pid=80098) load_keys /opt/stack/keystone/keystone/common/fernet_utils.py:286}}
May 04 08:02:29.773653 dv-cinder-840289-4-iscsi devstack@keystone.service[80097]: DEBUG keystone.common.rbac_enforcer.enforcer [None req-ae3fec26-f8b0-4d4e-8aad-7de0aa14c9ab None admin] RBAC: Authorizing `identity:validate_token()` {{(pid=80097) enforce_call /opt/stack/keystone/keystone/common/rbac_enforcer/enforcer.py:449}}
May 04 08:02:29.775988 dv-cinder-840289-4-iscsi devstack@keystone.service[80097]: DEBUG keystone.common.rbac_enforcer.enforcer [None req-ae3fec26-f8b0-4d4e-8aad-7de0aa14c9ab None admin] RBAC: Authorization granted {{(pid=80097) enforce_call /opt/stack/keystone/keystone/common/rbac_enforcer/enforcer.py:457}}
May 04 08:02:29.852183 dv-cinder-840289-4-iscsi devstack@keystone.service[80098]: [pid: 80098|app: 0|req: 189/356] 10.222.0.59 () {58 vars in 1023 bytes} [Wed May 4 08:02:29 2022] POST /identity/v3/auth/tokens => generated 799 bytes in 103 msecs (HTTP/1.1 201) 6 headers in 363 bytes (1 switches on core 0)
May 04 08:02:29.852183 dv-cinder-840289-4-iscsi devstack@keystone.service[80098]: DEBUG keystone.server.flask.request_processing.middleware.auth_context [None req-bf0617d6-6e28-43b8-995d-0237c397d77c None None] Authenticating user token {{(pid=80098) process_request /usr/local/lib/python3.8/dist-packages/keystonemiddleware/auth_token/__init__.py:407}}
May 04 08:02:29.917873 dv-cinder-840289-4-iscsi devstack@keystone.service[80097]: [pid: 80097|app: 0|req: 168/357] 10.222.0.59 () {58 vars in 1282 bytes} [Wed May 4 08:02:29 2022] GET /identity/v3/auth/tokens => generated 799 bytes in 409 msecs (HTTP/1.1 200) 6 headers in 358 bytes (1 switches on core 0)
May 04 08:02:29.919462 dv-cinder-840289-4-iscsi devstack@keystone.service[80097]: DEBUG keystone.server.flask.request_processing.middleware.auth_context [None req-ae3fec26-f8b0-4d4e-8aad-7de0aa14c9ab None admin] Authenticating user token {{(pid=80097) process_request /usr/local/lib/python3.8/dist-packages/keystonemiddleware/auth_token/__init__.py:407}}
May 04 08:02:29.993378 dv-cinder-840289-4-iscsi devstack@keystone.service[80098]: DEBUG keystone.server.flask.request_processing.middleware.auth_context [None req-bf0617d6-6e28-43b8-995d-0237c397d77c None None] Validating token access rules against request {{(pid=80098) validate_allowed_request /usr/local/lib/python3.8/dist-packages/keystonemiddleware/auth_token/__init__.py:545}}
May 04 08:02:30.030776 dv-cinder-840289-4-iscsi devstack@keystone.service[80097]: DEBUG keystone.server.flask.request_processing.middleware.auth_context [None req-ae3fec26-f8b0-4d4e-8aad-7de0aa14c9ab None admin] Validating token access rules against request {{(pid=80097) validate_allowed_request /usr/local/lib/python3.8/dist-packages/keystonemiddleware/auth_token/__init__.py:545}}
May 04 08:02:30.032538 dv-cinder-840289-4-iscsi devstack@keystone.service[80098]: DEBUG keystone.server.flask.request_processing.middleware.auth_context [None req-4741c87c-925a-4bd1-b387-a7aab20f3b05 None admin] RBAC: auth_context: {'token': , 'domain_id': None, 'trust_id': None, 'trustor_id': None, 'trustee_id': None, 'domain_name': None, 'group_ids': [], 'user_id': '9f5e493603104e09ac10fad9a8d68de4', 'user_domain_id': 'default', 'system_scope': 'all', 'project_id': None, 'project_domain_id': None, 'roles': ['admin', 'member', 'reader'], 'is_admin_project': True, 'service_user_id': None, 'service_user_domain_id': None, 'service_project_id': None, 'service_project_domain_id': None, 'service_roles': []} {{(pid=80098) fill_context /opt/stack/keystone/keystone/server/flask/request_processing/middleware/auth_context.py:478}}
May 04 08:02:30.033415 dv-cinder-840289-4-iscsi devstack@keystone.service[80098]: DEBUG keystone.server.flask.request_processing.req_logging [None req-4741c87c-925a-4bd1-b387-a7aab20f3b05 None admin] REQUEST_METHOD: `GET` {{(pid=80098) log_request_info /opt/stack/keystone/keystone/server/flask/request_processing/req_logging.py:27}}
May 04 08:02:30.033711 dv-cinder-840289-4-iscsi devstack@keystone.service[80098]: DEBUG keystone.server.flask.request_processing.req_logging [None req-4741c87c-925a-4bd1-b387-a7aab20f3b05 None admin] SCRIPT_NAME: `/identity` {{(pid=80098) log_request_info /opt/stack/keystone/keystone/server/flask/request_processing/req_logging.py:28}}
May 04 08:02:30.034081 dv-cinder-840289-4-iscsi devstack@keystone.service[80098]: DEBUG keystone.server.flask.request_processing.req_logging [None req-4741c87c-925a-4bd1-b387-a7aab20f3b05 None admin] PATH_INFO: `/v3/roles` {{(pid=80098) log_request_info /opt/stack/keystone/keystone/server/flask/request_processing/req_logging.py:29}}
May 04 08:02:30.035323 dv-cinder-840289-4-iscsi devstack@keystone.service[80098]: DEBUG keystone.common.rbac_enforcer.enforcer [None req-4741c87c-925a-4bd1-b387-a7aab20f3b05 None admin] RBAC: Adding query filter params (name=anotherrole) {{(pid=80098) _extract_filter_values /opt/stack/keystone/keystone/common/rbac_enforcer/enforcer.py:167}}
May 04 08:02:30.035323 dv-cinder-840289-4-iscsi devstack@keystone.service[80098]: DEBUG keystone.common.rbac_enforcer.enforcer [None req-4741c87c-925a-4bd1-b387-a7aab20f3b05 None admin] RBAC: Authorizing `identity:list_roles()` {{(pid=80098) enforce_call /opt/stack/keystone/keystone/common/rbac_enforcer/enforcer.py:449}}
May 04 08:02:30.036820 dv-cinder-840289-4-iscsi devstack@keystone.service[80098]: DEBUG keystone.common.rbac_enforcer.enforcer [None req-4741c87c-925a-4bd1-b387-a7aab20f3b05 None admin] RBAC: Authorization granted {{(pid=80098) enforce_call /opt/stack/keystone/keystone/common/rbac_enforcer/enforcer.py:457}}
May 04 08:02:30.045644 dv-cinder-840289-4-iscsi devstack@keystone.service[80098]: [pid: 80098|app: 0|req: 190/358] 10.222.0.59 () {56 vars in 1111 bytes} [Wed May 4 08:02:29 2022] GET /identity/v3/roles?name=anotherrole => generated 334 bytes in 197 msecs (HTTP/1.1 200) 5 headers in 177 bytes (1 switches on core 0)
May 04 08:02:30.046743 dv-cinder-840289-4-iscsi devstack@keystone.service[80098]: DEBUG keystone.server.flask.request_processing.middleware.auth_context [None req-4741c87c-925a-4bd1-b387-a7aab20f3b05 None admin] Authenticating user token {{(pid=80098) process_request /usr/local/lib/python3.8/dist-packages/keystonemiddleware/auth_token/__init__.py:407}}
May 04 08:02:30.069129 dv-cinder-840289-4-iscsi devstack@keystone.service[80097]: DEBUG keystone.server.flask.request_processing.middleware.auth_context [None req-85ac968c-8a15-462c-8a23-44e9a8717b4b None admin] RBAC: auth_context: {'token': , 'domain_id': None, 'trust_id': None, 'trustor_id': None, 'trustee_id': None, 'domain_name': None, 'group_ids': [], 'user_id': '9f5e493603104e09ac10fad9a8d68de4', 'user_domain_id': 'default', 'system_scope': 'all', 'project_id': None, 'project_domain_id': None, 'roles': ['admin', 'member', 'reader'], 'is_admin_project': True, 'service_user_id': None, 'service_user_domain_id': None, 'service_project_id': None, 'service_project_domain_id': None, 'service_roles': []} {{(pid=80097) fill_context /opt/stack/keystone/keystone/server/flask/request_processing/middleware/auth_context.py:478}}
May 04 08:02:30.070116 dv-cinder-840289-4-iscsi devstack@keystone.service[80097]: DEBUG keystone.server.flask.request_processing.req_logging [None req-85ac968c-8a15-462c-8a23-44e9a8717b4b None admin] REQUEST_METHOD: `GET` {{(pid=80097) log_request_info /opt/stack/keystone/keystone/server/flask/request_processing/req_logging.py:27}}
May 04 08:02:30.070552 dv-cinder-840289-4-iscsi devstack@keystone.service[80097]: DEBUG keystone.server.flask.request_processing.req_logging [None req-85ac968c-8a15-462c-8a23-44e9a8717b4b None admin] SCRIPT_NAME: `/identity` {{(pid=80097) log_request_info /opt/stack/keystone/keystone/server/flask/request_processing/req_logging.py:28}}
May 04 08:02:30.071404 dv-cinder-840289-4-iscsi devstack@keystone.service[80097]: DEBUG keystone.server.flask.request_processing.req_logging [None req-85ac968c-8a15-462c-8a23-44e9a8717b4b None admin] PATH_INFO: `/v3/role_assignments` {{(pid=80097) log_request_info /opt/stack/keystone/keystone/server/flask/request_processing/req_logging.py:29}}
May 04 08:02:30.072394 dv-cinder-840289-4-iscsi devstack@keystone.service[80097]: DEBUG keystone.common.rbac_enforcer.enforcer [None req-85ac968c-8a15-462c-8a23-44e9a8717b4b None admin] RBAC: Adding query filter params (role.id=5ababcfa963a4528801ab31a5847a2f2, user.id=2f8c24b453894f579969b8c2672d5388, scope.system=all) {{(pid=80097) _extract_filter_values /opt/stack/keystone/keystone/common/rbac_enforcer/enforcer.py:167}}
May 04 08:02:30.072848 dv-cinder-840289-4-iscsi devstack@keystone.service[80097]: DEBUG keystone.common.rbac_enforcer.enforcer [None req-85ac968c-8a15-462c-8a23-44e9a8717b4b None admin] RBAC: Authorizing `identity:list_role_assignments()` {{(pid=80097) enforce_call /opt/stack/keystone/keystone/common/rbac_enforcer/enforcer.py:449}}
May 04 08:02:30.074466 dv-cinder-840289-4-iscsi devstack@keystone.service[80097]: DEBUG keystone.common.rbac_enforcer.enforcer [None req-85ac968c-8a15-462c-8a23-44e9a8717b4b None admin] RBAC: Authorization granted {{(pid=80097) enforce_call /opt/stack/keystone/keystone/common/rbac_enforcer/enforcer.py:457}}
May 04 08:02:30.086625 dv-cinder-840289-4-iscsi devstack@keystone.service[80097]: [pid: 80097|app: 0|req: 169/359] 10.222.0.59 () {56 vars in 1308 bytes} [Wed May 4 08:02:29 2022] GET /identity/v3/role_assignments?user.id=2f8c24b453894f579969b8c2672d5388&scope.system=all&role.id=5ababcfa963a4528801ab31a5847a2f2 => generated 510 bytes in 168 msecs (HTTP/1.1 200) 5 headers in 177 bytes (1 switches on core 0)
May 04 08:02:30.087872 dv-cinder-840289-4-iscsi devstack@keystone.service[80097]: DEBUG keystone.server.flask.request_processing.middleware.auth_context [None req-85ac968c-8a15-462c-8a23-44e9a8717b4b None admin] Authenticating user token {{(pid=80097) process_request /usr/local/lib/python3.8/dist-packages/keystonemiddleware/auth_token/__init__.py:407}}
May 04 08:02:30.156547 dv-cinder-840289-4-iscsi devstack@keystone.service[80098]: DEBUG keystone.server.flask.request_processing.middleware.auth_context [None req-4741c87c-925a-4bd1-b387-a7aab20f3b05 None admin] Validating token access rules against request {{(pid=80098) validate_allowed_request /usr/local/lib/python3.8/dist-packages/keystonemiddleware/auth_token/__init__.py:545}}
May 04 08:02:30.192456 dv-cinder-840289-4-iscsi devstack@keystone.service[80097]: DEBUG keystone.server.flask.request_processing.middleware.auth_context [None req-85ac968c-8a15-462c-8a23-44e9a8717b4b None admin] Validating token access rules against request {{(pid=80097) validate_allowed_request /usr/local/lib/python3.8/dist-packages/keystonemiddleware/auth_token/__init__.py:545}}
May 04 08:02:30.193753 dv-cinder-840289-4-iscsi devstack@keystone.service[80098]: DEBUG keystone.server.flask.request_processing.middleware.auth_context [None req-e6ddcfba-463e-455f-8f04-38f974b1bf80 None admin] RBAC: auth_context: {'token': , 'domain_id': None, 'trust_id': None, 'trustor_id': None, 'trustee_id': None, 'domain_name': None, 'group_ids': [], 'user_id': '9f5e493603104e09ac10fad9a8d68de4', 'user_domain_id': 'default', 'system_scope': 'all', 'project_id': None, 'project_domain_id': None, 'roles': ['admin', 'member', 'reader'], 'is_admin_project': True, 'service_user_id': None, 'service_user_domain_id': None, 'service_project_id': None, 'service_project_domain_id': None, 'service_roles': []} {{(pid=80098) fill_context /opt/stack/keystone/keystone/server/flask/request_processing/middleware/auth_context.py:478}}
May 04 08:02:30.194645 dv-cinder-840289-4-iscsi devstack@keystone.service[80098]: DEBUG keystone.server.flask.request_processing.req_logging [None req-e6ddcfba-463e-455f-8f04-38f974b1bf80 None admin] REQUEST_METHOD: `GET` {{(pid=80098) log_request_info /opt/stack/keystone/keystone/server/flask/request_processing/req_logging.py:27}}
May 04 08:02:30.195016 dv-cinder-840289-4-iscsi devstack@keystone.service[80098]: DEBUG keystone.server.flask.request_processing.req_logging [None req-e6ddcfba-463e-455f-8f04-38f974b1bf80 None admin] SCRIPT_NAME: `/identity` {{(pid=80098) log_request_info /opt/stack/keystone/keystone/server/flask/request_processing/req_logging.py:28}}
May 04 08:02:30.195360 dv-cinder-840289-4-iscsi devstack@keystone.service[80098]: DEBUG keystone.server.flask.request_processing.req_logging [None req-e6ddcfba-463e-455f-8f04-38f974b1bf80 None admin] PATH_INFO: `/v3/roles/anotherrole` {{(pid=80098) log_request_info /opt/stack/keystone/keystone/server/flask/request_processing/req_logging.py:29}}
May 04 08:02:30.207837 dv-cinder-840289-4-iscsi devstack@keystone.service[80098]: DEBUG keystone.common.rbac_enforcer.enforcer [None req-e6ddcfba-463e-455f-8f04-38f974b1bf80 None admin] Extracting inferred target data resulted in "NOT FOUND (404)". {{(pid=80098) enforce_call /opt/stack/keystone/keystone/common/rbac_enforcer/enforcer.py:409}}
May 04 08:02:30.216279 dv-cinder-840289-4-iscsi devstack@keystone.service[80098]: ERROR keystone.server.flask.application [None req-e6ddcfba-463e-455f-8f04-38f974b1bf80 None admin] Could not find role: anotherrole.: keystone.exception.RoleNotFound: Could not find role: anotherrole.
May 04 08:02:30.216279 dv-cinder-840289-4-iscsi devstack@keystone.service[80098]: ERROR keystone.server.flask.application
Traceback (most recent call last):
May 04 08:02:30.216279 dv-cinder-840289-4-iscsi devstack@keystone.service[80098]: ERROR keystone.server.flask.application
File "/usr/local/lib/python3.8/dist-packages/flask/app.py", line 1523, in full_dispatch_request
May 04 08:02:30.216279 dv-cinder-840289-4-iscsi devstack@keystone.service[80098]: ERROR keystone.server.flask.application rv = self.dispatch_request()
May 04 08:02:30.216279 dv-cinder-840289-4-iscsi devstack@keystone.service[80098]: ERROR keystone.server.flask.application
File "/usr/local/lib/python3.8/dist-packages/flask/app.py", line 1509, in dispatch_request
May 04 08:02:30.216279 dv-cinder-840289-4-iscsi devstack@keystone.service[80098]: ERROR keystone.server.flask.application return self.ensure_sync(self.view_functions[rule.endpoint])(**req.view_args)
May 04 08:02:30.216279 dv-cinder-840289-4-iscsi devstack@keystone.service[80098]: ERROR keystone.server.flask.application
File "/usr/local/lib/python3.8/dist-packages/flask_restful/__init__.py", line 467, in wrapper
May 04 08:02:30.216279 dv-cinder-840289-4-iscsi devstack@keystone.service[80098]: ERROR keystone.server.flask.application resp = resource(*args, **kwargs)
May 04 08:02:30.216279 dv-cinder-840289-4-iscsi devstack@keystone.service[80098]: ERROR keystone.server.flask.application
File "/usr/local/lib/python3.8/dist-packages/flask/views.py", line 84, in view
May 04 08:02:30.216279 dv-cinder-840289-4-iscsi devstack@keystone.service[80098]: ERROR keystone.server.flask.application return current_app.ensure_sync(self.dispatch_request)(*args, **kwargs)
May 04 08:02:30.216279 dv-cinder-840289-4-iscsi devstack@keystone.service[80098]: ERROR keystone.server.flask.application
File "/usr/local/lib/python3.8/dist-packages/flask_restful/__init__.py", line 582, in dispatch_request
May 04 08:02:30.216279 dv-cinder-840289-4-iscsi devstack@keystone.service[80098]: ERROR keystone.server.flask.application resp = meth(*args, **kwargs)
May 04 08:02:30.216279 dv-cinder-840289-4-iscsi devstack@keystone.service[80098]: ERROR keystone.server.flask.application
File "/opt/stack/keystone/keystone/api/roles.py", line 50, in get
May 04 08:02:30.216279 dv-cinder-840289-4-iscsi devstack@keystone.service[80098]: ERROR keystone.server.flask.application return self._get_role(role_id)
May 04 08:02:30.216279 dv-cinder-840289-4-iscsi devstack@keystone.service[80098]: ERROR keystone.server.flask.application
File "/opt/stack/keystone/keystone/api/roles.py", line 70, in _get_role
May 04 08:02:30.216279 dv-cinder-840289-4-iscsi devstack@keystone.service[80098]: ERROR keystone.server.flask.application ENFORCER.enforce_call(action='identity:get_role')
May 04 08:02:30.217408 dv-cinder-840289-4-iscsi devstack@keystone.service[80098]: ERROR keystone.server.flask.application
File "/opt/stack/keystone/keystone/common/rbac_enforcer/enforcer.py", line 402, in enforce_call
May 04 08:02:30.217408 dv-cinder-840289-4-iscsi devstack@keystone.service[80098]: ERROR keystone.server.flask.application policy_dict.update(cls._extract_member_target_data(
May 04 08:02:30.217408 dv-cinder-840289-4-iscsi devstack@keystone.service[80098]: ERROR keystone.server.flask.application
File "/opt/stack/keystone/keystone/common/rbac_enforcer/enforcer.py", line 234, in _extract_member_target_data
May 04 08:02:30.217408 dv-cinder-840289-4-iscsi devstack@keystone.service[80098]: ERROR keystone.server.flask.application member_name: func(flask.request.view_args[key])
May 04 08:02:30.217408 dv-cinder-840289-4-iscsi devstack@keystone.service[80098]: ERROR keystone.server.flask.application
File "/opt/stack/keystone/keystone/common/manager.py", line 115, in wrapped
May 04 08:02:30.217408 dv-cinder-840289-4-iscsi devstack@keystone.service[80098]: ERROR keystone.server.flask.application __ret_val = __f(*args, **kwargs)
May 04 08:02:30.217408 dv-cinder-840289-4-iscsi devstack@keystone.service[80098]: ERROR keystone.server.flask.application
File "/usr/local/lib/python3.8/dist-packages/decorator.py", line 232, in fun
May 04 08:02:30.217408 dv-cinder-840289-4-iscsi devstack@keystone.service[80098]: ERROR keystone.server.flask.application return caller(func, *(extras + args), **kw)
May 04 08:02:30.217408 dv-cinder-840289-4-iscsi devstack@keystone.service[80098]: ERROR keystone.server.flask.application
File "/usr/local/lib/python3.8/dist-packages/dogpile/cache/region.py", line 1577, in get_or_create_for_user_func
May 04 08:02:30.217408 dv-cinder-840289-4-iscsi devstack@keystone.service[80098]: ERROR keystone.server.flask.application return self.get_or_create(
May 04 08:02:30.217408 dv-cinder-840289-4-iscsi devstack@keystone.service[80098]: ERROR keystone.server.flask.application
File "/usr/local/lib/python3.8/dist-packages/dogpile/cache/region.py", line 1042, in get_or_create
May 04 08:02:30.217408 dv-cinder-840289-4-iscsi devstack@keystone.service[80098]: ERROR keystone.server.flask.application with Lock(
May 04 08:02:30.217408 dv-cinder-840289-4-iscsi devstack@keystone.service[80098]: ERROR keystone.server.flask.application
File "/usr/local/lib/python3.8/dist-packages/dogpile/lock.py", line 185, in __enter__
May 04 08:02:30.217408 dv-cinder-840289-4-iscsi devstack@keystone.service[80098]: ERROR keystone.server.flask.application return self._enter()
May 04 08:02:30.217408 dv-cinder-840289-4-iscsi devstack@keystone.service[80098]: ERROR keystone.server.flask.application
File "/usr/local/lib/python3.8/dist-packages/dogpile/lock.py", line 94, in _enter
May 04 08:02:30.217408 dv-cinder-840289-4-iscsi devstack@keystone.service[80098]: ERROR keystone.server.flask.application generated = self._enter_create(value, createdtime)
May 04 08:02:30.218483 dv-cinder-840289-4-iscsi devstack@keystone.service[80098]: ERROR keystone.server.flask.application
File "/usr/local/lib/python3.8/dist-packages/dogpile/lock.py", line 178, in _enter_create
May 04 08:02:30.218483 dv-cinder-840289-4-iscsi devstack@keystone.service[80098]: ERROR keystone.server.flask.application return self.creator()
May 04 08:02:30.218483 dv-cinder-840289-4-iscsi devstack@keystone.service[80098]: ERROR keystone.server.flask.application
File "/usr/local/lib/python3.8/dist-packages/dogpile/cache/region.py", line 995, in gen_value
May 04 08:02:30.218483 dv-cinder-840289-4-iscsi devstack@keystone.service[80098]: ERROR keystone.server.flask.application created_value = creator(
May 04 08:02:30.218483 dv-cinder-840289-4-iscsi devstack@keystone.service[80098]: ERROR keystone.server.flask.application
File "/opt/stack/keystone/keystone/assignment/core.py", line 1276, in get_role
May 04 08:02:30.218483 dv-cinder-840289-4-iscsi devstack@keystone.service[80098]: ERROR keystone.server.flask.application return self.driver.get_role(role_id)
May 04 08:02:30.218483 dv-cinder-840289-4-iscsi devstack@keystone.service[80098]: ERROR keystone.server.flask.application
File "/opt/stack/keystone/keystone/assignment/role_backends/sql.py", line 70, in get_role
May 04 08:02:30.218483 dv-cinder-840289-4-iscsi devstack@keystone.service[80098]: ERROR keystone.server.flask.application return self._get_role(session, role_id).to_dict()
May 04 08:02:30.218483 dv-cinder-840289-4-iscsi devstack@keystone.service[80098]: ERROR keystone.server.flask.application
File "/opt/stack/keystone/keystone/assignment/role_backends/sql.py", line 65, in _get_role
May 04 08:02:30.218483 dv-cinder-840289-4-iscsi devstack@keystone.service[80098]: ERROR keystone.server.flask.application raise exception.RoleNotFound(role_id=role_id)
May 04 08:02:30.218483 dv-cinder-840289-4-iscsi devstack@keystone.service[80098]: ERROR keystone.server.flask.application keystone.exception.RoleNotFound: Could not find role: anotherrole.
May 04 08:02:30.218483 dv-cinder-840289-4-iscsi devstack@keystone.service[80098]: ERROR keystone.server.flask.application
May 04 08:02:30.218483 dv-cinder-840289-4-iscsi devstack@keystone.service[80098]: [pid: 80098|app: 0|req: 191/360] 10.222.0.59 () {56 vars in 1114 bytes} [Wed May 4 08:02:30 2022] GET /identity/v3/roles/anotherrole => generated 89 bytes in 172 msecs (HTTP/1.1 404) 5 headers in 183 bytes (1 switches on core 0)
May 04 08:02:30.223577 dv-cinder-840289-4-iscsi devstack@keystone.service[80098]: DEBUG keystone.server.flask.request_processing.middleware.auth_context [None req-e6ddcfba-463e-455f-8f04-38f974b1bf80 None admin] Authenticating user token {{(pid=80098) process_request /usr/local/lib/python3.8/dist-packages/keystonemiddleware/auth_token/__init__.py:407}}
May 04 08:02:30.235614 dv-cinder-840289-4-iscsi devstack@keystone.service[80097]: DEBUG keystone.server.flask.request_processing.middleware.auth_context [None req-d6266c82-bed6-4714-90c7-7fc2575cdc98 None admin] RBAC: auth_context: {'token': , 'domain_id': None, 'trust_id': None, 'trustor_id': None, 'trustee_id': None, 'domain_name': None, 'group_ids': [], 'user_id': '9f5e493603104e09ac10fad9a8d68de4', 'user_domain_id': 'default', 'system_scope': 'all', 'project_id': None, 'project_domain_id': None, 'roles': ['admin', 'member', 'reader'], 'is_admin_project': True, 'service_user_id': None, 'service_user_domain_id': None, 'service_project_id': None, 'service_project_domain_id': None, 'service_roles': []} {{(pid=80097) fill_context /opt/stack/keystone/keystone/server/flask/request_processing/middleware/auth_context.py:478}}
May 04 08:02:30.236857 dv-cinder-840289-4-iscsi devstack@keystone.service[80097]: DEBUG keystone.server.flask.request_processing.req_logging [None req-d6266c82-bed6-4714-90c7-7fc2575cdc98 None admin] REQUEST_METHOD: `GET` {{(pid=80097) log_request_info /opt/stack/keystone/keystone/server/flask/request_processing/req_logging.py:27}}
May 04 08:02:30.237319 dv-cinder-840289-4-iscsi devstack@keystone.service[80097]: DEBUG keystone.server.flask.request_processing.req_logging [None req-d6266c82-bed6-4714-90c7-7fc2575cdc98 None admin] SCRIPT_NAME: `/identity` {{(pid=80097) log_request_info /opt/stack/keystone/keystone/server/flask/request_processing/req_logging.py:28}}
May 04 08:02:30.237771 dv-cinder-840289-4-iscsi devstack@keystone.service[80097]: DEBUG keystone.server.flask.request_processing.req_logging [None req-d6266c82-bed6-4714-90c7-7fc2575cdc98 None admin] PATH_INFO: `/v3/projects/a54ac5cae8c247e594fd4b678694455e` {{(pid=80097) log_request_info /opt/stack/keystone/keystone/server/flask/request_processing/req_logging.py:29}}
May 04 08:02:30.239331 dv-cinder-840289-4-iscsi devstack@keystone.service[80097]: DEBUG keystone.common.rbac_enforcer.enforcer [None req-d6266c82-bed6-4714-90c7-7fc2575cdc98 None admin] RBAC: Authorizing `identity:get_project(project_id=a54ac5cae8c247e594fd4b678694455e)` {{(pid=80097) enforce_call /opt/stack/keystone/keystone/common/rbac_enforcer/enforcer.py:449}}
May 04 08:02:30.240995 dv-cinder-840289-4-iscsi devstack@keystone.service[80097]: DEBUG keystone.common.rbac_enforcer.enforcer [None req-d6266c82-bed6-4714-90c7-7fc2575cdc98 None admin] RBAC: Authorization granted {{(pid=80097) enforce_call /opt/stack/keystone/keystone/common/rbac_enforcer/enforcer.py:457}}
May 04 08:02:30.243000 dv-cinder-840289-4-iscsi devstack@keystone.service[80097]: [pid: 80097|app: 0|req: 170/361] 10.222.0.59 () {56 vars in 1186 bytes} [Wed May 4 08:02:30 2022] GET /identity/v3/projects/a54ac5cae8c247e594fd4b678694455e => generated 302 bytes in 155 msecs (HTTP/1.1 200) 5 headers in 177 bytes (1 switches on core 0)
May 04 08:02:30.244697 dv-cinder-840289-4-iscsi devstack@keystone.service[80097]: DEBUG keystone.server.flask.request_processing.req_logging [None req-8aaed15a-26ee-4197-bd7f-d865a36ab610 None None] REQUEST_METHOD: `GET` {{(pid=80097) log_request_info /opt/stack/keystone/keystone/server/flask/request_processing/req_logging.py:27}}
May 04 08:02:30.245214 dv-cinder-840289-4-iscsi devstack@keystone.service[80097]: DEBUG keystone.server.flask.request_processing.req_logging [None req-8aaed15a-26ee-4197-bd7f-d865a36ab610 None None] SCRIPT_NAME: `/identity` {{(pid=80097) log_request_info /opt/stack/keystone/keystone/server/flask/request_processing/req_logging.py:28}}
May 04 08:02:30.245689 dv-cinder-840289-4-iscsi devstack@keystone.service[80097]: DEBUG keystone.server.flask.request_processing.req_logging [None req-8aaed15a-26ee-4197-bd7f-d865a36ab610 None None] PATH_INFO: `/` {{(pid=80097) log_request_info /opt/stack/keystone/keystone/server/flask/request_processing/req_logging.py:29}}
May 04 08:02:30.247620 dv-cinder-840289-4-iscsi devstack@keystone.service[80097]: [pid: 80097|app: 0|req: 171/362] 10.222.0.59 () {54 vars in 926 bytes} [Wed May 4 08:02:30 2022] GET /identity => generated 270 bytes in 4 msecs (HTTP/1.1 300) 6 headers in 234 bytes (1 switches on core 0)
May 04 08:02:30.248668 dv-cinder-840289-4-iscsi devstack@keystone.service[80097]: DEBUG keystone.server.flask.request_processing.middleware.auth_context [None req-8aaed15a-26ee-4197-bd7f-d865a36ab610 None None] Authenticating user token {{(pid=80097) process_request /usr/local/lib/python3.8/dist-packages/keystonemiddleware/auth_token/__init__.py:407}}
May 04 08:02:30.333630 dv-cinder-840289-4-iscsi devstack@keystone.service[80098]: DEBUG keystone.server.flask.request_processing.middleware.auth_context [None req-e6ddcfba-463e-455f-8f04-38f974b1bf80 None admin] Validating token access rules against request {{(pid=80098) validate_allowed_request /usr/local/lib/python3.8/dist-packages/keystonemiddleware/auth_token/__init__.py:545}}
May 04 08:02:30.357725 dv-cinder-840289-4-iscsi devstack@keystone.service[80097]: DEBUG keystone.server.flask.request_processing.middleware.auth_context [None req-8aaed15a-26ee-4197-bd7f-d865a36ab610 None None] Validating token access rules against request {{(pid=80097) validate_allowed_request /usr/local/lib/python3.8/dist-packages/keystonemiddleware/auth_token/__init__.py:545}}
May 04 08:02:30.369805 dv-cinder-840289-4-iscsi devstack@keystone.service[80098]: DEBUG keystone.server.flask.request_processing.middleware.auth_context [None req-34f4b93a-6d57-488a-8052-ee010f7f78be None admin] RBAC: auth_context: {'token': , 'domain_id': None, 'trust_id': None, 'trustor_id': None, 'trustee_id': None, 'domain_name': None, 'group_ids': [], 'user_id': '9f5e493603104e09ac10fad9a8d68de4', 'user_domain_id': 'default', 'system_scope': 'all', 'project_id': None, 'project_domain_id': None, 'roles': ['admin', 'member', 'reader'], 'is_admin_project': True, 'service_user_id': None, 'service_user_domain_id': None, 'service_project_id': None, 'service_project_domain_id': None, 'service_roles': []} {{(pid=80098) fill_context /opt/stack/keystone/keystone/server/flask/request_processing/middleware/auth_context.py:478}}
May 04 08:02:30.370455 dv-cinder-840289-4-iscsi devstack@keystone.service[80098]: DEBUG keystone.server.flask.request_processing.req_logging [None req-34f4b93a-6d57-488a-8052-ee010f7f78be None admin] REQUEST_METHOD: `GET` {{(pid=80098) log_request_info /opt/stack/keystone/keystone/server/flask/request_processing/req_logging.py:27}}
May 04 08:02:30.370735 dv-cinder-840289-4-iscsi devstack@keystone.service[80098]: DEBUG keystone.server.flask.request_processing.req_logging [None req-34f4b93a-6d57-488a-8052-ee010f7f78be None admin] SCRIPT_NAME: `/identity` {{(pid=80098) log_request_info /opt/stack/keystone/keystone/server/flask/request_processing/req_logging.py:28}}
May 04 08:02:30.371097 dv-cinder-840289-4-iscsi devstack@keystone.service[80098]: DEBUG keystone.server.flask.request_processing.req_logging [None req-34f4b93a-6d57-488a-8052-ee010f7f78be None admin] PATH_INFO: `/v3/auth/tokens` {{(pid=80098) log_request_info /opt/stack/keystone/keystone/server/flask/request_processing/req_logging.py:29}}
May 04 08:02:30.396167 dv-cinder-840289-4-iscsi devstack@keystone.service[80097]: DEBUG keystone.server.flask.request_processing.middleware.auth_context [None req-f7f1b25e-7e6a-41ce-b2a3-43b01f62db10 None admin] RBAC: auth_context: {'token': , 'domain_id': None, 'trust_id': None, 'trustor_id': None, 'trustee_id': None, 'domain_name': None, 'group_ids': [], 'user_id': '9f5e493603104e09ac10fad9a8d68de4', 'user_domain_id': 'default', 'system_scope': 'all', 'project_id': None, 'project_domain_id': None, 'roles': ['admin', 'member', 'reader'], 'is_admin_project': True, 'service_user_id': None, 'service_user_domain_id': None, 'service_project_id': None, 'service_project_domain_id': None, 'service_roles': []} {{(pid=80097) fill_context /opt/stack/keystone/keystone/server/flask/request_processing/middleware/auth_context.py:478}}
May 04 08:02:30.396536 dv-cinder-840289-4-iscsi devstack@keystone.service[80097]: DEBUG keystone.server.flask.request_processing.req_logging [None req-f7f1b25e-7e6a-41ce-b2a3-43b01f62db10 None admin] REQUEST_METHOD: `GET` {{(pid=80097) log_request_info /opt/stack/keystone/keystone/server/flask/request_processing/req_logging.py:27}}
May 04 08:02:30.396715 dv-cinder-840289-4-iscsi devstack@keystone.service[80097]: DEBUG keystone.server.flask.request_processing.req_logging [None req-f7f1b25e-7e6a-41ce-b2a3-43b01f62db10 None admin] SCRIPT_NAME: `/identity` {{(pid=80097) log_request_info /opt/stack/keystone/keystone/server/flask/request_processing/req_logging.py:28}}
May 04 08:02:30.396976 dv-cinder-840289-4-iscsi devstack@keystone.service[80097]: DEBUG keystone.server.flask.request_processing.req_logging [None req-f7f1b25e-7e6a-41ce-b2a3-43b01f62db10 None admin] PATH_INFO: `/v3/roles` {{(pid=80097) log_request_info /opt/stack/keystone/keystone/server/flask/request_processing/req_logging.py:29}}
May 04 08:02:30.397721 dv-cinder-840289-4-iscsi devstack@keystone.service[80097]: DEBUG keystone.common.rbac_enforcer.enforcer [None req-f7f1b25e-7e6a-41ce-b2a3-43b01f62db10 None admin] RBAC: Adding query filter params (name=anotherrole) {{(pid=80097) _extract_filter_values /opt/stack/keystone/keystone/common/rbac_enforcer/enforcer.py:167}}
May 04 08:02:30.399695 dv-cinder-840289-4-iscsi devstack@keystone.service[80097]: DEBUG keystone.common.rbac_enforcer.enforcer [None req-f7f1b25e-7e6a-41ce-b2a3-43b01f62db10 None admin] RBAC: Authorizing `identity:list_roles()` {{(pid=80097) enforce_call /opt/stack/keystone/keystone/common/rbac_enforcer/enforcer.py:449}}
May 04 08:02:30.399695 dv-cinder-840289-4-iscsi devstack@keystone.service[80097]: DEBUG keystone.common.rbac_enforcer.enforcer [None req-f7f1b25e-7e6a-41ce-b2a3-43b01f62db10 None admin] RBAC: Authorization granted {{(pid=80097) enforce_call /opt/stack/keystone/keystone/common/rbac_enforcer/enforcer.py:457}}
May 04 08:02:30.416589 dv-cinder-840289-4-iscsi devstack@keystone.service[80097]: [pid: 80097|app: 0|req: 172/363] 10.222.0.59 () {56 vars in 1111 bytes} [Wed May 4 08:02:30 2022] GET /identity/v3/roles?name=anotherrole => generated 334 bytes in 168 msecs (HTTP/1.1 200) 5 headers in 177 bytes (1 switches on core 0)
May 04 08:02:30.418036 dv-cinder-840289-4-iscsi devstack@keystone.service[80097]: DEBUG keystone.server.flask.request_processing.req_logging [None req-c048fa22-8ed8-477f-a1dc-393ff52dd552 None None] REQUEST_METHOD: `POST` {{(pid=80097) log_request_info /opt/stack/keystone/keystone/server/flask/request_processing/req_logging.py:27}}
May 04 08:02:30.418278 dv-cinder-840289-4-iscsi devstack@keystone.service[80097]: DEBUG keystone.server.flask.request_processing.req_logging [None req-c048fa22-8ed8-477f-a1dc-393ff52dd552 None None] SCRIPT_NAME: `/identity` {{(pid=80097) log_request_info /opt/stack/keystone/keystone/server/flask/request_processing/req_logging.py:28}}
May 04 08:02:30.418549 dv-cinder-840289-4-iscsi devstack@keystone.service[80097]: DEBUG keystone.server.flask.request_processing.req_logging [None req-c048fa22-8ed8-477f-a1dc-393ff52dd552 None None] PATH_INFO: `/v3/auth/tokens` {{(pid=80097) log_request_info /opt/stack/keystone/keystone/server/flask/request_processing/req_logging.py:29}}
May 04 08:02:30.443191 dv-cinder-840289-4-iscsi devstack@keystone.service[80097]: DEBUG keystone.auth.core [None req-c048fa22-8ed8-477f-a1dc-393ff52dd552 None None] MFA Rules not processed for user `9f5e493603104e09ac10fad9a8d68de4`. Rule list: `[]` (Enabled: `True`). {{(pid=80097) check_auth_methods_against_rules /opt/stack/keystone/keystone/auth/core.py:438}}
May 04 08:02:30.444747 dv-cinder-840289-4-iscsi devstack@keystone.service[80097]: DEBUG keystone.common.fernet_utils [None req-c048fa22-8ed8-477f-a1dc-393ff52dd552 None None] Loaded 2 Fernet keys from /etc/keystone/fernet-keys/, but `[fernet_tokens] max_active_keys = 3`; perhaps there have not been enough key rotations to reach `max_active_keys` yet? {{(pid=80097) load_keys /opt/stack/keystone/keystone/common/fernet_utils.py:286}}
May 04 08:02:30.467752 dv-cinder-840289-4-iscsi devstack@keystone.service[80098]: DEBUG keystone.common.rbac_enforcer.enforcer [None req-34f4b93a-6d57-488a-8052-ee010f7f78be None admin] RBAC: Authorizing `identity:validate_token()` {{(pid=80098) enforce_call /opt/stack/keystone/keystone/common/rbac_enforcer/enforcer.py:449}}
May 04 08:02:30.469777 dv-cinder-840289-4-iscsi devstack@keystone.service[80098]: DEBUG keystone.common.rbac_enforcer.enforcer [None req-34f4b93a-6d57-488a-8052-ee010f7f78be None admin] RBAC: Authorization granted {{(pid=80098) enforce_call /opt/stack/keystone/keystone/common/rbac_enforcer/enforcer.py:457}}
May 04 08:02:30.537686 dv-cinder-840289-4-iscsi devstack@keystone.service[80097]: [pid: 80097|app: 0|req: 173/364] 10.222.0.59 () {58 vars in 1023 bytes} [Wed May 4 08:02:30 2022] POST /identity/v3/auth/tokens => generated 799 bytes in 121 msecs (HTTP/1.1 201) 6 headers in 363 bytes (1 switches on core 0)
May 04 08:02:30.538706 dv-cinder-840289-4-iscsi devstack@keystone.service[80097]: DEBUG keystone.server.flask.request_processing.middleware.auth_context [None req-c048fa22-8ed8-477f-a1dc-393ff52dd552 None None] Authenticating user token {{(pid=80097) process_request /usr/local/lib/python3.8/dist-packages/keystonemiddleware/auth_token/__init__.py:407}}
May 04 08:02:30.580346 dv-cinder-840289-4-iscsi devstack@keystone.service[80098]: [pid: 80098|app: 0|req: 192/365] 10.222.0.59 () {58 vars in 1282 bytes} [Wed May 4 08:02:30 2022] GET /identity/v3/auth/tokens => generated 799 bytes in 362 msecs (HTTP/1.1 200) 6 headers in 358 bytes (1 switches on core 0)
May 04 08:02:30.583429 dv-cinder-840289-4-iscsi devstack@keystone.service[80098]: DEBUG keystone.server.flask.request_processing.middleware.auth_context [None req-34f4b93a-6d57-488a-8052-ee010f7f78be None admin] Authenticating user token {{(pid=80098) process_request /usr/local/lib/python3.8/dist-packages/keystonemiddleware/auth_token/__init__.py:407}}
May 04 08:02:30.675501 dv-cinder-840289-4-iscsi devstack@keystone.service[80097]: DEBUG keystone.server.flask.request_processing.middleware.auth_context [None req-c048fa22-8ed8-477f-a1dc-393ff52dd552 None None] Validating token access rules against request {{(pid=80097) validate_allowed_request /usr/local/lib/python3.8/dist-packages/keystonemiddleware/auth_token/__init__.py:545}}
May 04 08:02:30.708310 dv-cinder-840289-4-iscsi devstack@keystone.service[80098]: DEBUG keystone.server.flask.request_processing.middleware.auth_context [None req-34f4b93a-6d57-488a-8052-ee010f7f78be None admin] Validating token access rules against request {{(pid=80098) validate_allowed_request /usr/local/lib/python3.8/dist-packages/keystonemiddleware/auth_token/__init__.py:545}}
May 04 08:02:30.713560 dv-cinder-840289-4-iscsi devstack@keystone.service[80097]: DEBUG keystone.server.flask.request_processing.middleware.auth_context [None req-3023d4ac-9c85-47c7-b285-32225072b5cf None admin] RBAC: auth_context: {'token': , 'domain_id': None, 'trust_id': None, 'trustor_id': None, 'trustee_id': None, 'domain_name': None, 'group_ids': [], 'user_id': '9f5e493603104e09ac10fad9a8d68de4', 'user_domain_id': 'default', 'system_scope': 'all', 'project_id': None, 'project_domain_id': None, 'roles': ['admin', 'member', 'reader'], 'is_admin_project': True, 'service_user_id': None, 'service_user_domain_id': None, 'service_project_id': None, 'service_project_domain_id': None, 'service_roles': []} {{(pid=80097) fill_context /opt/stack/keystone/keystone/server/flask/request_processing/middleware/auth_context.py:478}}
May 04 08:02:30.714407 dv-cinder-840289-4-iscsi devstack@keystone.service[80097]: DEBUG keystone.server.flask.request_processing.req_logging [None req-3023d4ac-9c85-47c7-b285-32225072b5cf None admin] REQUEST_METHOD: `GET` {{(pid=80097) log_request_info /opt/stack/keystone/keystone/server/flask/request_processing/req_logging.py:27}}
May 04 08:02:30.714676 dv-cinder-840289-4-iscsi devstack@keystone.service[80097]: DEBUG keystone.server.flask.request_processing.req_logging [None req-3023d4ac-9c85-47c7-b285-32225072b5cf None admin] SCRIPT_NAME: `/identity` {{(pid=80097) log_request_info /opt/stack/keystone/keystone/server/flask/request_processing/req_logging.py:28}}
