May 03 14:28:16.707878 dv-cinder-840289-3-smb devstack@keystone.service[80188]: DEBUG keystone.server.flask.request_processing.req_logging [None req-32fc25dd-7904-47e0-9f09-6ff288574ab1 None admin] REQUEST_METHOD: `GET` {{(pid=80188) log_request_info /opt/stack/keystone/keystone/server/flask/request_processing/req_logging.py:27}}
May 03 14:28:16.707878 dv-cinder-840289-3-smb devstack@keystone.service[80188]: DEBUG keystone.server.flask.request_processing.req_logging [None req-32fc25dd-7904-47e0-9f09-6ff288574ab1 None admin] SCRIPT_NAME: `/identity` {{(pid=80188) log_request_info /opt/stack/keystone/keystone/server/flask/request_processing/req_logging.py:28}}
May 03 14:28:16.707878 dv-cinder-840289-3-smb devstack@keystone.service[80188]: DEBUG keystone.server.flask.request_processing.req_logging [None req-32fc25dd-7904-47e0-9f09-6ff288574ab1 None admin] PATH_INFO: `/v3/auth/tokens` {{(pid=80188) log_request_info /opt/stack/keystone/keystone/server/flask/request_processing/req_logging.py:29}}
May 03 14:28:16.755878 dv-cinder-840289-3-smb devstack@keystone.service[80189]: DEBUG keystone.common.rbac_enforcer.enforcer [None req-3f8e6af1-4604-4074-b962-84d4481de770 None admin] RBAC: Authorizing `identity:validate_token()` {{(pid=80189) enforce_call /opt/stack/keystone/keystone/common/rbac_enforcer/enforcer.py:449}}
May 03 14:28:16.757369 dv-cinder-840289-3-smb devstack@keystone.service[80189]: DEBUG keystone.common.rbac_enforcer.enforcer [None req-3f8e6af1-4604-4074-b962-84d4481de770 None admin] RBAC: Authorization granted {{(pid=80189) enforce_call /opt/stack/keystone/keystone/common/rbac_enforcer/enforcer.py:457}}
May 03 14:28:16.782986 dv-cinder-840289-3-smb devstack@keystone.service[80188]: DEBUG keystone.common.rbac_enforcer.enforcer [None req-32fc25dd-7904-47e0-9f09-6ff288574ab1 None admin] RBAC: Authorizing `identity:validate_token()` {{(pid=80188) enforce_call /opt/stack/keystone/keystone/common/rbac_enforcer/enforcer.py:449}}
May 03 14:28:16.784676 dv-cinder-840289-3-smb devstack@keystone.service[80188]: DEBUG keystone.common.rbac_enforcer.enforcer [None req-32fc25dd-7904-47e0-9f09-6ff288574ab1 None admin] RBAC: Authorization granted {{(pid=80188) enforce_call /opt/stack/keystone/keystone/common/rbac_enforcer/enforcer.py:457}}
May 03 14:28:16.887235 dv-cinder-840289-3-smb devstack@keystone.service[80189]: [pid: 80189|app: 0|req: 100/195] 10.222.0.32 () {58 vars in 1282 bytes} [Tue May 3 14:28:16 2022] GET /identity/v3/auth/tokens => generated 799 bytes in 392 msecs (HTTP/1.1 200) 6 headers in 358 bytes (1 switches on core 0)
May 03 14:28:16.887733 dv-cinder-840289-3-smb devstack@keystone.service[80188]: [pid: 80188|app: 0|req: 96/196] 10.222.0.32 () {58 vars in 1282 bytes} [Tue May 3 14:28:16 2022] GET /identity/v3/auth/tokens => generated 799 bytes in 343 msecs (HTTP/1.1 200) 6 headers in 358 bytes (1 switches on core 0)
May 03 14:28:16.893088 dv-cinder-840289-3-smb devstack@keystone.service[80188]: DEBUG keystone.server.flask.request_processing.middleware.auth_context [None req-32fc25dd-7904-47e0-9f09-6ff288574ab1 None admin] Authenticating user token {{(pid=80188) process_request /usr/local/lib/python3.8/dist-packages/keystonemiddleware/auth_token/__init__.py:407}}
May 03 14:28:16.893661 dv-cinder-840289-3-smb devstack@keystone.service[80189]: DEBUG keystone.server.flask.request_processing.middleware.auth_context [None req-3f8e6af1-4604-4074-b962-84d4481de770 None admin] Authenticating user token {{(pid=80189) process_request /usr/local/lib/python3.8/dist-packages/keystonemiddleware/auth_token/__init__.py:407}}
May 03 14:28:17.013804 dv-cinder-840289-3-smb devstack@keystone.service[80189]: DEBUG keystone.server.flask.request_processing.middleware.auth_context [None req-3f8e6af1-4604-4074-b962-84d4481de770 None admin] Validating token access rules against request {{(pid=80189) validate_allowed_request /usr/local/lib/python3.8/dist-packages/keystonemiddleware/auth_token/__init__.py:545}}
May 03 14:28:17.014239 dv-cinder-840289-3-smb devstack@keystone.service[80188]: DEBUG keystone.server.flask.request_processing.middleware.auth_context [None req-32fc25dd-7904-47e0-9f09-6ff288574ab1 None admin] Validating token access rules against request {{(pid=80188) validate_allowed_request /usr/local/lib/python3.8/dist-packages/keystonemiddleware/auth_token/__init__.py:545}}
May 03 14:28:17.052701 dv-cinder-840289-3-smb devstack@keystone.service[80189]: DEBUG keystone.server.flask.request_processing.middleware.auth_context [None req-1f6dcae0-bab1-4447-9eb4-a5519da74768 None admin] RBAC: auth_context: {'token': , 'domain_id': None, 'trust_id': None, 'trustor_id': None, 'trustee_id': None, 'domain_name': None, 'group_ids': [], 'user_id': '31af49723b1d47aa9f15e1293b41c31a', 'user_domain_id': 'default', 'system_scope': 'all', 'project_id': None, 'project_domain_id': None, 'roles': ['admin', 'member', 'reader'], 'is_admin_project': True, 'service_user_id': None, 'service_user_domain_id': None, 'service_project_id': None, 'service_project_domain_id': None, 'service_roles': []} {{(pid=80189) fill_context /opt/stack/keystone/keystone/server/flask/request_processing/middleware/auth_context.py:478}}
May 03 14:28:17.053838 dv-cinder-840289-3-smb devstack@keystone.service[80189]: DEBUG keystone.server.flask.request_processing.req_logging [None req-1f6dcae0-bab1-4447-9eb4-a5519da74768 None admin] REQUEST_METHOD: `GET` {{(pid=80189) log_request_info /opt/stack/keystone/keystone/server/flask/request_processing/req_logging.py:27}}
May 03 14:28:17.054260 dv-cinder-840289-3-smb devstack@keystone.service[80189]: DEBUG keystone.server.flask.request_processing.req_logging [None req-1f6dcae0-bab1-4447-9eb4-a5519da74768 None admin] SCRIPT_NAME: `/identity` {{(pid=80189) log_request_info /opt/stack/keystone/keystone/server/flask/request_processing/req_logging.py:28}}
May 03 14:28:17.054709 dv-cinder-840289-3-smb devstack@keystone.service[80189]: DEBUG keystone.server.flask.request_processing.req_logging [None req-1f6dcae0-bab1-4447-9eb4-a5519da74768 None admin] PATH_INFO: `/v3/projects/1607903ed7a34b1c8d3ce5ceffb0a6c3` {{(pid=80189) log_request_info /opt/stack/keystone/keystone/server/flask/request_processing/req_logging.py:29}}
May 03 14:28:17.055347 dv-cinder-840289-3-smb devstack@keystone.service[80188]: DEBUG keystone.server.flask.request_processing.middleware.auth_context [None req-3294c45b-5d87-47eb-b991-d04f1cf6dabb None admin] RBAC: auth_context: {'token': , 'domain_id': None, 'trust_id': None, 'trustor_id': None, 'trustee_id': None, 'domain_name': None, 'group_ids': [], 'user_id': '31af49723b1d47aa9f15e1293b41c31a', 'user_domain_id': 'default', 'system_scope': 'all', 'project_id': None, 'project_domain_id': None, 'roles': ['admin', 'member', 'reader'], 'is_admin_project': True, 'service_user_id': None, 'service_user_domain_id': None, 'service_project_id': None, 'service_project_domain_id': None, 'service_roles': []} {{(pid=80188) fill_context /opt/stack/keystone/keystone/server/flask/request_processing/middleware/auth_context.py:478}}
May 03 14:28:17.056135 dv-cinder-840289-3-smb devstack@keystone.service[80189]: DEBUG keystone.common.rbac_enforcer.enforcer [None req-1f6dcae0-bab1-4447-9eb4-a5519da74768 None admin] RBAC: Authorizing `identity:get_project(project_id=1607903ed7a34b1c8d3ce5ceffb0a6c3)` {{(pid=80189) enforce_call /opt/stack/keystone/keystone/common/rbac_enforcer/enforcer.py:449}}
May 03 14:28:17.056343 dv-cinder-840289-3-smb devstack@keystone.service[80188]: DEBUG keystone.server.flask.request_processing.req_logging [None req-3294c45b-5d87-47eb-b991-d04f1cf6dabb None admin] REQUEST_METHOD: `GET` {{(pid=80188) log_request_info /opt/stack/keystone/keystone/server/flask/request_processing/req_logging.py:27}}
May 03 14:28:17.056725 dv-cinder-840289-3-smb devstack@keystone.service[80188]: DEBUG keystone.server.flask.request_processing.req_logging [None req-3294c45b-5d87-47eb-b991-d04f1cf6dabb None admin] SCRIPT_NAME: `/identity` {{(pid=80188) log_request_info /opt/stack/keystone/keystone/server/flask/request_processing/req_logging.py:28}}
May 03 14:28:17.057073 dv-cinder-840289-3-smb devstack@keystone.service[80188]: DEBUG keystone.server.flask.request_processing.req_logging [None req-3294c45b-5d87-47eb-b991-d04f1cf6dabb None admin] PATH_INFO: `/v3/projects/1607903ed7a34b1c8d3ce5ceffb0a6c3` {{(pid=80188) log_request_info /opt/stack/keystone/keystone/server/flask/request_processing/req_logging.py:29}}
May 03 14:28:17.058340 dv-cinder-840289-3-smb devstack@keystone.service[80188]: DEBUG keystone.common.rbac_enforcer.enforcer [None req-3294c45b-5d87-47eb-b991-d04f1cf6dabb None admin] RBAC: Authorizing `identity:get_project(project_id=1607903ed7a34b1c8d3ce5ceffb0a6c3)` {{(pid=80188) enforce_call /opt/stack/keystone/keystone/common/rbac_enforcer/enforcer.py:449}}
May 03 14:28:17.058556 dv-cinder-840289-3-smb devstack@keystone.service[80189]: DEBUG keystone.common.rbac_enforcer.enforcer [None req-1f6dcae0-bab1-4447-9eb4-a5519da74768 None admin] RBAC: Authorization granted {{(pid=80189) enforce_call /opt/stack/keystone/keystone/common/rbac_enforcer/enforcer.py:457}}
May 03 14:28:17.059953 dv-cinder-840289-3-smb devstack@keystone.service[80188]: DEBUG keystone.common.rbac_enforcer.enforcer [None req-3294c45b-5d87-47eb-b991-d04f1cf6dabb None admin] RBAC: Authorization granted {{(pid=80188) enforce_call /opt/stack/keystone/keystone/common/rbac_enforcer/enforcer.py:457}}
May 03 14:28:17.060749 dv-cinder-840289-3-smb devstack@keystone.service[80189]: [pid: 80189|app: 0|req: 101/197] 10.222.0.32 () {56 vars in 1186 bytes} [Tue May 3 14:28:16 2022] GET /identity/v3/projects/1607903ed7a34b1c8d3ce5ceffb0a6c3 => generated 302 bytes in 168 msecs (HTTP/1.1 200) 5 headers in 177 bytes (2 switches on core 0)
May 03 14:28:17.062715 dv-cinder-840289-3-smb devstack@keystone.service[80188]: [pid: 80188|app: 0|req: 97/198] 10.222.0.32 () {56 vars in 1186 bytes} [Tue May 3 14:28:16 2022] GET /identity/v3/projects/1607903ed7a34b1c8d3ce5ceffb0a6c3 => generated 302 bytes in 169 msecs (HTTP/1.1 200) 5 headers in 177 bytes (1 switches on core 0)
May 03 14:28:17.071284 dv-cinder-840289-3-smb devstack@keystone.service[80189]: DEBUG keystone.server.flask.request_processing.middleware.auth_context [None req-1f6dcae0-bab1-4447-9eb4-a5519da74768 None admin] Authenticating user token {{(pid=80189) process_request /usr/local/lib/python3.8/dist-packages/keystonemiddleware/auth_token/__init__.py:407}}
May 03 14:28:17.071620 dv-cinder-840289-3-smb devstack@keystone.service[80188]: DEBUG keystone.server.flask.request_processing.middleware.auth_context [None req-3294c45b-5d87-47eb-b991-d04f1cf6dabb None admin] Authenticating user token {{(pid=80188) process_request /usr/local/lib/python3.8/dist-packages/keystonemiddleware/auth_token/__init__.py:407}}
May 03 14:28:17.187001 dv-cinder-840289-3-smb devstack@keystone.service[80189]: DEBUG keystone.server.flask.request_processing.middleware.auth_context [None req-1f6dcae0-bab1-4447-9eb4-a5519da74768 None admin] Validating token access rules against request {{(pid=80189) validate_allowed_request /usr/local/lib/python3.8/dist-packages/keystonemiddleware/auth_token/__init__.py:545}}
May 03 14:28:17.222326 dv-cinder-840289-3-smb devstack@keystone.service[80189]: DEBUG keystone.server.flask.request_processing.middleware.auth_context [None req-0bc0aaa0-6bb1-4461-a021-c5d8da788894 None admin] RBAC: auth_context: {'token': , 'domain_id': None, 'trust_id': None, 'trustor_id': None, 'trustee_id': None, 'domain_name': None, 'group_ids': [], 'user_id': '31af49723b1d47aa9f15e1293b41c31a', 'user_domain_id': 'default', 'system_scope': 'all', 'project_id': None, 'project_domain_id': None, 'roles': ['admin', 'member', 'reader'], 'is_admin_project': True, 'service_user_id': None, 'service_user_domain_id': None, 'service_project_id': None, 'service_project_domain_id': None, 'service_roles': []} {{(pid=80189) fill_context /opt/stack/keystone/keystone/server/flask/request_processing/middleware/auth_context.py:478}}
May 03 14:28:17.230694 dv-cinder-840289-3-smb devstack@keystone.service[80189]: DEBUG keystone.server.flask.request_processing.req_logging [None req-0bc0aaa0-6bb1-4461-a021-c5d8da788894 None admin] REQUEST_METHOD: `GET` {{(pid=80189) log_request_info /opt/stack/keystone/keystone/server/flask/request_processing/req_logging.py:27}}
May 03 14:28:17.230812 dv-cinder-840289-3-smb devstack@keystone.service[80188]: DEBUG keystone.server.flask.request_processing.middleware.auth_context [None req-3294c45b-5d87-47eb-b991-d04f1cf6dabb None admin] Validating token access rules against request {{(pid=80188) validate_allowed_request /usr/local/lib/python3.8/dist-packages/keystonemiddleware/auth_token/__init__.py:545}}
May 03 14:28:17.231340 dv-cinder-840289-3-smb devstack@keystone.service[80189]: DEBUG keystone.server.flask.request_processing.req_logging [None req-0bc0aaa0-6bb1-4461-a021-c5d8da788894 None admin] SCRIPT_NAME: `/identity` {{(pid=80189) log_request_info /opt/stack/keystone/keystone/server/flask/request_processing/req_logging.py:28}}
May 03 14:28:17.231825 dv-cinder-840289-3-smb devstack@keystone.service[80189]: DEBUG keystone.server.flask.request_processing.req_logging [None req-0bc0aaa0-6bb1-4461-a021-c5d8da788894 None admin] PATH_INFO: `/v3/role_assignments` {{(pid=80189) log_request_info /opt/stack/keystone/keystone/server/flask/request_processing/req_logging.py:29}}
May 03 14:28:17.232864 dv-cinder-840289-3-smb devstack@keystone.service[80189]: DEBUG keystone.common.rbac_enforcer.enforcer [None req-0bc0aaa0-6bb1-4461-a021-c5d8da788894 None admin] RBAC: Adding query filter params (role.id=bb8c9a9d8f8a40f789f3b7684c444a2b, scope.project.id=1607903ed7a34b1c8d3ce5ceffb0a6c3, user.id=418668e847434a1db38bcf5a3ebf8879) {{(pid=80189) _extract_filter_values /opt/stack/keystone/keystone/common/rbac_enforcer/enforcer.py:167}}
May 03 14:28:17.233388 dv-cinder-840289-3-smb devstack@keystone.service[80189]: DEBUG keystone.common.rbac_enforcer.enforcer [None req-0bc0aaa0-6bb1-4461-a021-c5d8da788894 None admin] RBAC: Authorizing `identity:list_role_assignments()` {{(pid=80189) enforce_call /opt/stack/keystone/keystone/common/rbac_enforcer/enforcer.py:449}}
May 03 14:28:17.235050 dv-cinder-840289-3-smb devstack@keystone.service[80189]: DEBUG keystone.common.rbac_enforcer.enforcer [None req-0bc0aaa0-6bb1-4461-a021-c5d8da788894 None admin] RBAC: Authorization granted {{(pid=80189) enforce_call /opt/stack/keystone/keystone/common/rbac_enforcer/enforcer.py:457}}
May 03 14:28:17.246794 dv-cinder-840289-3-smb devstack@keystone.service[80189]: [pid: 80189|app: 0|req: 102/199] 10.222.0.32 () {56 vars in 1374 bytes} [Tue May 3 14:28:17 2022] GET /identity/v3/role_assignments?user.id=418668e847434a1db38bcf5a3ebf8879&scope.project.id=1607903ed7a34b1c8d3ce5ceffb0a6c3&role.id=bb8c9a9d8f8a40f789f3b7684c444a2b => generated 259 bytes in 170 msecs (HTTP/1.1 200) 5 headers in 177 bytes (1 switches on core 0)
May 03 14:28:17.266553 dv-cinder-840289-3-smb devstack@keystone.service[80188]: DEBUG keystone.server.flask.request_processing.middleware.auth_context [None req-60382555-8c2d-4f53-b5c5-bd14a82ca870 None admin] RBAC: auth_context: {'token': , 'domain_id': None, 'trust_id': None, 'trustor_id': None, 'trustee_id': None, 'domain_name': None, 'group_ids': [], 'user_id': '31af49723b1d47aa9f15e1293b41c31a', 'user_domain_id': 'default', 'system_scope': 'all', 'project_id': None, 'project_domain_id': None, 'roles': ['admin', 'member', 'reader'], 'is_admin_project': True, 'service_user_id': None, 'service_user_domain_id': None, 'service_project_id': None, 'service_project_domain_id': None, 'service_roles': []} {{(pid=80188) fill_context /opt/stack/keystone/keystone/server/flask/request_processing/middleware/auth_context.py:478}}
May 03 14:28:17.267259 dv-cinder-840289-3-smb devstack@keystone.service[80188]: DEBUG keystone.server.flask.request_processing.req_logging [None req-60382555-8c2d-4f53-b5c5-bd14a82ca870 None admin] REQUEST_METHOD: `GET` {{(pid=80188) log_request_info /opt/stack/keystone/keystone/server/flask/request_processing/req_logging.py:27}}
May 03 14:28:17.267539 dv-cinder-840289-3-smb devstack@keystone.service[80188]: DEBUG keystone.server.flask.request_processing.req_logging [None req-60382555-8c2d-4f53-b5c5-bd14a82ca870 None admin] SCRIPT_NAME: `/identity` {{(pid=80188) log_request_info /opt/stack/keystone/keystone/server/flask/request_processing/req_logging.py:28}}
May 03 14:28:17.267815 dv-cinder-840289-3-smb devstack@keystone.service[80188]: DEBUG keystone.server.flask.request_processing.req_logging [None req-60382555-8c2d-4f53-b5c5-bd14a82ca870 None admin] PATH_INFO: `/v3/role_assignments` {{(pid=80188) log_request_info /opt/stack/keystone/keystone/server/flask/request_processing/req_logging.py:29}}
May 03 14:28:17.268661 dv-cinder-840289-3-smb devstack@keystone.service[80188]: DEBUG keystone.common.rbac_enforcer.enforcer [None req-60382555-8c2d-4f53-b5c5-bd14a82ca870 None admin] RBAC: Adding query filter params (role.id=8bd42dd4ba154b92aabc9525765eb5d1, scope.project.id=1607903ed7a34b1c8d3ce5ceffb0a6c3, user.id=418668e847434a1db38bcf5a3ebf8879) {{(pid=80188) _extract_filter_values /opt/stack/keystone/keystone/common/rbac_enforcer/enforcer.py:167}}
May 03 14:28:17.268972 dv-cinder-840289-3-smb devstack@keystone.service[80188]: DEBUG keystone.common.rbac_enforcer.enforcer [None req-60382555-8c2d-4f53-b5c5-bd14a82ca870 None admin] RBAC: Authorizing `identity:list_role_assignments()` {{(pid=80188) enforce_call /opt/stack/keystone/keystone/common/rbac_enforcer/enforcer.py:449}}
May 03 14:28:17.270450 dv-cinder-840289-3-smb devstack@keystone.service[80188]: DEBUG keystone.common.rbac_enforcer.enforcer [None req-60382555-8c2d-4f53-b5c5-bd14a82ca870 None admin] RBAC: Authorization granted {{(pid=80188) enforce_call /opt/stack/keystone/keystone/common/rbac_enforcer/enforcer.py:457}}
May 03 14:28:17.277169 dv-cinder-840289-3-smb devstack@keystone.service[80188]: [pid: 80188|app: 0|req: 98/200] 10.222.0.32 () {56 vars in 1374 bytes} [Tue May 3 14:28:17 2022] GET /identity/v3/role_assignments?user.id=418668e847434a1db38bcf5a3ebf8879&scope.project.id=1607903ed7a34b1c8d3ce5ceffb0a6c3&role.id=8bd42dd4ba154b92aabc9525765eb5d1 => generated 259 bytes in 206 msecs (HTTP/1.1 200) 5 headers in 177 bytes (1 switches on core 0)
May 03 14:28:18.516901 dv-cinder-840289-3-smb devstack@keystone.service[80189]: DEBUG keystone.server.flask.request_processing.req_logging [None req-a421646a-49f0-4a2c-b82a-16225f360dea None None] REQUEST_METHOD: `GET` {{(pid=80189) log_request_info /opt/stack/keystone/keystone/server/flask/request_processing/req_logging.py:27}}
May 03 14:28:18.517916 dv-cinder-840289-3-smb devstack@keystone.service[80189]: DEBUG keystone.server.flask.request_processing.req_logging [None req-a421646a-49f0-4a2c-b82a-16225f360dea None None] SCRIPT_NAME: `/identity` {{(pid=80189) log_request_info /opt/stack/keystone/keystone/server/flask/request_processing/req_logging.py:28}}
May 03 14:28:18.518395 dv-cinder-840289-3-smb devstack@keystone.service[80189]: DEBUG keystone.server.flask.request_processing.req_logging [None req-a421646a-49f0-4a2c-b82a-16225f360dea None None] PATH_INFO: `/` {{(pid=80189) log_request_info /opt/stack/keystone/keystone/server/flask/request_processing/req_logging.py:29}}
May 03 14:28:18.520257 dv-cinder-840289-3-smb devstack@keystone.service[80189]: [pid: 80189|app: 0|req: 103/201] 10.222.0.32 () {54 vars in 926 bytes} [Tue May 3 14:28:18 2022] GET /identity => generated 270 bytes in 4 msecs (HTTP/1.1 300) 6 headers in 234 bytes (1 switches on core 0)
May 03 14:28:18.526264 dv-cinder-840289-3-smb devstack@keystone.service[80188]: DEBUG keystone.server.flask.request_processing.req_logging [None req-c7a2949d-d5fc-4702-b8c9-9ba63f3de61a None None] REQUEST_METHOD: `POST` {{(pid=80188) log_request_info /opt/stack/keystone/keystone/server/flask/request_processing/req_logging.py:27}}
May 03 14:28:18.527147 dv-cinder-840289-3-smb devstack@keystone.service[80188]: DEBUG keystone.server.flask.request_processing.req_logging [None req-c7a2949d-d5fc-4702-b8c9-9ba63f3de61a None None] SCRIPT_NAME: `/identity` {{(pid=80188) log_request_info /opt/stack/keystone/keystone/server/flask/request_processing/req_logging.py:28}}
May 03 14:28:18.527656 dv-cinder-840289-3-smb devstack@keystone.service[80188]: DEBUG keystone.server.flask.request_processing.req_logging [None req-c7a2949d-d5fc-4702-b8c9-9ba63f3de61a None None] PATH_INFO: `/v3/auth/tokens` {{(pid=80188) log_request_info /opt/stack/keystone/keystone/server/flask/request_processing/req_logging.py:29}}
May 03 14:28:18.551004 dv-cinder-840289-3-smb devstack@keystone.service[80188]: DEBUG keystone.auth.core [None req-c7a2949d-d5fc-4702-b8c9-9ba63f3de61a None None] MFA Rules not processed for user `31af49723b1d47aa9f15e1293b41c31a`. Rule list: `[]` (Enabled: `True`). {{(pid=80188) check_auth_methods_against_rules /opt/stack/keystone/keystone/auth/core.py:438}}
May 03 14:28:18.552583 dv-cinder-840289-3-smb devstack@keystone.service[80188]: DEBUG keystone.common.fernet_utils [None req-c7a2949d-d5fc-4702-b8c9-9ba63f3de61a None None] Loaded 2 Fernet keys from /etc/keystone/fernet-keys/, but `[fernet_tokens] max_active_keys = 3`; perhaps there have not been enough key rotations to reach `max_active_keys` yet? {{(pid=80188) load_keys /opt/stack/keystone/keystone/common/fernet_utils.py:286}}
May 03 14:28:18.648363 dv-cinder-840289-3-smb devstack@keystone.service[80188]: [pid: 80188|app: 0|req: 99/202] 10.222.0.32 () {58 vars in 1023 bytes} [Tue May 3 14:28:18 2022] POST /identity/v3/auth/tokens => generated 799 bytes in 123 msecs (HTTP/1.1 201) 6 headers in 363 bytes (2 switches on core 0)
May 03 14:28:18.670909 dv-cinder-840289-3-smb devstack@keystone.service[80189]: DEBUG keystone.server.flask.request_processing.middleware.auth_context [None req-a421646a-49f0-4a2c-b82a-16225f360dea None None] Authenticating user token {{(pid=80189) process_request /usr/local/lib/python3.8/dist-packages/keystonemiddleware/auth_token/__init__.py:407}}
May 03 14:28:18.773839 dv-cinder-840289-3-smb devstack@keystone.service[80189]: DEBUG keystone.server.flask.request_processing.middleware.auth_context [None req-a421646a-49f0-4a2c-b82a-16225f360dea None None] Validating token access rules against request {{(pid=80189) validate_allowed_request /usr/local/lib/python3.8/dist-packages/keystonemiddleware/auth_token/__init__.py:545}}
May 03 14:28:18.808003 dv-cinder-840289-3-smb devstack@keystone.service[80189]: DEBUG keystone.server.flask.request_processing.middleware.auth_context [None req-6cc11548-7700-4ec9-aadb-48b697930f47 None admin] RBAC: auth_context: {'token': , 'domain_id': None, 'trust_id': None, 'trustor_id': None, 'trustee_id': None, 'domain_name': None, 'group_ids': [], 'user_id': '31af49723b1d47aa9f15e1293b41c31a', 'user_domain_id': 'default', 'system_scope': 'all', 'project_id': None, 'project_domain_id': None, 'roles': ['admin', 'member', 'reader'], 'is_admin_project': True, 'service_user_id': None, 'service_user_domain_id': None, 'service_project_id': None, 'service_project_domain_id': None, 'service_roles': []} {{(pid=80189) fill_context /opt/stack/keystone/keystone/server/flask/request_processing/middleware/auth_context.py:478}}
May 03 14:28:18.808798 dv-cinder-840289-3-smb devstack@keystone.service[80189]: DEBUG keystone.server.flask.request_processing.req_logging [None req-6cc11548-7700-4ec9-aadb-48b697930f47 None admin] REQUEST_METHOD: `GET` {{(pid=80189) log_request_info /opt/stack/keystone/keystone/server/flask/request_processing/req_logging.py:27}}
May 03 14:28:18.809074 dv-cinder-840289-3-smb devstack@keystone.service[80189]: DEBUG keystone.server.flask.request_processing.req_logging [None req-6cc11548-7700-4ec9-aadb-48b697930f47 None admin] SCRIPT_NAME: `/identity` {{(pid=80189) log_request_info /opt/stack/keystone/keystone/server/flask/request_processing/req_logging.py:28}}
May 03 14:28:18.809345 dv-cinder-840289-3-smb devstack@keystone.service[80189]: DEBUG keystone.server.flask.request_processing.req_logging [None req-6cc11548-7700-4ec9-aadb-48b697930f47 None admin] PATH_INFO: `/v3/roles/reader` {{(pid=80189) log_request_info /opt/stack/keystone/keystone/server/flask/request_processing/req_logging.py:29}}
May 03 14:28:18.819526 dv-cinder-840289-3-smb devstack@keystone.service[80189]: DEBUG keystone.common.rbac_enforcer.enforcer [None req-6cc11548-7700-4ec9-aadb-48b697930f47 None admin] Extracting inferred target data resulted in "NOT FOUND (404)". {{(pid=80189) enforce_call /opt/stack/keystone/keystone/common/rbac_enforcer/enforcer.py:409}}
May 03 14:28:18.827900 dv-cinder-840289-3-smb devstack@keystone.service[80189]: ERROR keystone.server.flask.application [None req-6cc11548-7700-4ec9-aadb-48b697930f47 None admin] Could not find role: reader.: keystone.exception.RoleNotFound: Could not find role: reader.
May 03 14:28:18.827900 dv-cinder-840289-3-smb devstack@keystone.service[80189]: ERROR keystone.server.flask.application
Traceback (most recent call last):
May 03 14:28:18.827900 dv-cinder-840289-3-smb devstack@keystone.service[80189]: ERROR keystone.server.flask.application
File "/usr/local/lib/python3.8/dist-packages/flask/app.py", line 1523, in full_dispatch_request
May 03 14:28:18.827900 dv-cinder-840289-3-smb devstack@keystone.service[80189]: ERROR keystone.server.flask.application rv = self.dispatch_request()
May 03 14:28:18.827900 dv-cinder-840289-3-smb devstack@keystone.service[80189]: ERROR keystone.server.flask.application
File "/usr/local/lib/python3.8/dist-packages/flask/app.py", line 1509, in dispatch_request
May 03 14:28:18.827900 dv-cinder-840289-3-smb devstack@keystone.service[80189]: ERROR keystone.server.flask.application return self.ensure_sync(self.view_functions[rule.endpoint])(**req.view_args)
May 03 14:28:18.827900 dv-cinder-840289-3-smb devstack@keystone.service[80189]: ERROR keystone.server.flask.application
File "/usr/local/lib/python3.8/dist-packages/flask_restful/__init__.py", line 467, in wrapper
May 03 14:28:18.827900 dv-cinder-840289-3-smb devstack@keystone.service[80189]: ERROR keystone.server.flask.application resp = resource(*args, **kwargs)
May 03 14:28:18.827900 dv-cinder-840289-3-smb devstack@keystone.service[80189]: ERROR keystone.server.flask.application
File "/usr/local/lib/python3.8/dist-packages/flask/views.py", line 84, in view
May 03 14:28:18.827900 dv-cinder-840289-3-smb devstack@keystone.service[80189]: ERROR keystone.server.flask.application return current_app.ensure_sync(self.dispatch_request)(*args, **kwargs)
May 03 14:28:18.827900 dv-cinder-840289-3-smb devstack@keystone.service[80189]: ERROR keystone.server.flask.application
File "/usr/local/lib/python3.8/dist-packages/flask_restful/__init__.py", line 582, in dispatch_request
May 03 14:28:18.827900 dv-cinder-840289-3-smb devstack@keystone.service[80189]: ERROR keystone.server.flask.application resp = meth(*args, **kwargs)
May 03 14:28:18.827900 dv-cinder-840289-3-smb devstack@keystone.service[80189]: ERROR keystone.server.flask.application
File "/opt/stack/keystone/keystone/api/roles.py", line 50, in get
May 03 14:28:18.827900 dv-cinder-840289-3-smb devstack@keystone.service[80189]: ERROR keystone.server.flask.application return self._get_role(role_id)
May 03 14:28:18.827900 dv-cinder-840289-3-smb devstack@keystone.service[80189]: ERROR keystone.server.flask.application
File "/opt/stack/keystone/keystone/api/roles.py", line 70, in _get_role
May 03 14:28:18.827900 dv-cinder-840289-3-smb devstack@keystone.service[80189]: ERROR keystone.server.flask.application ENFORCER.enforce_call(action='identity:get_role')
May 03 14:28:18.828762 dv-cinder-840289-3-smb devstack@keystone.service[80189]: ERROR keystone.server.flask.application
File "/opt/stack/keystone/keystone/common/rbac_enforcer/enforcer.py", line 402, in enforce_call
May 03 14:28:18.828762 dv-cinder-840289-3-smb devstack@keystone.service[80189]: ERROR keystone.server.flask.application policy_dict.update(cls._extract_member_target_data(
May 03 14:28:18.828762 dv-cinder-840289-3-smb devstack@keystone.service[80189]: ERROR keystone.server.flask.application
File "/opt/stack/keystone/keystone/common/rbac_enforcer/enforcer.py", line 234, in _extract_member_target_data
May 03 14:28:18.828762 dv-cinder-840289-3-smb devstack@keystone.service[80189]: ERROR keystone.server.flask.application member_name: func(flask.request.view_args[key])
May 03 14:28:18.828762 dv-cinder-840289-3-smb devstack@keystone.service[80189]: ERROR keystone.server.flask.application
File "/opt/stack/keystone/keystone/common/manager.py", line 115, in wrapped
May 03 14:28:18.828762 dv-cinder-840289-3-smb devstack@keystone.service[80189]: ERROR keystone.server.flask.application __ret_val = __f(*args, **kwargs)
May 03 14:28:18.828762 dv-cinder-840289-3-smb devstack@keystone.service[80189]: ERROR keystone.server.flask.application
File "/usr/local/lib/python3.8/dist-packages/decorator.py", line 232, in fun
May 03 14:28:18.828762 dv-cinder-840289-3-smb devstack@keystone.service[80189]: ERROR keystone.server.flask.application return caller(func, *(extras + args), **kw)
May 03 14:28:18.828762 dv-cinder-840289-3-smb devstack@keystone.service[80189]: ERROR keystone.server.flask.application
File "/usr/local/lib/python3.8/dist-packages/dogpile/cache/region.py", line 1577, in get_or_create_for_user_func
May 03 14:28:18.828762 dv-cinder-840289-3-smb devstack@keystone.service[80189]: ERROR keystone.server.flask.application return self.get_or_create(
May 03 14:28:18.828762 dv-cinder-840289-3-smb devstack@keystone.service[80189]: ERROR keystone.server.flask.application
File "/usr/local/lib/python3.8/dist-packages/dogpile/cache/region.py", line 1042, in get_or_create
May 03 14:28:18.828762 dv-cinder-840289-3-smb devstack@keystone.service[80189]: ERROR keystone.server.flask.application with Lock(
May 03 14:28:18.828762 dv-cinder-840289-3-smb devstack@keystone.service[80189]: ERROR keystone.server.flask.application
File "/usr/local/lib/python3.8/dist-packages/dogpile/lock.py", line 185, in __enter__
May 03 14:28:18.828762 dv-cinder-840289-3-smb devstack@keystone.service[80189]: ERROR keystone.server.flask.application return self._enter()
May 03 14:28:18.828762 dv-cinder-840289-3-smb devstack@keystone.service[80189]: ERROR keystone.server.flask.application
File "/usr/local/lib/python3.8/dist-packages/dogpile/lock.py", line 94, in _enter
May 03 14:28:18.828762 dv-cinder-840289-3-smb devstack@keystone.service[80189]: ERROR keystone.server.flask.application generated = self._enter_create(value, createdtime)
May 03 14:28:18.829540 dv-cinder-840289-3-smb devstack@keystone.service[80189]: ERROR keystone.server.flask.application
File "/usr/local/lib/python3.8/dist-packages/dogpile/lock.py", line 178, in _enter_create
May 03 14:28:18.829540 dv-cinder-840289-3-smb devstack@keystone.service[80189]: ERROR keystone.server.flask.application return self.creator()
May 03 14:28:18.829540 dv-cinder-840289-3-smb devstack@keystone.service[80189]: ERROR keystone.server.flask.application
File "/usr/local/lib/python3.8/dist-packages/dogpile/cache/region.py", line 995, in gen_value
May 03 14:28:18.829540 dv-cinder-840289-3-smb devstack@keystone.service[80189]: ERROR keystone.server.flask.application created_value = creator(
May 03 14:28:18.829540 dv-cinder-840289-3-smb devstack@keystone.service[80189]: ERROR keystone.server.flask.application
File "/opt/stack/keystone/keystone/assignment/core.py", line 1276, in get_role
May 03 14:28:18.829540 dv-cinder-840289-3-smb devstack@keystone.service[80189]: ERROR keystone.server.flask.application return self.driver.get_role(role_id)
May 03 14:28:18.829540 dv-cinder-840289-3-smb devstack@keystone.service[80189]: ERROR keystone.server.flask.application
File "/opt/stack/keystone/keystone/assignment/role_backends/sql.py", line 70, in get_role
May 03 14:28:18.829540 dv-cinder-840289-3-smb devstack@keystone.service[80189]: ERROR keystone.server.flask.application return self._get_role(session, role_id).to_dict()
May 03 14:28:18.829540 dv-cinder-840289-3-smb devstack@keystone.service[80189]: ERROR keystone.server.flask.application
File "/opt/stack/keystone/keystone/assignment/role_backends/sql.py", line 65, in _get_role
May 03 14:28:18.829540 dv-cinder-840289-3-smb devstack@keystone.service[80189]: ERROR keystone.server.flask.application raise exception.RoleNotFound(role_id=role_id)
May 03 14:28:18.829540 dv-cinder-840289-3-smb devstack@keystone.service[80189]: ERROR keystone.server.flask.application keystone.exception.RoleNotFound: Could not find role: reader.
May 03 14:28:18.829540 dv-cinder-840289-3-smb devstack@keystone.service[80189]: ERROR keystone.server.flask.application
May 03 14:28:18.833802 dv-cinder-840289-3-smb devstack@keystone.service[80189]: [pid: 80189|app: 0|req: 104/203] 10.222.0.32 () {56 vars in 1099 bytes} [Tue May 3 14:28:18 2022] GET /identity/v3/roles/reader => generated 84 bytes in 159 msecs (HTTP/1.1 404) 5 headers in 183 bytes (1 switches on core 0)
May 03 14:28:18.835233 dv-cinder-840289-3-smb devstack@keystone.service[80188]: DEBUG keystone.server.flask.request_processing.middleware.auth_context [None req-c7a2949d-d5fc-4702-b8c9-9ba63f3de61a None None] Authenticating user token {{(pid=80188) process_request /usr/local/lib/python3.8/dist-packages/keystonemiddleware/auth_token/__init__.py:407}}
May 03 14:28:18.967009 dv-cinder-840289-3-smb devstack@keystone.service[80188]: DEBUG keystone.server.flask.request_processing.middleware.auth_context [None req-c7a2949d-d5fc-4702-b8c9-9ba63f3de61a None None] Validating token access rules against request {{(pid=80188) validate_allowed_request /usr/local/lib/python3.8/dist-packages/keystonemiddleware/auth_token/__init__.py:545}}
May 03 14:28:19.017628 dv-cinder-840289-3-smb devstack@keystone.service[80188]: DEBUG keystone.server.flask.request_processing.middleware.auth_context [None req-37205bac-435d-4ed9-9870-213b268f95f8 None admin] RBAC: auth_context: {'token': , 'domain_id': None, 'trust_id': None, 'trustor_id': None, 'trustee_id': None, 'domain_name': None, 'group_ids': [], 'user_id': '31af49723b1d47aa9f15e1293b41c31a', 'user_domain_id': 'default', 'system_scope': 'all', 'project_id': None, 'project_domain_id': None, 'roles': ['admin', 'member', 'reader'], 'is_admin_project': True, 'service_user_id': None, 'service_user_domain_id': None, 'service_project_id': None, 'service_project_domain_id': None, 'service_roles': []} {{(pid=80188) fill_context /opt/stack/keystone/keystone/server/flask/request_processing/middleware/auth_context.py:478}}
May 03 14:28:19.018783 dv-cinder-840289-3-smb devstack@keystone.service[80188]: DEBUG keystone.server.flask.request_processing.req_logging [None req-37205bac-435d-4ed9-9870-213b268f95f8 None admin] REQUEST_METHOD: `GET` {{(pid=80188) log_request_info /opt/stack/keystone/keystone/server/flask/request_processing/req_logging.py:27}}
May 03 14:28:19.019294 dv-cinder-840289-3-smb devstack@keystone.service[80188]: DEBUG keystone.server.flask.request_processing.req_logging [None req-37205bac-435d-4ed9-9870-213b268f95f8 None admin] SCRIPT_NAME: `/identity` {{(pid=80188) log_request_info /opt/stack/keystone/keystone/server/flask/request_processing/req_logging.py:28}}
May 03 14:28:19.019794 dv-cinder-840289-3-smb devstack@keystone.service[80188]: DEBUG keystone.server.flask.request_processing.req_logging [None req-37205bac-435d-4ed9-9870-213b268f95f8 None admin] PATH_INFO: `/v3/roles` {{(pid=80188) log_request_info /opt/stack/keystone/keystone/server/flask/request_processing/req_logging.py:29}}
May 03 14:28:19.020733 dv-cinder-840289-3-smb devstack@keystone.service[80188]: DEBUG keystone.common.rbac_enforcer.enforcer [None req-37205bac-435d-4ed9-9870-213b268f95f8 None admin] RBAC: Adding query filter params (name=reader) {{(pid=80188) _extract_filter_values /opt/stack/keystone/keystone/common/rbac_enforcer/enforcer.py:167}}
May 03 14:28:19.021233 dv-cinder-840289-3-smb devstack@keystone.service[80188]: DEBUG keystone.common.rbac_enforcer.enforcer [None req-37205bac-435d-4ed9-9870-213b268f95f8 None admin] RBAC: Authorizing `identity:list_roles()` {{(pid=80188) enforce_call /opt/stack/keystone/keystone/common/rbac_enforcer/enforcer.py:449}}
May 03 14:28:19.022821 dv-cinder-840289-3-smb devstack@keystone.service[80188]: DEBUG keystone.common.rbac_enforcer.enforcer [None req-37205bac-435d-4ed9-9870-213b268f95f8 None admin] RBAC: Authorization granted {{(pid=80188) enforce_call /opt/stack/keystone/keystone/common/rbac_enforcer/enforcer.py:457}}
May 03 14:28:19.033956 dv-cinder-840289-3-smb devstack@keystone.service[80188]: [pid: 80188|app: 0|req: 100/204] 10.222.0.32 () {56 vars in 1101 bytes} [Tue May 3 14:28:18 2022] GET /identity/v3/roles?name=reader => generated 341 bytes in 199 msecs (HTTP/1.1 200) 5 headers in 177 bytes (1 switches on core 0)
May 03 14:28:19.039652 dv-cinder-840289-3-smb devstack@keystone.service[80189]: DEBUG keystone.server.flask.request_processing.middleware.auth_context [None req-6cc11548-7700-4ec9-aadb-48b697930f47 None admin] Authenticating user token {{(pid=80189) process_request /usr/local/lib/python3.8/dist-packages/keystonemiddleware/auth_token/__init__.py:407}}
May 03 14:28:19.174069 dv-cinder-840289-3-smb devstack@keystone.service[80189]: DEBUG keystone.server.flask.request_processing.middleware.auth_context [None req-6cc11548-7700-4ec9-aadb-48b697930f47 None admin] Validating token access rules against request {{(pid=80189) validate_allowed_request /usr/local/lib/python3.8/dist-packages/keystonemiddleware/auth_token/__init__.py:545}}
May 03 14:28:19.224518 dv-cinder-840289-3-smb devstack@keystone.service[80189]: DEBUG keystone.server.flask.request_processing.middleware.auth_context [None req-f4bc025b-917d-46a7-9352-af08258366ab None admin] RBAC: auth_context: {'token': , 'domain_id': None, 'trust_id': None, 'trustor_id': None, 'trustee_id': None, 'domain_name': None, 'group_ids': [], 'user_id': '31af49723b1d47aa9f15e1293b41c31a', 'user_domain_id': 'default', 'system_scope': 'all', 'project_id': None, 'project_domain_id': None, 'roles': ['admin', 'member', 'reader'], 'is_admin_project': True, 'service_user_id': None, 'service_user_domain_id': None, 'service_project_id': None, 'service_project_domain_id': None, 'service_roles': []} {{(pid=80189) fill_context /opt/stack/keystone/keystone/server/flask/request_processing/middleware/auth_context.py:478}}
May 03 14:28:19.225391 dv-cinder-840289-3-smb devstack@keystone.service[80189]: DEBUG keystone.server.flask.request_processing.req_logging [None req-f4bc025b-917d-46a7-9352-af08258366ab None admin] REQUEST_METHOD: `GET` {{(pid=80189) log_request_info /opt/stack/keystone/keystone/server/flask/request_processing/req_logging.py:27}}
May 03 14:28:19.225665 dv-cinder-840289-3-smb devstack@keystone.service[80189]: DEBUG keystone.server.flask.request_processing.req_logging [None req-f4bc025b-917d-46a7-9352-af08258366ab None admin] SCRIPT_NAME: `/identity` {{(pid=80189) log_request_info /opt/stack/keystone/keystone/server/flask/request_processing/req_logging.py:28}}
May 03 14:28:19.225935 dv-cinder-840289-3-smb devstack@keystone.service[80189]: DEBUG keystone.server.flask.request_processing.req_logging [None req-f4bc025b-917d-46a7-9352-af08258366ab None admin] PATH_INFO: `/v3/users/d198d2b4a41e46f7b2e12320882cd230` {{(pid=80189) log_request_info /opt/stack/keystone/keystone/server/flask/request_processing/req_logging.py:29}}
May 03 14:28:19.231418 dv-cinder-840289-3-smb devstack@keystone.service[80189]: DEBUG keystone.common.rbac_enforcer.enforcer [None req-f4bc025b-917d-46a7-9352-af08258366ab None admin] RBAC: Authorizing `identity:get_user(user_id=d198d2b4a41e46f7b2e12320882cd230)` {{(pid=80189) enforce_call /opt/stack/keystone/keystone/common/rbac_enforcer/enforcer.py:449}}
May 03 14:28:19.232881 dv-cinder-840289-3-smb devstack@keystone.service[80189]: DEBUG keystone.common.rbac_enforcer.enforcer [None req-f4bc025b-917d-46a7-9352-af08258366ab None admin] RBAC: Authorization granted {{(pid=80189) enforce_call /opt/stack/keystone/keystone/common/rbac_enforcer/enforcer.py:457}}
May 03 14:28:19.234877 dv-cinder-840289-3-smb devstack@keystone.service[80189]: [pid: 80189|app: 0|req: 105/205] 10.222.0.32 () {56 vars in 1177 bytes} [Tue May 3 14:28:19 2022] GET /identity/v3/users/d198d2b4a41e46f7b2e12320882cd230 => generated 289 bytes in 196 msecs (HTTP/1.1 200) 5 headers in 177 bytes (1 switches on core 0)
May 03 14:28:19.240368 dv-cinder-840289-3-smb devstack@keystone.service[80188]: DEBUG keystone.server.flask.request_processing.middleware.auth_context [None req-37205bac-435d-4ed9-9870-213b268f95f8 None admin] Authenticating user token {{(pid=80188) process_request /usr/local/lib/python3.8/dist-packages/keystonemiddleware/auth_token/__init__.py:407}}
May 03 14:28:19.377561 dv-cinder-840289-3-smb devstack@keystone.service[80189]: DEBUG keystone.server.flask.request_processing.req_logging [None req-dea632d1-8eb3-48c0-abff-914dfcf8742e None None] REQUEST_METHOD: `GET` {{(pid=80189) log_request_info /opt/stack/keystone/keystone/server/flask/request_processing/req_logging.py:27}}
May 03 14:28:19.377884 dv-cinder-840289-3-smb devstack@keystone.service[80189]: DEBUG keystone.server.flask.request_processing.req_logging [None req-dea632d1-8eb3-48c0-abff-914dfcf8742e None None] SCRIPT_NAME: `/identity` {{(pid=80189) log_request_info /opt/stack/keystone/keystone/server/flask/request_processing/req_logging.py:28}}
May 03 14:28:19.378111 dv-cinder-840289-3-smb devstack@keystone.service[80189]: DEBUG keystone.server.flask.request_processing.req_logging [None req-dea632d1-8eb3-48c0-abff-914dfcf8742e None None] PATH_INFO: `/` {{(pid=80189) log_request_info /opt/stack/keystone/keystone/server/flask/request_processing/req_logging.py:29}}
May 03 14:28:19.379509 dv-cinder-840289-3-smb devstack@keystone.service[80189]: [pid: 80189|app: 0|req: 106/206] 10.222.0.32 () {54 vars in 926 bytes} [Tue May 3 14:28:19 2022] GET /identity => generated 270 bytes in 3 msecs (HTTP/1.1 300) 6 headers in 234 bytes (2 switches on core 0)
May 03 14:28:19.384743 dv-cinder-840289-3-smb devstack@keystone.service[80189]: DEBUG keystone.server.flask.request_processing.req_logging [None req-30e7f570-e3a6-4bd8-97f1-a468d67709fa None None] REQUEST_METHOD: `POST` {{(pid=80189) log_request_info /opt/stack/keystone/keystone/server/flask/request_processing/req_logging.py:27}}
May 03 14:28:19.385029 dv-cinder-840289-3-smb devstack@keystone.service[80189]: DEBUG keystone.server.flask.request_processing.req_logging [None req-30e7f570-e3a6-4bd8-97f1-a468d67709fa None None] SCRIPT_NAME: `/identity` {{(pid=80189) log_request_info /opt/stack/keystone/keystone/server/flask/request_processing/req_logging.py:28}}
May 03 14:28:19.385303 dv-cinder-840289-3-smb devstack@keystone.service[80189]: DEBUG keystone.server.flask.request_processing.req_logging [None req-30e7f570-e3a6-4bd8-97f1-a468d67709fa None None] PATH_INFO: `/v3/auth/tokens` {{(pid=80189) log_request_info /opt/stack/keystone/keystone/server/flask/request_processing/req_logging.py:29}}
May 03 14:28:19.409558 dv-cinder-840289-3-smb devstack@keystone.service[80188]: DEBUG keystone.server.flask.request_processing.middleware.auth_context [None req-37205bac-435d-4ed9-9870-213b268f95f8 None admin] Validating token access rules against request {{(pid=80188) validate_allowed_request /usr/local/lib/python3.8/dist-packages/keystonemiddleware/auth_token/__init__.py:545}}
May 03 14:28:19.420847 dv-cinder-840289-3-smb devstack@keystone.service[80189]: DEBUG keystone.auth.core [None req-30e7f570-e3a6-4bd8-97f1-a468d67709fa None None] MFA Rules not processed for user `31af49723b1d47aa9f15e1293b41c31a`. Rule list: `[]` (Enabled: `True`). {{(pid=80189) check_auth_methods_against_rules /opt/stack/keystone/keystone/auth/core.py:438}}
May 03 14:28:19.422019 dv-cinder-840289-3-smb devstack@keystone.service[80189]: DEBUG keystone.common.fernet_utils [None req-30e7f570-e3a6-4bd8-97f1-a468d67709fa None None] Loaded 2 Fernet keys from /etc/keystone/fernet-keys/, but `[fernet_tokens] max_active_keys = 3`; perhaps there have not been enough key rotations to reach `max_active_keys` yet? {{(pid=80189) load_keys /opt/stack/keystone/keystone/common/fernet_utils.py:286}}
May 03 14:28:19.469421 dv-cinder-840289-3-smb devstack@keystone.service[80188]: DEBUG keystone.server.flask.request_processing.middleware.auth_context [None req-5e83f908-d61c-489f-afb9-6bc3ae7d4f2c None admin] RBAC: auth_context: {'token': , 'domain_id': None, 'trust_id': None, 'trustor_id': None, 'trustee_id': None, 'domain_name': None, 'group_ids': [], 'user_id': '31af49723b1d47aa9f15e1293b41c31a', 'user_domain_id': 'default', 'system_scope': 'all', 'project_id': None, 'project_domain_id': None, 'roles': ['admin', 'member', 'reader'], 'is_admin_project': True, 'service_user_id': None, 'service_user_domain_id': None, 'service_project_id': None, 'service_project_domain_id': None, 'service_roles': []} {{(pid=80188) fill_context /opt/stack/keystone/keystone/server/flask/request_processing/middleware/auth_context.py:478}}
May 03 14:28:19.470090 dv-cinder-840289-3-smb devstack@keystone.service[80188]: DEBUG keystone.server.flask.request_processing.req_logging [None req-5e83f908-d61c-489f-afb9-6bc3ae7d4f2c None admin] REQUEST_METHOD: `GET` {{(pid=80188) log_request_info /opt/stack/keystone/keystone/server/flask/request_processing/req_logging.py:27}}
May 03 14:28:19.470368 dv-cinder-840289-3-smb devstack@keystone.service[80188]: DEBUG keystone.server.flask.request_processing.req_logging [None req-5e83f908-d61c-489f-afb9-6bc3ae7d4f2c None admin] SCRIPT_NAME: `/identity` {{(pid=80188) log_request_info /opt/stack/keystone/keystone/server/flask/request_processing/req_logging.py:28}}
May 03 14:28:19.470639 dv-cinder-840289-3-smb devstack@keystone.service[80188]: DEBUG keystone.server.flask.request_processing.req_logging [None req-5e83f908-d61c-489f-afb9-6bc3ae7d4f2c None admin] PATH_INFO: `/v3/auth/tokens` {{(pid=80188) log_request_info /opt/stack/keystone/keystone/server/flask/request_processing/req_logging.py:29}}
May 03 14:28:19.556377 dv-cinder-840289-3-smb devstack@keystone.service[80189]: [pid: 80189|app: 0|req: 107/207] 10.222.0.32 () {58 vars in 1023 bytes} [Tue May 3 14:28:19 2022] POST /identity/v3/auth/tokens => generated 799 bytes in 166 msecs (HTTP/1.1 201) 6 headers in 363 bytes (2 switches on core 0)
May 03 14:28:19.590364 dv-cinder-840289-3-smb devstack@keystone.service[80188]: DEBUG keystone.common.rbac_enforcer.enforcer [None req-5e83f908-d61c-489f-afb9-6bc3ae7d4f2c None admin] RBAC: Authorizing `identity:validate_token()` {{(pid=80188) enforce_call /opt/stack/keystone/keystone/common/rbac_enforcer/enforcer.py:449}}
May 03 14:28:19.591883 dv-cinder-840289-3-smb devstack@keystone.service[80188]: DEBUG keystone.common.rbac_enforcer.enforcer [None req-5e83f908-d61c-489f-afb9-6bc3ae7d4f2c None admin] RBAC: Authorization granted {{(pid=80188) enforce_call /opt/stack/keystone/keystone/common/rbac_enforcer/enforcer.py:457}}
May 03 14:28:19.611681 dv-cinder-840289-3-smb devstack@keystone.service[80189]: DEBUG keystone.server.flask.request_processing.middleware.auth_context [None req-30e7f570-e3a6-4bd8-97f1-a468d67709fa None None] Authenticating user token {{(pid=80189) process_request /usr/local/lib/python3.8/dist-packages/keystonemiddleware/auth_token/__init__.py:407}}
May 03 14:28:19.717209 dv-cinder-840289-3-smb devstack@keystone.service[80189]: DEBUG keystone.server.flask.request_processing.middleware.auth_context [None req-30e7f570-e3a6-4bd8-97f1-a468d67709fa None None] Validating token access rules against request {{(pid=80189) validate_allowed_request /usr/local/lib/python3.8/dist-packages/keystonemiddleware/auth_token/__init__.py:545}}
May 03 14:28:19.750760 dv-cinder-840289-3-smb devstack@keystone.service[80188]: [pid: 80188|app: 0|req: 101/208] 10.222.0.32 () {58 vars in 1282 bytes} [Tue May 3 14:28:19 2022] GET /identity/v3/auth/tokens => generated 799 bytes in 507 msecs (HTTP/1.1 200) 6 headers in 358 bytes (1 switches on core 0)
May 03 14:28:19.752669 dv-cinder-840289-3-smb devstack@keystone.service[80188]: DEBUG keystone.server.flask.request_processing.req_logging [None req-93e01cfe-5215-47dd-ba97-f49f3c82f673 None None] REQUEST_METHOD: `GET` {{(pid=80188) log_request_info /opt/stack/keystone/keystone/server/flask/request_processing/req_logging.py:27}}
May 03 14:28:19.752955 dv-cinder-840289-3-smb devstack@keystone.service[80188]: DEBUG keystone.server.flask.request_processing.req_logging [None req-93e01cfe-5215-47dd-ba97-f49f3c82f673 None None] SCRIPT_NAME: `/identity` {{(pid=80188) log_request_info /opt/stack/keystone/keystone/server/flask/request_processing/req_logging.py:28}}
May 03 14:28:19.753230 dv-cinder-840289-3-smb devstack@keystone.service[80188]: DEBUG keystone.server.flask.request_processing.req_logging [None req-93e01cfe-5215-47dd-ba97-f49f3c82f673 None None] PATH_INFO: `/` {{(pid=80188) log_request_info /opt/stack/keystone/keystone/server/flask/request_processing/req_logging.py:29}}
May 03 14:28:19.754745 dv-cinder-840289-3-smb devstack@keystone.service[80188]: [pid: 80188|app: 0|req: 102/209] 10.222.0.32 () {54 vars in 926 bytes} [Tue May 3 14:28:19 2022] GET /identity => generated 270 bytes in 3 msecs (HTTP/1.1 300) 6 headers in 234 bytes (1 switches on core 0)
May 03 14:28:19.755298 dv-cinder-840289-3-smb devstack@keystone.service[80188]: DEBUG keystone.server.flask.request_processing.middleware.auth_context [None req-93e01cfe-5215-47dd-ba97-f49f3c82f673 None None] Authenticating user token {{(pid=80188) process_request /usr/local/lib/python3.8/dist-packages/keystonemiddleware/auth_token/__init__.py:407}}
