May 03 08:54:25.446736 dv-cinder-840276-2-smb devstack@c-api.service[110494]: /usr/local/lib/python3.8/dist-packages/oslo_context/context.py:100: DeprecationWarning: Policy enforcement is depending on the value of is_admin. This key is deprecated. Please update your policy file to use the standard policy values.
May 03 08:54:25.446736 dv-cinder-840276-2-smb devstack@c-api.service[110494]: warnings.warn('Policy enforcement is depending on the value of '
May 03 08:54:25.452602 dv-cinder-840276-2-smb devstack@c-api.service[110494]: DEBUG cinder.volume.api [None req-4b9080a6-d5f4-48db-8f58-91988db4bd2b tempest-GroupSnapshotsTest-692956040 tempest-GroupSnapshotsTest-692956040-project] Searching by: MultiDict([('no_migration_targets', True)]). {{(pid=110494) get_all /opt/stack/cinder/cinder/volume/api.py:662}}
May 03 08:54:25.461227 dv-cinder-840276-2-smb devstack@c-api.service[110495]: INFO cinder.volume.api [None req-7dc0f870-92d1-4f21-b33c-c2743a5db42b tempest-VolumesTestJSON-721247559 tempest-VolumesTestJSON-721247559-project] Volume info retrieved successfully.
May 03 08:54:25.487662 dv-cinder-840276-2-smb devstack@c-api.service[110495]: INFO cinder.api.openstack.wsgi [None req-7dc0f870-92d1-4f21-b33c-c2743a5db42b tempest-VolumesTestJSON-721247559 tempest-VolumesTestJSON-721247559-project] http://10.222.0.25/volume/v3/8040b55da6da41d1bd8ee124b2e02dd3/volumes/f23b34b9-356b-4496-8cfc-33f7bb4b59b1 returned with HTTP 200
May 03 08:54:25.488449 dv-cinder-840276-2-smb devstack@c-api.service[110495]: [pid: 110495|app: 0|req: 98/199] 10.222.0.25 () {58 vars in 1324 bytes} [Tue May 3 08:54:25 2022] GET /volume/v3/8040b55da6da41d1bd8ee124b2e02dd3/volumes/f23b34b9-356b-4496-8cfc-33f7bb4b59b1 => generated 921 bytes in 123 msecs (HTTP/1.1 200) 7 headers in 285 bytes (1 switches on core 0)
May 03 08:54:25.644320 dv-cinder-840276-2-smb devstack@c-api.service[110494]: INFO cinder.volume.api [None req-4b9080a6-d5f4-48db-8f58-91988db4bd2b tempest-GroupSnapshotsTest-692956040 tempest-GroupSnapshotsTest-692956040-project] Get all volumes completed successfully.
May 03 08:54:25.663254 dv-cinder-840276-2-smb devstack@c-api.service[110494]: WARNING stevedore.named [None req-4b9080a6-d5f4-48db-8f58-91988db4bd2b tempest-GroupSnapshotsTest-692956040 tempest-GroupSnapshotsTest-692956040-project] Could not load cinder.keymgr.conf_key_mgr.ConfKeyManager
May 03 08:54:25.667677 dv-cinder-840276-2-smb devstack@c-api.service[110494]: WARNING castellan.key_manager [None req-4b9080a6-d5f4-48db-8f58-91988db4bd2b tempest-GroupSnapshotsTest-692956040 tempest-GroupSnapshotsTest-692956040-project] Deprecation Warning : cinder.keymgr.conf_key_mgr.ConfKeyManager is not a stevedore based driver, trying to load it as a class: stevedore.exception.NoMatches: No 'castellan.drivers' driver found, looking for 'cinder.keymgr.conf_key_mgr.ConfKeyManager'
May 03 08:54:25.679808 dv-cinder-840276-2-smb devstack@c-api.service[110494]: DEBUG oslo_db.sqlalchemy.engines [None req-4b9080a6-d5f4-48db-8f58-91988db4bd2b tempest-GroupSnapshotsTest-692956040 tempest-GroupSnapshotsTest-692956040-project] MySQL server mode set to STRICT_TRANS_TABLES,STRICT_ALL_TABLES,NO_ZERO_IN_DATE,NO_ZERO_DATE,ERROR_FOR_DIVISION_BY_ZERO,TRADITIONAL,NO_ENGINE_SUBSTITUTION {{(pid=110494) _check_effective_sql_mode /usr/local/lib/python3.8/dist-packages/oslo_db/sqlalchemy/engines.py:314}}
May 03 08:54:25.688365 dv-cinder-840276-2-smb devstack@c-api.service[110494]: /usr/local/lib/python3.8/dist-packages/oslo_context/context.py:100: DeprecationWarning: Policy enforcement is depending on the value of is_admin. This key is deprecated. Please update your policy file to use the standard policy values.
May 03 08:54:25.688365 dv-cinder-840276-2-smb devstack@c-api.service[110494]: warnings.warn('Policy enforcement is depending on the value of '
May 03 08:54:25.707287 dv-cinder-840276-2-smb devstack@c-api.service[110494]: WARNING stevedore.named [None req-4b9080a6-d5f4-48db-8f58-91988db4bd2b tempest-GroupSnapshotsTest-692956040 tempest-GroupSnapshotsTest-692956040-project] Could not load cinder.keymgr.conf_key_mgr.ConfKeyManager
May 03 08:54:25.709485 dv-cinder-840276-2-smb devstack@c-api.service[110494]: WARNING castellan.key_manager [None req-4b9080a6-d5f4-48db-8f58-91988db4bd2b tempest-GroupSnapshotsTest-692956040 tempest-GroupSnapshotsTest-692956040-project] Deprecation Warning : cinder.keymgr.conf_key_mgr.ConfKeyManager is not a stevedore based driver, trying to load it as a class: stevedore.exception.NoMatches: No 'castellan.drivers' driver found, looking for 'cinder.keymgr.conf_key_mgr.ConfKeyManager'
May 03 08:54:25.729778 dv-cinder-840276-2-smb devstack@c-api.service[110494]: DEBUG oslo_db.sqlalchemy.engines [None req-4b9080a6-d5f4-48db-8f58-91988db4bd2b tempest-GroupSnapshotsTest-692956040 tempest-GroupSnapshotsTest-692956040-project] MySQL server mode set to STRICT_TRANS_TABLES,STRICT_ALL_TABLES,NO_ZERO_IN_DATE,NO_ZERO_DATE,ERROR_FOR_DIVISION_BY_ZERO,TRADITIONAL,NO_ENGINE_SUBSTITUTION {{(pid=110494) _check_effective_sql_mode /usr/local/lib/python3.8/dist-packages/oslo_db/sqlalchemy/engines.py:314}}
May 03 08:54:25.741769 dv-cinder-840276-2-smb devstack@c-api.service[110494]: /usr/local/lib/python3.8/dist-packages/oslo_context/context.py:100: DeprecationWarning: Policy enforcement is depending on the value of is_admin. This key is deprecated. Please update your policy file to use the standard policy values.
May 03 08:54:25.741769 dv-cinder-840276-2-smb devstack@c-api.service[110494]: warnings.warn('Policy enforcement is depending on the value of '
May 03 08:54:25.789557 dv-cinder-840276-2-smb devstack@c-api.service[110495]: DEBUG cinder.api.middleware.request_id [None req-07fcbbe4-8dc5-49c3-ad69-2569ee895031 None None] RequestId filter calling following filter/app {{(pid=110495) _context_setter /opt/stack/cinder/cinder/api/middleware/request_id.py:62}}
May 03 08:54:25.802603 dv-cinder-840276-2-smb devstack@c-api.service[110494]: INFO cinder.api.openstack.wsgi [None req-4b9080a6-d5f4-48db-8f58-91988db4bd2b tempest-GroupSnapshotsTest-692956040 tempest-GroupSnapshotsTest-692956040-project] http://10.222.0.25/volume/v3/999e30fb834f413191266a55fb3b65ac/volumes/detail returned with HTTP 200
May 03 08:54:25.810960 dv-cinder-840276-2-smb devstack@c-api.service[110494]: [pid: 110494|app: 0|req: 102/200] 10.222.0.25 () {60 vars in 1275 bytes} [Tue May 3 08:54:25 2022] GET /volume/v3/999e30fb834f413191266a55fb3b65ac/volumes/detail => generated 1994 bytes in 394 msecs (HTTP/1.1 200) 7 headers in 287 bytes (1 switches on core 0)
May 03 08:54:25.818310 dv-cinder-840276-2-smb devstack@c-api.service[110494]: DEBUG cinder.api.middleware.request_id [None req-401157eb-d303-4a1d-b638-c5bd29950c42 None None] RequestId filter calling following filter/app {{(pid=110494) _context_setter /opt/stack/cinder/cinder/api/middleware/request_id.py:62}}
May 03 08:54:25.822946 dv-cinder-840276-2-smb devstack@c-api.service[110494]: INFO cinder.api.openstack.wsgi [None req-401157eb-d303-4a1d-b638-c5bd29950c42 tempest-GroupSnapshotsTest-692956040 tempest-GroupSnapshotsTest-692956040-project] POST http://10.222.0.25/volume/v3/999e30fb834f413191266a55fb3b65ac/group_snapshots
May 03 08:54:25.823831 dv-cinder-840276-2-smb devstack@c-api.service[110494]: DEBUG cinder.api.openstack.wsgi [None req-401157eb-d303-4a1d-b638-c5bd29950c42 tempest-GroupSnapshotsTest-692956040 tempest-GroupSnapshotsTest-692956040-project] Action: 'create', calling method: version_select, body: {"group_snapshot": {"group_id": "7671902d-faf8-4ced-b271-e7d0dd0911f8", "name": "tempest-GroupSnapshotsTest-Group_Snapshot-766874843"}} {{(pid=110494) _process_stack /opt/stack/cinder/cinder/api/openstack/wsgi.py:866}}
May 03 08:54:25.825057 dv-cinder-840276-2-smb devstack@c-api.service[110494]: DEBUG cinder.api.v3.group_snapshots [None req-401157eb-d303-4a1d-b638-c5bd29950c42 tempest-GroupSnapshotsTest-692956040 tempest-GroupSnapshotsTest-692956040-project] Creating new group_snapshot {'group_snapshot': {'group_id': '7671902d-faf8-4ced-b271-e7d0dd0911f8', 'name': 'tempest-GroupSnapshotsTest-Group_Snapshot-766874843'}} {{(pid=110494) create /opt/stack/cinder/cinder/api/v3/group_snapshots.py:154}}
May 03 08:54:25.841074 dv-cinder-840276-2-smb devstack@c-api.service[110494]: /usr/local/lib/python3.8/dist-packages/oslo_context/context.py:100: DeprecationWarning: Policy enforcement is depending on the value of is_admin. This key is deprecated. Please update your policy file to use the standard policy values.
May 03 08:54:25.841074 dv-cinder-840276-2-smb devstack@c-api.service[110494]: warnings.warn('Policy enforcement is depending on the value of '
May 03 08:54:25.875821 dv-cinder-840276-2-smb devstack@c-api.service[110494]: INFO cinder.api.v3.group_snapshots [None req-401157eb-d303-4a1d-b638-c5bd29950c42 tempest-GroupSnapshotsTest-692956040 tempest-GroupSnapshotsTest-692956040-project] Creating group_snapshot tempest-GroupSnapshotsTest-Group_Snapshot-766874843.
May 03 08:54:25.987072 dv-cinder-840276-2-smb devstack@c-api.service[110494]: /usr/local/lib/python3.8/dist-packages/oslo_context/context.py:100: DeprecationWarning: Policy enforcement is depending on the value of is_admin. This key is deprecated. Please update your policy file to use the standard policy values.
May 03 08:54:25.987072 dv-cinder-840276-2-smb devstack@c-api.service[110494]: warnings.warn('Policy enforcement is depending on the value of '
May 03 08:54:26.037969 dv-cinder-840276-2-smb devstack@c-api.service[110495]: INFO cinder.api.openstack.wsgi [None req-07fcbbe4-8dc5-49c3-ad69-2569ee895031 tempest-GroupsV320Test-1945253989 tempest-GroupsV320Test-1945253989-project-admin] POST http://10.222.0.25/volume/v3/13a8decfddc541a1b5994a4b68846724/types
May 03 08:54:26.038898 dv-cinder-840276-2-smb devstack@c-api.service[110495]: DEBUG cinder.api.openstack.wsgi [None req-07fcbbe4-8dc5-49c3-ad69-2569ee895031 tempest-GroupsV320Test-1945253989 tempest-GroupsV320Test-1945253989-project-admin] Action: 'create', calling method: _create, body: {"volume_type": {"name": "tempest-GroupsV320Test-volume-type-428509049"}} {{(pid=110495) _process_stack /opt/stack/cinder/cinder/api/openstack/wsgi.py:866}}
May 03 08:54:26.111982 dv-cinder-840276-2-smb devstack@c-api.service[110495]: INFO cinder.api.openstack.wsgi [None req-07fcbbe4-8dc5-49c3-ad69-2569ee895031 tempest-GroupsV320Test-1945253989 tempest-GroupsV320Test-1945253989-project-admin] http://10.222.0.25/volume/v3/13a8decfddc541a1b5994a4b68846724/types returned with HTTP 200
May 03 08:54:26.126173 dv-cinder-840276-2-smb devstack@c-api.service[110494]: WARNING cinder.quota [None req-401157eb-d303-4a1d-b638-c5bd29950c42 tempest-GroupSnapshotsTest-692956040 tempest-GroupSnapshotsTest-692956040-project] Deprecated: Default quota for resource: snapshots_tempest-GroupSnapshotsTest-volume-type-1252219374 is set by the default quota flag: quota_snapshots_tempest-GroupSnapshotsTest-volume-type-1252219374, it is now deprecated. Please use the default quota class for default quota.
May 03 08:54:26.126785 dv-cinder-840276-2-smb devstack@c-api.service[110495]: [pid: 110495|app: 0|req: 99/201] 10.222.0.25 () {60 vars in 1228 bytes} [Tue May 3 08:54:25 2022] POST /volume/v3/13a8decfddc541a1b5994a4b68846724/types => generated 219 bytes in 336 msecs (HTTP/1.1 200) 7 headers in 285 bytes (1 switches on core 0)
May 03 08:54:26.130484 dv-cinder-840276-2-smb devstack@c-api.service[110495]: DEBUG cinder.api.middleware.request_id [None req-ca207542-b3b7-4cad-8f44-417640ab9d39 None None] RequestId filter calling following filter/app {{(pid=110495) _context_setter /opt/stack/cinder/cinder/api/middleware/request_id.py:62}}
May 03 08:54:26.147212 dv-cinder-840276-2-smb devstack@c-api.service[110495]: INFO cinder.api.openstack.wsgi [None req-ca207542-b3b7-4cad-8f44-417640ab9d39 tempest-GroupsV320Test-1945253989 tempest-GroupsV320Test-1945253989-project-admin] POST http://10.222.0.25/volume/v3/13a8decfddc541a1b5994a4b68846724/group_types
May 03 08:54:26.148286 dv-cinder-840276-2-smb devstack@c-api.service[110495]: DEBUG cinder.api.openstack.wsgi [None req-ca207542-b3b7-4cad-8f44-417640ab9d39 tempest-GroupsV320Test-1945253989 tempest-GroupsV320Test-1945253989-project-admin] Action: 'create', calling method: version_select, body: {"group_type": {"name": "tempest-GroupsV320Test-group-type-1357957955"}} {{(pid=110495) _process_stack /opt/stack/cinder/cinder/api/openstack/wsgi.py:866}}
May 03 08:54:26.198774 dv-cinder-840276-2-smb devstack@c-api.service[110495]: INFO cinder.api.openstack.wsgi [None req-ca207542-b3b7-4cad-8f44-417640ab9d39 tempest-GroupsV320Test-1945253989 tempest-GroupsV320Test-1945253989-project-admin] http://10.222.0.25/volume/v3/13a8decfddc541a1b5994a4b68846724/group_types returned with HTTP 202
May 03 08:54:26.208682 dv-cinder-840276-2-smb devstack@c-api.service[110495]: [pid: 110495|app: 0|req: 100/202] 10.222.0.25 () {62 vars in 1287 bytes} [Tue May 3 08:54:26 2022] POST /volume/v3/13a8decfddc541a1b5994a4b68846724/group_types => generated 177 bytes in 81 msecs (HTTP/1.1 202) 7 headers in 292 bytes (1 switches on core 0)
May 03 08:54:26.212072 dv-cinder-840276-2-smb devstack@c-api.service[110495]: DEBUG cinder.api.middleware.request_id [None req-69503ef3-0a69-48e6-8fe9-11d5d8b2ba82 None None] RequestId filter calling following filter/app {{(pid=110495) _context_setter /opt/stack/cinder/cinder/api/middleware/request_id.py:62}}
May 03 08:54:26.223300 dv-cinder-840276-2-smb devstack@c-api.service[110494]: DEBUG cinder.quota [None req-401157eb-d303-4a1d-b638-c5bd29950c42 tempest-GroupSnapshotsTest-692956040 tempest-GroupSnapshotsTest-692956040-project] Created reservations ['7a1a55ea-2264-43f8-95c7-5ea14a79a2b8', 'b666bc69-0d48-47b3-bb48-163b5ed58f19', '8a61ecaa-0d5b-41b7-9d45-7db94e265b66', '1beae6d8-29b4-48f4-bbe6-8a1c2e0de3a8'] {{(pid=110494) reserve /opt/stack/cinder/cinder/quota.py:755}}
May 03 08:54:26.367869 dv-cinder-840276-2-smb devstack@c-api.service[110494]: INFO cinder.api.openstack.wsgi [None req-401157eb-d303-4a1d-b638-c5bd29950c42 tempest-GroupSnapshotsTest-692956040 tempest-GroupSnapshotsTest-692956040-project] http://10.222.0.25/volume/v3/999e30fb834f413191266a55fb3b65ac/group_snapshots returned with HTTP 202
May 03 08:54:26.379465 dv-cinder-840276-2-smb devstack@c-api.service[110494]: [pid: 110494|app: 0|req: 103/203] 10.222.0.25 () {62 vars in 1300 bytes} [Tue May 3 08:54:25 2022] POST /volume/v3/999e30fb834f413191266a55fb3b65ac/group_snapshots => generated 186 bytes in 562 msecs (HTTP/1.1 202) 7 headers in 292 bytes (1 switches on core 0)
May 03 08:54:26.386663 dv-cinder-840276-2-smb devstack@c-api.service[110494]: DEBUG cinder.api.middleware.request_id [None req-9fceac41-7399-4577-806f-1f1cec49ac2d None None] RequestId filter calling following filter/app {{(pid=110494) _context_setter /opt/stack/cinder/cinder/api/middleware/request_id.py:62}}
May 03 08:54:26.392878 dv-cinder-840276-2-smb devstack@c-api.service[110494]: INFO cinder.api.openstack.wsgi [None req-9fceac41-7399-4577-806f-1f1cec49ac2d tempest-GroupSnapshotsTest-692956040 tempest-GroupSnapshotsTest-692956040-project] GET http://10.222.0.25/volume/v3/999e30fb834f413191266a55fb3b65ac/group_snapshots/b2df2b94-c139-49bd-95c6-17dfbb1310b8
May 03 08:54:26.396410 dv-cinder-840276-2-smb devstack@c-api.service[110494]: DEBUG cinder.api.openstack.wsgi [None req-9fceac41-7399-4577-806f-1f1cec49ac2d tempest-GroupSnapshotsTest-692956040 tempest-GroupSnapshotsTest-692956040-project] Empty body provided in request {{(pid=110494) get_body /opt/stack/cinder/cinder/api/openstack/wsgi.py:715}}
May 03 08:54:26.397423 dv-cinder-840276-2-smb devstack@c-api.service[110494]: DEBUG cinder.api.openstack.wsgi [None req-9fceac41-7399-4577-806f-1f1cec49ac2d tempest-GroupSnapshotsTest-692956040 tempest-GroupSnapshotsTest-692956040-project] Calling method 'version_select' {{(pid=110494) _process_stack /opt/stack/cinder/cinder/api/openstack/wsgi.py:868}}
May 03 08:54:26.398026 dv-cinder-840276-2-smb devstack@c-api.service[110494]: DEBUG cinder.api.v3.group_snapshots [None req-9fceac41-7399-4577-806f-1f1cec49ac2d tempest-GroupSnapshotsTest-692956040 tempest-GroupSnapshotsTest-692956040-project] show called for member b2df2b94-c139-49bd-95c6-17dfbb1310b8 {{(pid=110494) show /opt/stack/cinder/cinder/api/v3/group_snapshots.py:58}}
May 03 08:54:26.413254 dv-cinder-840276-2-smb devstack@c-api.service[110494]: /usr/local/lib/python3.8/dist-packages/oslo_context/context.py:100: DeprecationWarning: Policy enforcement is depending on the value of is_admin. This key is deprecated. Please update your policy file to use the standard policy values.
May 03 08:54:26.413254 dv-cinder-840276-2-smb devstack@c-api.service[110494]: warnings.warn('Policy enforcement is depending on the value of '
May 03 08:54:26.431592 dv-cinder-840276-2-smb devstack@c-api.service[110494]: INFO cinder.api.openstack.wsgi [None req-9fceac41-7399-4577-806f-1f1cec49ac2d tempest-GroupSnapshotsTest-692956040 tempest-GroupSnapshotsTest-692956040-project] http://10.222.0.25/volume/v3/999e30fb834f413191266a55fb3b65ac/group_snapshots/b2df2b94-c139-49bd-95c6-17dfbb1310b8 returned with HTTP 200
May 03 08:54:26.435352 dv-cinder-840276-2-smb devstack@c-api.service[110494]: [pid: 110494|app: 0|req: 104/204] 10.222.0.25 () {60 vars in 1389 bytes} [Tue May 3 08:54:26 2022] GET /volume/v3/999e30fb834f413191266a55fb3b65ac/group_snapshots/b2df2b94-c139-49bd-95c6-17dfbb1310b8 => generated 325 bytes in 51 msecs (HTTP/1.1 200) 7 headers in 286 bytes (2 switches on core 0)
May 03 08:54:26.507315 dv-cinder-840276-2-smb devstack@c-api.service[110494]: DEBUG cinder.api.middleware.request_id [None req-67fe8de1-602a-4965-ade3-80251060510e None None] RequestId filter calling following filter/app {{(pid=110494) _context_setter /opt/stack/cinder/cinder/api/middleware/request_id.py:62}}
May 03 08:54:26.513267 dv-cinder-840276-2-smb devstack@c-api.service[110494]: INFO cinder.api.openstack.wsgi [None req-67fe8de1-602a-4965-ade3-80251060510e tempest-VolumesTestJSON-721247559 tempest-VolumesTestJSON-721247559-project] GET http://10.222.0.25/volume/v3/8040b55da6da41d1bd8ee124b2e02dd3/volumes/f23b34b9-356b-4496-8cfc-33f7bb4b59b1
May 03 08:54:26.515195 dv-cinder-840276-2-smb devstack@c-api.service[110494]: DEBUG cinder.api.openstack.wsgi [None req-67fe8de1-602a-4965-ade3-80251060510e tempest-VolumesTestJSON-721247559 tempest-VolumesTestJSON-721247559-project] Empty body provided in request {{(pid=110494) get_body /opt/stack/cinder/cinder/api/openstack/wsgi.py:715}}
May 03 08:54:26.522750 dv-cinder-840276-2-smb devstack@c-api.service[110495]: INFO cinder.api.openstack.wsgi [None req-69503ef3-0a69-48e6-8fe9-11d5d8b2ba82 tempest-GroupsV320Test-1738414677 tempest-GroupsV320Test-1738414677-project] POST http://10.222.0.25/volume/v3/63eb51d7c53143e4bc8be5269c7171d9/groups
May 03 08:54:26.523623 dv-cinder-840276-2-smb devstack@c-api.service[110495]: DEBUG cinder.api.openstack.wsgi [None req-69503ef3-0a69-48e6-8fe9-11d5d8b2ba82 tempest-GroupsV320Test-1738414677 tempest-GroupsV320Test-1738414677-project] Action: 'create', calling method: version_select, body: {"group": {"group_type": "d81a380b-b712-4e79-992f-888d9f15cdca", "volume_types": ["4cdcda88-ff1a-4164-892b-e9c234abdbf7"], "name": "tempest-GroupsV320Test-Group-1166489580"}} {{(pid=110495) _process_stack /opt/stack/cinder/cinder/api/openstack/wsgi.py:866}}
May 03 08:54:26.525038 dv-cinder-840276-2-smb devstack@c-api.service[110495]: DEBUG cinder.api.v3.groups [None req-69503ef3-0a69-48e6-8fe9-11d5d8b2ba82 tempest-GroupsV320Test-1738414677 tempest-GroupsV320Test-1738414677-project] Creating new group {'group': {'group_type': 'd81a380b-b712-4e79-992f-888d9f15cdca', 'volume_types': ['4cdcda88-ff1a-4164-892b-e9c234abdbf7'], 'name': 'tempest-GroupsV320Test-Group-1166489580'}} {{(pid=110495) create /opt/stack/cinder/cinder/api/v3/groups.py:190}}
May 03 08:54:26.526864 dv-cinder-840276-2-smb devstack@c-api.service[110494]: DEBUG cinder.api.openstack.wsgi [None req-67fe8de1-602a-4965-ade3-80251060510e tempest-VolumesTestJSON-721247559 tempest-VolumesTestJSON-721247559-project] Calling method 'show' {{(pid=110494) _process_stack /opt/stack/cinder/cinder/api/openstack/wsgi.py:868}}
May 03 08:54:26.547656 dv-cinder-840276-2-smb devstack@c-api.service[110495]: INFO cinder.api.v3.groups [None req-69503ef3-0a69-48e6-8fe9-11d5d8b2ba82 tempest-GroupsV320Test-1738414677 tempest-GroupsV320Test-1738414677-project] Creating group tempest-GroupsV320Test-Group-1166489580.
May 03 08:54:26.582497 dv-cinder-840276-2-smb devstack@c-api.service[110494]: INFO cinder.api.openstack.wsgi [None req-67fe8de1-602a-4965-ade3-80251060510e tempest-VolumesTestJSON-721247559 tempest-VolumesTestJSON-721247559-project] http://10.222.0.25/volume/v3/8040b55da6da41d1bd8ee124b2e02dd3/volumes/f23b34b9-356b-4496-8cfc-33f7bb4b59b1 returned with HTTP 404
May 03 08:54:26.589901 dv-cinder-840276-2-smb devstack@c-api.service[110494]: [pid: 110494|app: 0|req: 105/205] 10.222.0.25 () {58 vars in 1324 bytes} [Tue May 3 08:54:26 2022] GET /volume/v3/8040b55da6da41d1bd8ee124b2e02dd3/volumes/f23b34b9-356b-4496-8cfc-33f7bb4b59b1 => generated 109 bytes in 88 msecs (HTTP/1.1 404) 7 headers in 292 bytes (1 switches on core 0)
May 03 08:54:26.615110 dv-cinder-840276-2-smb devstack@c-api.service[110495]: INFO cinder.volume.api [None req-69503ef3-0a69-48e6-8fe9-11d5d8b2ba82 tempest-GroupsV320Test-1738414677 tempest-GroupsV320Test-1738414677-project] Availability Zones retrieved successfully.
May 03 08:54:26.660688 dv-cinder-840276-2-smb devstack@c-api.service[110495]: DEBUG cinder.quota [None req-69503ef3-0a69-48e6-8fe9-11d5d8b2ba82 tempest-GroupsV320Test-1738414677 tempest-GroupsV320Test-1738414677-project] Created reservations ['62b4dd4e-3861-4440-a409-07e9a1bba5b0'] {{(pid=110495) reserve /opt/stack/cinder/cinder/quota.py:755}}
May 03 08:54:26.715874 dv-cinder-840276-2-smb devstack@c-api.service[110495]: INFO cinder.api.openstack.wsgi [None req-69503ef3-0a69-48e6-8fe9-11d5d8b2ba82 tempest-GroupsV320Test-1738414677 tempest-GroupsV320Test-1738414677-project] http://10.222.0.25/volume/v3/63eb51d7c53143e4bc8be5269c7171d9/groups returned with HTTP 202
May 03 08:54:26.717028 dv-cinder-840276-2-smb devstack@c-api.service[110495]: [pid: 110495|app: 0|req: 101/206] 10.222.0.25 () {62 vars in 1273 bytes} [Tue May 3 08:54:26 2022] POST /volume/v3/63eb51d7c53143e4bc8be5269c7171d9/groups => generated 108 bytes in 508 msecs (HTTP/1.1 202) 7 headers in 292 bytes (1 switches on core 0)
May 03 08:54:26.725971 dv-cinder-840276-2-smb devstack@c-api.service[110494]: DEBUG cinder.api.middleware.request_id [None req-bf2a273d-0755-4325-8728-74d1b912bad4 None None] RequestId filter calling following filter/app {{(pid=110494) _context_setter /opt/stack/cinder/cinder/api/middleware/request_id.py:62}}
May 03 08:54:26.733097 dv-cinder-840276-2-smb devstack@c-api.service[110494]: INFO cinder.api.openstack.wsgi [None req-bf2a273d-0755-4325-8728-74d1b912bad4 tempest-GroupsV320Test-1738414677 tempest-GroupsV320Test-1738414677-project] GET http://10.222.0.25/volume/v3/63eb51d7c53143e4bc8be5269c7171d9/groups/8ed1305a-0092-4b03-9107-c0842db4e74b
May 03 08:54:26.734089 dv-cinder-840276-2-smb devstack@c-api.service[110494]: DEBUG cinder.api.openstack.wsgi [None req-bf2a273d-0755-4325-8728-74d1b912bad4 tempest-GroupsV320Test-1738414677 tempest-GroupsV320Test-1738414677-project] Empty body provided in request {{(pid=110494) get_body /opt/stack/cinder/cinder/api/openstack/wsgi.py:715}}
May 03 08:54:26.737966 dv-cinder-840276-2-smb devstack@c-api.service[110494]: DEBUG cinder.api.openstack.wsgi [None req-bf2a273d-0755-4325-8728-74d1b912bad4 tempest-GroupsV320Test-1738414677 tempest-GroupsV320Test-1738414677-project] Calling method 'version_select' {{(pid=110494) _process_stack /opt/stack/cinder/cinder/api/openstack/wsgi.py:868}}
May 03 08:54:26.741444 dv-cinder-840276-2-smb devstack@c-api.service[110494]: DEBUG cinder.api.v3.groups [None req-bf2a273d-0755-4325-8728-74d1b912bad4 tempest-GroupsV320Test-1738414677 tempest-GroupsV320Test-1738414677-project] show called for member 8ed1305a-0092-4b03-9107-c0842db4e74b {{(pid=110494) show /opt/stack/cinder/cinder/api/v3/groups.py:58}}
May 03 08:54:26.758872 dv-cinder-840276-2-smb devstack@c-api.service[110494]: /usr/local/lib/python3.8/dist-packages/oslo_context/context.py:100: DeprecationWarning: Policy enforcement is depending on the value of is_admin. This key is deprecated. Please update your policy file to use the standard policy values.
May 03 08:54:26.758872 dv-cinder-840276-2-smb devstack@c-api.service[110494]: warnings.warn('Policy enforcement is depending on the value of '
May 03 08:54:26.827211 dv-cinder-840276-2-smb devstack@c-api.service[110494]: INFO cinder.api.openstack.wsgi [None req-bf2a273d-0755-4325-8728-74d1b912bad4 tempest-GroupsV320Test-1738414677 tempest-GroupsV320Test-1738414677-project] http://10.222.0.25/volume/v3/63eb51d7c53143e4bc8be5269c7171d9/groups/8ed1305a-0092-4b03-9107-c0842db4e74b returned with HTTP 200
May 03 08:54:26.835081 dv-cinder-840276-2-smb devstack@c-api.service[110494]: [pid: 110494|app: 0|req: 106/207] 10.222.0.25 () {60 vars in 1362 bytes} [Tue May 3 08:54:26 2022] GET /volume/v3/63eb51d7c53143e4bc8be5269c7171d9/groups/8ed1305a-0092-4b03-9107-c0842db4e74b => generated 388 bytes in 111 msecs (HTTP/1.1 200) 7 headers in 286 bytes (1 switches on core 0)
May 03 08:54:27.440557 dv-cinder-840276-2-smb devstack@c-api.service[110495]: DEBUG cinder.api.middleware.request_id [None req-9319e3c5-243b-44eb-846b-6f9d8dbb8cb2 None None] RequestId filter calling following filter/app {{(pid=110495) _context_setter /opt/stack/cinder/cinder/api/middleware/request_id.py:62}}
May 03 08:54:27.447485 dv-cinder-840276-2-smb devstack@c-api.service[110495]: INFO cinder.api.openstack.wsgi [None req-9319e3c5-243b-44eb-846b-6f9d8dbb8cb2 tempest-GroupSnapshotsTest-692956040 tempest-GroupSnapshotsTest-692956040-project] GET http://10.222.0.25/volume/v3/999e30fb834f413191266a55fb3b65ac/group_snapshots/b2df2b94-c139-49bd-95c6-17dfbb1310b8
May 03 08:54:27.448868 dv-cinder-840276-2-smb devstack@c-api.service[110495]: DEBUG cinder.api.openstack.wsgi [None req-9319e3c5-243b-44eb-846b-6f9d8dbb8cb2 tempest-GroupSnapshotsTest-692956040 tempest-GroupSnapshotsTest-692956040-project] Empty body provided in request {{(pid=110495) get_body /opt/stack/cinder/cinder/api/openstack/wsgi.py:715}}
May 03 08:54:27.449539 dv-cinder-840276-2-smb devstack@c-api.service[110495]: DEBUG cinder.api.openstack.wsgi [None req-9319e3c5-243b-44eb-846b-6f9d8dbb8cb2 tempest-GroupSnapshotsTest-692956040 tempest-GroupSnapshotsTest-692956040-project] Calling method 'version_select' {{(pid=110495) _process_stack /opt/stack/cinder/cinder/api/openstack/wsgi.py:868}}
May 03 08:54:27.450154 dv-cinder-840276-2-smb devstack@c-api.service[110495]: DEBUG cinder.api.v3.group_snapshots [None req-9319e3c5-243b-44eb-846b-6f9d8dbb8cb2 tempest-GroupSnapshotsTest-692956040 tempest-GroupSnapshotsTest-692956040-project] show called for member b2df2b94-c139-49bd-95c6-17dfbb1310b8 {{(pid=110495) show /opt/stack/cinder/cinder/api/v3/group_snapshots.py:58}}
May 03 08:54:27.463054 dv-cinder-840276-2-smb devstack@c-api.service[110495]: /usr/local/lib/python3.8/dist-packages/oslo_context/context.py:100: DeprecationWarning: Policy enforcement is depending on the value of is_admin. This key is deprecated. Please update your policy file to use the standard policy values.
May 03 08:54:27.463054 dv-cinder-840276-2-smb devstack@c-api.service[110495]: warnings.warn('Policy enforcement is depending on the value of '
May 03 08:54:27.472065 dv-cinder-840276-2-smb devstack@c-api.service[110495]: INFO cinder.api.openstack.wsgi [None req-9319e3c5-243b-44eb-846b-6f9d8dbb8cb2 tempest-GroupSnapshotsTest-692956040 tempest-GroupSnapshotsTest-692956040-project] http://10.222.0.25/volume/v3/999e30fb834f413191266a55fb3b65ac/group_snapshots/b2df2b94-c139-49bd-95c6-17dfbb1310b8 returned with HTTP 200
May 03 08:54:27.474903 dv-cinder-840276-2-smb devstack@c-api.service[110495]: [pid: 110495|app: 0|req: 102/208] 10.222.0.25 () {60 vars in 1389 bytes} [Tue May 3 08:54:27 2022] GET /volume/v3/999e30fb834f413191266a55fb3b65ac/group_snapshots/b2df2b94-c139-49bd-95c6-17dfbb1310b8 => generated 326 bytes in 34 msecs (HTTP/1.1 200) 7 headers in 286 bytes (2 switches on core 0)
May 03 08:54:27.480171 dv-cinder-840276-2-smb devstack@c-api.service[110494]: DEBUG cinder.api.middleware.request_id [None req-f7dde50f-5f05-4666-8baf-e6f8595014ea None None] RequestId filter calling following filter/app {{(pid=110494) _context_setter /opt/stack/cinder/cinder/api/middleware/request_id.py:62}}
May 03 08:54:27.484695 dv-cinder-840276-2-smb devstack@c-api.service[110494]: INFO cinder.api.openstack.wsgi [None req-f7dde50f-5f05-4666-8baf-e6f8595014ea tempest-GroupSnapshotsTest-692956040 tempest-GroupSnapshotsTest-692956040-project] GET http://10.222.0.25/volume/v3/999e30fb834f413191266a55fb3b65ac/snapshots/detail
May 03 08:54:27.486716 dv-cinder-840276-2-smb devstack@c-api.service[110494]: DEBUG cinder.api.openstack.wsgi [None req-f7dde50f-5f05-4666-8baf-e6f8595014ea tempest-GroupSnapshotsTest-692956040 tempest-GroupSnapshotsTest-692956040-project] Empty body provided in request {{(pid=110494) get_body /opt/stack/cinder/cinder/api/openstack/wsgi.py:715}}
May 03 08:54:27.487399 dv-cinder-840276-2-smb devstack@c-api.service[110494]: DEBUG cinder.api.openstack.wsgi [None req-f7dde50f-5f05-4666-8baf-e6f8595014ea tempest-GroupSnapshotsTest-692956040 tempest-GroupSnapshotsTest-692956040-project] Calling method 'detail' {{(pid=110494) _process_stack /opt/stack/cinder/cinder/api/openstack/wsgi.py:868}}
May 03 08:54:27.488222 dv-cinder-840276-2-smb devstack@c-api.service[110494]: DEBUG cinder.api.api_utils [None req-f7dde50f-5f05-4666-8baf-e6f8595014ea tempest-GroupSnapshotsTest-692956040 tempest-GroupSnapshotsTest-692956040-project] Removing options '' from query. {{(pid=110494) remove_invalid_filter_options /opt/stack/cinder/cinder/api/api_utils.py:73}}
May 03 08:54:27.489491 dv-cinder-840276-2-smb devstack@c-api.service[110494]: /usr/local/lib/python3.8/dist-packages/oslo_context/context.py:100: DeprecationWarning: Policy enforcement is depending on the value of is_admin. This key is deprecated. Please update your policy file to use the standard policy values.
May 03 08:54:27.489491 dv-cinder-840276-2-smb devstack@c-api.service[110494]: warnings.warn('Policy enforcement is depending on the value of '
May 03 08:54:27.492454 dv-cinder-840276-2-smb devstack@c-api.service[110494]: DEBUG cinder.db.sqlalchemy.api [None req-f7dde50f-5f05-4666-8baf-e6f8595014ea tempest-GroupSnapshotsTest-692956040 tempest-GroupSnapshotsTest-692956040-project] Building query based on filter {{(pid=110494) _process_snaps_filters /opt/stack/cinder/cinder/db/sqlalchemy/api.py:3459}}
May 03 08:54:27.512547 dv-cinder-840276-2-smb devstack@c-api.service[110494]: INFO cinder.volume.api [None req-f7dde50f-5f05-4666-8baf-e6f8595014ea tempest-GroupSnapshotsTest-692956040 tempest-GroupSnapshotsTest-692956040-project] Get all snapshots completed successfully.
May 03 08:54:27.513750 dv-cinder-840276-2-smb devstack@c-api.service[110494]: /usr/local/lib/python3.8/dist-packages/oslo_context/context.py:100: DeprecationWarning: Policy enforcement is depending on the value of is_admin. This key is deprecated. Please update your policy file to use the standard policy values.
May 03 08:54:27.513750 dv-cinder-840276-2-smb devstack@c-api.service[110494]: warnings.warn('Policy enforcement is depending on the value of '
May 03 08:54:27.515286 dv-cinder-840276-2-smb devstack@c-api.service[110494]: INFO cinder.api.openstack.wsgi [None req-f7dde50f-5f05-4666-8baf-e6f8595014ea tempest-GroupSnapshotsTest-692956040 tempest-GroupSnapshotsTest-692956040-project] http://10.222.0.25/volume/v3/999e30fb834f413191266a55fb3b65ac/snapshots/detail returned with HTTP 200
May 03 08:54:27.522580 dv-cinder-840276-2-smb devstack@c-api.service[110494]: [pid: 110494|app: 0|req: 107/209] 10.222.0.25 () {58 vars in 1240 bytes} [Tue May 3 08:54:27 2022] GET /volume/v3/999e30fb834f413191266a55fb3b65ac/snapshots/detail => generated 1061 bytes in 43 msecs (HTTP/1.1 200) 7 headers in 286 bytes (1 switches on core 0)
May 03 08:54:27.524278 dv-cinder-840276-2-smb devstack@c-api.service[110495]: DEBUG cinder.api.middleware.request_id [None req-010e0ff6-e8ca-4baf-b9bf-ce6eed516f16 None None] RequestId filter calling following filter/app {{(pid=110495) _context_setter /opt/stack/cinder/cinder/api/middleware/request_id.py:62}}
May 03 08:54:27.531014 dv-cinder-840276-2-smb devstack@c-api.service[110495]: INFO cinder.api.openstack.wsgi [None req-010e0ff6-e8ca-4baf-b9bf-ce6eed516f16 tempest-GroupSnapshotsTest-692956040 tempest-GroupSnapshotsTest-692956040-project] GET http://10.222.0.25/volume/v3/999e30fb834f413191266a55fb3b65ac/snapshots/dde562e8-6716-41d7-ab7a-88a6c7746aff
May 03 08:54:27.531547 dv-cinder-840276-2-smb devstack@c-api.service[110495]: DEBUG cinder.api.openstack.wsgi [None req-010e0ff6-e8ca-4baf-b9bf-ce6eed516f16 tempest-GroupSnapshotsTest-692956040 tempest-GroupSnapshotsTest-692956040-project] Empty body provided in request {{(pid=110495) get_body /opt/stack/cinder/cinder/api/openstack/wsgi.py:715}}
May 03 08:54:27.532079 dv-cinder-840276-2-smb devstack@c-api.service[110495]: DEBUG cinder.api.openstack.wsgi [None req-010e0ff6-e8ca-4baf-b9bf-ce6eed516f16 tempest-GroupSnapshotsTest-692956040 tempest-GroupSnapshotsTest-692956040-project] Calling method 'show' {{(pid=110495) _process_stack /opt/stack/cinder/cinder/api/openstack/wsgi.py:868}}
May 03 08:54:27.552135 dv-cinder-840276-2-smb devstack@c-api.service[110495]: /usr/local/lib/python3.8/dist-packages/oslo_context/context.py:100: DeprecationWarning: Policy enforcement is depending on the value of is_admin. This key is deprecated. Please update your policy file to use the standard policy values.
May 03 08:54:27.552135 dv-cinder-840276-2-smb devstack@c-api.service[110495]: warnings.warn('Policy enforcement is depending on the value of '
May 03 08:54:27.553194 dv-cinder-840276-2-smb devstack@c-api.service[110495]: INFO cinder.volume.api [None req-010e0ff6-e8ca-4baf-b9bf-ce6eed516f16 tempest-GroupSnapshotsTest-692956040 tempest-GroupSnapshotsTest-692956040-project] Snapshot retrieved successfully.
May 03 08:54:27.555617 dv-cinder-840276-2-smb devstack@c-api.service[110495]: INFO cinder.api.openstack.wsgi [None req-010e0ff6-e8ca-4baf-b9bf-ce6eed516f16 tempest-GroupSnapshotsTest-692956040 tempest-GroupSnapshotsTest-692956040-project] http://10.222.0.25/volume/v3/999e30fb834f413191266a55fb3b65ac/snapshots/dde562e8-6716-41d7-ab7a-88a6c7746aff returned with HTTP 200
May 03 08:54:27.556396 dv-cinder-840276-2-smb devstack@c-api.service[110495]: [pid: 110495|app: 0|req: 103/210] 10.222.0.25 () {58 vars in 1330 bytes} [Tue May 3 08:54:27 2022] GET /volume/v3/999e30fb834f413191266a55fb3b65ac/snapshots/dde562e8-6716-41d7-ab7a-88a6c7746aff => generated 535 bytes in 33 msecs (HTTP/1.1 200) 7 headers in 285 bytes (2 switches on core 0)
May 03 08:54:27.564174 dv-cinder-840276-2-smb devstack@c-api.service[110494]: DEBUG cinder.api.middleware.request_id [None req-6e68541f-ab9a-432d-b2a8-56a8a7f0666f None None] RequestId filter calling following filter/app {{(pid=110494) _context_setter /opt/stack/cinder/cinder/api/middleware/request_id.py:62}}
May 03 08:54:27.569147 dv-cinder-840276-2-smb devstack@c-api.service[110494]: INFO cinder.api.openstack.wsgi [None req-6e68541f-ab9a-432d-b2a8-56a8a7f0666f tempest-GroupSnapshotsTest-692956040 tempest-GroupSnapshotsTest-692956040-project] GET http://10.222.0.25/volume/v3/999e30fb834f413191266a55fb3b65ac/snapshots/5f3f4019-b60c-48b2-848a-cfcf1dd1fe65
May 03 08:54:27.570049 dv-cinder-840276-2-smb devstack@c-api.service[110494]: DEBUG cinder.api.openstack.wsgi [None req-6e68541f-ab9a-432d-b2a8-56a8a7f0666f tempest-GroupSnapshotsTest-692956040 tempest-GroupSnapshotsTest-692956040-project] Empty body provided in request {{(pid=110494) get_body /opt/stack/cinder/cinder/api/openstack/wsgi.py:715}}
May 03 08:54:27.570701 dv-cinder-840276-2-smb devstack@c-api.service[110494]: DEBUG cinder.api.openstack.wsgi [None req-6e68541f-ab9a-432d-b2a8-56a8a7f0666f tempest-GroupSnapshotsTest-692956040 tempest-GroupSnapshotsTest-692956040-project] Calling method 'show' {{(pid=110494) _process_stack /opt/stack/cinder/cinder/api/openstack/wsgi.py:868}}
May 03 08:54:27.591927 dv-cinder-840276-2-smb devstack@c-api.service[110494]: /usr/local/lib/python3.8/dist-packages/oslo_context/context.py:100: DeprecationWarning: Policy enforcement is depending on the value of is_admin. This key is deprecated. Please update your policy file to use the standard policy values.
May 03 08:54:27.591927 dv-cinder-840276-2-smb devstack@c-api.service[110494]: warnings.warn('Policy enforcement is depending on the value of '
May 03 08:54:27.593147 dv-cinder-840276-2-smb devstack@c-api.service[110494]: INFO cinder.volume.api [None req-6e68541f-ab9a-432d-b2a8-56a8a7f0666f tempest-GroupSnapshotsTest-692956040 tempest-GroupSnapshotsTest-692956040-project] Snapshot retrieved successfully.
May 03 08:54:27.595494 dv-cinder-840276-2-smb devstack@c-api.service[110494]: INFO cinder.api.openstack.wsgi [None req-6e68541f-ab9a-432d-b2a8-56a8a7f0666f tempest-GroupSnapshotsTest-692956040 tempest-GroupSnapshotsTest-692956040-project] http://10.222.0.25/volume/v3/999e30fb834f413191266a55fb3b65ac/snapshots/5f3f4019-b60c-48b2-848a-cfcf1dd1fe65 returned with HTTP 200
May 03 08:54:27.603805 dv-cinder-840276-2-smb devstack@c-api.service[110495]: DEBUG cinder.api.middleware.request_id [None req-44855e93-8146-4181-8689-283e1f57e1e8 None None] RequestId filter calling following filter/app {{(pid=110495) _context_setter /opt/stack/cinder/cinder/api/middleware/request_id.py:62}}
May 03 08:54:27.603900 dv-cinder-840276-2-smb devstack@c-api.service[110494]: [pid: 110494|app: 0|req: 108/211] 10.222.0.25 () {58 vars in 1330 bytes} [Tue May 3 08:54:27 2022] GET /volume/v3/999e30fb834f413191266a55fb3b65ac/snapshots/5f3f4019-b60c-48b2-848a-cfcf1dd1fe65 => generated 535 bytes in 40 msecs (HTTP/1.1 200) 7 headers in 285 bytes (1 switches on core 0)
May 03 08:54:27.608304 dv-cinder-840276-2-smb devstack@c-api.service[110495]: INFO cinder.api.openstack.wsgi [None req-44855e93-8146-4181-8689-283e1f57e1e8 tempest-GroupSnapshotsTest-692956040 tempest-GroupSnapshotsTest-692956040-project] DELETE http://10.222.0.25/volume/v3/999e30fb834f413191266a55fb3b65ac/group_snapshots/b2df2b94-c139-49bd-95c6-17dfbb1310b8
May 03 08:54:27.608799 dv-cinder-840276-2-smb devstack@c-api.service[110495]: DEBUG cinder.api.openstack.wsgi [None req-44855e93-8146-4181-8689-283e1f57e1e8 tempest-GroupSnapshotsTest-692956040 tempest-GroupSnapshotsTest-692956040-project] Empty body provided in request {{(pid=110495) get_body /opt/stack/cinder/cinder/api/openstack/wsgi.py:715}}
May 03 08:54:27.609502 dv-cinder-840276-2-smb devstack@c-api.service[110495]: DEBUG cinder.api.openstack.wsgi [None req-44855e93-8146-4181-8689-283e1f57e1e8 tempest-GroupSnapshotsTest-692956040 tempest-GroupSnapshotsTest-692956040-project] Calling method 'version_select' {{(pid=110495) _process_stack /opt/stack/cinder/cinder/api/openstack/wsgi.py:868}}
May 03 08:54:27.609905 dv-cinder-840276-2-smb devstack@c-api.service[110495]: DEBUG cinder.api.v3.group_snapshots [None req-44855e93-8146-4181-8689-283e1f57e1e8 tempest-GroupSnapshotsTest-692956040 tempest-GroupSnapshotsTest-692956040-project] delete called for member b2df2b94-c139-49bd-95c6-17dfbb1310b8 {{(pid=110495) delete /opt/stack/cinder/cinder/api/v3/group_snapshots.py:72}}
May 03 08:54:27.610351 dv-cinder-840276-2-smb devstack@c-api.service[110495]: INFO cinder.api.v3.group_snapshots [None req-44855e93-8146-4181-8689-283e1f57e1e8 tempest-GroupSnapshotsTest-692956040 tempest-GroupSnapshotsTest-692956040-project] Delete group_snapshot with id: b2df2b94-c139-49bd-95c6-17dfbb1310b8
May 03 08:54:27.616644 dv-cinder-840276-2-smb devstack@c-api.service[110495]: /usr/local/lib/python3.8/dist-packages/oslo_context/context.py:100: DeprecationWarning: Policy enforcement is depending on the value of is_admin. This key is deprecated. Please update your policy file to use the standard policy values.
May 03 08:54:27.616644 dv-cinder-840276-2-smb devstack@c-api.service[110495]: warnings.warn('Policy enforcement is depending on the value of '
May 03 08:54:27.696066 dv-cinder-840276-2-smb devstack@c-api.service[110495]: INFO cinder.api.openstack.wsgi [None req-44855e93-8146-4181-8689-283e1f57e1e8 tempest-GroupSnapshotsTest-692956040 tempest-GroupSnapshotsTest-692956040-project] http://10.222.0.25/volume/v3/999e30fb834f413191266a55fb3b65ac/group_snapshots/b2df2b94-c139-49bd-95c6-17dfbb1310b8 returned with HTTP 202
May 03 08:54:27.697623 dv-cinder-840276-2-smb devstack@c-api.service[110495]: [pid: 110495|app: 0|req: 104/212] 10.222.0.25 () {60 vars in 1392 bytes} [Tue May 3 08:54:27 2022] DELETE /volume/v3/999e30fb834f413191266a55fb3b65ac/group_snapshots/b2df2b94-c139-49bd-95c6-17dfbb1310b8 => generated 0 bytes in 95 msecs (HTTP/1.1 202) 6 headers in 234 bytes (2 switches on core 0)
May 03 08:54:27.702181 dv-cinder-840276-2-smb devstack@c-api.service[110494]: DEBUG cinder.api.middleware.request_id [None req-b1f7e981-78e3-4944-9a0a-ebe4a0801d0b None None] RequestId filter calling following filter/app {{(pid=110494) _context_setter /opt/stack/cinder/cinder/api/middleware/request_id.py:62}}
May 03 08:54:27.705898 dv-cinder-840276-2-smb devstack@c-api.service[110494]: INFO cinder.api.openstack.wsgi [None req-b1f7e981-78e3-4944-9a0a-ebe4a0801d0b tempest-GroupSnapshotsTest-692956040 tempest-GroupSnapshotsTest-692956040-project] GET http://10.222.0.25/volume/v3/999e30fb834f413191266a55fb3b65ac/volumes/detail
May 03 08:54:27.706636 dv-cinder-840276-2-smb devstack@c-api.service[110494]: DEBUG cinder.api.openstack.wsgi [None req-b1f7e981-78e3-4944-9a0a-ebe4a0801d0b tempest-GroupSnapshotsTest-692956040 tempest-GroupSnapshotsTest-692956040-project] Empty body provided in request {{(pid=110494) get_body /opt/stack/cinder/cinder/api/openstack/wsgi.py:715}}
May 03 08:54:27.707086 dv-cinder-840276-2-smb devstack@c-api.service[110494]: DEBUG cinder.api.openstack.wsgi [None req-b1f7e981-78e3-4944-9a0a-ebe4a0801d0b tempest-GroupSnapshotsTest-692956040 tempest-GroupSnapshotsTest-692956040-project] Calling method 'detail' {{(pid=110494) _process_stack /opt/stack/cinder/cinder/api/openstack/wsgi.py:868}}
May 03 08:54:27.707655 dv-cinder-840276-2-smb devstack@c-api.service[110494]: DEBUG cinder.api.api_utils [None req-b1f7e981-78e3-4944-9a0a-ebe4a0801d0b tempest-GroupSnapshotsTest-692956040 tempest-GroupSnapshotsTest-692956040-project] Removing options '' from query. {{(pid=110494) remove_invalid_filter_options /opt/stack/cinder/cinder/api/api_utils.py:73}}
May 03 08:54:27.709316 dv-cinder-840276-2-smb devstack@c-api.service[110494]: DEBUG cinder.volume.api [None req-b1f7e981-78e3-4944-9a0a-ebe4a0801d0b tempest-GroupSnapshotsTest-692956040 tempest-GroupSnapshotsTest-692956040-project] Searching by: MultiDict([('no_migration_targets', True)]). {{(pid=110494) get_all /opt/stack/cinder/cinder/volume/api.py:662}}
May 03 08:54:27.772202 dv-cinder-840276-2-smb devstack@c-api.service[110494]: INFO cinder.volume.api [None req-b1f7e981-78e3-4944-9a0a-ebe4a0801d0b tempest-GroupSnapshotsTest-692956040 tempest-GroupSnapshotsTest-692956040-project] Get all volumes completed successfully.
May 03 08:54:27.774087 dv-cinder-840276-2-smb devstack@c-api.service[110494]: WARNING stevedore.named [None req-b1f7e981-78e3-4944-9a0a-ebe4a0801d0b tempest-GroupSnapshotsTest-692956040 tempest-GroupSnapshotsTest-692956040-project] Could not load cinder.keymgr.conf_key_mgr.ConfKeyManager
May 03 08:54:27.774623 dv-cinder-840276-2-smb devstack@c-api.service[110494]: WARNING castellan.key_manager [None req-b1f7e981-78e3-4944-9a0a-ebe4a0801d0b tempest-GroupSnapshotsTest-692956040 tempest-GroupSnapshotsTest-692956040-project] Deprecation Warning : cinder.keymgr.conf_key_mgr.ConfKeyManager is not a stevedore based driver, trying to load it as a class: stevedore.exception.NoMatches: No 'castellan.drivers' driver found, looking for 'cinder.keymgr.conf_key_mgr.ConfKeyManager'
May 03 08:54:27.783678 dv-cinder-840276-2-smb devstack@c-api.service[110494]: DEBUG oslo_db.sqlalchemy.engines [None req-b1f7e981-78e3-4944-9a0a-ebe4a0801d0b tempest-GroupSnapshotsTest-692956040 tempest-GroupSnapshotsTest-692956040-project] MySQL server mode set to STRICT_TRANS_TABLES,STRICT_ALL_TABLES,NO_ZERO_IN_DATE,NO_ZERO_DATE,ERROR_FOR_DIVISION_BY_ZERO,TRADITIONAL,NO_ENGINE_SUBSTITUTION {{(pid=110494) _check_effective_sql_mode /usr/local/lib/python3.8/dist-packages/oslo_db/sqlalchemy/engines.py:314}}
May 03 08:54:27.797458 dv-cinder-840276-2-smb devstack@c-api.service[110494]: /usr/local/lib/python3.8/dist-packages/oslo_context/context.py:100: DeprecationWarning: Policy enforcement is depending on the value of is_admin. This key is deprecated. Please update your policy file to use the standard policy values.
May 03 08:54:27.797458 dv-cinder-840276-2-smb devstack@c-api.service[110494]: warnings.warn('Policy enforcement is depending on the value of '
May 03 08:54:27.818749 dv-cinder-840276-2-smb devstack@c-api.service[110494]: WARNING stevedore.named [None req-b1f7e981-78e3-4944-9a0a-ebe4a0801d0b tempest-GroupSnapshotsTest-692956040 tempest-GroupSnapshotsTest-692956040-project] Could not load cinder.keymgr.conf_key_mgr.ConfKeyManager
May 03 08:54:27.818749 dv-cinder-840276-2-smb devstack@c-api.service[110494]: WARNING castellan.key_manager [None req-b1f7e981-78e3-4944-9a0a-ebe4a0801d0b tempest-GroupSnapshotsTest-692956040 tempest-GroupSnapshotsTest-692956040-project] Deprecation Warning : cinder.keymgr.conf_key_mgr.ConfKeyManager is not a stevedore based driver, trying to load it as a class: stevedore.exception.NoMatches: No 'castellan.drivers' driver found, looking for 'cinder.keymgr.conf_key_mgr.ConfKeyManager'
May 03 08:54:27.839478 dv-cinder-840276-2-smb devstack@c-api.service[110495]: DEBUG cinder.api.middleware.request_id [None req-a00955e6-abb5-41e3-b7cd-dbc8350b5d3c None None] RequestId filter calling following filter/app {{(pid=110495) _context_setter /opt/stack/cinder/cinder/api/middleware/request_id.py:62}}
May 03 08:54:27.842853 dv-cinder-840276-2-smb devstack@c-api.service[110494]: DEBUG oslo_db.sqlalchemy.engines [None req-b1f7e981-78e3-4944-9a0a-ebe4a0801d0b tempest-GroupSnapshotsTest-692956040 tempest-GroupSnapshotsTest-692956040-project] MySQL server mode set to STRICT_TRANS_TABLES,STRICT_ALL_TABLES,NO_ZERO_IN_DATE,NO_ZERO_DATE,ERROR_FOR_DIVISION_BY_ZERO,TRADITIONAL,NO_ENGINE_SUBSTITUTION {{(pid=110494) _check_effective_sql_mode /usr/local/lib/python3.8/dist-packages/oslo_db/sqlalchemy/engines.py:314}}
May 03 08:54:27.850348 dv-cinder-840276-2-smb devstack@c-api.service[110495]: INFO cinder.api.openstack.wsgi [None req-a00955e6-abb5-41e3-b7cd-dbc8350b5d3c tempest-GroupsV320Test-1738414677 tempest-GroupsV320Test-1738414677-project] GET http://10.222.0.25/volume/v3/63eb51d7c53143e4bc8be5269c7171d9/groups/8ed1305a-0092-4b03-9107-c0842db4e74b
May 03 08:54:27.850912 dv-cinder-840276-2-smb devstack@c-api.service[110495]: DEBUG cinder.api.openstack.wsgi [None req-a00955e6-abb5-41e3-b7cd-dbc8350b5d3c tempest-GroupsV320Test-1738414677 tempest-GroupsV320Test-1738414677-project] Empty body provided in request {{(pid=110495) get_body /opt/stack/cinder/cinder/api/openstack/wsgi.py:715}}
May 03 08:54:27.854987 dv-cinder-840276-2-smb devstack@c-api.service[110495]: DEBUG cinder.api.openstack.wsgi [None req-a00955e6-abb5-41e3-b7cd-dbc8350b5d3c tempest-GroupsV320Test-1738414677 tempest-GroupsV320Test-1738414677-project] Calling method 'version_select' {{(pid=110495) _process_stack /opt/stack/cinder/cinder/api/openstack/wsgi.py:868}}
May 03 08:54:27.855378 dv-cinder-840276-2-smb devstack@c-api.service[110495]: DEBUG cinder.api.v3.groups [None req-a00955e6-abb5-41e3-b7cd-dbc8350b5d3c tempest-GroupsV320Test-1738414677 tempest-GroupsV320Test-1738414677-project] show called for member 8ed1305a-0092-4b03-9107-c0842db4e74b {{(pid=110495) show /opt/stack/cinder/cinder/api/v3/groups.py:58}}
May 03 08:54:27.857597 dv-cinder-840276-2-smb devstack@c-api.service[110494]: /usr/local/lib/python3.8/dist-packages/oslo_context/context.py:100: DeprecationWarning: Policy enforcement is depending on the value of is_admin. This key is deprecated. Please update your policy file to use the standard policy values.
May 03 08:54:27.857597 dv-cinder-840276-2-smb devstack@c-api.service[110494]: warnings.warn('Policy enforcement is depending on the value of '
May 03 08:54:27.882375 dv-cinder-840276-2-smb devstack@c-api.service[110495]: /usr/local/lib/python3.8/dist-packages/oslo_context/context.py:100: DeprecationWarning: Policy enforcement is depending on the value of is_admin. This key is deprecated. Please update your policy file to use the standard policy values.
May 03 08:54:27.882375 dv-cinder-840276-2-smb devstack@c-api.service[110495]: warnings.warn('Policy enforcement is depending on the value of '
May 03 08:54:27.906020 dv-cinder-840276-2-smb devstack@c-api.service[110494]: INFO cinder.api.openstack.wsgi [None req-b1f7e981-78e3-4944-9a0a-ebe4a0801d0b tempest-GroupSnapshotsTest-692956040 tempest-GroupSnapshotsTest-692956040-project] http://10.222.0.25/volume/v3/999e30fb834f413191266a55fb3b65ac/volumes/detail returned with HTTP 200
May 03 08:54:27.906871 dv-cinder-840276-2-smb devstack@c-api.service[110494]: [pid: 110494|app: 0|req: 109/213] 10.222.0.25 () {60 vars in 1275 bytes} [Tue May 3 08:54:27 2022] GET /volume/v3/999e30fb834f413191266a55fb3b65ac/volumes/detail => generated 1994 bytes in 206 msecs (HTTP/1.1 200) 7 headers in 287 bytes (1 switches on core 0)
