May 03 08:39:39.593944 dv-cinder-840276-2-iscsi devstack@keystone.service[86213]: DEBUG keystone.server.flask.request_processing.req_logging [None req-6d419f8f-addb-45c6-8fb3-baaf3dcadea8 None admin] REQUEST_METHOD: `GET` {{(pid=86213) log_request_info /opt/stack/keystone/keystone/server/flask/request_processing/req_logging.py:27}}
May 03 08:39:39.594229 dv-cinder-840276-2-iscsi devstack@keystone.service[86213]: DEBUG keystone.server.flask.request_processing.req_logging [None req-6d419f8f-addb-45c6-8fb3-baaf3dcadea8 None admin] SCRIPT_NAME: `/identity` {{(pid=86213) log_request_info /opt/stack/keystone/keystone/server/flask/request_processing/req_logging.py:28}}
May 03 08:39:39.594517 dv-cinder-840276-2-iscsi devstack@keystone.service[86213]: DEBUG keystone.server.flask.request_processing.req_logging [None req-6d419f8f-addb-45c6-8fb3-baaf3dcadea8 None admin] PATH_INFO: `/v3/auth/tokens` {{(pid=86213) log_request_info /opt/stack/keystone/keystone/server/flask/request_processing/req_logging.py:29}}
May 03 08:39:39.685836 dv-cinder-840276-2-iscsi devstack@keystone.service[86213]: DEBUG keystone.common.rbac_enforcer.enforcer [None req-6d419f8f-addb-45c6-8fb3-baaf3dcadea8 None admin] RBAC: Authorizing `identity:validate_token()` {{(pid=86213) enforce_call /opt/stack/keystone/keystone/common/rbac_enforcer/enforcer.py:449}}
May 03 08:39:39.687574 dv-cinder-840276-2-iscsi devstack@keystone.service[86213]: DEBUG keystone.common.rbac_enforcer.enforcer [None req-6d419f8f-addb-45c6-8fb3-baaf3dcadea8 None admin] RBAC: Authorization granted {{(pid=86213) enforce_call /opt/stack/keystone/keystone/common/rbac_enforcer/enforcer.py:457}}
May 03 08:39:39.793635 dv-cinder-840276-2-iscsi devstack@keystone.service[86213]: [pid: 86213|app: 0|req: 100/206] 10.222.0.11 () {58 vars in 1282 bytes} [Tue May 3 08:39:39 2022] GET /identity/v3/auth/tokens => generated 799 bytes in 408 msecs (HTTP/1.1 200) 6 headers in 358 bytes (1 switches on core 0)
May 03 08:39:39.800913 dv-cinder-840276-2-iscsi devstack@keystone.service[86214]: DEBUG keystone.server.flask.request_processing.middleware.auth_context [None req-335199fa-00d8-4a74-8b78-365d59ffc958 None admin] Authenticating user token {{(pid=86214) process_request /usr/local/lib/python3.8/dist-packages/keystonemiddleware/auth_token/__init__.py:407}}
May 03 08:39:39.951162 dv-cinder-840276-2-iscsi devstack@keystone.service[86214]: DEBUG keystone.server.flask.request_processing.middleware.auth_context [None req-335199fa-00d8-4a74-8b78-365d59ffc958 None admin] Validating token access rules against request {{(pid=86214) validate_allowed_request /usr/local/lib/python3.8/dist-packages/keystonemiddleware/auth_token/__init__.py:545}}
May 03 08:39:39.996138 dv-cinder-840276-2-iscsi devstack@keystone.service[86214]: DEBUG keystone.server.flask.request_processing.middleware.auth_context [None req-aa018443-bfc5-48bf-9fed-d3768f2b017c None admin] RBAC: auth_context: {'token': , 'domain_id': None, 'trust_id': None, 'trustor_id': None, 'trustee_id': None, 'domain_name': None, 'group_ids': [], 'user_id': '155689b863d044f782598840d769a7ed', 'user_domain_id': 'default', 'system_scope': 'all', 'project_id': None, 'project_domain_id': None, 'roles': ['admin', 'member', 'reader'], 'is_admin_project': True, 'service_user_id': None, 'service_user_domain_id': None, 'service_project_id': None, 'service_project_domain_id': None, 'service_roles': []} {{(pid=86214) fill_context /opt/stack/keystone/keystone/server/flask/request_processing/middleware/auth_context.py:478}}
May 03 08:39:39.997010 dv-cinder-840276-2-iscsi devstack@keystone.service[86214]: DEBUG keystone.server.flask.request_processing.req_logging [None req-aa018443-bfc5-48bf-9fed-d3768f2b017c None admin] REQUEST_METHOD: `GET` {{(pid=86214) log_request_info /opt/stack/keystone/keystone/server/flask/request_processing/req_logging.py:27}}
May 03 08:39:39.997294 dv-cinder-840276-2-iscsi devstack@keystone.service[86214]: DEBUG keystone.server.flask.request_processing.req_logging [None req-aa018443-bfc5-48bf-9fed-d3768f2b017c None admin] SCRIPT_NAME: `/identity` {{(pid=86214) log_request_info /opt/stack/keystone/keystone/server/flask/request_processing/req_logging.py:28}}
May 03 08:39:39.997571 dv-cinder-840276-2-iscsi devstack@keystone.service[86214]: DEBUG keystone.server.flask.request_processing.req_logging [None req-aa018443-bfc5-48bf-9fed-d3768f2b017c None admin] PATH_INFO: `/v3/projects/9c1fb26fe2b54c48ad0571ceebd69682` {{(pid=86214) log_request_info /opt/stack/keystone/keystone/server/flask/request_processing/req_logging.py:29}}
May 03 08:39:39.998746 dv-cinder-840276-2-iscsi devstack@keystone.service[86214]: DEBUG keystone.common.rbac_enforcer.enforcer [None req-aa018443-bfc5-48bf-9fed-d3768f2b017c None admin] RBAC: Authorizing `identity:get_project(project_id=9c1fb26fe2b54c48ad0571ceebd69682)` {{(pid=86214) enforce_call /opt/stack/keystone/keystone/common/rbac_enforcer/enforcer.py:449}}
May 03 08:39:40.000227 dv-cinder-840276-2-iscsi devstack@keystone.service[86214]: DEBUG keystone.common.rbac_enforcer.enforcer [None req-aa018443-bfc5-48bf-9fed-d3768f2b017c None admin] RBAC: Authorization granted {{(pid=86214) enforce_call /opt/stack/keystone/keystone/common/rbac_enforcer/enforcer.py:457}}
May 03 08:39:40.002091 dv-cinder-840276-2-iscsi devstack@keystone.service[86214]: [pid: 86214|app: 0|req: 107/207] 10.222.0.11 () {56 vars in 1186 bytes} [Tue May 3 08:39:39 2022] GET /identity/v3/projects/9c1fb26fe2b54c48ad0571ceebd69682 => generated 298 bytes in 202 msecs (HTTP/1.1 200) 5 headers in 177 bytes (1 switches on core 0)
May 03 08:39:40.007876 dv-cinder-840276-2-iscsi devstack@keystone.service[86213]: DEBUG keystone.server.flask.request_processing.middleware.auth_context [None req-6d419f8f-addb-45c6-8fb3-baaf3dcadea8 None admin] Authenticating user token {{(pid=86213) process_request /usr/local/lib/python3.8/dist-packages/keystonemiddleware/auth_token/__init__.py:407}}
May 03 08:39:40.136453 dv-cinder-840276-2-iscsi devstack@keystone.service[86213]: DEBUG keystone.server.flask.request_processing.middleware.auth_context [None req-6d419f8f-addb-45c6-8fb3-baaf3dcadea8 None admin] Validating token access rules against request {{(pid=86213) validate_allowed_request /usr/local/lib/python3.8/dist-packages/keystonemiddleware/auth_token/__init__.py:545}}
May 03 08:39:40.189356 dv-cinder-840276-2-iscsi devstack@keystone.service[86213]: DEBUG keystone.server.flask.request_processing.middleware.auth_context [None req-f0917372-4fb0-4739-8ec3-44eb8128d651 None admin] RBAC: auth_context: {'token': , 'domain_id': None, 'trust_id': None, 'trustor_id': None, 'trustee_id': None, 'domain_name': None, 'group_ids': [], 'user_id': '155689b863d044f782598840d769a7ed', 'user_domain_id': 'default', 'system_scope': 'all', 'project_id': None, 'project_domain_id': None, 'roles': ['admin', 'member', 'reader'], 'is_admin_project': True, 'service_user_id': None, 'service_user_domain_id': None, 'service_project_id': None, 'service_project_domain_id': None, 'service_roles': []} {{(pid=86213) fill_context /opt/stack/keystone/keystone/server/flask/request_processing/middleware/auth_context.py:478}}
May 03 08:39:40.190387 dv-cinder-840276-2-iscsi devstack@keystone.service[86213]: DEBUG keystone.server.flask.request_processing.req_logging [None req-f0917372-4fb0-4739-8ec3-44eb8128d651 None admin] REQUEST_METHOD: `GET` {{(pid=86213) log_request_info /opt/stack/keystone/keystone/server/flask/request_processing/req_logging.py:27}}
May 03 08:39:40.190851 dv-cinder-840276-2-iscsi devstack@keystone.service[86213]: DEBUG keystone.server.flask.request_processing.req_logging [None req-f0917372-4fb0-4739-8ec3-44eb8128d651 None admin] SCRIPT_NAME: `/identity` {{(pid=86213) log_request_info /opt/stack/keystone/keystone/server/flask/request_processing/req_logging.py:28}}
May 03 08:39:40.191329 dv-cinder-840276-2-iscsi devstack@keystone.service[86213]: DEBUG keystone.server.flask.request_processing.req_logging [None req-f0917372-4fb0-4739-8ec3-44eb8128d651 None admin] PATH_INFO: `/v3/role_assignments` {{(pid=86213) log_request_info /opt/stack/keystone/keystone/server/flask/request_processing/req_logging.py:29}}
May 03 08:39:40.192388 dv-cinder-840276-2-iscsi devstack@keystone.service[86213]: DEBUG keystone.common.rbac_enforcer.enforcer [None req-f0917372-4fb0-4739-8ec3-44eb8128d651 None admin] RBAC: Adding query filter params (role.id=828fe8a87f2b4c47af2d4ccd623c8885, scope.project.id=9c1fb26fe2b54c48ad0571ceebd69682, user.id=8214c38cbdce4fa2bc8efd37e8114236) {{(pid=86213) _extract_filter_values /opt/stack/keystone/keystone/common/rbac_enforcer/enforcer.py:167}}
May 03 08:39:40.192951 dv-cinder-840276-2-iscsi devstack@keystone.service[86213]: DEBUG keystone.common.rbac_enforcer.enforcer [None req-f0917372-4fb0-4739-8ec3-44eb8128d651 None admin] RBAC: Authorizing `identity:list_role_assignments()` {{(pid=86213) enforce_call /opt/stack/keystone/keystone/common/rbac_enforcer/enforcer.py:449}}
May 03 08:39:40.194600 dv-cinder-840276-2-iscsi devstack@keystone.service[86213]: DEBUG keystone.common.rbac_enforcer.enforcer [None req-f0917372-4fb0-4739-8ec3-44eb8128d651 None admin] RBAC: Authorization granted {{(pid=86213) enforce_call /opt/stack/keystone/keystone/common/rbac_enforcer/enforcer.py:457}}
May 03 08:39:40.204201 dv-cinder-840276-2-iscsi devstack@keystone.service[86213]: [pid: 86213|app: 0|req: 101/208] 10.222.0.11 () {56 vars in 1374 bytes} [Tue May 3 08:39:40 2022] GET /identity/v3/role_assignments?user.id=8214c38cbdce4fa2bc8efd37e8114236&scope.project.id=9c1fb26fe2b54c48ad0571ceebd69682&role.id=828fe8a87f2b4c47af2d4ccd623c8885 => generated 608 bytes in 197 msecs (HTTP/1.1 200) 5 headers in 177 bytes (1 switches on core 0)
May 03 08:39:41.015975 dv-cinder-840276-2-iscsi devstack@keystone.service[86214]: DEBUG keystone.server.flask.request_processing.req_logging [None req-e582c355-177f-4f83-9d7a-10ce6340f48d None None] REQUEST_METHOD: `GET` {{(pid=86214) log_request_info /opt/stack/keystone/keystone/server/flask/request_processing/req_logging.py:27}}
May 03 08:39:41.016497 dv-cinder-840276-2-iscsi devstack@keystone.service[86214]: DEBUG keystone.server.flask.request_processing.req_logging [None req-e582c355-177f-4f83-9d7a-10ce6340f48d None None] SCRIPT_NAME: `/identity` {{(pid=86214) log_request_info /opt/stack/keystone/keystone/server/flask/request_processing/req_logging.py:28}}
May 03 08:39:41.016497 dv-cinder-840276-2-iscsi devstack@keystone.service[86214]: DEBUG keystone.server.flask.request_processing.req_logging [None req-e582c355-177f-4f83-9d7a-10ce6340f48d None None] PATH_INFO: `/` {{(pid=86214) log_request_info /opt/stack/keystone/keystone/server/flask/request_processing/req_logging.py:29}}
May 03 08:39:41.018227 dv-cinder-840276-2-iscsi devstack@keystone.service[86214]: [pid: 86214|app: 0|req: 108/209] 10.222.0.11 () {54 vars in 926 bytes} [Tue May 3 08:39:41 2022] GET /identity => generated 270 bytes in 3 msecs (HTTP/1.1 300) 6 headers in 234 bytes (1 switches on core 0)
May 03 08:39:41.023691 dv-cinder-840276-2-iscsi devstack@keystone.service[86213]: DEBUG keystone.server.flask.request_processing.req_logging [None req-236c8b6c-5123-4904-936d-ce4d6bf81b6d None None] REQUEST_METHOD: `POST` {{(pid=86213) log_request_info /opt/stack/keystone/keystone/server/flask/request_processing/req_logging.py:27}}
May 03 08:39:41.024131 dv-cinder-840276-2-iscsi devstack@keystone.service[86213]: DEBUG keystone.server.flask.request_processing.req_logging [None req-236c8b6c-5123-4904-936d-ce4d6bf81b6d None None] SCRIPT_NAME: `/identity` {{(pid=86213) log_request_info /opt/stack/keystone/keystone/server/flask/request_processing/req_logging.py:28}}
May 03 08:39:41.024315 dv-cinder-840276-2-iscsi devstack@keystone.service[86213]: DEBUG keystone.server.flask.request_processing.req_logging [None req-236c8b6c-5123-4904-936d-ce4d6bf81b6d None None] PATH_INFO: `/v3/auth/tokens` {{(pid=86213) log_request_info /opt/stack/keystone/keystone/server/flask/request_processing/req_logging.py:29}}
May 03 08:39:41.040869 dv-cinder-840276-2-iscsi devstack@keystone.service[86213]: DEBUG keystone.auth.core [None req-236c8b6c-5123-4904-936d-ce4d6bf81b6d None None] MFA Rules not processed for user `155689b863d044f782598840d769a7ed`. Rule list: `[]` (Enabled: `True`). {{(pid=86213) check_auth_methods_against_rules /opt/stack/keystone/keystone/auth/core.py:438}}
May 03 08:39:41.042025 dv-cinder-840276-2-iscsi devstack@keystone.service[86213]: DEBUG keystone.common.fernet_utils [None req-236c8b6c-5123-4904-936d-ce4d6bf81b6d None None] Loaded 2 Fernet keys from /etc/keystone/fernet-keys/, but `[fernet_tokens] max_active_keys = 3`; perhaps there have not been enough key rotations to reach `max_active_keys` yet? {{(pid=86213) load_keys /opt/stack/keystone/keystone/common/fernet_utils.py:286}}
May 03 08:39:41.111883 dv-cinder-840276-2-iscsi devstack@keystone.service[86213]: [pid: 86213|app: 0|req: 102/210] 10.222.0.11 () {58 vars in 1023 bytes} [Tue May 3 08:39:41 2022] POST /identity/v3/auth/tokens => generated 799 bytes in 84 msecs (HTTP/1.1 201) 6 headers in 363 bytes (1 switches on core 0)
May 03 08:39:41.130269 dv-cinder-840276-2-iscsi devstack@keystone.service[86214]: DEBUG keystone.server.flask.request_processing.middleware.auth_context [None req-e582c355-177f-4f83-9d7a-10ce6340f48d None None] Authenticating user token {{(pid=86214) process_request /usr/local/lib/python3.8/dist-packages/keystonemiddleware/auth_token/__init__.py:407}}
May 03 08:39:41.142854 dv-cinder-840276-2-iscsi devstack@keystone.service[86213]: DEBUG keystone.server.flask.request_processing.req_logging [None req-27b9d5e1-88a9-4d49-be76-b22678ddd3e1 None None] REQUEST_METHOD: `GET` {{(pid=86213) log_request_info /opt/stack/keystone/keystone/server/flask/request_processing/req_logging.py:27}}
May 03 08:39:41.143147 dv-cinder-840276-2-iscsi devstack@keystone.service[86213]: DEBUG keystone.server.flask.request_processing.req_logging [None req-27b9d5e1-88a9-4d49-be76-b22678ddd3e1 None None] SCRIPT_NAME: `/identity` {{(pid=86213) log_request_info /opt/stack/keystone/keystone/server/flask/request_processing/req_logging.py:28}}
May 03 08:39:41.143401 dv-cinder-840276-2-iscsi devstack@keystone.service[86213]: DEBUG keystone.server.flask.request_processing.req_logging [None req-27b9d5e1-88a9-4d49-be76-b22678ddd3e1 None None] PATH_INFO: `/` {{(pid=86213) log_request_info /opt/stack/keystone/keystone/server/flask/request_processing/req_logging.py:29}}
May 03 08:39:41.144999 dv-cinder-840276-2-iscsi devstack@keystone.service[86213]: [pid: 86213|app: 0|req: 103/211] 10.222.0.11 () {54 vars in 926 bytes} [Tue May 3 08:39:41 2022] GET /identity => generated 270 bytes in 3 msecs (HTTP/1.1 300) 6 headers in 234 bytes (1 switches on core 0)
May 03 08:39:41.150069 dv-cinder-840276-2-iscsi devstack@keystone.service[86213]: DEBUG keystone.server.flask.request_processing.req_logging [None req-1d9b7a93-d406-49c2-873c-46235caa039f None None] REQUEST_METHOD: `POST` {{(pid=86213) log_request_info /opt/stack/keystone/keystone/server/flask/request_processing/req_logging.py:27}}
May 03 08:39:41.150359 dv-cinder-840276-2-iscsi devstack@keystone.service[86213]: DEBUG keystone.server.flask.request_processing.req_logging [None req-1d9b7a93-d406-49c2-873c-46235caa039f None None] SCRIPT_NAME: `/identity` {{(pid=86213) log_request_info /opt/stack/keystone/keystone/server/flask/request_processing/req_logging.py:28}}
May 03 08:39:41.150633 dv-cinder-840276-2-iscsi devstack@keystone.service[86213]: DEBUG keystone.server.flask.request_processing.req_logging [None req-1d9b7a93-d406-49c2-873c-46235caa039f None None] PATH_INFO: `/v3/auth/tokens` {{(pid=86213) log_request_info /opt/stack/keystone/keystone/server/flask/request_processing/req_logging.py:29}}
May 03 08:39:41.167304 dv-cinder-840276-2-iscsi devstack@keystone.service[86213]: DEBUG keystone.auth.core [None req-1d9b7a93-d406-49c2-873c-46235caa039f None None] MFA Rules not processed for user `155689b863d044f782598840d769a7ed`. Rule list: `[]` (Enabled: `True`). {{(pid=86213) check_auth_methods_against_rules /opt/stack/keystone/keystone/auth/core.py:438}}
May 03 08:39:41.168599 dv-cinder-840276-2-iscsi devstack@keystone.service[86213]: DEBUG keystone.common.fernet_utils [None req-1d9b7a93-d406-49c2-873c-46235caa039f None None] Loaded 2 Fernet keys from /etc/keystone/fernet-keys/, but `[fernet_tokens] max_active_keys = 3`; perhaps there have not been enough key rotations to reach `max_active_keys` yet? {{(pid=86213) load_keys /opt/stack/keystone/keystone/common/fernet_utils.py:286}}
May 03 08:39:41.236601 dv-cinder-840276-2-iscsi devstack@keystone.service[86214]: DEBUG keystone.server.flask.request_processing.middleware.auth_context [None req-e582c355-177f-4f83-9d7a-10ce6340f48d None None] Validating token access rules against request {{(pid=86214) validate_allowed_request /usr/local/lib/python3.8/dist-packages/keystonemiddleware/auth_token/__init__.py:545}}
May 03 08:39:41.247969 dv-cinder-840276-2-iscsi devstack@keystone.service[86213]: [pid: 86213|app: 0|req: 104/212] 10.222.0.11 () {58 vars in 1023 bytes} [Tue May 3 08:39:41 2022] POST /identity/v3/auth/tokens => generated 799 bytes in 90 msecs (HTTP/1.1 201) 6 headers in 363 bytes (2 switches on core 0)
May 03 08:39:41.263449 dv-cinder-840276-2-iscsi devstack@keystone.service[86213]: DEBUG keystone.server.flask.request_processing.middleware.auth_context [None req-1d9b7a93-d406-49c2-873c-46235caa039f None None] Authenticating user token {{(pid=86213) process_request /usr/local/lib/python3.8/dist-packages/keystonemiddleware/auth_token/__init__.py:407}}
May 03 08:39:41.271205 dv-cinder-840276-2-iscsi devstack@keystone.service[86214]: DEBUG keystone.server.flask.request_processing.middleware.auth_context [None req-f7f96088-e4d6-4197-86fd-48bdc708008d None admin] RBAC: auth_context: {'token': , 'domain_id': None, 'trust_id': None, 'trustor_id': None, 'trustee_id': None, 'domain_name': None, 'group_ids': [], 'user_id': '155689b863d044f782598840d769a7ed', 'user_domain_id': 'default', 'system_scope': 'all', 'project_id': None, 'project_domain_id': None, 'roles': ['admin', 'member', 'reader'], 'is_admin_project': True, 'service_user_id': None, 'service_user_domain_id': None, 'service_project_id': None, 'service_project_domain_id': None, 'service_roles': []} {{(pid=86214) fill_context /opt/stack/keystone/keystone/server/flask/request_processing/middleware/auth_context.py:478}}
May 03 08:39:41.272315 dv-cinder-840276-2-iscsi devstack@keystone.service[86214]: DEBUG keystone.server.flask.request_processing.req_logging [None req-f7f96088-e4d6-4197-86fd-48bdc708008d None admin] REQUEST_METHOD: `GET` {{(pid=86214) log_request_info /opt/stack/keystone/keystone/server/flask/request_processing/req_logging.py:27}}
May 03 08:39:41.272794 dv-cinder-840276-2-iscsi devstack@keystone.service[86214]: DEBUG keystone.server.flask.request_processing.req_logging [None req-f7f96088-e4d6-4197-86fd-48bdc708008d None admin] SCRIPT_NAME: `/identity` {{(pid=86214) log_request_info /opt/stack/keystone/keystone/server/flask/request_processing/req_logging.py:28}}
May 03 08:39:41.273260 dv-cinder-840276-2-iscsi devstack@keystone.service[86214]: DEBUG keystone.server.flask.request_processing.req_logging [None req-f7f96088-e4d6-4197-86fd-48bdc708008d None admin] PATH_INFO: `/v3/roles/member` {{(pid=86214) log_request_info /opt/stack/keystone/keystone/server/flask/request_processing/req_logging.py:29}}
May 03 08:39:41.284273 dv-cinder-840276-2-iscsi devstack@keystone.service[86214]: DEBUG keystone.common.rbac_enforcer.enforcer [None req-f7f96088-e4d6-4197-86fd-48bdc708008d None admin] Extracting inferred target data resulted in "NOT FOUND (404)". {{(pid=86214) enforce_call /opt/stack/keystone/keystone/common/rbac_enforcer/enforcer.py:409}}
May 03 08:39:41.292437 dv-cinder-840276-2-iscsi devstack@keystone.service[86214]: ERROR keystone.server.flask.application [None req-f7f96088-e4d6-4197-86fd-48bdc708008d None admin] Could not find role: member.: keystone.exception.RoleNotFound: Could not find role: member.
May 03 08:39:41.292437 dv-cinder-840276-2-iscsi devstack@keystone.service[86214]: ERROR keystone.server.flask.application
Traceback (most recent call last):
May 03 08:39:41.292437 dv-cinder-840276-2-iscsi devstack@keystone.service[86214]: ERROR keystone.server.flask.application
File "/usr/local/lib/python3.8/dist-packages/flask/app.py", line 1523, in full_dispatch_request
May 03 08:39:41.292437 dv-cinder-840276-2-iscsi devstack@keystone.service[86214]: ERROR keystone.server.flask.application rv = self.dispatch_request()
May 03 08:39:41.292437 dv-cinder-840276-2-iscsi devstack@keystone.service[86214]: ERROR keystone.server.flask.application
File "/usr/local/lib/python3.8/dist-packages/flask/app.py", line 1509, in dispatch_request
May 03 08:39:41.292437 dv-cinder-840276-2-iscsi devstack@keystone.service[86214]: ERROR keystone.server.flask.application return self.ensure_sync(self.view_functions[rule.endpoint])(**req.view_args)
May 03 08:39:41.292437 dv-cinder-840276-2-iscsi devstack@keystone.service[86214]: ERROR keystone.server.flask.application
File "/usr/local/lib/python3.8/dist-packages/flask_restful/__init__.py", line 467, in wrapper
May 03 08:39:41.292437 dv-cinder-840276-2-iscsi devstack@keystone.service[86214]: ERROR keystone.server.flask.application resp = resource(*args, **kwargs)
May 03 08:39:41.292437 dv-cinder-840276-2-iscsi devstack@keystone.service[86214]: ERROR keystone.server.flask.application
File "/usr/local/lib/python3.8/dist-packages/flask/views.py", line 84, in view
May 03 08:39:41.292437 dv-cinder-840276-2-iscsi devstack@keystone.service[86214]: ERROR keystone.server.flask.application return current_app.ensure_sync(self.dispatch_request)(*args, **kwargs)
May 03 08:39:41.292437 dv-cinder-840276-2-iscsi devstack@keystone.service[86214]: ERROR keystone.server.flask.application
File "/usr/local/lib/python3.8/dist-packages/flask_restful/__init__.py", line 582, in dispatch_request
May 03 08:39:41.292437 dv-cinder-840276-2-iscsi devstack@keystone.service[86214]: ERROR keystone.server.flask.application resp = meth(*args, **kwargs)
May 03 08:39:41.292437 dv-cinder-840276-2-iscsi devstack@keystone.service[86214]: ERROR keystone.server.flask.application
File "/opt/stack/keystone/keystone/api/roles.py", line 50, in get
May 03 08:39:41.292437 dv-cinder-840276-2-iscsi devstack@keystone.service[86214]: ERROR keystone.server.flask.application return self._get_role(role_id)
May 03 08:39:41.292437 dv-cinder-840276-2-iscsi devstack@keystone.service[86214]: ERROR keystone.server.flask.application
File "/opt/stack/keystone/keystone/api/roles.py", line 70, in _get_role
May 03 08:39:41.292437 dv-cinder-840276-2-iscsi devstack@keystone.service[86214]: ERROR keystone.server.flask.application ENFORCER.enforce_call(action='identity:get_role')
May 03 08:39:41.293346 dv-cinder-840276-2-iscsi devstack@keystone.service[86214]: ERROR keystone.server.flask.application
File "/opt/stack/keystone/keystone/common/rbac_enforcer/enforcer.py", line 402, in enforce_call
May 03 08:39:41.293346 dv-cinder-840276-2-iscsi devstack@keystone.service[86214]: ERROR keystone.server.flask.application policy_dict.update(cls._extract_member_target_data(
May 03 08:39:41.293346 dv-cinder-840276-2-iscsi devstack@keystone.service[86214]: ERROR keystone.server.flask.application
File "/opt/stack/keystone/keystone/common/rbac_enforcer/enforcer.py", line 234, in _extract_member_target_data
May 03 08:39:41.293346 dv-cinder-840276-2-iscsi devstack@keystone.service[86214]: ERROR keystone.server.flask.application member_name: func(flask.request.view_args[key])
May 03 08:39:41.293346 dv-cinder-840276-2-iscsi devstack@keystone.service[86214]: ERROR keystone.server.flask.application
File "/opt/stack/keystone/keystone/common/manager.py", line 115, in wrapped
May 03 08:39:41.293346 dv-cinder-840276-2-iscsi devstack@keystone.service[86214]: ERROR keystone.server.flask.application __ret_val = __f(*args, **kwargs)
May 03 08:39:41.293346 dv-cinder-840276-2-iscsi devstack@keystone.service[86214]: ERROR keystone.server.flask.application
File "/usr/local/lib/python3.8/dist-packages/decorator.py", line 232, in fun
May 03 08:39:41.293346 dv-cinder-840276-2-iscsi devstack@keystone.service[86214]: ERROR keystone.server.flask.application return caller(func, *(extras + args), **kw)
May 03 08:39:41.293346 dv-cinder-840276-2-iscsi devstack@keystone.service[86214]: ERROR keystone.server.flask.application
File "/usr/local/lib/python3.8/dist-packages/dogpile/cache/region.py", line 1577, in get_or_create_for_user_func
May 03 08:39:41.293346 dv-cinder-840276-2-iscsi devstack@keystone.service[86214]: ERROR keystone.server.flask.application return self.get_or_create(
May 03 08:39:41.293346 dv-cinder-840276-2-iscsi devstack@keystone.service[86214]: ERROR keystone.server.flask.application
File "/usr/local/lib/python3.8/dist-packages/dogpile/cache/region.py", line 1042, in get_or_create
May 03 08:39:41.293346 dv-cinder-840276-2-iscsi devstack@keystone.service[86214]: ERROR keystone.server.flask.application with Lock(
May 03 08:39:41.293346 dv-cinder-840276-2-iscsi devstack@keystone.service[86214]: ERROR keystone.server.flask.application
File "/usr/local/lib/python3.8/dist-packages/dogpile/lock.py", line 185, in __enter__
May 03 08:39:41.293346 dv-cinder-840276-2-iscsi devstack@keystone.service[86214]: ERROR keystone.server.flask.application return self._enter()
May 03 08:39:41.293346 dv-cinder-840276-2-iscsi devstack@keystone.service[86214]: ERROR keystone.server.flask.application
File "/usr/local/lib/python3.8/dist-packages/dogpile/lock.py", line 94, in _enter
May 03 08:39:41.293346 dv-cinder-840276-2-iscsi devstack@keystone.service[86214]: ERROR keystone.server.flask.application generated = self._enter_create(value, createdtime)
May 03 08:39:41.294177 dv-cinder-840276-2-iscsi devstack@keystone.service[86214]: ERROR keystone.server.flask.application
File "/usr/local/lib/python3.8/dist-packages/dogpile/lock.py", line 178, in _enter_create
May 03 08:39:41.294177 dv-cinder-840276-2-iscsi devstack@keystone.service[86214]: ERROR keystone.server.flask.application return self.creator()
May 03 08:39:41.294177 dv-cinder-840276-2-iscsi devstack@keystone.service[86214]: ERROR keystone.server.flask.application
File "/usr/local/lib/python3.8/dist-packages/dogpile/cache/region.py", line 995, in gen_value
May 03 08:39:41.294177 dv-cinder-840276-2-iscsi devstack@keystone.service[86214]: ERROR keystone.server.flask.application created_value = creator(
May 03 08:39:41.294177 dv-cinder-840276-2-iscsi devstack@keystone.service[86214]: ERROR keystone.server.flask.application
File "/opt/stack/keystone/keystone/assignment/core.py", line 1276, in get_role
May 03 08:39:41.294177 dv-cinder-840276-2-iscsi devstack@keystone.service[86214]: ERROR keystone.server.flask.application return self.driver.get_role(role_id)
May 03 08:39:41.294177 dv-cinder-840276-2-iscsi devstack@keystone.service[86214]: ERROR keystone.server.flask.application
File "/opt/stack/keystone/keystone/assignment/role_backends/sql.py", line 70, in get_role
May 03 08:39:41.294177 dv-cinder-840276-2-iscsi devstack@keystone.service[86214]: ERROR keystone.server.flask.application return self._get_role(session, role_id).to_dict()
May 03 08:39:41.294177 dv-cinder-840276-2-iscsi devstack@keystone.service[86214]: ERROR keystone.server.flask.application
File "/opt/stack/keystone/keystone/assignment/role_backends/sql.py", line 65, in _get_role
May 03 08:39:41.294177 dv-cinder-840276-2-iscsi devstack@keystone.service[86214]: ERROR keystone.server.flask.application raise exception.RoleNotFound(role_id=role_id)
May 03 08:39:41.294177 dv-cinder-840276-2-iscsi devstack@keystone.service[86214]: ERROR keystone.server.flask.application keystone.exception.RoleNotFound: Could not find role: member.
May 03 08:39:41.294177 dv-cinder-840276-2-iscsi devstack@keystone.service[86214]: ERROR keystone.server.flask.application
May 03 08:39:41.296882 dv-cinder-840276-2-iscsi devstack@keystone.service[86214]: [pid: 86214|app: 0|req: 109/213] 10.222.0.11 () {56 vars in 1099 bytes} [Tue May 3 08:39:41 2022] GET /identity/v3/roles/member => generated 84 bytes in 167 msecs (HTTP/1.1 404) 5 headers in 183 bytes (1 switches on core 0)
May 03 08:39:41.305094 dv-cinder-840276-2-iscsi devstack@keystone.service[86214]: DEBUG keystone.server.flask.request_processing.middleware.auth_context [None req-f7f96088-e4d6-4197-86fd-48bdc708008d None admin] Authenticating user token {{(pid=86214) process_request /usr/local/lib/python3.8/dist-packages/keystonemiddleware/auth_token/__init__.py:407}}
May 03 08:39:41.365110 dv-cinder-840276-2-iscsi devstack@keystone.service[86213]: DEBUG keystone.server.flask.request_processing.middleware.auth_context [None req-1d9b7a93-d406-49c2-873c-46235caa039f None None] Validating token access rules against request {{(pid=86213) validate_allowed_request /usr/local/lib/python3.8/dist-packages/keystonemiddleware/auth_token/__init__.py:545}}
May 03 08:39:41.398163 dv-cinder-840276-2-iscsi devstack@keystone.service[86213]: DEBUG keystone.server.flask.request_processing.middleware.auth_context [None req-99c3769f-f5b2-4d38-a241-8eeebcf2972b None admin] RBAC: auth_context: {'token': , 'domain_id': None, 'trust_id': None, 'trustor_id': None, 'trustee_id': None, 'domain_name': None, 'group_ids': [], 'user_id': '155689b863d044f782598840d769a7ed', 'user_domain_id': 'default', 'system_scope': 'all', 'project_id': None, 'project_domain_id': None, 'roles': ['admin', 'member', 'reader'], 'is_admin_project': True, 'service_user_id': None, 'service_user_domain_id': None, 'service_project_id': None, 'service_project_domain_id': None, 'service_roles': []} {{(pid=86213) fill_context /opt/stack/keystone/keystone/server/flask/request_processing/middleware/auth_context.py:478}}
May 03 08:39:41.399079 dv-cinder-840276-2-iscsi devstack@keystone.service[86213]: DEBUG keystone.server.flask.request_processing.req_logging [None req-99c3769f-f5b2-4d38-a241-8eeebcf2972b None admin] REQUEST_METHOD: `GET` {{(pid=86213) log_request_info /opt/stack/keystone/keystone/server/flask/request_processing/req_logging.py:27}}
May 03 08:39:41.399258 dv-cinder-840276-2-iscsi devstack@keystone.service[86213]: DEBUG keystone.server.flask.request_processing.req_logging [None req-99c3769f-f5b2-4d38-a241-8eeebcf2972b None admin] SCRIPT_NAME: `/identity` {{(pid=86213) log_request_info /opt/stack/keystone/keystone/server/flask/request_processing/req_logging.py:28}}
May 03 08:39:41.399500 dv-cinder-840276-2-iscsi devstack@keystone.service[86213]: DEBUG keystone.server.flask.request_processing.req_logging [None req-99c3769f-f5b2-4d38-a241-8eeebcf2972b None admin] PATH_INFO: `/v3/domains/default` {{(pid=86213) log_request_info /opt/stack/keystone/keystone/server/flask/request_processing/req_logging.py:29}}
May 03 08:39:41.400665 dv-cinder-840276-2-iscsi devstack@keystone.service[86213]: DEBUG keystone.common.rbac_enforcer.enforcer [None req-99c3769f-f5b2-4d38-a241-8eeebcf2972b None admin] RBAC: Authorizing `identity:get_domain(domain_id=default)` {{(pid=86213) enforce_call /opt/stack/keystone/keystone/common/rbac_enforcer/enforcer.py:449}}
May 03 08:39:41.402116 dv-cinder-840276-2-iscsi devstack@keystone.service[86213]: DEBUG keystone.common.rbac_enforcer.enforcer [None req-99c3769f-f5b2-4d38-a241-8eeebcf2972b None admin] RBAC: Authorization granted {{(pid=86213) enforce_call /opt/stack/keystone/keystone/common/rbac_enforcer/enforcer.py:457}}
May 03 08:39:41.403702 dv-cinder-840276-2-iscsi devstack@keystone.service[86213]: [pid: 86213|app: 0|req: 105/214] 10.222.0.11 () {56 vars in 1108 bytes} [Tue May 3 08:39:41 2022] GET /identity/v3/domains/default => generated 199 bytes in 141 msecs (HTTP/1.1 200) 5 headers in 177 bytes (2 switches on core 0)
May 03 08:39:41.405841 dv-cinder-840276-2-iscsi devstack@keystone.service[86214]: DEBUG keystone.server.flask.request_processing.middleware.auth_context [None req-f7f96088-e4d6-4197-86fd-48bdc708008d None admin] Validating token access rules against request {{(pid=86214) validate_allowed_request /usr/local/lib/python3.8/dist-packages/keystonemiddleware/auth_token/__init__.py:545}}
May 03 08:39:41.409243 dv-cinder-840276-2-iscsi devstack@keystone.service[86213]: DEBUG keystone.server.flask.request_processing.middleware.auth_context [None req-99c3769f-f5b2-4d38-a241-8eeebcf2972b None admin] Authenticating user token {{(pid=86213) process_request /usr/local/lib/python3.8/dist-packages/keystonemiddleware/auth_token/__init__.py:407}}
May 03 08:39:41.440222 dv-cinder-840276-2-iscsi devstack@keystone.service[86214]: DEBUG keystone.server.flask.request_processing.middleware.auth_context [None req-67a24511-7879-4bbb-8479-6d2a4a71f3fa None admin] RBAC: auth_context: {'token': , 'domain_id': None, 'trust_id': None, 'trustor_id': None, 'trustee_id': None, 'domain_name': None, 'group_ids': [], 'user_id': '155689b863d044f782598840d769a7ed', 'user_domain_id': 'default', 'system_scope': 'all', 'project_id': None, 'project_domain_id': None, 'roles': ['admin', 'member', 'reader'], 'is_admin_project': True, 'service_user_id': None, 'service_user_domain_id': None, 'service_project_id': None, 'service_project_domain_id': None, 'service_roles': []} {{(pid=86214) fill_context /opt/stack/keystone/keystone/server/flask/request_processing/middleware/auth_context.py:478}}
May 03 08:39:41.440852 dv-cinder-840276-2-iscsi devstack@keystone.service[86214]: DEBUG keystone.server.flask.request_processing.req_logging [None req-67a24511-7879-4bbb-8479-6d2a4a71f3fa None admin] REQUEST_METHOD: `GET` {{(pid=86214) log_request_info /opt/stack/keystone/keystone/server/flask/request_processing/req_logging.py:27}}
May 03 08:39:41.441135 dv-cinder-840276-2-iscsi devstack@keystone.service[86214]: DEBUG keystone.server.flask.request_processing.req_logging [None req-67a24511-7879-4bbb-8479-6d2a4a71f3fa None admin] SCRIPT_NAME: `/identity` {{(pid=86214) log_request_info /opt/stack/keystone/keystone/server/flask/request_processing/req_logging.py:28}}
May 03 08:39:41.441411 dv-cinder-840276-2-iscsi devstack@keystone.service[86214]: DEBUG keystone.server.flask.request_processing.req_logging [None req-67a24511-7879-4bbb-8479-6d2a4a71f3fa None admin] PATH_INFO: `/v3/roles` {{(pid=86214) log_request_info /opt/stack/keystone/keystone/server/flask/request_processing/req_logging.py:29}}
May 03 08:39:41.442218 dv-cinder-840276-2-iscsi devstack@keystone.service[86214]: DEBUG keystone.common.rbac_enforcer.enforcer [None req-67a24511-7879-4bbb-8479-6d2a4a71f3fa None admin] RBAC: Adding query filter params (name=member) {{(pid=86214) _extract_filter_values /opt/stack/keystone/keystone/common/rbac_enforcer/enforcer.py:167}}
May 03 08:39:41.442552 dv-cinder-840276-2-iscsi devstack@keystone.service[86214]: DEBUG keystone.common.rbac_enforcer.enforcer [None req-67a24511-7879-4bbb-8479-6d2a4a71f3fa None admin] RBAC: Authorizing `identity:list_roles()` {{(pid=86214) enforce_call /opt/stack/keystone/keystone/common/rbac_enforcer/enforcer.py:449}}
May 03 08:39:41.444066 dv-cinder-840276-2-iscsi devstack@keystone.service[86214]: DEBUG keystone.common.rbac_enforcer.enforcer [None req-67a24511-7879-4bbb-8479-6d2a4a71f3fa None admin] RBAC: Authorization granted {{(pid=86214) enforce_call /opt/stack/keystone/keystone/common/rbac_enforcer/enforcer.py:457}}
May 03 08:39:41.457262 dv-cinder-840276-2-iscsi devstack@keystone.service[86214]: [pid: 86214|app: 0|req: 110/215] 10.222.0.11 () {56 vars in 1101 bytes} [Tue May 3 08:39:41 2022] GET /identity/v3/roles?name=member => generated 341 bytes in 148 msecs (HTTP/1.1 200) 5 headers in 177 bytes (1 switches on core 0)
May 03 08:39:41.458313 dv-cinder-840276-2-iscsi devstack@keystone.service[86214]: DEBUG keystone.server.flask.request_processing.middleware.auth_context [None req-67a24511-7879-4bbb-8479-6d2a4a71f3fa None admin] Authenticating user token {{(pid=86214) process_request /usr/local/lib/python3.8/dist-packages/keystonemiddleware/auth_token/__init__.py:407}}
May 03 08:39:41.515055 dv-cinder-840276-2-iscsi devstack@keystone.service[86213]: DEBUG keystone.server.flask.request_processing.middleware.auth_context [None req-99c3769f-f5b2-4d38-a241-8eeebcf2972b None admin] Validating token access rules against request {{(pid=86213) validate_allowed_request /usr/local/lib/python3.8/dist-packages/keystonemiddleware/auth_token/__init__.py:545}}
May 03 08:39:41.548398 dv-cinder-840276-2-iscsi devstack@keystone.service[86213]: DEBUG keystone.server.flask.request_processing.middleware.auth_context [None req-e2e00066-6aa8-430b-aeec-d577a409434c None admin] RBAC: auth_context: {'token': , 'domain_id': None, 'trust_id': None, 'trustor_id': None, 'trustee_id': None, 'domain_name': None, 'group_ids': [], 'user_id': '155689b863d044f782598840d769a7ed', 'user_domain_id': 'default', 'system_scope': 'all', 'project_id': None, 'project_domain_id': None, 'roles': ['admin', 'member', 'reader'], 'is_admin_project': True, 'service_user_id': None, 'service_user_domain_id': None, 'service_project_id': None, 'service_project_domain_id': None, 'service_roles': []} {{(pid=86213) fill_context /opt/stack/keystone/keystone/server/flask/request_processing/middleware/auth_context.py:478}}
May 03 08:39:41.549479 dv-cinder-840276-2-iscsi devstack@keystone.service[86213]: DEBUG keystone.server.flask.request_processing.req_logging [None req-e2e00066-6aa8-430b-aeec-d577a409434c None admin] REQUEST_METHOD: `POST` {{(pid=86213) log_request_info /opt/stack/keystone/keystone/server/flask/request_processing/req_logging.py:27}}
May 03 08:39:41.549946 dv-cinder-840276-2-iscsi devstack@keystone.service[86213]: DEBUG keystone.server.flask.request_processing.req_logging [None req-e2e00066-6aa8-430b-aeec-d577a409434c None admin] SCRIPT_NAME: `/identity` {{(pid=86213) log_request_info /opt/stack/keystone/keystone/server/flask/request_processing/req_logging.py:28}}
May 03 08:39:41.550402 dv-cinder-840276-2-iscsi devstack@keystone.service[86213]: DEBUG keystone.server.flask.request_processing.req_logging [None req-e2e00066-6aa8-430b-aeec-d577a409434c None admin] PATH_INFO: `/v3/users` {{(pid=86213) log_request_info /opt/stack/keystone/keystone/server/flask/request_processing/req_logging.py:29}}
May 03 08:39:41.551298 dv-cinder-840276-2-iscsi devstack@keystone.service[86213]: DEBUG keystone.common.rbac_enforcer.enforcer [None req-e2e00066-6aa8-430b-aeec-d577a409434c None admin] RBAC: Authorizing `identity:create_user()` {{(pid=86213) enforce_call /opt/stack/keystone/keystone/common/rbac_enforcer/enforcer.py:449}}
May 03 08:39:41.552995 dv-cinder-840276-2-iscsi devstack@keystone.service[86213]: DEBUG keystone.common.rbac_enforcer.enforcer [None req-e2e00066-6aa8-430b-aeec-d577a409434c None admin] RBAC: Authorization granted {{(pid=86213) enforce_call /opt/stack/keystone/keystone/common/rbac_enforcer/enforcer.py:457}}
May 03 08:39:41.560303 dv-cinder-840276-2-iscsi devstack@keystone.service[86214]: DEBUG keystone.server.flask.request_processing.middleware.auth_context [None req-67a24511-7879-4bbb-8479-6d2a4a71f3fa None admin] Validating token access rules against request {{(pid=86214) validate_allowed_request /usr/local/lib/python3.8/dist-packages/keystonemiddleware/auth_token/__init__.py:545}}
May 03 08:39:41.578816 dv-cinder-840276-2-iscsi devstack@keystone.service[86213]: [pid: 86213|app: 0|req: 106/216] 10.222.0.11 () {60 vars in 1132 bytes} [Tue May 3 08:39:41 2022] POST /identity/v3/users => generated 297 bytes in 170 msecs (HTTP/1.1 201) 5 headers in 182 bytes (1 switches on core 0)
May 03 08:39:41.605703 dv-cinder-840276-2-iscsi devstack@keystone.service[86214]: DEBUG keystone.server.flask.request_processing.middleware.auth_context [None req-f898cd62-e4ec-4c64-bbd0-d1d5df9134b2 None admin] RBAC: auth_context: {'token': , 'domain_id': None, 'trust_id': None, 'trustor_id': None, 'trustee_id': None, 'domain_name': None, 'group_ids': [], 'user_id': '155689b863d044f782598840d769a7ed', 'user_domain_id': 'default', 'system_scope': 'all', 'project_id': None, 'project_domain_id': None, 'roles': ['admin', 'member', 'reader'], 'is_admin_project': True, 'service_user_id': None, 'service_user_domain_id': None, 'service_project_id': None, 'service_project_domain_id': None, 'service_roles': []} {{(pid=86214) fill_context /opt/stack/keystone/keystone/server/flask/request_processing/middleware/auth_context.py:478}}
May 03 08:39:41.606842 dv-cinder-840276-2-iscsi devstack@keystone.service[86214]: DEBUG keystone.server.flask.request_processing.req_logging [None req-f898cd62-e4ec-4c64-bbd0-d1d5df9134b2 None admin] REQUEST_METHOD: `GET` {{(pid=86214) log_request_info /opt/stack/keystone/keystone/server/flask/request_processing/req_logging.py:27}}
May 03 08:39:41.607266 dv-cinder-840276-2-iscsi devstack@keystone.service[86214]: DEBUG keystone.server.flask.request_processing.req_logging [None req-f898cd62-e4ec-4c64-bbd0-d1d5df9134b2 None admin] SCRIPT_NAME: `/identity` {{(pid=86214) log_request_info /opt/stack/keystone/keystone/server/flask/request_processing/req_logging.py:28}}
May 03 08:39:41.607706 dv-cinder-840276-2-iscsi devstack@keystone.service[86214]: DEBUG keystone.server.flask.request_processing.req_logging [None req-f898cd62-e4ec-4c64-bbd0-d1d5df9134b2 None admin] PATH_INFO: `/v3/users/3f912ecc05e245e8b1d3733469d9015e` {{(pid=86214) log_request_info /opt/stack/keystone/keystone/server/flask/request_processing/req_logging.py:29}}
May 03 08:39:41.624004 dv-cinder-840276-2-iscsi devstack@keystone.service[86214]: DEBUG keystone.common.rbac_enforcer.enforcer [None req-f898cd62-e4ec-4c64-bbd0-d1d5df9134b2 None admin] RBAC: Authorizing `identity:get_user(user_id=3f912ecc05e245e8b1d3733469d9015e)` {{(pid=86214) enforce_call /opt/stack/keystone/keystone/common/rbac_enforcer/enforcer.py:449}}
May 03 08:39:41.625786 dv-cinder-840276-2-iscsi devstack@keystone.service[86214]: DEBUG keystone.common.rbac_enforcer.enforcer [None req-f898cd62-e4ec-4c64-bbd0-d1d5df9134b2 None admin] RBAC: Authorization granted {{(pid=86214) enforce_call /opt/stack/keystone/keystone/common/rbac_enforcer/enforcer.py:457}}
May 03 08:39:41.627919 dv-cinder-840276-2-iscsi devstack@keystone.service[86214]: [pid: 86214|app: 0|req: 111/217] 10.222.0.11 () {56 vars in 1177 bytes} [Tue May 3 08:39:41 2022] GET /identity/v3/users/3f912ecc05e245e8b1d3733469d9015e => generated 297 bytes in 170 msecs (HTTP/1.1 200) 5 headers in 177 bytes (2 switches on core 0)
May 03 08:39:41.634309 dv-cinder-840276-2-iscsi devstack@keystone.service[86213]: DEBUG keystone.server.flask.request_processing.middleware.auth_context [None req-e2e00066-6aa8-430b-aeec-d577a409434c None admin] Authenticating user token {{(pid=86213) process_request /usr/local/lib/python3.8/dist-packages/keystonemiddleware/auth_token/__init__.py:407}}
May 03 08:39:41.660502 dv-cinder-840276-2-iscsi devstack@keystone.service[86214]: DEBUG keystone.server.flask.request_processing.req_logging [None req-4e30bf98-6582-4e86-8d1e-ca47b5510bad None None] REQUEST_METHOD: `GET` {{(pid=86214) log_request_info /opt/stack/keystone/keystone/server/flask/request_processing/req_logging.py:27}}
May 03 08:39:41.661125 dv-cinder-840276-2-iscsi devstack@keystone.service[86214]: DEBUG keystone.server.flask.request_processing.req_logging [None req-4e30bf98-6582-4e86-8d1e-ca47b5510bad None None] SCRIPT_NAME: `/identity` {{(pid=86214) log_request_info /opt/stack/keystone/keystone/server/flask/request_processing/req_logging.py:28}}
May 03 08:39:41.661579 dv-cinder-840276-2-iscsi devstack@keystone.service[86214]: DEBUG keystone.server.flask.request_processing.req_logging [None req-4e30bf98-6582-4e86-8d1e-ca47b5510bad None None] PATH_INFO: `/` {{(pid=86214) log_request_info /opt/stack/keystone/keystone/server/flask/request_processing/req_logging.py:29}}
May 03 08:39:41.663322 dv-cinder-840276-2-iscsi devstack@keystone.service[86214]: [pid: 86214|app: 0|req: 112/218] 10.222.0.11 () {54 vars in 926 bytes} [Tue May 3 08:39:41 2022] GET /identity => generated 270 bytes in 4 msecs (HTTP/1.1 300) 6 headers in 234 bytes (2 switches on core 0)
May 03 08:39:41.671320 dv-cinder-840276-2-iscsi devstack@keystone.service[86214]: DEBUG keystone.server.flask.request_processing.req_logging [None req-39084856-cc49-467f-ae7c-1c9d4072f810 None None] REQUEST_METHOD: `POST` {{(pid=86214) log_request_info /opt/stack/keystone/keystone/server/flask/request_processing/req_logging.py:27}}
May 03 08:39:41.671642 dv-cinder-840276-2-iscsi devstack@keystone.service[86214]: DEBUG keystone.server.flask.request_processing.req_logging [None req-39084856-cc49-467f-ae7c-1c9d4072f810 None None] SCRIPT_NAME: `/identity` {{(pid=86214) log_request_info /opt/stack/keystone/keystone/server/flask/request_processing/req_logging.py:28}}
May 03 08:39:41.673092 dv-cinder-840276-2-iscsi devstack@keystone.service[86214]: DEBUG keystone.server.flask.request_processing.req_logging [None req-39084856-cc49-467f-ae7c-1c9d4072f810 None None] PATH_INFO: `/v3/auth/tokens` {{(pid=86214) log_request_info /opt/stack/keystone/keystone/server/flask/request_processing/req_logging.py:29}}
May 03 08:39:41.694539 dv-cinder-840276-2-iscsi devstack@keystone.service[86214]: DEBUG keystone.auth.core [None req-39084856-cc49-467f-ae7c-1c9d4072f810 None None] MFA Rules not processed for user `155689b863d044f782598840d769a7ed`. Rule list: `[]` (Enabled: `True`). {{(pid=86214) check_auth_methods_against_rules /opt/stack/keystone/keystone/auth/core.py:438}}
May 03 08:39:41.696391 dv-cinder-840276-2-iscsi devstack@keystone.service[86214]: DEBUG keystone.common.fernet_utils [None req-39084856-cc49-467f-ae7c-1c9d4072f810 None None] Loaded 2 Fernet keys from /etc/keystone/fernet-keys/, but `[fernet_tokens] max_active_keys = 3`; perhaps there have not been enough key rotations to reach `max_active_keys` yet? {{(pid=86214) load_keys /opt/stack/keystone/keystone/common/fernet_utils.py:286}}
May 03 08:39:41.765133 dv-cinder-840276-2-iscsi devstack@keystone.service[86213]: DEBUG keystone.server.flask.request_processing.middleware.auth_context [None req-e2e00066-6aa8-430b-aeec-d577a409434c None admin] Validating token access rules against request {{(pid=86213) validate_allowed_request /usr/local/lib/python3.8/dist-packages/keystonemiddleware/auth_token/__init__.py:545}}
May 03 08:39:41.791837 dv-cinder-840276-2-iscsi devstack@keystone.service[86214]: [pid: 86214|app: 0|req: 113/219] 10.222.0.11 () {58 vars in 1023 bytes} [Tue May 3 08:39:41 2022] POST /identity/v3/auth/tokens => generated 799 bytes in 115 msecs (HTTP/1.1 201) 6 headers in 363 bytes (2 switches on core 0)
May 03 08:39:41.805582 dv-cinder-840276-2-iscsi devstack@keystone.service[86213]: DEBUG keystone.server.flask.request_processing.middleware.auth_context [None req-f5e5c69d-8c13-48d6-a2cd-d0c70798db52 None admin] RBAC: auth_context: {'token': , 'domain_id': None, 'trust_id': None, 'trustor_id': None, 'trustee_id': None, 'domain_name': None, 'group_ids': [], 'user_id': '155689b863d044f782598840d769a7ed', 'user_domain_id': 'default', 'system_scope': 'all', 'project_id': None, 'project_domain_id': None, 'roles': ['admin', 'member', 'reader'], 'is_admin_project': True, 'service_user_id': None, 'service_user_domain_id': None, 'service_project_id': None, 'service_project_domain_id': None, 'service_roles': []} {{(pid=86213) fill_context /opt/stack/keystone/keystone/server/flask/request_processing/middleware/auth_context.py:478}}
May 03 08:39:41.806163 dv-cinder-840276-2-iscsi devstack@keystone.service[86213]: DEBUG keystone.server.flask.request_processing.req_logging [None req-f5e5c69d-8c13-48d6-a2cd-d0c70798db52 None admin] REQUEST_METHOD: `GET` {{(pid=86213) log_request_info /opt/stack/keystone/keystone/server/flask/request_processing/req_logging.py:27}}
May 03 08:39:41.806447 dv-cinder-840276-2-iscsi devstack@keystone.service[86213]: DEBUG keystone.server.flask.request_processing.req_logging [None req-f5e5c69d-8c13-48d6-a2cd-d0c70798db52 None admin] SCRIPT_NAME: `/identity` {{(pid=86213) log_request_info /opt/stack/keystone/keystone/server/flask/request_processing/req_logging.py:28}}
May 03 08:39:41.806722 dv-cinder-840276-2-iscsi devstack@keystone.service[86213]: DEBUG keystone.server.flask.request_processing.req_logging [None req-f5e5c69d-8c13-48d6-a2cd-d0c70798db52 None admin] PATH_INFO: `/v3/auth/tokens` {{(pid=86213) log_request_info /opt/stack/keystone/keystone/server/flask/request_processing/req_logging.py:29}}
May 03 08:39:41.820698 dv-cinder-840276-2-iscsi devstack@keystone.service[86214]: DEBUG keystone.server.flask.request_processing.middleware.auth_context [None req-39084856-cc49-467f-ae7c-1c9d4072f810 None None] Authenticating user token {{(pid=86214) process_request /usr/local/lib/python3.8/dist-packages/keystonemiddleware/auth_token/__init__.py:407}}
May 03 08:39:41.879804 dv-cinder-840276-2-iscsi devstack@keystone.service[86213]: DEBUG keystone.common.rbac_enforcer.enforcer [None req-f5e5c69d-8c13-48d6-a2cd-d0c70798db52 None admin] RBAC: Authorizing `identity:validate_token()` {{(pid=86213) enforce_call /opt/stack/keystone/keystone/common/rbac_enforcer/enforcer.py:449}}
May 03 08:39:41.879804 dv-cinder-840276-2-iscsi devstack@keystone.service[86213]: DEBUG keystone.common.rbac_enforcer.enforcer [None req-f5e5c69d-8c13-48d6-a2cd-d0c70798db52 None admin] RBAC: Authorization granted {{(pid=86213) enforce_call /opt/stack/keystone/keystone/common/rbac_enforcer/enforcer.py:457}}
May 03 08:39:41.941577 dv-cinder-840276-2-iscsi devstack@keystone.service[86214]: DEBUG keystone.server.flask.request_processing.middleware.auth_context [None req-39084856-cc49-467f-ae7c-1c9d4072f810 None None] Validating token access rules against request {{(pid=86214) validate_allowed_request /usr/local/lib/python3.8/dist-packages/keystonemiddleware/auth_token/__init__.py:545}}
