May 17 22:09:36.598375 dv-cinder-839987-6-iscsi neutron-server[103950]: DEBUG neutron_lib.callbacks.manager [req-bbb76902-5fa7-40b5-9c38-57e52936f898 req-9084a881-7e47-44e5-b7ff-b744b88bfc11 service neutron] Publish callbacks ['neutron.plugins.ml2.plugin.SecurityGroupDbMixin._ensure_default_security_group_handler-1770312'] for port (de95285b-0a74-427f-90f8-1b48b78cd597), before_update {{(pid=103950) _notify_loop /usr/local/lib/python3.8/dist-packages/neutron_lib/callbacks/manager.py:176}}
May 17 22:09:36.635619 dv-cinder-839987-6-iscsi neutron-server[103949]: DEBUG neutron.api.v2.base [req-d9faeb55-950a-4648-8c06-29c59b6c54c0 req-a1d5837d-756a-459f-8bf6-702eb23aa9f4 service neutron] Request body: {'port': {'device_id': '120f12ef-0f38-41f4-a47d-2fdb6ffe8831', 'device_owner': 'compute:nova', 'binding:host_id': 'hv-cinder-83998'}} {{(pid=103949) prepare_request_body /opt/stack/neutron/neutron/api/v2/base.py:730}}
May 17 22:09:36.812657 dv-cinder-839987-6-iscsi neutron-server[103950]: DEBUG neutron.pecan_wsgi.hooks.policy_enforcement [req-2cab75e0-b40d-4558-bace-74e33a9ab826 req-4ee4eef9-5a96-45fd-8931-9d14242f21d3 service neutron] Attributes excluded by policy engine: ['standard_attr_id'] {{(pid=103950) _exclude_attributes_by_policy /opt/stack/neutron/neutron/pecan_wsgi/hooks/policy_enforcement.py:259}}
May 17 22:09:36.814199 dv-cinder-839987-6-iscsi neutron-server[103950]: INFO neutron.wsgi [req-2cab75e0-b40d-4558-bace-74e33a9ab826 req-4ee4eef9-5a96-45fd-8931-9d14242f21d3 service neutron] 10.222.0.52 "GET /v2.0/ports?tenant_id=7a0d6701b5d5441eb7eaf815d273d4d9&device_id=0f605a2f-287e-4adb-8178-2e2a76f6303f HTTP/1.1" status: 200 len: 1127 time: 0.1274490
May 17 22:09:36.864177 dv-cinder-839987-6-iscsi neutron-server[103949]: DEBUG neutron.pecan_wsgi.hooks.policy_enforcement [req-f7efb9c7-3546-4608-ac47-c98dc001dd0c req-7f42604c-4db2-4b15-9921-5e202a7b1d34 tempest-AttachVolumeTestJSON-1253707150 tempest-AttachVolumeTestJSON-1253707150-project] Attributes excluded by policy engine: ['standard_attr_id', 'binding:profile', 'binding:host_id', 'binding:vif_type', 'binding:vif_details'] {{(pid=103949) _exclude_attributes_by_policy /opt/stack/neutron/neutron/pecan_wsgi/hooks/policy_enforcement.py:259}}
May 17 22:09:36.866396 dv-cinder-839987-6-iscsi neutron-server[103949]: INFO neutron.wsgi [req-f7efb9c7-3546-4608-ac47-c98dc001dd0c req-7f42604c-4db2-4b15-9921-5e202a7b1d34 tempest-AttachVolumeTestJSON-1253707150 tempest-AttachVolumeTestJSON-1253707150-project] 10.222.0.24 "GET /v2.0/ports?device_id=65e6e64e-c18e-4856-9a95-0833c10482ee HTTP/1.1" status: 200 len: 932 time: 0.2014451
May 17 22:09:36.874286 dv-cinder-839987-6-iscsi neutron-server[103949]: DEBUG neutron.pecan_wsgi.hooks.policy_enforcement [req-1a110f94-8116-4ce4-b117-d21ea6e2f835 req-ee95851e-5d74-407a-8fb6-77a49f5af782 service neutron] Attributes excluded by policy engine: ['standard_attr_id'] {{(pid=103949) _exclude_attributes_by_policy /opt/stack/neutron/neutron/pecan_wsgi/hooks/policy_enforcement.py:259}}
May 17 22:09:36.875790 dv-cinder-839987-6-iscsi neutron-server[103949]: INFO neutron.wsgi [req-1a110f94-8116-4ce4-b117-d21ea6e2f835 req-ee95851e-5d74-407a-8fb6-77a49f5af782 service neutron] 10.222.0.52 "GET /v2.0/ports?tenant_id=422158a05bcb44c8917cf1a6408cd7ad&device_id=5c568a7b-6b45-45c4-b60a-3514d7c43e6e HTTP/1.1" status: 200 len: 1128 time: 0.2975283
May 17 22:09:36.892915 dv-cinder-839987-6-iscsi neutron-server[103949]: DEBUG neutron.pecan_wsgi.hooks.policy_enforcement [req-03291488-0945-4a0c-87b3-9a9264e4402e req-580911ec-b97c-489a-a92f-e51b8587c939 service neutron] Attributes excluded by policy engine: ['standard_attr_id', 'vlan_transparent'] {{(pid=103949) _exclude_attributes_by_policy /opt/stack/neutron/neutron/pecan_wsgi/hooks/policy_enforcement.py:259}}
May 17 22:09:36.894368 dv-cinder-839987-6-iscsi neutron-server[103949]: INFO neutron.wsgi [req-03291488-0945-4a0c-87b3-9a9264e4402e req-580911ec-b97c-489a-a92f-e51b8587c939 service neutron] 10.222.0.52 "GET /v2.0/networks?tenant_id=7a0d6701b5d5441eb7eaf815d273d4d9&shared=False HTTP/1.1" status: 200 len: 920 time: 0.4434006
May 17 22:09:36.916348 dv-cinder-839987-6-iscsi neutron-server[103949]: DEBUG neutron.pecan_wsgi.hooks.policy_enforcement [req-ae142c9a-769a-4673-bec0-0d8fed865b8f req-40de7c52-f9ca-4766-84c1-055f21e72673 tempest-ServerRescueNegativeTestJSON-127931416 tempest-ServerRescueNegativeTestJSON-127931416-project] Attributes excluded by policy engine: ['standard_attr_id', 'binding:profile', 'binding:host_id', 'binding:vif_type', 'binding:vif_details'] {{(pid=103949) _exclude_attributes_by_policy /opt/stack/neutron/neutron/pecan_wsgi/hooks/policy_enforcement.py:259}}
May 17 22:09:36.917957 dv-cinder-839987-6-iscsi neutron-server[103949]: INFO neutron.wsgi [req-ae142c9a-769a-4673-bec0-0d8fed865b8f req-40de7c52-f9ca-4766-84c1-055f21e72673 tempest-ServerRescueNegativeTestJSON-127931416 tempest-ServerRescueNegativeTestJSON-127931416-project] 10.222.0.24 "GET /v2.0/ports?device_id=0f605a2f-287e-4adb-8178-2e2a76f6303f HTTP/1.1" status: 200 len: 943 time: 0.3473153
May 17 22:09:36.953232 dv-cinder-839987-6-iscsi neutron-server[103949]: DEBUG neutron_lib.callbacks.manager [None req-f7e99ede-b1bd-4927-8741-b7aef218a220 admin admin] Publish callbacks [] for security_group (61e7e0ff-f6fc-4c8d-b78f-dd1fccab05bd), before_delete {{(pid=103949) _notify_loop /usr/local/lib/python3.8/dist-packages/neutron_lib/callbacks/manager.py:176}}
May 17 22:09:36.972685 dv-cinder-839987-6-iscsi neutron-server[103949]: DEBUG neutron_lib.callbacks.manager [req-d9faeb55-950a-4648-8c06-29c59b6c54c0 req-a1d5837d-756a-459f-8bf6-702eb23aa9f4 service neutron] Publish callbacks ['neutron.plugins.ml2.plugin.SecurityGroupDbMixin._ensure_default_security_group_handler-1770312'] for port (6bf3020e-df21-491a-8ec0-6c8d0f806985), before_update {{(pid=103949) _notify_loop /usr/local/lib/python3.8/dist-packages/neutron_lib/callbacks/manager.py:176}}
May 17 22:09:36.989838 dv-cinder-839987-6-iscsi neutron-server[103950]: DEBUG neutron.wsgi [-] (103950) accepted ('10.222.0.52', 56106) {{(pid=103950) server /usr/local/lib/python3.8/dist-packages/eventlet/wsgi.py:1004}}
May 17 22:09:37.166660 dv-cinder-839987-6-iscsi neutron-server[103949]: DEBUG neutron_lib.callbacks.manager [None req-f7e99ede-b1bd-4927-8741-b7aef218a220 admin admin] Publish callbacks [] for security_group (61e7e0ff-f6fc-4c8d-b78f-dd1fccab05bd), precommit_delete {{(pid=103949) _notify_loop /usr/local/lib/python3.8/dist-packages/neutron_lib/callbacks/manager.py:176}}
May 17 22:09:37.254101 dv-cinder-839987-6-iscsi neutron-server[103949]: INFO neutron.wsgi [req-f7efb9c7-3546-4608-ac47-c98dc001dd0c req-367c7727-2306-4930-ab69-55fd8571222c tempest-AttachVolumeTestJSON-1253707150 tempest-AttachVolumeTestJSON-1253707150-project] 10.222.0.24 "GET /v2.0/security-groups?id=a99d5dcc-2b42-4f01-813b-4a774871f580&fields=id&fields=name HTTP/1.1" status: 200 len: 312 time: 0.3755720
May 17 22:09:37.313237 dv-cinder-839987-6-iscsi neutron-server[103950]: DEBUG neutron.pecan_wsgi.hooks.policy_enforcement [req-6ac5e6aa-7340-4a68-ae5f-0f1c46a65ca7 req-b9135e6d-0b3d-42ef-b4c6-5291b071c210 service neutron] Attributes excluded by policy engine: ['standard_attr_id'] {{(pid=103950) _exclude_attributes_by_policy /opt/stack/neutron/neutron/pecan_wsgi/hooks/policy_enforcement.py:259}}
May 17 22:09:37.314714 dv-cinder-839987-6-iscsi neutron-server[103950]: INFO neutron.wsgi [req-6ac5e6aa-7340-4a68-ae5f-0f1c46a65ca7 req-b9135e6d-0b3d-42ef-b4c6-5291b071c210 service neutron] 10.222.0.52 "GET /v2.0/ports?device_id=58ecc557-2ee5-4581-aace-b8de718753a6 HTTP/1.1" status: 200 len: 1129 time: 0.3214929
May 17 22:09:37.337138 dv-cinder-839987-6-iscsi neutron-server[103950]: DEBUG neutron.pecan_wsgi.hooks.policy_enforcement [req-2cab75e0-b40d-4558-bace-74e33a9ab826 req-096d606b-c206-4f79-8df0-05e803c36791 service neutron] Attributes excluded by policy engine: ['standard_attr_id', 'vlan_transparent'] {{(pid=103950) _exclude_attributes_by_policy /opt/stack/neutron/neutron/pecan_wsgi/hooks/policy_enforcement.py:259}}
May 17 22:09:37.338574 dv-cinder-839987-6-iscsi neutron-server[103950]: INFO neutron.wsgi [req-2cab75e0-b40d-4558-bace-74e33a9ab826 req-096d606b-c206-4f79-8df0-05e803c36791 service neutron] 10.222.0.52 "GET /v2.0/networks?tenant_id=7a0d6701b5d5441eb7eaf815d273d4d9&shared=False HTTP/1.1" status: 200 len: 920 time: 0.5162630
May 17 22:09:37.355011 dv-cinder-839987-6-iscsi neutron-server[103949]: INFO neutron.wsgi [req-ae142c9a-769a-4673-bec0-0d8fed865b8f req-f55953c5-e972-48b2-a027-fb4d2d7d551a tempest-ServerRescueNegativeTestJSON-127931416 tempest-ServerRescueNegativeTestJSON-127931416-project] 10.222.0.24 "GET /v2.0/security-groups?id=f1656929-dcbd-4f08-97f0-3eb15071f417&fields=id&fields=name HTTP/1.1" status: 200 len: 286 time: 0.3771043
May 17 22:09:37.372678 dv-cinder-839987-6-iscsi neutron-server[103950]: DEBUG neutron_lib.callbacks.manager [req-6ac5e6aa-7340-4a68-ae5f-0f1c46a65ca7 req-60cc0cd9-be48-4af8-bf23-83d2acf8c4b1 service neutron] Publish callbacks [] for security_group (None), before_create {{(pid=103950) _notify_loop /usr/local/lib/python3.8/dist-packages/neutron_lib/callbacks/manager.py:176}}
May 17 22:09:37.410020 dv-cinder-839987-6-iscsi neutron-server[103949]: DEBUG neutron.pecan_wsgi.hooks.policy_enforcement [req-1a110f94-8116-4ce4-b117-d21ea6e2f835 req-2a717ad4-22b7-47e8-920c-268a4630b5fd service neutron] Attributes excluded by policy engine: ['standard_attr_id', 'vlan_transparent'] {{(pid=103949) _exclude_attributes_by_policy /opt/stack/neutron/neutron/pecan_wsgi/hooks/policy_enforcement.py:259}}
May 17 22:09:37.411508 dv-cinder-839987-6-iscsi neutron-server[103949]: INFO neutron.wsgi [req-1a110f94-8116-4ce4-b117-d21ea6e2f835 req-2a717ad4-22b7-47e8-920c-268a4630b5fd service neutron] 10.222.0.52 "GET /v2.0/networks?tenant_id=422158a05bcb44c8917cf1a6408cd7ad&shared=False HTTP/1.1" status: 200 len: 916 time: 0.5246241
May 17 22:09:37.492069 dv-cinder-839987-6-iscsi neutron-server[103949]: DEBUG neutron.pecan_wsgi.hooks.policy_enforcement [req-03291488-0945-4a0c-87b3-9a9264e4402e req-793b023e-f96c-43b3-9000-cc2e58585a76 service neutron] Attributes excluded by policy engine: ['standard_attr_id', 'vlan_transparent'] {{(pid=103949) _exclude_attributes_by_policy /opt/stack/neutron/neutron/pecan_wsgi/hooks/policy_enforcement.py:259}}
May 17 22:09:37.493818 dv-cinder-839987-6-iscsi neutron-server[103949]: INFO neutron.wsgi [req-03291488-0945-4a0c-87b3-9a9264e4402e req-793b023e-f96c-43b3-9000-cc2e58585a76 service neutron] 10.222.0.52 "GET /v2.0/networks?shared=True HTTP/1.1" status: 200 len: 870 time: 0.5739381
May 17 22:09:37.530330 dv-cinder-839987-6-iscsi neutron-server[103949]: DEBUG neutron.pecan_wsgi.hooks.policy_enforcement [req-a5f5b984-0497-4a44-8a1b-9778d9330d74 req-cf0785a1-e9fa-4e4c-840d-c396c8bba768 tempest-DeleteServersTestJSON-1491617826 tempest-DeleteServersTestJSON-1491617826-project] Attributes excluded by policy engine: ['standard_attr_id', 'binding:profile', 'binding:host_id', 'binding:vif_type', 'binding:vif_details'] {{(pid=103949) _exclude_attributes_by_policy /opt/stack/neutron/neutron/pecan_wsgi/hooks/policy_enforcement.py:259}}
May 17 22:09:37.532175 dv-cinder-839987-6-iscsi neutron-server[103949]: INFO neutron.wsgi [req-a5f5b984-0497-4a44-8a1b-9778d9330d74 req-cf0785a1-e9fa-4e4c-840d-c396c8bba768 tempest-DeleteServersTestJSON-1491617826 tempest-DeleteServersTestJSON-1491617826-project] 10.222.0.24 "GET /v2.0/ports?device_id=58ecc557-2ee5-4581-aace-b8de718753a6 HTTP/1.1" status: 200 len: 945 time: 0.1454797
May 17 22:09:37.582956 dv-cinder-839987-6-iscsi neutron-server[103950]: DEBUG neutron.notifiers.nova [req-bbb76902-5fa7-40b5-9c38-57e52936f898 req-9084a881-7e47-44e5-b7ff-b744b88bfc11 service neutron] Ignoring state change previous_port_status: DOWN current_port_status: DOWN port_id de95285b-0a74-427f-90f8-1b48b78cd597 {{(pid=103950) record_port_status_changed /opt/stack/neutron/neutron/notifiers/nova.py:233}}
May 17 22:09:37.597033 dv-cinder-839987-6-iscsi neutron-server[103950]: DEBUG neutron_lib.callbacks.manager [req-bbb76902-5fa7-40b5-9c38-57e52936f898 req-9084a881-7e47-44e5-b7ff-b744b88bfc11 service neutron] Publish callbacks [] for port (de95285b-0a74-427f-90f8-1b48b78cd597), precommit_update {{(pid=103950) _notify_loop /usr/local/lib/python3.8/dist-packages/neutron_lib/callbacks/manager.py:176}}
May 17 22:09:37.611527 dv-cinder-839987-6-iscsi neutron-server[103950]: DEBUG neutron.pecan_wsgi.hooks.policy_enforcement [req-2cab75e0-b40d-4558-bace-74e33a9ab826 req-43eaf4f4-12b1-4632-b094-40080192b8dd service neutron] Attributes excluded by policy engine: ['standard_attr_id', 'vlan_transparent'] {{(pid=103950) _exclude_attributes_by_policy /opt/stack/neutron/neutron/pecan_wsgi/hooks/policy_enforcement.py:259}}
May 17 22:09:37.612997 dv-cinder-839987-6-iscsi neutron-server[103950]: INFO neutron.wsgi [req-2cab75e0-b40d-4558-bace-74e33a9ab826 req-43eaf4f4-12b1-4632-b094-40080192b8dd service neutron] 10.222.0.52 "GET /v2.0/networks?shared=True HTTP/1.1" status: 200 len: 870 time: 0.2652817
May 17 22:09:37.626240 dv-cinder-839987-6-iscsi neutron-server[103950]: DEBUG neutron.db.provisioning_blocks [req-bbb76902-5fa7-40b5-9c38-57e52936f898 req-9084a881-7e47-44e5-b7ff-b744b88bfc11 service neutron] Transition to ACTIVE for port object de95285b-0a74-427f-90f8-1b48b78cd597 will not be triggered until provisioned by entity L2. {{(pid=103950) add_provisioning_component /opt/stack/neutron/neutron/db/provisioning_blocks.py:75}}
May 17 22:09:37.639809 dv-cinder-839987-6-iscsi neutron-server[103949]: DEBUG neutron_lib.callbacks.manager [None req-f7e99ede-b1bd-4927-8741-b7aef218a220 admin admin] Publish callbacks ['neutron.plugins.ml2.ovo_rpc._ObjectChangeHandler.handle_event-622459'] for security_group (61e7e0ff-f6fc-4c8d-b78f-dd1fccab05bd), after_delete {{(pid=103949) _notify_loop /usr/local/lib/python3.8/dist-packages/neutron_lib/callbacks/manager.py:176}}
May 17 22:09:37.642922 dv-cinder-839987-6-iscsi neutron-server[103949]: DEBUG neutron_lib.callbacks.manager [None req-f7e99ede-b1bd-4927-8741-b7aef218a220 admin admin] Publish callbacks [] for security_group (None), before_response {{(pid=103949) _notify_loop /usr/local/lib/python3.8/dist-packages/neutron_lib/callbacks/manager.py:176}}
May 17 22:09:37.644020 dv-cinder-839987-6-iscsi neutron-server[103949]: INFO neutron.wsgi [None req-f7e99ede-b1bd-4927-8741-b7aef218a220 admin admin] 10.222.0.24 "DELETE /v2.0/security-groups/61e7e0ff-f6fc-4c8d-b78f-dd1fccab05bd HTTP/1.1" status: 204 len: 168 time: 1.1090088
May 17 22:09:37.696278 dv-cinder-839987-6-iscsi neutron-server[103949]: DEBUG neutron.pecan_wsgi.hooks.policy_enforcement [req-d9c9041f-aaa9-4855-be31-138943f7e896 req-11b7f826-4077-4118-b73f-9a950a253766 tempest-AttachVolumeNegativeTest-97352927 tempest-AttachVolumeNegativeTest-97352927-project] Attributes excluded by policy engine: ['standard_attr_id', 'binding:profile', 'binding:host_id', 'binding:vif_type', 'binding:vif_details'] {{(pid=103949) _exclude_attributes_by_policy /opt/stack/neutron/neutron/pecan_wsgi/hooks/policy_enforcement.py:259}}
May 17 22:09:37.697769 dv-cinder-839987-6-iscsi neutron-server[103949]: INFO neutron.wsgi [req-d9c9041f-aaa9-4855-be31-138943f7e896 req-11b7f826-4077-4118-b73f-9a950a253766 tempest-AttachVolumeNegativeTest-97352927 tempest-AttachVolumeNegativeTest-97352927-project] 10.222.0.24 "GET /v2.0/ports?device_id=120f12ef-0f38-41f4-a47d-2fdb6ffe8831 HTTP/1.1" status: 200 len: 932 time: 0.2512450
May 17 22:09:37.721928 dv-cinder-839987-6-iscsi neutron-server[103949]: DEBUG neutron.api.rpc.handlers.resources_rpc [None req-f7e99ede-b1bd-4927-8741-b7aef218a220 admin admin] Pushing event deleted for resources: {'SecurityGroup': ['ID=61e7e0ff-f6fc-4c8d-b78f-dd1fccab05bd,revision_number=None']} {{(pid=103949) push /opt/stack/neutron/neutron/api/rpc/handlers/resources_rpc.py:237}}
May 17 22:09:37.725444 dv-cinder-839987-6-iscsi neutron-server[103950]: DEBUG neutron_lib.callbacks.manager [req-bbb76902-5fa7-40b5-9c38-57e52936f898 req-9084a881-7e47-44e5-b7ff-b744b88bfc11 service neutron] Publish callbacks ['neutron.plugins.ml2.plugin.SecurityGroupServerNotifierRpcMixin._notify_sg_on_port_change-1770470', 'neutron.plugins.ml2.ovo_rpc._ObjectChangeHandler.handle_event-992015', 'neutron.api.rpc.agentnotifiers.dhcp_rpc_agent_api.DhcpAgentNotifyAPI._native_event_send_dhcp_notification-583248', 'neutron.db.l3_db.L3RpcNotifierMixin._notify_gateway_port_ip_changed-8746055469451', 'neutron.db.l3_dvrscheduler_db._notify_l3_agent_port_update-8746055058535', 'neutron.db.l3_hascheduler_db._notify_l3_agent_ha_port_update-8746055058553', 'neutron.services.segments.plugin.NovaSegmentNotifier._notify_port_updated-14437530'] for port (de95285b-0a74-427f-90f8-1b48b78cd597), after_update {{(pid=103950) _notify_loop /usr/local/lib/python3.8/dist-packages/neutron_lib/callbacks/manager.py:176}}
May 17 22:09:37.747789 dv-cinder-839987-6-iscsi neutron-server[103949]: DEBUG neutron.pecan_wsgi.hooks.policy_enforcement [req-1101beb1-3c6e-44fe-af67-f1411dabeaef req-c133b3d9-dbbd-47be-aa5b-b68fd0f03835 service neutron] Attributes excluded by policy engine: ['standard_attr_id'] {{(pid=103949) _exclude_attributes_by_policy /opt/stack/neutron/neutron/pecan_wsgi/hooks/policy_enforcement.py:259}}
May 17 22:09:37.749437 dv-cinder-839987-6-iscsi neutron-server[103949]: INFO neutron.wsgi [req-1101beb1-3c6e-44fe-af67-f1411dabeaef req-c133b3d9-dbbd-47be-aa5b-b68fd0f03835 service neutron] 10.222.0.52 "GET /v2.0/ports?tenant_id=7a0d6701b5d5441eb7eaf815d273d4d9&device_id=485c3cc1-ede2-4e51-ac41-c00abe07926e HTTP/1.1" status: 200 len: 1128 time: 0.1369104
May 17 22:09:37.761394 dv-cinder-839987-6-iscsi neutron-server[103951]: DEBUG neutron_lib.callbacks.manager [None req-19fb8106-0ee8-44dd-8743-21192c697d6f None None] Publish callbacks ['neutron.services.segments.db._update_segment_host_mapping_for_agent-8746055539716', 'neutron.plugins.ml2.plugin.Ml2Plugin._retry_binding_revived_agents-1393282'] for agent (75494c60-b809-4f21-8649-2645d8fc3683), after_update {{(pid=103951) _notify_loop /usr/local/lib/python3.8/dist-packages/neutron_lib/callbacks/manager.py:176}}
May 17 22:09:37.821341 dv-cinder-839987-6-iscsi neutron-server[103949]: DEBUG neutron.pecan_wsgi.hooks.policy_enforcement [req-1a110f94-8116-4ce4-b117-d21ea6e2f835 req-c65f73ba-8a7e-4190-8773-36e0756c1242 service neutron] Attributes excluded by policy engine: ['standard_attr_id', 'vlan_transparent'] {{(pid=103949) _exclude_attributes_by_policy /opt/stack/neutron/neutron/pecan_wsgi/hooks/policy_enforcement.py:259}}
May 17 22:09:37.822815 dv-cinder-839987-6-iscsi neutron-server[103949]: INFO neutron.wsgi [req-1a110f94-8116-4ce4-b117-d21ea6e2f835 req-c65f73ba-8a7e-4190-8773-36e0756c1242 service neutron] 10.222.0.52 "GET /v2.0/networks?shared=True HTTP/1.1" status: 200 len: 870 time: 0.4050629
May 17 22:09:37.826642 dv-cinder-839987-6-iscsi neutron-server[103950]: DEBUG neutron.pecan_wsgi.hooks.policy_enforcement [req-15184bd8-2a72-496e-b8e1-72d3c3908c96 req-698170fd-beb1-4912-9c2b-2bf62f10995e service neutron] Attributes excluded by policy engine: ['standard_attr_id'] {{(pid=103950) _exclude_attributes_by_policy /opt/stack/neutron/neutron/pecan_wsgi/hooks/policy_enforcement.py:259}}
May 17 22:09:37.839878 dv-cinder-839987-6-iscsi neutron-server[103950]: INFO neutron.wsgi [req-15184bd8-2a72-496e-b8e1-72d3c3908c96 req-698170fd-beb1-4912-9c2b-2bf62f10995e service neutron] 10.222.0.52 "GET /v2.0/ports?tenant_id=7a0d6701b5d5441eb7eaf815d273d4d9&device_id=0f605a2f-287e-4adb-8178-2e2a76f6303f HTTP/1.1" status: 200 len: 1127 time: 0.1644406
May 17 22:09:37.867524 dv-cinder-839987-6-iscsi neutron-server[103950]: DEBUG neutron_lib.callbacks.manager [req-6ac5e6aa-7340-4a68-ae5f-0f1c46a65ca7 req-60cc0cd9-be48-4af8-bf23-83d2acf8c4b1 service neutron] Publish callbacks [] for security_group (ea303bfd-f676-49a3-a174-464b6c10c10e), precommit_create {{(pid=103950) _notify_loop /usr/local/lib/python3.8/dist-packages/neutron_lib/callbacks/manager.py:176}}
May 17 22:09:37.885275 dv-cinder-839987-6-iscsi neutron-server[103950]: DEBUG neutron.api.rpc.handlers.resources_rpc [None req-9084a881-7e47-44e5-b7ff-b744b88bfc11 service neutron] Pushing event updated for resources: {'Port': ['ID=de95285b-0a74-427f-90f8-1b48b78cd597,revision_number=2']} {{(pid=103950) push /opt/stack/neutron/neutron/api/rpc/handlers/resources_rpc.py:237}}
May 17 22:09:37.978003 dv-cinder-839987-6-iscsi neutron-server[103950]: INFO neutron.wsgi [req-15184bd8-2a72-496e-b8e1-72d3c3908c96 req-369d52c1-9501-4099-b99e-58a5e080a7e3 service neutron] 10.222.0.52 "GET /v2.0/floatingips?fixed_ip_address=172.20.0.5&port_id=2f43fb3e-b8f4-499d-888d-e9a598121d47 HTTP/1.1" status: 200 len: 217 time: 0.1372759
May 17 22:09:37.978729 dv-cinder-839987-6-iscsi neutron-server[103950]: DEBUG neutron_lib.callbacks.manager [req-6ac5e6aa-7340-4a68-ae5f-0f1c46a65ca7 req-60cc0cd9-be48-4af8-bf23-83d2acf8c4b1 service neutron] Publish callbacks ['neutron.plugins.ml2.ovo_rpc._ObjectChangeHandler.handle_event-622459'] for security_group (ea303bfd-f676-49a3-a174-464b6c10c10e), after_create {{(pid=103950) _notify_loop /usr/local/lib/python3.8/dist-packages/neutron_lib/callbacks/manager.py:176}}
May 17 22:09:38.117563 dv-cinder-839987-6-iscsi neutron-server[103950]: INFO neutron.wsgi [req-6ac5e6aa-7340-4a68-ae5f-0f1c46a65ca7 req-60cc0cd9-be48-4af8-bf23-83d2acf8c4b1 service neutron] 10.222.0.52 "GET /v2.0/security-groups?id=86ecee39-c63d-4b8e-9e4e-74b7e14032f8&fields=id&fields=name HTTP/1.1" status: 200 len: 286 time: 0.7894046
May 17 22:09:38.166872 dv-cinder-839987-6-iscsi neutron-server[103950]: DEBUG neutron.api.rpc.handlers.resources_rpc [None req-60cc0cd9-be48-4af8-bf23-83d2acf8c4b1 service neutron] Pushing event updated for resources: {'SecurityGroup': ['ID=ea303bfd-f676-49a3-a174-464b6c10c10e,revision_number=1']} {{(pid=103950) push /opt/stack/neutron/neutron/api/rpc/handlers/resources_rpc.py:237}}
May 17 22:09:38.172514 dv-cinder-839987-6-iscsi neutron-server[103950]: DEBUG neutron.pecan_wsgi.hooks.policy_enforcement [req-15184bd8-2a72-496e-b8e1-72d3c3908c96 req-12e2b803-ebc6-4516-b57c-7f38b85b6b6b service neutron] Attributes excluded by policy engine: ['standard_attr_id', 'shared', 'segment_id'] {{(pid=103950) _exclude_attributes_by_policy /opt/stack/neutron/neutron/pecan_wsgi/hooks/policy_enforcement.py:259}}
May 17 22:09:38.174176 dv-cinder-839987-6-iscsi neutron-server[103950]: INFO neutron.wsgi [req-15184bd8-2a72-496e-b8e1-72d3c3908c96 req-12e2b803-ebc6-4516-b57c-7f38b85b6b6b service neutron] 10.222.0.52 "GET /v2.0/subnets?id=c6dd094f-6d1e-4569-9c79-65117524018a HTTP/1.1" status: 200 len: 858 time: 0.1809201
May 17 22:09:38.189704 dv-cinder-839987-6-iscsi neutron-server[103949]: INFO neutron.wsgi [req-1101beb1-3c6e-44fe-af67-f1411dabeaef req-0699e415-10d8-4bce-889a-6d05fa513ae4 service neutron] 10.222.0.52 "GET /v2.0/floatingips?fixed_ip_address=172.20.0.12&port_id=43990b62-6cdf-4ffd-9e88-4f471ea665e1 HTTP/1.1" status: 200 len: 217 time: 0.4162247
May 17 22:09:38.192883 dv-cinder-839987-6-iscsi neutron-server[103949]: INFO neutron.wsgi [req-a5f5b984-0497-4a44-8a1b-9778d9330d74 req-632af02f-bf22-4a96-ae6b-5c91da4f4895 tempest-DeleteServersTestJSON-1491617826 tempest-DeleteServersTestJSON-1491617826-project] 10.222.0.24 "GET /v2.0/security-groups?id=86ecee39-c63d-4b8e-9e4e-74b7e14032f8&fields=id&fields=name HTTP/1.1" status: 200 len: 286 time: 0.5869405
May 17 22:09:38.195851 dv-cinder-839987-6-iscsi neutron-server[103950]: DEBUG neutron.plugins.ml2.managers [req-bbb76902-5fa7-40b5-9c38-57e52936f898 req-9084a881-7e47-44e5-b7ff-b744b88bfc11 service neutron] Attempting to bind port de95285b-0a74-427f-90f8-1b48b78cd597 on host hv-cinder-83998 for vnic_type normal with profile {{(pid=103950) bind_port /opt/stack/neutron/neutron/plugins/ml2/managers.py:795}}
May 17 22:09:38.196336 dv-cinder-839987-6-iscsi neutron-server[103950]: DEBUG neutron.plugins.ml2.managers [req-bbb76902-5fa7-40b5-9c38-57e52936f898 req-9084a881-7e47-44e5-b7ff-b744b88bfc11 service neutron] Attempting to bind port de95285b-0a74-427f-90f8-1b48b78cd597 by drivers openvswitch,hyperv on host hv-cinder-83998 at level 0 using segments [{'id': 'af0eed7a-cd10-4bb2-96bd-4ad1ed7347e4', 'network_type': 'vlan', 'physical_network': 'physnet1', 'segmentation_id': 127, 'network_id': 'b4c55ac9-e586-497b-b788-2ee3d019ca2d'}] {{(pid=103950) _bind_port_level /opt/stack/neutron/neutron/plugins/ml2/managers.py:820}}
May 17 22:09:38.196935 dv-cinder-839987-6-iscsi neutron-server[103950]: DEBUG neutron.plugins.ml2.drivers.mech_agent [req-bbb76902-5fa7-40b5-9c38-57e52936f898 req-9084a881-7e47-44e5-b7ff-b744b88bfc11 service neutron] Attempting to bind port de95285b-0a74-427f-90f8-1b48b78cd597 on network b4c55ac9-e586-497b-b788-2ee3d019ca2d {{(pid=103950) bind_port /opt/stack/neutron/neutron/plugins/ml2/drivers/mech_agent.py:91}}
May 17 22:09:38.202191 dv-cinder-839987-6-iscsi neutron-server[103950]: DEBUG neutron.plugins.ml2.drivers.mech_agent [req-bbb76902-5fa7-40b5-9c38-57e52936f898 req-9084a881-7e47-44e5-b7ff-b744b88bfc11 service neutron] Port de95285b-0a74-427f-90f8-1b48b78cd597 on network b4c55ac9-e586-497b-b788-2ee3d019ca2d not bound, no agent of type Open vSwitch agent registered on host hv-cinder-83998 {{(pid=103950) bind_port /opt/stack/neutron/neutron/plugins/ml2/drivers/mech_agent.py:103}}
May 17 22:09:38.202919 dv-cinder-839987-6-iscsi neutron-server[103950]: DEBUG neutron.plugins.ml2.drivers.mech_agent [req-bbb76902-5fa7-40b5-9c38-57e52936f898 req-9084a881-7e47-44e5-b7ff-b744b88bfc11 service neutron] Attempting to bind port de95285b-0a74-427f-90f8-1b48b78cd597 on network b4c55ac9-e586-497b-b788-2ee3d019ca2d {{(pid=103950) bind_port /opt/stack/neutron/neutron/plugins/ml2/drivers/mech_agent.py:91}}
May 17 22:09:38.210328 dv-cinder-839987-6-iscsi neutron-server[103950]: DEBUG neutron.plugins.ml2.drivers.mech_agent [req-bbb76902-5fa7-40b5-9c38-57e52936f898 req-9084a881-7e47-44e5-b7ff-b744b88bfc11 service neutron] Checking agent: {'id': '67d12e64-fae9-4b37-80fb-36809cdad08f', 'agent_type': 'HyperV agent', 'binary': 'neutron-hyperv-agent', 'topic': 'N/A', 'host': 'hv-cinder-83998', 'admin_state_up': True, 'created_at': datetime.datetime(2022, 5, 17, 22, 6, 56), 'started_at': datetime.datetime(2022, 5, 17, 22, 6, 56), 'heartbeat_timestamp': datetime.datetime(2022, 5, 17, 22, 9, 26), 'description': None, 'resources_synced': None, 'availability_zone': None, 'alive': True, 'configurations': {'vswitch_mappings': {'physnet1$': 'br-data'}}, 'resource_versions': {}} {{(pid=103950) bind_port /opt/stack/neutron/neutron/plugins/ml2/drivers/mech_agent.py:110}}
May 17 22:09:38.210909 dv-cinder-839987-6-iscsi neutron-server[103950]: DEBUG neutron.plugins.ml2.drivers.mech_agent [req-bbb76902-5fa7-40b5-9c38-57e52936f898 req-9084a881-7e47-44e5-b7ff-b744b88bfc11 service neutron] Checking segment: {'id': 'af0eed7a-cd10-4bb2-96bd-4ad1ed7347e4', 'network_type': 'vlan', 'physical_network': 'physnet1', 'segmentation_id': 127, 'network_id': 'b4c55ac9-e586-497b-b788-2ee3d019ca2d'} for mappings: {'physnet1$': 'br-data'} with network types: ['local', 'flat', 'vlan'] {{(pid=103950) check_segment_for_agent /opt/stack/neutron/neutron/plugins/ml2/drivers/mech_agent.py:373}}
May 17 22:09:38.211499 dv-cinder-839987-6-iscsi neutron-server[103950]: DEBUG neutron.plugins.ml2.drivers.mech_agent [req-bbb76902-5fa7-40b5-9c38-57e52936f898 req-9084a881-7e47-44e5-b7ff-b744b88bfc11 service neutron] Bound using segment: {'id': 'af0eed7a-cd10-4bb2-96bd-4ad1ed7347e4', 'network_type': 'vlan', 'physical_network': 'physnet1', 'segmentation_id': 127, 'network_id': 'b4c55ac9-e586-497b-b788-2ee3d019ca2d'} {{(pid=103950) bind_port /opt/stack/neutron/neutron/plugins/ml2/drivers/mech_agent.py:120}}
May 17 22:09:38.212102 dv-cinder-839987-6-iscsi neutron-server[103950]: DEBUG neutron.plugins.ml2.managers [req-bbb76902-5fa7-40b5-9c38-57e52936f898 req-9084a881-7e47-44e5-b7ff-b744b88bfc11 service neutron] Bound port: de95285b-0a74-427f-90f8-1b48b78cd597, host: hv-cinder-83998, vif_type: hyperv, vif_details: {"connectivity": "legacy", "port_filter": false}, binding_levels: [{'bound_driver': 'hyperv', 'bound_segment': {'id': 'af0eed7a-cd10-4bb2-96bd-4ad1ed7347e4', 'network_type': 'vlan', 'physical_network': 'physnet1', 'segmentation_id': 127, 'network_id': 'b4c55ac9-e586-497b-b788-2ee3d019ca2d'}}] {{(pid=103950) _bind_port_level /opt/stack/neutron/neutron/plugins/ml2/managers.py:932}}
May 17 22:09:38.212946 dv-cinder-839987-6-iscsi neutron-server[103950]: DEBUG neutron_lib.callbacks.manager [req-bbb76902-5fa7-40b5-9c38-57e52936f898 req-9084a881-7e47-44e5-b7ff-b744b88bfc11 service neutron] Publish callbacks ['neutron.plugins.ml2.plugin.SecurityGroupDbMixin._ensure_default_security_group_handler-1770312'] for port (de95285b-0a74-427f-90f8-1b48b78cd597), before_update {{(pid=103950) _notify_loop /usr/local/lib/python3.8/dist-packages/neutron_lib/callbacks/manager.py:176}}
May 17 22:09:38.265381 dv-cinder-839987-6-iscsi neutron-server[103949]: INFO neutron.wsgi [req-d9c9041f-aaa9-4855-be31-138943f7e896 req-5e4cbfd2-5e26-45f2-9e14-101ef4e6a994 tempest-AttachVolumeNegativeTest-97352927 tempest-AttachVolumeNegativeTest-97352927-project] 10.222.0.24 "GET /v2.0/security-groups?id=e4a88fd7-b022-4062-9114-f5febbe97829&fields=id&fields=name HTTP/1.1" status: 200 len: 311 time: 0.5510440
May 17 22:09:38.273173 dv-cinder-839987-6-iscsi neutron-server[103949]: DEBUG neutron.pecan_wsgi.hooks.policy_enforcement [req-eee279dc-1cfb-460b-b390-2cc58ea65b8b req-896830e5-7012-4099-bbbe-476f3220a52e service neutron] Attributes excluded by policy engine: ['standard_attr_id'] {{(pid=103949) _exclude_attributes_by_policy /opt/stack/neutron/neutron/pecan_wsgi/hooks/policy_enforcement.py:259}}
May 17 22:09:38.275012 dv-cinder-839987-6-iscsi neutron-server[103949]: INFO neutron.wsgi [req-eee279dc-1cfb-460b-b390-2cc58ea65b8b req-896830e5-7012-4099-bbbe-476f3220a52e service neutron] 10.222.0.52 "GET /v2.0/ports?tenant_id=422158a05bcb44c8917cf1a6408cd7ad&device_id=5c568a7b-6b45-45c4-b60a-3514d7c43e6e HTTP/1.1" status: 200 len: 1128 time: 0.1239636
May 17 22:09:38.310309 dv-cinder-839987-6-iscsi neutron-server[103950]: DEBUG neutron.plugins.ml2.db [req-bbb76902-5fa7-40b5-9c38-57e52936f898 req-9084a881-7e47-44e5-b7ff-b744b88bfc11 service neutron] For port de95285b-0a74-427f-90f8-1b48b78cd597, host hv-cinder-83998, cleared binding levels {{(pid=103950) clear_binding_levels /opt/stack/neutron/neutron/plugins/ml2/db.py:87}}
May 17 22:09:38.313800 dv-cinder-839987-6-iscsi neutron-server[103950]: DEBUG neutron.plugins.ml2.db [req-bbb76902-5fa7-40b5-9c38-57e52936f898 req-9084a881-7e47-44e5-b7ff-b744b88bfc11 service neutron] For port de95285b-0a74-427f-90f8-1b48b78cd597, host hv-cinder-83998, set binding levels [PortBindingLevel(driver='hyperv',host='hv-cinder-83998',level=0,port_id=de95285b-0a74-427f-90f8-1b48b78cd597,segment=NetworkSegment(af0eed7a-cd10-4bb2-96bd-4ad1ed7347e4),segment_id=af0eed7a-cd10-4bb2-96bd-4ad1ed7347e4)] {{(pid=103950) set_binding_levels /opt/stack/neutron/neutron/plugins/ml2/db.py:59}}
May 17 22:09:38.412967 dv-cinder-839987-6-iscsi neutron-server[103950]: DEBUG neutron_lib.callbacks.manager [req-bbb76902-5fa7-40b5-9c38-57e52936f898 req-9084a881-7e47-44e5-b7ff-b744b88bfc11 service neutron] Publish callbacks ['neutron.plugins.ml2.plugin.SecurityGroupServerNotifierRpcMixin._notify_sg_on_port_change-1770470', 'neutron.plugins.ml2.ovo_rpc._ObjectChangeHandler.handle_event-992015', 'neutron.api.rpc.agentnotifiers.dhcp_rpc_agent_api.DhcpAgentNotifyAPI._native_event_send_dhcp_notification-583248', 'neutron.db.l3_db.L3RpcNotifierMixin._notify_gateway_port_ip_changed-8746055469451', 'neutron.db.l3_dvrscheduler_db._notify_l3_agent_port_update-8746055058535', 'neutron.db.l3_hascheduler_db._notify_l3_agent_ha_port_update-8746055058553', 'neutron.services.segments.plugin.NovaSegmentNotifier._notify_port_updated-14437530'] for port (de95285b-0a74-427f-90f8-1b48b78cd597), after_update {{(pid=103950) _notify_loop /usr/local/lib/python3.8/dist-packages/neutron_lib/callbacks/manager.py:176}}
May 17 22:09:38.445629 dv-cinder-839987-6-iscsi neutron-server[103950]: DEBUG neutron.pecan_wsgi.hooks.policy_enforcement [req-15184bd8-2a72-496e-b8e1-72d3c3908c96 req-9b60c208-e064-49c1-b622-0cc69af50b87 service neutron] Attributes excluded by policy engine: ['standard_attr_id'] {{(pid=103950) _exclude_attributes_by_policy /opt/stack/neutron/neutron/pecan_wsgi/hooks/policy_enforcement.py:259}}
May 17 22:09:38.447142 dv-cinder-839987-6-iscsi neutron-server[103950]: INFO neutron.wsgi [req-15184bd8-2a72-496e-b8e1-72d3c3908c96 req-9b60c208-e064-49c1-b622-0cc69af50b87 service neutron] 10.222.0.52 "GET /v2.0/ports?network_id=b394d145-5e4c-4ff3-9a9e-324cf4600d03&device_owner=network%3Adhcp HTTP/1.1" status: 200 len: 1212 time: 0.1031053
May 17 22:09:38.454141 dv-cinder-839987-6-iscsi neutron-server[103950]: DEBUG neutron.pecan_wsgi.hooks.policy_enforcement [req-bbb76902-5fa7-40b5-9c38-57e52936f898 req-9084a881-7e47-44e5-b7ff-b744b88bfc11 service neutron] Attributes excluded by policy engine: ['standard_attr_id'] {{(pid=103950) _exclude_attributes_by_policy /opt/stack/neutron/neutron/pecan_wsgi/hooks/policy_enforcement.py:259}}
May 17 22:09:38.455006 dv-cinder-839987-6-iscsi neutron-server[103950]: DEBUG neutron_lib.callbacks.manager [req-bbb76902-5fa7-40b5-9c38-57e52936f898 req-9084a881-7e47-44e5-b7ff-b744b88bfc11 service neutron] Publish callbacks ['neutron.notifiers.nova.Notifier._send_nova_notification-992698', 'neutron.api.rpc.agentnotifiers.dhcp_rpc_agent_api.DhcpAgentNotifyAPI._send_dhcp_notification-583294'] for port (None), before_response {{(pid=103950) _notify_loop /usr/local/lib/python3.8/dist-packages/neutron_lib/callbacks/manager.py:176}}
May 17 22:09:38.456830 dv-cinder-839987-6-iscsi neutron-server[103950]: INFO neutron.wsgi [req-bbb76902-5fa7-40b5-9c38-57e52936f898 req-9084a881-7e47-44e5-b7ff-b744b88bfc11 service neutron] 10.222.0.52 "PUT /v2.0/ports/de95285b-0a74-427f-90f8-1b48b78cd597 HTTP/1.1" status: 200 len: 1094 time: 1.9587076
May 17 22:09:38.460579 dv-cinder-839987-6-iscsi neutron-server[103950]: DEBUG neutron.notifiers.nova [-] Sending events: [{'name': 'network-changed', 'server_uuid': '65e6e64e-c18e-4856-9a95-0833c10482ee', 'tag': 'de95285b-0a74-427f-90f8-1b48b78cd597'}] {{(pid=103950) send_events /opt/stack/neutron/neutron/notifiers/nova.py:271}}
May 17 22:09:38.463978 dv-cinder-839987-6-iscsi neutron-server[103950]: DEBUG novaclient.v2.client [-] REQ: curl -g -i --cacert "/opt/stack/data/ca-bundle.pem" -X POST http://10.222.0.24/compute/v2.1/os-server-external-events -H "Accept: application/json" -H "Content-Type: application/json" -H "User-Agent: python-novaclient" -H "X-Auth-Token: {SHA256}5eb429bb3447705666dabb6d2dd30ef68aa36d7b4f3fd6451c6146921d1a9d22" -H "X-OpenStack-Nova-API-Version: 2.1" -H "X-OpenStack-Request-ID: req-61e612f0-e105-4c81-a125-44a156dc3986" -d '{"events": [{"name": "network-changed", "server_uuid": "65e6e64e-c18e-4856-9a95-0833c10482ee", "tag": "de95285b-0a74-427f-90f8-1b48b78cd597"}]}' {{(pid=103950) _http_log_request /usr/local/lib/python3.8/dist-packages/keystoneauth1/session.py:519}}
May 17 22:09:38.480210 dv-cinder-839987-6-iscsi neutron-server[103949]: DEBUG neutron.pecan_wsgi.hooks.policy_enforcement [req-55089e5b-c53a-4076-ae85-9d3fd17b230a req-9dc10271-61cf-4434-88e2-fd7d7d86369b tempest-AttachVolumeShelveTestJSON-1073204662 tempest-AttachVolumeShelveTestJSON-1073204662-project] Attributes excluded by policy engine: ['standard_attr_id', 'binding:profile', 'binding:host_id', 'binding:vif_type', 'binding:vif_details'] {{(pid=103949) _exclude_attributes_by_policy /opt/stack/neutron/neutron/pecan_wsgi/hooks/policy_enforcement.py:259}}
May 17 22:09:38.487753 dv-cinder-839987-6-iscsi neutron-server[103949]: INFO neutron.wsgi [req-55089e5b-c53a-4076-ae85-9d3fd17b230a req-9dc10271-61cf-4434-88e2-fd7d7d86369b tempest-AttachVolumeShelveTestJSON-1073204662 tempest-AttachVolumeShelveTestJSON-1073204662-project] 10.222.0.24 "GET /v2.0/ports?device_id=5c568a7b-6b45-45c4-b60a-3514d7c43e6e HTTP/1.1" status: 200 len: 944 time: 0.1938839
May 17 22:09:38.490652 dv-cinder-839987-6-iscsi neutron-server[103949]: INFO neutron.wsgi [req-eee279dc-1cfb-460b-b390-2cc58ea65b8b req-00c8bab1-bd5a-4999-a765-87b70d65f12e service neutron] 10.222.0.52 "GET /v2.0/floatingips?fixed_ip_address=172.20.0.11&port_id=501fce5e-184f-4fc4-9d2e-ed4f0c6b8e9e HTTP/1.1" status: 200 len: 217 time: 0.1422236
May 17 22:09:38.546166 dv-cinder-839987-6-iscsi neutron-server[103950]: DEBUG neutron.api.rpc.handlers.resources_rpc [None req-9084a881-7e47-44e5-b7ff-b744b88bfc11 service neutron] Pushing event updated for resources: {'Port': ['ID=de95285b-0a74-427f-90f8-1b48b78cd597,revision_number=3']} {{(pid=103950) push /opt/stack/neutron/neutron/api/rpc/handlers/resources_rpc.py:237}}
May 17 22:09:38.573605 dv-cinder-839987-6-iscsi neutron-server[103949]: DEBUG neutron.notifiers.nova [req-d9faeb55-950a-4648-8c06-29c59b6c54c0 req-a1d5837d-756a-459f-8bf6-702eb23aa9f4 service neutron] Ignoring state change previous_port_status: DOWN current_port_status: DOWN port_id 6bf3020e-df21-491a-8ec0-6c8d0f806985 {{(pid=103949) record_port_status_changed /opt/stack/neutron/neutron/notifiers/nova.py:233}}
May 17 22:09:38.583978 dv-cinder-839987-6-iscsi neutron-server[103949]: DEBUG neutron.pecan_wsgi.hooks.policy_enforcement [req-571f7c0d-4464-469e-a701-b42d42ad11b9 req-0636533a-3674-427d-9742-13fed3fa42a6 tempest-AttachVolumeTestJSON-1253707150 tempest-AttachVolumeTestJSON-1253707150-project] Attributes excluded by policy engine: ['standard_attr_id', 'binding:profile', 'binding:host_id', 'binding:vif_type', 'binding:vif_details'] {{(pid=103949) _exclude_attributes_by_policy /opt/stack/neutron/neutron/pecan_wsgi/hooks/policy_enforcement.py:259}}
May 17 22:09:38.587372 dv-cinder-839987-6-iscsi neutron-server[103950]: INFO neutron.wsgi [req-15184bd8-2a72-496e-b8e1-72d3c3908c96 req-7c6e016b-a569-4802-89cf-f0d5add5ad5c service neutron] 10.222.0.52 "GET /v2.0/networks/b394d145-5e4c-4ff3-9a9e-324cf4600d03?fields=segments HTTP/1.1" status: 200 len: 212 time: 0.1274233
May 17 22:09:38.590822 dv-cinder-839987-6-iscsi neutron-server[103949]: INFO neutron.wsgi [req-571f7c0d-4464-469e-a701-b42d42ad11b9 req-0636533a-3674-427d-9742-13fed3fa42a6 tempest-AttachVolumeTestJSON-1253707150 tempest-AttachVolumeTestJSON-1253707150-project] 10.222.0.24 "GET /v2.0/ports?device_id=65e6e64e-c18e-4856-9a95-0833c10482ee HTTP/1.1" status: 200 len: 944 time: 0.2461700
May 17 22:09:38.595838 dv-cinder-839987-6-iscsi neutron-server[103949]: DEBUG neutron.pecan_wsgi.hooks.policy_enforcement [req-1101beb1-3c6e-44fe-af67-f1411dabeaef req-0bf01a0b-920c-4f8f-b60b-7885308e1308 service neutron] Attributes excluded by policy engine: ['standard_attr_id', 'shared', 'segment_id'] {{(pid=103949) _exclude_attributes_by_policy /opt/stack/neutron/neutron/pecan_wsgi/hooks/policy_enforcement.py:259}}
May 17 22:09:38.597231 dv-cinder-839987-6-iscsi neutron-server[103949]: INFO neutron.wsgi [req-1101beb1-3c6e-44fe-af67-f1411dabeaef req-0bf01a0b-920c-4f8f-b60b-7885308e1308 service neutron] 10.222.0.52 "GET /v2.0/subnets?id=c6dd094f-6d1e-4569-9c79-65117524018a HTTP/1.1" status: 200 len: 858 time: 0.2516029
May 17 22:09:38.620444 dv-cinder-839987-6-iscsi neutron-server[103949]: DEBUG neutron_lib.callbacks.manager [req-d9faeb55-950a-4648-8c06-29c59b6c54c0 req-a1d5837d-756a-459f-8bf6-702eb23aa9f4 service neutron] Publish callbacks [] for port (6bf3020e-df21-491a-8ec0-6c8d0f806985), precommit_update {{(pid=103949) _notify_loop /usr/local/lib/python3.8/dist-packages/neutron_lib/callbacks/manager.py:176}}
May 17 22:09:38.651394 dv-cinder-839987-6-iscsi neutron-server[103950]: DEBUG neutron.wsgi [-] (103950) accepted ('10.222.0.24', 38680) {{(pid=103950) server /usr/local/lib/python3.8/dist-packages/eventlet/wsgi.py:1004}}
May 17 22:09:38.668304 dv-cinder-839987-6-iscsi neutron-server[103949]: INFO neutron.wsgi [req-55089e5b-c53a-4076-ae85-9d3fd17b230a req-38690308-09db-4b5f-813b-1480353091d7 tempest-AttachVolumeShelveTestJSON-1073204662 tempest-AttachVolumeShelveTestJSON-1073204662-project] 10.222.0.24 "GET /v2.0/security-groups?id=5be3bb32-4ac1-4831-b62d-f3b50df49627&fields=id&fields=name HTTP/1.1" status: 200 len: 313 time: 0.1797302
May 17 22:09:38.668480 dv-cinder-839987-6-iscsi neutron-server[103950]: DEBUG neutron_lib.callbacks.manager [None req-277d8690-a9bf-42e3-8d7e-a051b199e203 admin admin] Publish callbacks [] for security_group (None), before_create {{(pid=103950) _notify_loop /usr/local/lib/python3.8/dist-packages/neutron_lib/callbacks/manager.py:176}}
May 17 22:09:38.678863 dv-cinder-839987-6-iscsi neutron-server[103949]: DEBUG neutron.pecan_wsgi.hooks.policy_enforcement [req-eee279dc-1cfb-460b-b390-2cc58ea65b8b req-8c073896-b84f-4036-83d4-baa485f041c0 service neutron] Attributes excluded by policy engine: ['standard_attr_id', 'shared', 'segment_id'] {{(pid=103949) _exclude_attributes_by_policy /opt/stack/neutron/neutron/pecan_wsgi/hooks/policy_enforcement.py:259}}
May 17 22:09:38.680426 dv-cinder-839987-6-iscsi neutron-server[103949]: INFO neutron.wsgi [req-eee279dc-1cfb-460b-b390-2cc58ea65b8b req-8c073896-b84f-4036-83d4-baa485f041c0 service neutron] 10.222.0.52 "GET /v2.0/subnets?id=10a29eac-6944-4356-aa5d-6e947c1b195e HTTP/1.1" status: 200 len: 854 time: 0.1736827
May 17 22:09:38.683961 dv-cinder-839987-6-iscsi neutron-server[103949]: DEBUG neutron.db.provisioning_blocks [req-d9faeb55-950a-4648-8c06-29c59b6c54c0 req-a1d5837d-756a-459f-8bf6-702eb23aa9f4 service neutron] Transition to ACTIVE for port object 6bf3020e-df21-491a-8ec0-6c8d0f806985 will not be triggered until provisioned by entity L2. {{(pid=103949) add_provisioning_component /opt/stack/neutron/neutron/db/provisioning_blocks.py:75}}
May 17 22:09:38.716733 dv-cinder-839987-6-iscsi neutron-server[103949]: INFO neutron.wsgi [req-571f7c0d-4464-469e-a701-b42d42ad11b9 req-90994873-b1c6-4c4c-a31a-013639aab928 tempest-AttachVolumeTestJSON-1253707150 tempest-AttachVolumeTestJSON-1253707150-project] 10.222.0.24 "GET /v2.0/security-groups?id=a99d5dcc-2b42-4f01-813b-4a774871f580&fields=id&fields=name HTTP/1.1" status: 200 len: 312 time: 0.1197746
May 17 22:09:38.756821 dv-cinder-839987-6-iscsi neutron-server[103950]: DEBUG novaclient.v2.client [-] RESP: [200] Connection: close Content-Length: 179 Content-Type: application/json Date: Tue, 17 May 2022 22:09:38 GMT OpenStack-API-Version: compute 2.1 Server: Apache/2.4.41 (Ubuntu) Vary: OpenStack-API-Version,X-OpenStack-Nova-API-Version X-OpenStack-Nova-API-Version: 2.1 x-compute-request-id: req-f250c20b-ec94-4711-a48f-a2a853922a93 x-openstack-request-id: req-f250c20b-ec94-4711-a48f-a2a853922a93 {{(pid=103950) _http_log_response /usr/local/lib/python3.8/dist-packages/keystoneauth1/session.py:550}}
May 17 22:09:38.757173 dv-cinder-839987-6-iscsi neutron-server[103950]: DEBUG novaclient.v2.client [-] RESP BODY: {"events": [{"name": "network-changed", "server_uuid": "65e6e64e-c18e-4856-9a95-0833c10482ee", "tag": "de95285b-0a74-427f-90f8-1b48b78cd597", "status": "completed", "code": 200}]} {{(pid=103950) _http_log_response /usr/local/lib/python3.8/dist-packages/keystoneauth1/session.py:582}}
May 17 22:09:38.757427 dv-cinder-839987-6-iscsi neutron-server[103950]: DEBUG novaclient.v2.client [-] POST call to compute for http://10.222.0.24/compute/v2.1/os-server-external-events used request id req-f250c20b-ec94-4711-a48f-a2a853922a93 {{(pid=103950) request /usr/local/lib/python3.8/dist-packages/keystoneauth1/session.py:954}}
May 17 22:09:38.757820 dv-cinder-839987-6-iscsi neutron-server[103950]: INFO neutron.notifiers.nova [-] Nova event matching ['req-f250c20b-ec94-4711-a48f-a2a853922a93'] response: {'name': 'network-changed', 'server_uuid': '65e6e64e-c18e-4856-9a95-0833c10482ee', 'tag': 'de95285b-0a74-427f-90f8-1b48b78cd597', 'status': 'completed', 'code': 200}
May 17 22:09:38.774820 dv-cinder-839987-6-iscsi neutron-server[103949]: DEBUG neutron_lib.callbacks.manager [req-d9faeb55-950a-4648-8c06-29c59b6c54c0 req-a1d5837d-756a-459f-8bf6-702eb23aa9f4 service neutron] Publish callbacks ['neutron.plugins.ml2.plugin.SecurityGroupServerNotifierRpcMixin._notify_sg_on_port_change-1770470', 'neutron.plugins.ml2.ovo_rpc._ObjectChangeHandler.handle_event-992015', 'neutron.api.rpc.agentnotifiers.dhcp_rpc_agent_api.DhcpAgentNotifyAPI._native_event_send_dhcp_notification-583248', 'neutron.db.l3_db.L3RpcNotifierMixin._notify_gateway_port_ip_changed-8746055469451', 'neutron.db.l3_dvrscheduler_db._notify_l3_agent_port_update-8746055058535', 'neutron.db.l3_hascheduler_db._notify_l3_agent_ha_port_update-8746055058553', 'neutron.services.segments.plugin.NovaSegmentNotifier._notify_port_updated-14673173'] for port (6bf3020e-df21-491a-8ec0-6c8d0f806985), after_update {{(pid=103949) _notify_loop /usr/local/lib/python3.8/dist-packages/neutron_lib/callbacks/manager.py:176}}
May 17 22:09:38.790251 dv-cinder-839987-6-iscsi neutron-server[103950]: DEBUG neutron_lib.callbacks.manager [None req-277d8690-a9bf-42e3-8d7e-a051b199e203 admin admin] Publish callbacks [] for security_group (45081282-8158-4a6c-928d-5b8ff16a96a5), precommit_create {{(pid=103950) _notify_loop /usr/local/lib/python3.8/dist-packages/neutron_lib/callbacks/manager.py:176}}
May 17 22:09:38.885794 dv-cinder-839987-6-iscsi neutron-server[103950]: DEBUG neutron_lib.callbacks.manager [None req-277d8690-a9bf-42e3-8d7e-a051b199e203 admin admin] Publish callbacks ['neutron.plugins.ml2.ovo_rpc._ObjectChangeHandler.handle_event-622459'] for security_group (45081282-8158-4a6c-928d-5b8ff16a96a5), after_create {{(pid=103950) _notify_loop /usr/local/lib/python3.8/dist-packages/neutron_lib/callbacks/manager.py:176}}
May 17 22:09:38.906585 dv-cinder-839987-6-iscsi neutron-server[103949]: DEBUG neutron.pecan_wsgi.hooks.policy_enforcement [req-bd47d49f-2bb0-4187-969d-5ee673aa005d req-5af9e297-f9df-4ee4-984b-2cbd1a3a92f4 tempest-ServerRescueNegativeTestJSON-127931416 tempest-ServerRescueNegativeTestJSON-127931416-project] Attributes excluded by policy engine: ['standard_attr_id', 'binding:profile', 'binding:host_id', 'binding:vif_type', 'binding:vif_details'] {{(pid=103949) _exclude_attributes_by_policy /opt/stack/neutron/neutron/pecan_wsgi/hooks/policy_enforcement.py:259}}
May 17 22:09:38.907508 dv-cinder-839987-6-iscsi neutron-server[103949]: INFO neutron.wsgi [req-bd47d49f-2bb0-4187-969d-5ee673aa005d req-5af9e297-f9df-4ee4-984b-2cbd1a3a92f4 tempest-ServerRescueNegativeTestJSON-127931416 tempest-ServerRescueNegativeTestJSON-127931416-project] 10.222.0.24 "GET /v2.0/ports?device_id=0f605a2f-287e-4adb-8178-2e2a76f6303f HTTP/1.1" status: 200 len: 943 time: 0.1433549
May 17 22:09:38.947975 dv-cinder-839987-6-iscsi neutron-server[103949]: DEBUG neutron.api.rpc.handlers.resources_rpc [None req-a1d5837d-756a-459f-8bf6-702eb23aa9f4 service neutron] Pushing event updated for resources: {'Port': ['ID=6bf3020e-df21-491a-8ec0-6c8d0f806985,revision_number=2']} {{(pid=103949) push /opt/stack/neutron/neutron/api/rpc/handlers/resources_rpc.py:237}}
May 17 22:09:39.005241 dv-cinder-839987-6-iscsi neutron-server[103950]: DEBUG neutron.api.rpc.handlers.resources_rpc [None req-277d8690-a9bf-42e3-8d7e-a051b199e203 admin admin] Pushing event updated for resources: {'SecurityGroup': ['ID=45081282-8158-4a6c-928d-5b8ff16a96a5,revision_number=1']} {{(pid=103950) push /opt/stack/neutron/neutron/api/rpc/handlers/resources_rpc.py:237}}
May 17 22:09:39.012565 dv-cinder-839987-6-iscsi neutron-server[103950]: DEBUG neutron.pecan_wsgi.hooks.policy_enforcement [req-bbb76902-5fa7-40b5-9c38-57e52936f898 req-ffc4fb74-2bed-453a-be08-b16c94ae31de service neutron] Attributes excluded by policy engine: ['standard_attr_id'] {{(pid=103950) _exclude_attributes_by_policy /opt/stack/neutron/neutron/pecan_wsgi/hooks/policy_enforcement.py:259}}
May 17 22:09:39.013843 dv-cinder-839987-6-iscsi neutron-server[103950]: INFO neutron.wsgi [req-bbb76902-5fa7-40b5-9c38-57e52936f898 req-ffc4fb74-2bed-453a-be08-b16c94ae31de service neutron] 10.222.0.52 "GET /v2.0/ports?tenant_id=fe9b23322633464f975b94a2144fa300&device_id=65e6e64e-c18e-4856-9a95-0833c10482ee HTTP/1.1" status: 200 len: 1128 time: 0.1489096
May 17 22:09:39.018507 dv-cinder-839987-6-iscsi neutron-server[103950]: INFO neutron.wsgi [None req-277d8690-a9bf-42e3-8d7e-a051b199e203 admin admin] 10.222.0.24 "GET /v2.0/security-groups?tenant_id=17157a8bc60d4ec1af31b0ee8212cc94&name=default HTTP/1.1" status: 200 len: 2996 time: 0.3653545
May 17 22:09:39.022277 dv-cinder-839987-6-iscsi neutron-server[103950]: DEBUG neutron.wsgi [-] (103950) accepted ('10.222.0.24', 38686) {{(pid=103950) server /usr/local/lib/python3.8/dist-packages/eventlet/wsgi.py:1004}}
May 17 22:09:39.031178 dv-cinder-839987-6-iscsi neutron-server[103949]: DEBUG neutron.pecan_wsgi.hooks.policy_enforcement [req-eee279dc-1cfb-460b-b390-2cc58ea65b8b req-95393162-a3a5-4792-948d-8532f9af7bc4 service neutron] Attributes excluded by policy engine: ['standard_attr_id'] {{(pid=103949) _exclude_attributes_by_policy /opt/stack/neutron/neutron/pecan_wsgi/hooks/policy_enforcement.py:259}}
May 17 22:09:39.038139 dv-cinder-839987-6-iscsi neutron-server[103949]: INFO neutron.wsgi [req-eee279dc-1cfb-460b-b390-2cc58ea65b8b req-95393162-a3a5-4792-948d-8532f9af7bc4 service neutron] 10.222.0.52 "GET /v2.0/ports?network_id=9a32e06d-55b9-408a-a0d4-94ee7082349b&device_owner=network%3Adhcp HTTP/1.1" status: 200 len: 1212 time: 0.1884563
May 17 22:09:39.048446 dv-cinder-839987-6-iscsi neutron-server[103949]: DEBUG neutron.pecan_wsgi.hooks.policy_enforcement [req-1101beb1-3c6e-44fe-af67-f1411dabeaef req-3231520e-a402-4d5a-ad23-653aea1755f5 service neutron] Attributes excluded by policy engine: ['standard_attr_id'] {{(pid=103949) _exclude_attributes_by_policy /opt/stack/neutron/neutron/pecan_wsgi/hooks/policy_enforcement.py:259}}
