Apr 28 22:25:44.686185 dv-cinder-839825-1-smb neutron-server[103350]: DEBUG neutron.api.rpc.handlers.l3_rpc [None req-d0411ca3-b3e6-4312-a44e-3bc7317c7bd0 None None] The sync data for ids ['9455da54-14c3-437a-8133-fd175d71c561'] in dv-cinder-839825-1-smb is: [{'id': '9455da54-14c3-437a-8133-fd175d71c561', 'name': 'tempest-ServerRescueNegativeTestJSON-329414937-router', 'tenant_id': 'bd270ac2ec194cf2bf5dbe21000e3f6a', 'admin_state_up': True, 'status': 'ACTIVE', 'external_gateway_info': {'network_id': 'cb515c8e-dd8e-4d5e-b5ee-c5c3931a0978', 'external_fixed_ips': [{'subnet_id': '8e0e839f-9400-4124-aa5f-e69c82836fc8', 'ip_address': '172.28.3.191'}], 'enable_snat': True}, 'gw_port_id': 'd597a0e7-8f37-4568-a6f8-bb2f662ac203', 'description': '', 'availability_zones': ['nova'], 'distributed': False, 'ha': False, 'ha_vr_id': 0, 'availability_zone_hints': [], 'routes': [], 'flavor_id': None, 'tags': [], 'created_at': '2022-04-28T22:25:19Z', 'updated_at': '2022-04-28T22:25:31Z', 'revision_number': 4, 'project_id': 'bd270ac2ec194cf2bf5dbe21000e3f6a', 'gw_port': {'id': 'd597a0e7-8f37-4568-a6f8-bb2f662ac203', 'name': '', 'network_id': 'cb515c8e-dd8e-4d5e-b5ee-c5c3931a0978', 'tenant_id': '', 'mac_address': 'fa:16:3e:d9:bd:c9', 'admin_state_up': True, 'status': 'ACTIVE', 'device_id': '9455da54-14c3-437a-8133-fd175d71c561', 'device_owner': 'network:router_gateway', 'standard_attr_id': 77, 'fixed_ips': [{'subnet_id': '8e0e839f-9400-4124-aa5f-e69c82836fc8', 'ip_address': '172.28.3.191', 'prefixlen': 24}], 'allowed_address_pairs': [], 'extra_dhcp_opts': [], 'security_groups': [], 'description': '', 'binding:vnic_type': 'normal', 'binding:profile': {}, 'binding:host_id': 'dv-cinder-839825-1-smb', 'binding:vif_type': 'ovs', 'binding:vif_details': {'connectivity': 'l2', 'port_filter': True, 'ovs_hybrid_plug': False, 'datapath_type': 'system', 'bridge_name': 'br-int', 'bound_drivers': {'0': 'openvswitch'}}, 'port_security_enabled': False, 'tags': [], 'created_at': '2022-04-28T22:25:21Z', 'updated_at': '2022-04-28T22:25:39Z', 'revision_number': 4, 'project_id': '', 'subnets': [{'id': '8e0e839f-9400-4124-aa5f-e69c82836fc8', 'cidr': '172.28.3.0/24', 'gateway_ip': '172.28.3.1', 'dns_nameservers': [], 'ipv6_ra_mode': None, 'subnetpool_id': None}], 'extra_subnets': [], 'address_scopes': {4: None, 6: None}, 'mtu': 1500}, 'enable_snat': True, 'gw_port_host': 'dv-cinder-839825-1-smb', '_interfaces': [{'id': '828fb775-ddf9-4c74-bef7-20cbd9e1da4a', 'name': '', 'network_id': '6f90cf23-80fd-4d04-8944-99687a745dbe', 'tenant_id': 'bd270ac2ec194cf2bf5dbe21000e3f6a', 'mac_address': 'fa:16:3e:3b:71:c1', 'admin_state_up': True, 'status': 'DOWN', 'device_id': '9455da54-14c3-437a-8133-fd175d71c561', 'device_owner': 'network:router_interface', 'standard_attr_id': 100, 'fixed_ips': [{'subnet_id': '6f50a557-4c54-46a1-8a7f-b97f34dd35b4', 'ip_address': '172.20.0.1', 'prefixlen': 28}], 'allowed_address_pairs': [], 'extra_dhcp_opts': [], 'security_groups': [], 'description': '', 'binding:vnic_type': 'normal', 'binding:profile': {}, 'binding:host_id': 'dv-cinder-839825-1-smb', 'binding:vif_type': 'ovs', 'binding:vif_details': {'connectivity': 'l2', 'port_filter': True, 'ovs_hybrid_plug': False, 'datapath_type': 'system', 'bridge_name': 'br-int', 'bound_drivers': {'0': 'openvswitch'}}, 'port_security_enabled': False, 'tags': [], 'created_at': '2022-04-28T22:25:29Z', 'updated_at': '2022-04-28T22:25:43Z', 'revision_number': 4, 'project_id': 'bd270ac2ec194cf2bf5dbe21000e3f6a', 'subnets': [{'id': '6f50a557-4c54-46a1-8a7f-b97f34dd35b4', 'cidr': '172.20.0.0/28', 'gateway_ip': '172.20.0.1', 'dns_nameservers': [], 'ipv6_ra_mode': None, 'subnetpool_id': None}], 'extra_subnets': [], 'address_scopes': {4: None, 6: None}, 'mtu': 1500}]}] {{(pid=103350) sync_routers /opt/stack/neutron/neutron/api/rpc/handlers/l3_rpc.py:137}}
Apr 28 22:25:44.710416 dv-cinder-839825-1-smb neutron-server[103349]: DEBUG neutron.plugins.ml2.rpc [None req-3ab3816f-dbba-4128-af30-bf2927e50cfd None None] Device 828fb775-ddf9-4c74-bef7-20cbd9e1da4a up at agent ovs-agent-dv-cinder-839825-1-smb {{(pid=103349) update_device_up /opt/stack/neutron/neutron/plugins/ml2/rpc.py:296}}
Apr 28 22:25:44.741993 dv-cinder-839825-1-smb neutron-server[103348]: DEBUG neutron.api.rpc.handlers.resources_rpc [None req-9478077a-6534-4162-8f1f-c243048be04c tempest-ServerRescueNegativeTestJSON-697211137 tempest-ServerRescueNegativeTestJSON-697211137-project] Pushing event updated for resources: {'Port': ['ID=d44c9daf-fbff-452f-86a9-d226e3625e40,revision_number=1']} {{(pid=103348) push /opt/stack/neutron/neutron/api/rpc/handlers/resources_rpc.py:237}}
Apr 28 22:25:44.768434 dv-cinder-839825-1-smb neutron-server[103348]: INFO neutron.wsgi [req-6b5168b2-2e68-4dd8-97b2-184df7bac831 req-9478077a-6534-4162-8f1f-c243048be04c tempest-ServerRescueNegativeTestJSON-697211137 tempest-ServerRescueNegativeTestJSON-697211137-project] 10.222.0.30 "POST /v2.0/ports HTTP/1.1" status: 201 len: 933 time: 2.1592691
Apr 28 22:25:44.795143 dv-cinder-839825-1-smb neutron-server[103348]: DEBUG neutron.api.v2.base [req-6b5168b2-2e68-4dd8-97b2-184df7bac831 req-deef2507-aae4-4761-8b53-c3b5b486678f service neutron] Request body: {'port': {'device_id': 'b9875552-f8e4-4364-b9a6-1f2642f37f8e', 'device_owner': 'compute:nova', 'binding:host_id': 'hv-cinder-83982'}} {{(pid=103348) prepare_request_body /opt/stack/neutron/neutron/api/v2/base.py:730}}
Apr 28 22:25:44.883360 dv-cinder-839825-1-smb neutron-server[103349]: DEBUG neutron.db.provisioning_blocks [None req-3ab3816f-dbba-4128-af30-bf2927e50cfd None None] Provisioning complete for port 828fb775-ddf9-4c74-bef7-20cbd9e1da4a triggered by entity L2. {{(pid=103349) provisioning_complete /opt/stack/neutron/neutron/db/provisioning_blocks.py:145}}
Apr 28 22:25:44.885177 dv-cinder-839825-1-smb neutron-server[103349]: DEBUG neutron_lib.callbacks.manager [None req-3ab3816f-dbba-4128-af30-bf2927e50cfd None None] Publish callbacks ['neutron.plugins.ml2.plugin.Ml2Plugin._port_provisioned-16041171'] for port (828fb775-ddf9-4c74-bef7-20cbd9e1da4a), provisioning_complete {{(pid=103349) _notify_loop /usr/local/lib/python3.8/dist-packages/neutron_lib/callbacks/manager.py:176}}
Apr 28 22:25:45.053641 dv-cinder-839825-1-smb neutron-server[103348]: DEBUG neutron_lib.callbacks.manager [req-6b5168b2-2e68-4dd8-97b2-184df7bac831 req-deef2507-aae4-4761-8b53-c3b5b486678f service neutron] Publish callbacks ['neutron.plugins.ml2.plugin.SecurityGroupDbMixin._ensure_default_security_group_handler-16470483'] for port (d44c9daf-fbff-452f-86a9-d226e3625e40), before_update {{(pid=103348) _notify_loop /usr/local/lib/python3.8/dist-packages/neutron_lib/callbacks/manager.py:176}}
Apr 28 22:25:45.103715 dv-cinder-839825-1-smb neutron-server[103349]: DEBUG neutron.plugins.ml2.plugin [None req-3ab3816f-dbba-4128-af30-bf2927e50cfd None None] Current status of the port 828fb775-ddf9-4c74-bef7-20cbd9e1da4a is: ACTIVE; New status is: ACTIVE {{(pid=103349) _update_individual_port_db_status /opt/stack/neutron/neutron/plugins/ml2/plugin.py:2297}}
Apr 28 22:25:45.191187 dv-cinder-839825-1-smb neutron-server[103349]: DEBUG neutron.db.provisioning_blocks [None req-02da2f12-4fa7-43f0-b91e-fdfeb4638a09 None None] Provisioning complete for port d44c9daf-fbff-452f-86a9-d226e3625e40 triggered by entity DHCP. {{(pid=103349) provisioning_complete /opt/stack/neutron/neutron/db/provisioning_blocks.py:145}}
Apr 28 22:25:45.191567 dv-cinder-839825-1-smb neutron-server[103349]: DEBUG neutron_lib.callbacks.manager [None req-02da2f12-4fa7-43f0-b91e-fdfeb4638a09 None None] Publish callbacks ['neutron.plugins.ml2.plugin.Ml2Plugin._port_provisioned-16041171'] for port (d44c9daf-fbff-452f-86a9-d226e3625e40), provisioning_complete {{(pid=103349) _notify_loop /usr/local/lib/python3.8/dist-packages/neutron_lib/callbacks/manager.py:176}}
Apr 28 22:25:45.227327 dv-cinder-839825-1-smb neutron-server[103348]: DEBUG neutron.wsgi [-] (103348) accepted ('10.222.0.16', 59952) {{(pid=103348) server /usr/local/lib/python3.8/dist-packages/eventlet/wsgi.py:1004}}
Apr 28 22:25:45.275532 dv-cinder-839825-1-smb neutron-server[103347]: DEBUG neutron_lib.callbacks.manager [None req-e5f6a40e-f71b-44fb-88b7-11cfe42e366c admin admin] Publish callbacks [] for security_group (917407fe-092a-4778-b164-a78c60857ca6), precommit_create {{(pid=103347) _notify_loop /usr/local/lib/python3.8/dist-packages/neutron_lib/callbacks/manager.py:176}}
Apr 28 22:25:45.303425 dv-cinder-839825-1-smb neutron-server[103349]: DEBUG neutron.plugins.ml2.plugin [None req-02da2f12-4fa7-43f0-b91e-fdfeb4638a09 None None] Port d44c9daf-fbff-452f-86a9-d226e3625e40 cannot update to ACTIVE because it is not bound. {{(pid=103349) _port_provisioned /opt/stack/neutron/neutron/plugins/ml2/plugin.py:352}}
Apr 28 22:25:45.333668 dv-cinder-839825-1-smb neutron-server[103349]: DEBUG neutron_lib.callbacks.manager [None req-974aa81c-a08e-4094-8d69-c0b839a0f157 None None] Publish callbacks ['neutron.services.segments.db._update_segment_host_mapping_for_agent-8743806371431', 'neutron.plugins.ml2.plugin.Ml2Plugin._retry_binding_revived_agents-16041329'] for agent (358feee3-a5cf-412d-9281-d46a31b2e467), after_update {{(pid=103349) _notify_loop /usr/local/lib/python3.8/dist-packages/neutron_lib/callbacks/manager.py:176}}
Apr 28 22:25:45.437979 dv-cinder-839825-1-smb neutron-server[103347]: DEBUG neutron.pecan_wsgi.hooks.policy_enforcement [req-7f895966-f036-4171-8678-d208c36c1cbc req-d5b4b59a-f0e8-4b18-ae24-56b6a7e268c6 tempest-DeleteServersTestJSON-780855612 tempest-DeleteServersTestJSON-780855612-project] Attributes excluded by policy engine: ['standard_attr_id', 'binding:profile', 'binding:host_id', 'binding:vif_type', 'binding:vif_details'] {{(pid=103347) _exclude_attributes_by_policy /opt/stack/neutron/neutron/pecan_wsgi/hooks/policy_enforcement.py:259}}
Apr 28 22:25:45.444943 dv-cinder-839825-1-smb neutron-server[103347]: INFO neutron.wsgi [req-7f895966-f036-4171-8678-d208c36c1cbc req-d5b4b59a-f0e8-4b18-ae24-56b6a7e268c6 tempest-DeleteServersTestJSON-780855612 tempest-DeleteServersTestJSON-780855612-project] 10.222.0.16 "GET /v2.0/ports?device_id=a8f51873-e206-4d03-aea7-9c050006540c HTTP/1.1" status: 200 len: 943 time: 0.8224597
Apr 28 22:25:45.446725 dv-cinder-839825-1-smb neutron-server[103347]: DEBUG neutron_lib.callbacks.manager [None req-e5f6a40e-f71b-44fb-88b7-11cfe42e366c admin admin] Publish callbacks ['neutron.plugins.ml2.ovo_rpc._ObjectChangeHandler.handle_event-339521'] for security_group (917407fe-092a-4778-b164-a78c60857ca6), after_create {{(pid=103347) _notify_loop /usr/local/lib/python3.8/dist-packages/neutron_lib/callbacks/manager.py:176}}
Apr 28 22:25:45.462449 dv-cinder-839825-1-smb neutron-server[103347]: INFO neutron.wsgi [req-85a06049-870a-4dec-8c9c-1d5532074eb7 req-e47b014f-2fd5-4d2b-8918-a0bc2cc2bd17 tempest-AttachVolumeShelveTestJSON-285523204 tempest-AttachVolumeShelveTestJSON-285523204-project] 10.222.0.16 "GET /v2.0/ports?device_id=f1dcee66-cf3c-4e49-8f4c-9177b0a84a3e HTTP/1.1" status: 200 len: 210 time: 0.4370403
Apr 28 22:25:45.463686 dv-cinder-839825-1-smb neutron-server[103347]: DEBUG neutron.api.rpc.agentnotifiers.l3_rpc_agent_api [None req-e86dbcb9-6be8-454b-aeda-6ff387fbbaa7 admin admin] Notify agent at l3_agent.dv-cinder-839825-1-smb the message routers_updated {{(pid=103347) _agent_notification /opt/stack/neutron/neutron/api/rpc/agentnotifiers/l3_rpc_agent_api.py:65}}
Apr 28 22:25:45.474702 dv-cinder-839825-1-smb neutron-server[103349]: DEBUG neutron.api.rpc.handlers.l3_rpc [None req-2e8812bb-649e-44d6-be3e-81da819c7c38 None None] Sync routers for ids ['94feec84-021d-41ad-b1a7-07bb24457bc0'] in dv-cinder-839825-1-smb {{(pid=103349) sync_routers /opt/stack/neutron/neutron/api/rpc/handlers/l3_rpc.py:125}}
Apr 28 22:25:45.479023 dv-cinder-839825-1-smb neutron-server[103347]: INFO neutron.wsgi [None req-e86dbcb9-6be8-454b-aeda-6ff387fbbaa7 admin admin] 10.222.0.16 "PUT /v2.0/routers/94feec84-021d-41ad-b1a7-07bb24457bc0/add_router_interface HTTP/1.1" status: 200 len: 503 time: 18.8460190
Apr 28 22:25:45.500697 dv-cinder-839825-1-smb neutron-server[103349]: DEBUG neutron.db.l3_dvrscheduler_db [None req-2e8812bb-649e-44d6-be3e-81da819c7c38 None None] Routers {'94feec84-021d-41ad-b1a7-07bb24457bc0'} bound to L3 agent in host dv-cinder-839825-1-smb {{(pid=103349) _get_router_ids_for_agent /opt/stack/neutron/neutron/db/l3_dvrscheduler_db.py:421}}
Apr 28 22:25:45.503459 dv-cinder-839825-1-smb neutron-server[103349]: DEBUG neutron.db.l3_hamode_db [None req-2e8812bb-649e-44d6-be3e-81da819c7c38 None None] neutron.services.l3_router.l3_router_plugin.L3RouterPlugin method get_ha_sync_data_for_host called with arguments (, 'dv-cinder-839825-1-smb', Agent(admin_state_up=True,agent_type='L3 agent',availability_zone='nova',binary='neutron-l3-agent',configurations={"agent_mode": "legacy", "ex_gw_ports": 4, "extensions": [], "floating_ips": 0, "handle_internal_only_routers": true, "interface_driver": "openvswitch", "interfaces": 3, "log_agent_heartbeats": false, "routers": 4},created_at=2022-04-28T22:16:43Z,description=,heartbeat_timestamp=2022-04-28T22:25:43Z,host='dv-cinder-839825-1-smb',id=0ac5e0cc-8241-4ac1-9f5a-504650c4dd38,load=0,resource_versions=,resources_synced=,started_at=2022-04-28T22:16:43Z,topic='l3_agent')) {'router_ids': ['94feec84-021d-41ad-b1a7-07bb24457bc0'], 'active': True} {{(pid=103349) wrapper /usr/local/lib/python3.8/dist-packages/oslo_log/helpers.py:65}}
Apr 28 22:25:45.560848 dv-cinder-839825-1-smb neutron-server[103347]: DEBUG neutron_lib.callbacks.manager [req-84ddd1b8-68ac-4476-b808-499ce4864b99 req-f8569a68-ed09-47ba-b370-1a2969d20e34 tempest-AttachVolumeShelveTestJSON-285523204 tempest-AttachVolumeShelveTestJSON-285523204-project] Publish callbacks [] for port (51c18628-92cc-4b5a-bf6e-bf3cf85caffa), precommit_create {{(pid=103347) _notify_loop /usr/local/lib/python3.8/dist-packages/neutron_lib/callbacks/manager.py:176}}
Apr 28 22:25:45.564733 dv-cinder-839825-1-smb neutron-server[103347]: INFO neutron.wsgi [None req-e5f6a40e-f71b-44fb-88b7-11cfe42e366c admin admin] 10.222.0.16 "GET /v2.0/security-groups?tenant_id=4530161eafa241d082627fb0ce5b299e&name=default HTTP/1.1" status: 200 len: 2996 time: 2.4716544
Apr 28 22:25:45.615935 dv-cinder-839825-1-smb neutron-server[103348]: DEBUG neutron.wsgi [-] (103348) accepted ('10.222.0.16', 59966) {{(pid=103348) server /usr/local/lib/python3.8/dist-packages/eventlet/wsgi.py:1004}}
Apr 28 22:25:45.660614 dv-cinder-839825-1-smb neutron-server[103347]: INFO neutron.wsgi [req-074c5242-164b-4161-bd76-ef85a90a2066 req-5c12f4d8-0ce1-4f9b-b8ad-9e19e2015fdc tempest-ServerRescueNegativeTestJSON-697211137 tempest-ServerRescueNegativeTestJSON-697211137-project] 10.222.0.16 "GET /v2.0/ports?device_id=8bb0cefb-1715-4b64-a4ba-4ba97049a594 HTTP/1.1" status: 200 len: 210 time: 0.0915906
Apr 28 22:25:45.672183 dv-cinder-839825-1-smb neutron-server[103348]: DEBUG neutron_lib.callbacks.manager [None req-4e4deda9-94bc-4e0b-809d-d4b017605396 admin admin] Publish callbacks [] for security_group (None), before_create {{(pid=103348) _notify_loop /usr/local/lib/python3.8/dist-packages/neutron_lib/callbacks/manager.py:176}}
Apr 28 22:25:45.755585 dv-cinder-839825-1-smb neutron-server[103347]: INFO neutron.wsgi [req-c29d42ff-8707-4f22-88e7-37afceed95ea req-eb54b4b1-31c7-4dbb-80a7-ad1812e41ca5 service neutron] 10.222.0.30 "GET /v2.0/networks/86bda6fb-d9f9-4c00-a72c-11cd2e06c19b?fields=segments HTTP/1.1" status: 200 len: 212 time: 1.1616912
Apr 28 22:25:45.758566 dv-cinder-839825-1-smb neutron-server[103347]: DEBUG neutron.api.rpc.handlers.resources_rpc [None req-e5f6a40e-f71b-44fb-88b7-11cfe42e366c admin admin] Pushing event updated for resources: {'SecurityGroup': ['ID=917407fe-092a-4778-b164-a78c60857ca6,revision_number=1']} {{(pid=103347) push /opt/stack/neutron/neutron/api/rpc/handlers/resources_rpc.py:237}}
Apr 28 22:25:45.861931 dv-cinder-839825-1-smb neutron-server[103348]: DEBUG neutron_lib.callbacks.manager [None req-94978f92-96ee-4d19-96cd-e58949bbc4f4 admin admin] Publish callbacks [] for security_group (917407fe-092a-4778-b164-a78c60857ca6), before_delete {{(pid=103348) _notify_loop /usr/local/lib/python3.8/dist-packages/neutron_lib/callbacks/manager.py:176}}
Apr 28 22:25:45.954029 dv-cinder-839825-1-smb neutron-server[103348]: DEBUG neutron_lib.callbacks.manager [None req-94978f92-96ee-4d19-96cd-e58949bbc4f4 admin admin] Publish callbacks [] for security_group (917407fe-092a-4778-b164-a78c60857ca6), precommit_delete {{(pid=103348) _notify_loop /usr/local/lib/python3.8/dist-packages/neutron_lib/callbacks/manager.py:176}}
Apr 28 22:25:45.964799 dv-cinder-839825-1-smb neutron-server[103347]: INFO neutron.wsgi [req-7f895966-f036-4171-8678-d208c36c1cbc req-694c59ac-d6d5-4d76-a6fc-89e76261f25b tempest-DeleteServersTestJSON-780855612 tempest-DeleteServersTestJSON-780855612-project] 10.222.0.16 "GET /v2.0/security-groups?id=5e9f77e6-5848-4470-a427-952c6ec1cbec&fields=id&fields=name HTTP/1.1" status: 200 len: 286 time: 0.5183003
Apr 28 22:25:46.001010 dv-cinder-839825-1-smb neutron-server[103348]: DEBUG neutron.notifiers.nova [req-6b5168b2-2e68-4dd8-97b2-184df7bac831 req-deef2507-aae4-4761-8b53-c3b5b486678f service neutron] Ignoring state change previous_port_status: DOWN current_port_status: DOWN port_id d44c9daf-fbff-452f-86a9-d226e3625e40 {{(pid=103348) record_port_status_changed /opt/stack/neutron/neutron/notifiers/nova.py:233}}
Apr 28 22:25:46.053613 dv-cinder-839825-1-smb neutron-server[103348]: DEBUG neutron_lib.callbacks.manager [req-6b5168b2-2e68-4dd8-97b2-184df7bac831 req-deef2507-aae4-4761-8b53-c3b5b486678f service neutron] Publish callbacks [] for port (d44c9daf-fbff-452f-86a9-d226e3625e40), precommit_update {{(pid=103348) _notify_loop /usr/local/lib/python3.8/dist-packages/neutron_lib/callbacks/manager.py:176}}
Apr 28 22:25:46.063447 dv-cinder-839825-1-smb neutron-server[103349]: DEBUG neutron.db.l3_dvr_db [None req-2e8812bb-649e-44d6-be3e-81da819c7c38 None None] Set router 94feec84-021d-41ad-b1a7-07bb24457bc0 gateway port host: dv-cinder-839825-1-smb {{(pid=103349) _build_routers_list /opt/stack/neutron/neutron/db/l3_dvr_db.py:906}}
Apr 28 22:25:46.170013 dv-cinder-839825-1-smb neutron-server[103348]: DEBUG neutron.db.provisioning_blocks [req-6b5168b2-2e68-4dd8-97b2-184df7bac831 req-deef2507-aae4-4761-8b53-c3b5b486678f service neutron] Transition to ACTIVE for port object d44c9daf-fbff-452f-86a9-d226e3625e40 will not be triggered until provisioned by entity L2. {{(pid=103348) add_provisioning_component /opt/stack/neutron/neutron/db/provisioning_blocks.py:75}}
Apr 28 22:25:46.177687 dv-cinder-839825-1-smb neutron-server[103347]: DEBUG neutron_lib.callbacks.manager [req-84ddd1b8-68ac-4476-b808-499ce4864b99 req-f8569a68-ed09-47ba-b370-1a2969d20e34 tempest-AttachVolumeShelveTestJSON-285523204 tempest-AttachVolumeShelveTestJSON-285523204-project] Publish callbacks ['neutron.plugins.ml2.plugin.SecurityGroupServerNotifierRpcMixin._notify_sg_on_port_change-16470028', 'neutron.plugins.ml2.ovo_rpc._ObjectChangeHandler.handle_event-127761', 'neutron.api.rpc.agentnotifiers.dhcp_rpc_agent_api.DhcpAgentNotifyAPI._native_event_send_dhcp_notification-535525', 'neutron.db.l3_dvrscheduler_db._notify_l3_agent_new_port-8743805859157'] for port (51c18628-92cc-4b5a-bf6e-bf3cf85caffa), after_create {{(pid=103347) _notify_loop /usr/local/lib/python3.8/dist-packages/neutron_lib/callbacks/manager.py:176}}
Apr 28 22:25:46.184243 dv-cinder-839825-1-smb neutron-server[103348]: DEBUG neutron_lib.callbacks.manager [req-6b5168b2-2e68-4dd8-97b2-184df7bac831 req-deef2507-aae4-4761-8b53-c3b5b486678f service neutron] Publish callbacks ['neutron.plugins.ml2.plugin.SecurityGroupServerNotifierRpcMixin._notify_sg_on_port_change-16470028', 'neutron.plugins.ml2.ovo_rpc._ObjectChangeHandler.handle_event-127761', 'neutron.api.rpc.agentnotifiers.dhcp_rpc_agent_api.DhcpAgentNotifyAPI._native_event_send_dhcp_notification-535525', 'neutron.db.l3_db.L3RpcNotifierMixin._notify_gateway_port_ip_changed-8743806284252', 'neutron.db.l3_dvrscheduler_db._notify_l3_agent_port_update-8743805859175', 'neutron.db.l3_hascheduler_db._notify_l3_agent_ha_port_update-8743805859193'] for port (d44c9daf-fbff-452f-86a9-d226e3625e40), after_update {{(pid=103348) _notify_loop /usr/local/lib/python3.8/dist-packages/neutron_lib/callbacks/manager.py:176}}
Apr 28 22:25:46.204367 dv-cinder-839825-1-smb neutron-server[103348]: DEBUG neutron_lib.callbacks.manager [None req-4e4deda9-94bc-4e0b-809d-d4b017605396 admin admin] Publish callbacks [] for security_group (fcb630ba-45d4-4a92-8eb9-b505753998ad), precommit_create {{(pid=103348) _notify_loop /usr/local/lib/python3.8/dist-packages/neutron_lib/callbacks/manager.py:176}}
Apr 28 22:25:46.253172 dv-cinder-839825-1-smb neutron-server[103348]: DEBUG neutron_lib.callbacks.manager [None req-4e4deda9-94bc-4e0b-809d-d4b017605396 admin admin] Publish callbacks ['neutron.plugins.ml2.ovo_rpc._ObjectChangeHandler.handle_event-339521'] for security_group (fcb630ba-45d4-4a92-8eb9-b505753998ad), after_create {{(pid=103348) _notify_loop /usr/local/lib/python3.8/dist-packages/neutron_lib/callbacks/manager.py:176}}
Apr 28 22:25:46.265510 dv-cinder-839825-1-smb neutron-server[103347]: INFO neutron.wsgi [req-c29d42ff-8707-4f22-88e7-37afceed95ea req-f03f8ea6-b5cc-48df-ab5a-f2d90833f94e service neutron] 10.222.0.30 "GET /v2.0/networks/86bda6fb-d9f9-4c00-a72c-11cd2e06c19b?fields=provider%3Aphysical_network&fields=provider%3Anetwork_type HTTP/1.1" status: 200 len: 281 time: 0.4978859
Apr 28 22:25:46.312352 dv-cinder-839825-1-smb neutron-server[103348]: DEBUG neutron.api.rpc.handlers.resources_rpc [None req-4e4deda9-94bc-4e0b-809d-d4b017605396 admin admin] Pushing event updated for resources: {'SecurityGroup': ['ID=fcb630ba-45d4-4a92-8eb9-b505753998ad,revision_number=1']} {{(pid=103348) push /opt/stack/neutron/neutron/api/rpc/handlers/resources_rpc.py:237}}
Apr 28 22:25:46.314677 dv-cinder-839825-1-smb neutron-server[103347]: DEBUG neutron.scheduler.dhcp_agent_scheduler [req-84ddd1b8-68ac-4476-b808-499ce4864b99 req-f8569a68-ed09-47ba-b370-1a2969d20e34 tempest-AttachVolumeShelveTestJSON-285523204 tempest-AttachVolumeShelveTestJSON-285523204-project] Network a07c094e-4162-429c-8a9e-d9398233945d is already hosted by enough agents. {{(pid=103347) _get_dhcp_agents_hosting_network /opt/stack/neutron/neutron/scheduler/dhcp_agent_scheduler.py:275}}
Apr 28 22:25:46.326755 dv-cinder-839825-1-smb neutron-server[103347]: DEBUG neutron.scheduler.base_scheduler [req-84ddd1b8-68ac-4476-b808-499ce4864b99 req-f8569a68-ed09-47ba-b370-1a2969d20e34 tempest-AttachVolumeShelveTestJSON-285523204 tempest-AttachVolumeShelveTestJSON-285523204-project] Resources bound (agent type, host, resource id): {{(pid=103347) schedule /opt/stack/neutron/neutron/scheduler/base_scheduler.py:57}}
Apr 28 22:25:46.329758 dv-cinder-839825-1-smb neutron-server[103348]: DEBUG neutron_lib.callbacks.manager [None req-94978f92-96ee-4d19-96cd-e58949bbc4f4 admin admin] Publish callbacks ['neutron.plugins.ml2.ovo_rpc._ObjectChangeHandler.handle_event-339521'] for security_group (917407fe-092a-4778-b164-a78c60857ca6), after_delete {{(pid=103348) _notify_loop /usr/local/lib/python3.8/dist-packages/neutron_lib/callbacks/manager.py:176}}
Apr 28 22:25:46.333810 dv-cinder-839825-1-smb neutron-server[103348]: DEBUG neutron_lib.callbacks.manager [None req-94978f92-96ee-4d19-96cd-e58949bbc4f4 admin admin] Publish callbacks [] for security_group (None), before_response {{(pid=103348) _notify_loop /usr/local/lib/python3.8/dist-packages/neutron_lib/callbacks/manager.py:176}}
Apr 28 22:25:46.338057 dv-cinder-839825-1-smb neutron-server[103348]: INFO neutron.wsgi [None req-94978f92-96ee-4d19-96cd-e58949bbc4f4 admin admin] 10.222.0.16 "DELETE /v2.0/security-groups/917407fe-092a-4778-b164-a78c60857ca6 HTTP/1.1" status: 204 len: 168 time: 0.7210460
Apr 28 22:25:46.360888 dv-cinder-839825-1-smb neutron-server[103347]: DEBUG neutron.db.l3_dvrscheduler_db [req-84ddd1b8-68ac-4476-b808-499ce4864b99 req-f8569a68-ed09-47ba-b370-1a2969d20e34 tempest-AttachVolumeShelveTestJSON-285523204 tempest-AttachVolumeShelveTestJSON-285523204-project] Received port after_create {{(pid=103347) _notify_l3_agent_new_port /opt/stack/neutron/neutron/db/l3_dvrscheduler_db.py:536}}
Apr 28 22:25:46.369809 dv-cinder-839825-1-smb neutron-server[103348]: DEBUG neutron.api.rpc.handlers.resources_rpc [None req-94978f92-96ee-4d19-96cd-e58949bbc4f4 admin admin] Pushing event deleted for resources: {'SecurityGroup': ['ID=917407fe-092a-4778-b164-a78c60857ca6,revision_number=None']} {{(pid=103348) push /opt/stack/neutron/neutron/api/rpc/handlers/resources_rpc.py:237}}
Apr 28 22:25:46.380769 dv-cinder-839825-1-smb neutron-server[103347]: DEBUG neutron.pecan_wsgi.hooks.policy_enforcement [req-84ddd1b8-68ac-4476-b808-499ce4864b99 req-f8569a68-ed09-47ba-b370-1a2969d20e34 tempest-AttachVolumeShelveTestJSON-285523204 tempest-AttachVolumeShelveTestJSON-285523204-project] Attributes excluded by policy engine: ['standard_attr_id', 'binding:profile', 'binding:host_id', 'binding:vif_type', 'binding:vif_details', 'network'] {{(pid=103347) _exclude_attributes_by_policy /opt/stack/neutron/neutron/pecan_wsgi/hooks/policy_enforcement.py:259}}
Apr 28 22:25:46.383183 dv-cinder-839825-1-smb neutron-server[103347]: DEBUG neutron_lib.callbacks.manager [req-84ddd1b8-68ac-4476-b808-499ce4864b99 req-f8569a68-ed09-47ba-b370-1a2969d20e34 tempest-AttachVolumeShelveTestJSON-285523204 tempest-AttachVolumeShelveTestJSON-285523204-project] Publish callbacks ['neutron.notifiers.nova.Notifier._send_nova_notification-932324', 'neutron.api.rpc.agentnotifiers.dhcp_rpc_agent_api.DhcpAgentNotifyAPI._send_dhcp_notification-535499'] for port (None), before_response {{(pid=103347) _notify_loop /usr/local/lib/python3.8/dist-packages/neutron_lib/callbacks/manager.py:176}}
Apr 28 22:25:46.438293 dv-cinder-839825-1-smb neutron-server[103347]: DEBUG neutron.api.rpc.handlers.resources_rpc [None req-f8569a68-ed09-47ba-b370-1a2969d20e34 tempest-AttachVolumeShelveTestJSON-285523204 tempest-AttachVolumeShelveTestJSON-285523204-project] Pushing event updated for resources: {'Port': ['ID=51c18628-92cc-4b5a-bf6e-bf3cf85caffa,revision_number=1']} {{(pid=103347) push /opt/stack/neutron/neutron/api/rpc/handlers/resources_rpc.py:237}}
Apr 28 22:25:46.465077 dv-cinder-839825-1-smb neutron-server[103347]: INFO neutron.wsgi [req-84ddd1b8-68ac-4476-b808-499ce4864b99 req-f8569a68-ed09-47ba-b370-1a2969d20e34 tempest-AttachVolumeShelveTestJSON-285523204 tempest-AttachVolumeShelveTestJSON-285523204-project] 10.222.0.30 "POST /v2.0/ports HTTP/1.1" status: 201 len: 934 time: 5.2211559
Apr 28 22:25:46.488971 dv-cinder-839825-1-smb neutron-server[103348]: DEBUG neutron.api.rpc.handlers.resources_rpc [None req-deef2507-aae4-4761-8b53-c3b5b486678f service neutron] Pushing event updated for resources: {'Port': ['ID=d44c9daf-fbff-452f-86a9-d226e3625e40,revision_number=2']} {{(pid=103348) push /opt/stack/neutron/neutron/api/rpc/handlers/resources_rpc.py:237}}
Apr 28 22:25:46.500826 dv-cinder-839825-1-smb neutron-server[103348]: INFO neutron.wsgi [None req-4e4deda9-94bc-4e0b-809d-d4b017605396 admin admin] 10.222.0.16 "GET /v2.0/security-groups?tenant_id=65bb40169b9345c683ac9b66503e4d72&name=default HTTP/1.1" status: 200 len: 2996 time: 1.2722547
Apr 28 22:25:46.504118 dv-cinder-839825-1-smb neutron-server[103347]: DEBUG neutron.wsgi [-] (103347) accepted ('10.222.0.16', 59994) {{(pid=103347) server /usr/local/lib/python3.8/dist-packages/eventlet/wsgi.py:1004}}
Apr 28 22:25:46.558544 dv-cinder-839825-1-smb neutron-server[103348]: DEBUG neutron.plugins.ml2.managers [req-6b5168b2-2e68-4dd8-97b2-184df7bac831 req-deef2507-aae4-4761-8b53-c3b5b486678f service neutron] Attempting to bind port d44c9daf-fbff-452f-86a9-d226e3625e40 on host hv-cinder-83982 for vnic_type normal with profile {{(pid=103348) bind_port /opt/stack/neutron/neutron/plugins/ml2/managers.py:795}}
Apr 28 22:25:46.565962 dv-cinder-839825-1-smb neutron-server[103348]: DEBUG neutron.plugins.ml2.managers [req-6b5168b2-2e68-4dd8-97b2-184df7bac831 req-deef2507-aae4-4761-8b53-c3b5b486678f service neutron] Attempting to bind port d44c9daf-fbff-452f-86a9-d226e3625e40 by drivers openvswitch,hyperv on host hv-cinder-83982 at level 0 using segments [{'id': 'ee1bc96d-1a33-4838-a17f-466be3735230', 'network_type': 'vlan', 'physical_network': 'physnet1', 'segmentation_id': 103, 'network_id': '6f90cf23-80fd-4d04-8944-99687a745dbe'}] {{(pid=103348) _bind_port_level /opt/stack/neutron/neutron/plugins/ml2/managers.py:820}}
Apr 28 22:25:46.572653 dv-cinder-839825-1-smb neutron-server[103348]: DEBUG neutron.plugins.ml2.drivers.mech_agent [req-6b5168b2-2e68-4dd8-97b2-184df7bac831 req-deef2507-aae4-4761-8b53-c3b5b486678f service neutron] Attempting to bind port d44c9daf-fbff-452f-86a9-d226e3625e40 on network 6f90cf23-80fd-4d04-8944-99687a745dbe {{(pid=103348) bind_port /opt/stack/neutron/neutron/plugins/ml2/drivers/mech_agent.py:91}}
Apr 28 22:25:46.580379 dv-cinder-839825-1-smb neutron-server[103348]: DEBUG neutron.plugins.ml2.drivers.mech_agent [req-6b5168b2-2e68-4dd8-97b2-184df7bac831 req-deef2507-aae4-4761-8b53-c3b5b486678f service neutron] Port d44c9daf-fbff-452f-86a9-d226e3625e40 on network 6f90cf23-80fd-4d04-8944-99687a745dbe not bound, no agent of type Open vSwitch agent registered on host hv-cinder-83982 {{(pid=103348) bind_port /opt/stack/neutron/neutron/plugins/ml2/drivers/mech_agent.py:103}}
Apr 28 22:25:46.581017 dv-cinder-839825-1-smb neutron-server[103348]: DEBUG neutron.plugins.ml2.drivers.mech_agent [req-6b5168b2-2e68-4dd8-97b2-184df7bac831 req-deef2507-aae4-4761-8b53-c3b5b486678f service neutron] Attempting to bind port d44c9daf-fbff-452f-86a9-d226e3625e40 on network 6f90cf23-80fd-4d04-8944-99687a745dbe {{(pid=103348) bind_port /opt/stack/neutron/neutron/plugins/ml2/drivers/mech_agent.py:91}}
Apr 28 22:25:46.607255 dv-cinder-839825-1-smb neutron-server[103348]: DEBUG neutron.plugins.ml2.drivers.mech_agent [req-6b5168b2-2e68-4dd8-97b2-184df7bac831 req-deef2507-aae4-4761-8b53-c3b5b486678f service neutron] Checking agent: {'id': '7158814f-999c-4ad7-95d8-db00327c7b28', 'agent_type': 'HyperV agent', 'binary': 'neutron-hyperv-agent', 'topic': 'N/A', 'host': 'hv-cinder-83982', 'admin_state_up': True, 'created_at': datetime.datetime(2022, 4, 28, 22, 23, 17), 'started_at': datetime.datetime(2022, 4, 28, 22, 23, 17), 'heartbeat_timestamp': datetime.datetime(2022, 4, 28, 22, 25, 17), 'description': None, 'resources_synced': None, 'availability_zone': None, 'alive': True, 'configurations': {'vswitch_mappings': {'physnet1$': 'br-data'}}, 'resource_versions': {}} {{(pid=103348) bind_port /opt/stack/neutron/neutron/plugins/ml2/drivers/mech_agent.py:110}}
Apr 28 22:25:46.607903 dv-cinder-839825-1-smb neutron-server[103348]: DEBUG neutron.plugins.ml2.drivers.mech_agent [req-6b5168b2-2e68-4dd8-97b2-184df7bac831 req-deef2507-aae4-4761-8b53-c3b5b486678f service neutron] Checking segment: {'id': 'ee1bc96d-1a33-4838-a17f-466be3735230', 'network_type': 'vlan', 'physical_network': 'physnet1', 'segmentation_id': 103, 'network_id': '6f90cf23-80fd-4d04-8944-99687a745dbe'} for mappings: {'physnet1$': 'br-data'} with network types: ['local', 'flat', 'vlan'] {{(pid=103348) check_segment_for_agent /opt/stack/neutron/neutron/plugins/ml2/drivers/mech_agent.py:373}}
Apr 28 22:25:46.608710 dv-cinder-839825-1-smb neutron-server[103348]: DEBUG neutron.plugins.ml2.drivers.mech_agent [req-6b5168b2-2e68-4dd8-97b2-184df7bac831 req-deef2507-aae4-4761-8b53-c3b5b486678f service neutron] Bound using segment: {'id': 'ee1bc96d-1a33-4838-a17f-466be3735230', 'network_type': 'vlan', 'physical_network': 'physnet1', 'segmentation_id': 103, 'network_id': '6f90cf23-80fd-4d04-8944-99687a745dbe'} {{(pid=103348) bind_port /opt/stack/neutron/neutron/plugins/ml2/drivers/mech_agent.py:120}}
Apr 28 22:25:46.609670 dv-cinder-839825-1-smb neutron-server[103348]: DEBUG neutron.plugins.ml2.managers [req-6b5168b2-2e68-4dd8-97b2-184df7bac831 req-deef2507-aae4-4761-8b53-c3b5b486678f service neutron] Bound port: d44c9daf-fbff-452f-86a9-d226e3625e40, host: hv-cinder-83982, vif_type: hyperv, vif_details: {"connectivity": "legacy", "port_filter": false}, binding_levels: [{'bound_driver': 'hyperv', 'bound_segment': {'id': 'ee1bc96d-1a33-4838-a17f-466be3735230', 'network_type': 'vlan', 'physical_network': 'physnet1', 'segmentation_id': 103, 'network_id': '6f90cf23-80fd-4d04-8944-99687a745dbe'}}] {{(pid=103348) _bind_port_level /opt/stack/neutron/neutron/plugins/ml2/managers.py:932}}
Apr 28 22:25:46.610247 dv-cinder-839825-1-smb neutron-server[103348]: DEBUG neutron_lib.callbacks.manager [req-6b5168b2-2e68-4dd8-97b2-184df7bac831 req-deef2507-aae4-4761-8b53-c3b5b486678f service neutron] Publish callbacks ['neutron.plugins.ml2.plugin.SecurityGroupDbMixin._ensure_default_security_group_handler-16470483'] for port (d44c9daf-fbff-452f-86a9-d226e3625e40), before_update {{(pid=103348) _notify_loop /usr/local/lib/python3.8/dist-packages/neutron_lib/callbacks/manager.py:176}}
Apr 28 22:25:46.698019 dv-cinder-839825-1-smb neutron-server[103349]: DEBUG neutron.db.l3_hamode_db [None req-2e8812bb-649e-44d6-be3e-81da819c7c38 None None] neutron.services.l3_router.l3_router_plugin.L3RouterPlugin method _process_sync_ha_data called with arguments (, [{'id': '94feec84-021d-41ad-b1a7-07bb24457bc0', 'name': 'tempest-AttachVolumeNegativeTest-1233661175-router', 'tenant_id': 'b9f278c569264a5585268bbbd745159f', 'admin_state_up': True, 'status': 'ACTIVE', 'external_gateway_info': {'network_id': 'cb515c8e-dd8e-4d5e-b5ee-c5c3931a0978', 'external_fixed_ips': [{'subnet_id': '8e0e839f-9400-4124-aa5f-e69c82836fc8', 'ip_address': '172.28.3.158'}], 'enable_snat': True}, 'gw_port_id': '2ea833bb-a8f1-460c-9482-f256ea5b7046', 'description': '', 'availability_zones': ['nova'], 'distributed': False, 'ha': False, 'ha_vr_id': 0, 'availability_zone_hints': [], 'routes': [], 'flavor_id': None, 'tags': [], 'created_at': '2022-04-28T22:25:19Z', 'updated_at': '2022-04-28T22:25:38Z', 'revision_number': 4, 'project_id': 'b9f278c569264a5585268bbbd745159f', 'gw_port': {'id': '2ea833bb-a8f1-460c-9482-f256ea5b7046', 'name': '', 'network_id': 'cb515c8e-dd8e-4d5e-b5ee-c5c3931a0978', 'tenant_id': '', 'mac_address': 'fa:16:3e:6b:3a:d6', 'admin_state_up': True, 'status': 'ACTIVE', 'device_id': '94feec84-021d-41ad-b1a7-07bb24457bc0', 'device_owner': 'network:router_gateway', 'standard_attr_id': 76, 'fixed_ips': [{'subnet_id': '8e0e839f-9400-4124-aa5f-e69c82836fc8', 'ip_address': '172.28.3.158', 'prefixlen': 24}], 'allowed_address_pairs': [], 'extra_dhcp_opts': [], 'security_groups': [], 'description': '', 'binding:vnic_type': 'normal', 'binding:profile': {}, 'binding:host_id': 'dv-cinder-839825-1-smb', 'binding:vif_type': 'ovs', 'binding:vif_details': {'connectivity': 'l2', 'port_filter': True, 'ovs_hybrid_plug': False, 'datapath_type': 'system', 'bridge_name': 'br-int', 'bound_drivers': {'0': 'openvswitch'}}, 'port_security_enabled': False, 'tags': [], 'created_at': '2022-04-28T22:25:20Z', 'updated_at': '2022-04-28T22:25:33Z', 'revision_number': 4, 'project_id': '', 'subnets': [{'id': '8e0e839f-9400-4124-aa5f-e69c82836fc8', 'cidr': '172.28.3.0/24', 'gateway_ip': '172.28.3.1', 'dns_nameservers': [], 'ipv6_ra_mode': None, 'subnetpool_id': None}], 'extra_subnets': [], 'address_scopes': {4: None, 6: None}, 'mtu': 1500}, 'enable_snat': True, 'gw_port_host': 'dv-cinder-839825-1-smb', '_interfaces': [{'id': '9620f00c-a4b3-4d7a-957b-615040cbad54', 'name': '', 'network_id': '3ec50e04-0e10-487c-8c6d-bae31779af63', 'tenant_id': 'b9f278c569264a5585268bbbd745159f', 'mac_address': 'fa:16:3e:76:2b:33', 'admin_state_up': True, 'status': 'DOWN', 'device_id': '94feec84-021d-41ad-b1a7-07bb24457bc0', 'device_owner': 'network:router_interface', 'standard_attr_id': 107, 'fixed_ips': [{'subnet_id': '5ba54ff0-84e9-4591-8db4-3455129ccd28', 'ip_address': '172.20.0.1', 'prefixlen': 28}], 'allowed_address_pairs': [], 'extra_dhcp_opts': [], 'security_groups': [], 'description': '', 'binding:vnic_type': 'normal', 'binding:profile': {}, 'binding:host_id': '', 'binding:vif_type': 'unbound', 'binding:vif_details': {}, 'port_security_enabled': False, 'tags': [], 'created_at': '2022-04-28T22:25:32Z', 'updated_at': '2022-04-28T22:25:39Z', 'revision_number': 2, 'project_id': 'b9f278c569264a5585268bbbd745159f', 'subnets': [{'id': '5ba54ff0-84e9-4591-8db4-3455129ccd28', 'cidr': '172.20.0.0/28', 'gateway_ip': '172.20.0.1', 'dns_nameservers': [], 'ipv6_ra_mode': None, 'subnetpool_id': None}], 'extra_subnets': [], 'address_scopes': {4: None, 6: None}, 'mtu': 1500}]}], 'dv-cinder-839825-1-smb', False) {} {{(pid=103349) wrapper /usr/local/lib/python3.8/dist-packages/oslo_log/helpers.py:65}}
Apr 28 22:25:46.767711 dv-cinder-839825-1-smb neutron-server[103347]: DEBUG neutron_lib.callbacks.manager [None req-8bc5355d-3f15-4cbf-a40f-20d060193065 admin admin] Publish callbacks [] for security_group (fcb630ba-45d4-4a92-8eb9-b505753998ad), before_delete {{(pid=103347) _notify_loop /usr/local/lib/python3.8/dist-packages/neutron_lib/callbacks/manager.py:176}}
Apr 28 22:25:46.786155 dv-cinder-839825-1-smb neutron-server[103349]: DEBUG neutron.api.rpc.handlers.l3_rpc [None req-2e8812bb-649e-44d6-be3e-81da819c7c38 None None] Checking router: 94feec84-021d-41ad-b1a7-07bb24457bc0 for host: dv-cinder-839825-1-smb {{(pid=103349) _ensure_host_set_on_ports /opt/stack/neutron/neutron/api/rpc/handlers/l3_rpc.py:155}}
Apr 28 22:25:46.786689 dv-cinder-839825-1-smb neutron-server[103349]: DEBUG neutron.api.rpc.handlers.l3_rpc [None req-2e8812bb-649e-44d6-be3e-81da819c7c38 None None] Updating router 94feec84-021d-41ad-b1a7-07bb24457bc0 port 9620f00c-a4b3-4d7a-957b-615040cbad54 binding host dv-cinder-839825-1-smb {{(pid=103349) _ensure_host_set_on_port /opt/stack/neutron/neutron/api/rpc/handlers/l3_rpc.py:205}}
Apr 28 22:25:46.813814 dv-cinder-839825-1-smb neutron-server[103347]: DEBUG neutron.pecan_wsgi.hooks.policy_enforcement [req-6b1c024a-b802-499f-bccb-9483b2515be4 req-597f06b3-0219-49fc-8edb-6732c8f6dae1 tempest-AttachVolumeShelveTestJSON-285523204 tempest-AttachVolumeShelveTestJSON-285523204-project] Attributes excluded by policy engine: ['standard_attr_id', 'binding:profile', 'binding:host_id', 'binding:vif_type', 'binding:vif_details'] {{(pid=103347) _exclude_attributes_by_policy /opt/stack/neutron/neutron/pecan_wsgi/hooks/policy_enforcement.py:259}}
Apr 28 22:25:46.815414 dv-cinder-839825-1-smb neutron-server[103347]: INFO neutron.wsgi [req-6b1c024a-b802-499f-bccb-9483b2515be4 req-597f06b3-0219-49fc-8edb-6732c8f6dae1 tempest-AttachVolumeShelveTestJSON-285523204 tempest-AttachVolumeShelveTestJSON-285523204-project] 10.222.0.16 "GET /v2.0/ports?device_id=f1dcee66-cf3c-4e49-8f4c-9177b0a84a3e HTTP/1.1" status: 200 len: 932 time: 0.1866949
Apr 28 22:25:46.842136 dv-cinder-839825-1-smb neutron-server[103349]: DEBUG neutron_lib.callbacks.manager [None req-2e8812bb-649e-44d6-be3e-81da819c7c38 None None] Publish callbacks ['neutron.plugins.ml2.plugin.SecurityGroupDbMixin._ensure_default_security_group_handler-16470483'] for port (9620f00c-a4b3-4d7a-957b-615040cbad54), before_update {{(pid=103349) _notify_loop /usr/local/lib/python3.8/dist-packages/neutron_lib/callbacks/manager.py:176}}
Apr 28 22:25:46.853217 dv-cinder-839825-1-smb neutron-server[103347]: DEBUG neutron_lib.callbacks.manager [None req-8bc5355d-3f15-4cbf-a40f-20d060193065 admin admin] Publish callbacks [] for security_group (fcb630ba-45d4-4a92-8eb9-b505753998ad), precommit_delete {{(pid=103347) _notify_loop /usr/local/lib/python3.8/dist-packages/neutron_lib/callbacks/manager.py:176}}
Apr 28 22:25:46.966526 dv-cinder-839825-1-smb neutron-server[103348]: DEBUG neutron.wsgi [-] (103348) accepted ('10.222.0.16', 60006) {{(pid=103348) server /usr/local/lib/python3.8/dist-packages/eventlet/wsgi.py:1004}}
Apr 28 22:25:46.986061 dv-cinder-839825-1-smb neutron-server[103347]: INFO neutron.wsgi [req-6b1c024a-b802-499f-bccb-9483b2515be4 req-1c435756-0e33-436e-9877-bbc70a2ab8b8 tempest-AttachVolumeShelveTestJSON-285523204 tempest-AttachVolumeShelveTestJSON-285523204-project] 10.222.0.16 "GET /v2.0/security-groups?id=97ae39bf-bed9-4079-98ef-2170339b6a0d&fields=id&fields=name HTTP/1.1" status: 200 len: 312 time: 0.1552949
Apr 28 22:25:47.006404 dv-cinder-839825-1-smb neutron-server[103349]: DEBUG neutron_lib.callbacks.manager [None req-3ab3816f-dbba-4128-af30-bf2927e50cfd None None] Publish callbacks ['neutron.services.segments.db._update_segment_host_mapping_for_agent-8743806371431', 'neutron.plugins.ml2.plugin.Ml2Plugin._retry_binding_revived_agents-16041329'] for agent (00d925d0-7aae-4158-8a2c-cc9baf2a282a), after_update {{(pid=103349) _notify_loop /usr/local/lib/python3.8/dist-packages/neutron_lib/callbacks/manager.py:176}}
Apr 28 22:25:47.018575 dv-cinder-839825-1-smb neutron-server[103348]: DEBUG neutron_lib.callbacks.manager [None req-9d585bc2-bd27-42fd-9b02-5cbb95f82279 admin admin] Publish callbacks [] for security_group (None), before_create {{(pid=103348) _notify_loop /usr/local/lib/python3.8/dist-packages/neutron_lib/callbacks/manager.py:176}}
Apr 28 22:25:47.021966 dv-cinder-839825-1-smb neutron-server[103347]: DEBUG neutron_lib.callbacks.manager [None req-8bc5355d-3f15-4cbf-a40f-20d060193065 admin admin] Publish callbacks ['neutron.plugins.ml2.ovo_rpc._ObjectChangeHandler.handle_event-339521'] for security_group (fcb630ba-45d4-4a92-8eb9-b505753998ad), after_delete {{(pid=103347) _notify_loop /usr/local/lib/python3.8/dist-packages/neutron_lib/callbacks/manager.py:176}}
Apr 28 22:25:47.025076 dv-cinder-839825-1-smb neutron-server[103347]: DEBUG neutron_lib.callbacks.manager [None req-8bc5355d-3f15-4cbf-a40f-20d060193065 admin admin] Publish callbacks [] for security_group (None), before_response {{(pid=103347) _notify_loop /usr/local/lib/python3.8/dist-packages/neutron_lib/callbacks/manager.py:176}}
Apr 28 22:25:47.030648 dv-cinder-839825-1-smb neutron-server[103347]: INFO neutron.wsgi [None req-8bc5355d-3f15-4cbf-a40f-20d060193065 admin admin] 10.222.0.16 "DELETE /v2.0/security-groups/fcb630ba-45d4-4a92-8eb9-b505753998ad HTTP/1.1" status: 204 len: 168 time: 0.5248313
Apr 28 22:25:47.052393 dv-cinder-839825-1-smb neutron-server[103347]: DEBUG neutron.api.rpc.handlers.resources_rpc [None req-8bc5355d-3f15-4cbf-a40f-20d060193065 admin admin] Pushing event deleted for resources: {'SecurityGroup': ['ID=fcb630ba-45d4-4a92-8eb9-b505753998ad,revision_number=None']} {{(pid=103347) push /opt/stack/neutron/neutron/api/rpc/handlers/resources_rpc.py:237}}
Apr 28 22:25:47.052952 dv-cinder-839825-1-smb neutron-server[103349]: DEBUG neutron.db.provisioning_blocks [None req-f0194f01-2164-4905-b66a-4c6d4ed454e5 None None] Provisioning complete for port 51c18628-92cc-4b5a-bf6e-bf3cf85caffa triggered by entity DHCP. {{(pid=103349) provisioning_complete /opt/stack/neutron/neutron/db/provisioning_blocks.py:145}}
Apr 28 22:25:47.053343 dv-cinder-839825-1-smb neutron-server[103349]: DEBUG neutron_lib.callbacks.manager [None req-f0194f01-2164-4905-b66a-4c6d4ed454e5 None None] Publish callbacks ['neutron.plugins.ml2.plugin.Ml2Plugin._port_provisioned-16041171'] for port (51c18628-92cc-4b5a-bf6e-bf3cf85caffa), provisioning_complete {{(pid=103349) _notify_loop /usr/local/lib/python3.8/dist-packages/neutron_lib/callbacks/manager.py:176}}
Apr 28 22:25:47.058077 dv-cinder-839825-1-smb neutron-server[103347]: DEBUG neutron.wsgi [-] (103347) accepted ('10.222.0.16', 60014) {{(pid=103347) server /usr/local/lib/python3.8/dist-packages/eventlet/wsgi.py:1004}}
Apr 28 22:25:47.071606 dv-cinder-839825-1-smb neutron-server[103347]: DEBUG neutron.api.v2.base [None req-87dd2353-ee46-432f-a9c3-a20a213fffe9 tempest-AttachVolumeNegativeTest-1409185148 tempest-AttachVolumeNegativeTest-1409185148-project] Request body: {'security_group': {'name': 'tempest-securitygroup--1386414905', 'description': 'tempest-description--1190310345'}} {{(pid=103347) prepare_request_body /opt/stack/neutron/neutron/api/v2/base.py:730}}
Apr 28 22:25:47.165982 dv-cinder-839825-1-smb neutron-server[103348]: DEBUG neutron_lib.callbacks.manager [None req-9d585bc2-bd27-42fd-9b02-5cbb95f82279 admin admin] Publish callbacks [] for security_group (4bc76f96-1373-4b19-8ad9-05901660e3ce), precommit_create {{(pid=103348) _notify_loop /usr/local/lib/python3.8/dist-packages/neutron_lib/callbacks/manager.py:176}}
Apr 28 22:25:47.173967 dv-cinder-839825-1-smb neutron-server[103348]: DEBUG neutron_lib.callbacks.manager [None req-9d585bc2-bd27-42fd-9b02-5cbb95f82279 admin admin] Publish callbacks ['neutron.plugins.ml2.ovo_rpc._ObjectChangeHandler.handle_event-339521'] for security_group (4bc76f96-1373-4b19-8ad9-05901660e3ce), after_create {{(pid=103348) _notify_loop /usr/local/lib/python3.8/dist-packages/neutron_lib/callbacks/manager.py:176}}
Apr 28 22:25:47.205894 dv-cinder-839825-1-smb neutron-server[103348]: DEBUG neutron.plugins.ml2.db [req-6b5168b2-2e68-4dd8-97b2-184df7bac831 req-deef2507-aae4-4761-8b53-c3b5b486678f service neutron] For port d44c9daf-fbff-452f-86a9-d226e3625e40, host hv-cinder-83982, cleared binding levels {{(pid=103348) clear_binding_levels /opt/stack/neutron/neutron/plugins/ml2/db.py:87}}
Apr 28 22:25:47.224166 dv-cinder-839825-1-smb neutron-server[103349]: DEBUG neutron.plugins.ml2.plugin [None req-f0194f01-2164-4905-b66a-4c6d4ed454e5 None None] Port 51c18628-92cc-4b5a-bf6e-bf3cf85caffa cannot update to ACTIVE because it is not bound. {{(pid=103349) _port_provisioned /opt/stack/neutron/neutron/plugins/ml2/plugin.py:352}}
Apr 28 22:25:47.273844 dv-cinder-839825-1-smb neutron-server[103349]: DEBUG neutron_lib.callbacks.manager [None req-ca60a971-fdb4-4ef9-8047-8b75eec6df56 None None] Publish callbacks ['neutron.services.segments.db._update_segment_host_mapping_for_agent-8743806371431', 'neutron.plugins.ml2.plugin.Ml2Plugin._retry_binding_revived_agents-16041329'] for agent (7158814f-999c-4ad7-95d8-db00327c7b28), after_update {{(pid=103349) _notify_loop /usr/local/lib/python3.8/dist-packages/neutron_lib/callbacks/manager.py:176}}
Apr 28 22:25:47.283526 dv-cinder-839825-1-smb neutron-server[103348]: DEBUG neutron.plugins.ml2.db [req-6b5168b2-2e68-4dd8-97b2-184df7bac831 req-deef2507-aae4-4761-8b53-c3b5b486678f service neutron] For port d44c9daf-fbff-452f-86a9-d226e3625e40, host hv-cinder-83982, set binding levels [PortBindingLevel(driver='hyperv',host='hv-cinder-83982',level=0,port_id=d44c9daf-fbff-452f-86a9-d226e3625e40,segment=NetworkSegment(ee1bc96d-1a33-4838-a17f-466be3735230),segment_id=ee1bc96d-1a33-4838-a17f-466be3735230)] {{(pid=103348) set_binding_levels /opt/stack/neutron/neutron/plugins/ml2/db.py:59}}
Apr 28 22:25:47.291501 dv-cinder-839825-1-smb neutron-server[103348]: DEBUG neutron.api.rpc.handlers.resources_rpc [None req-9d585bc2-bd27-42fd-9b02-5cbb95f82279 admin admin] Pushing event updated for resources: {'SecurityGroup': ['ID=4bc76f96-1373-4b19-8ad9-05901660e3ce,revision_number=1']} {{(pid=103348) push /opt/stack/neutron/neutron/api/rpc/handlers/resources_rpc.py:237}}
Apr 28 22:25:47.318398 dv-cinder-839825-1-smb neutron-server[103348]: INFO neutron.wsgi [None req-9d585bc2-bd27-42fd-9b02-5cbb95f82279 admin admin] 10.222.0.16 "GET /v2.0/security-groups?tenant_id=e1f0841d6b2c4e769f99338646ed3a9f&name=default HTTP/1.1" status: 200 len: 2996 time: 0.3508439
Apr 28 22:25:47.320215 dv-cinder-839825-1-smb neutron-server[103348]: DEBUG neutron.wsgi [-] (103348) accepted ('10.222.0.16', 60020) {{(pid=103348) server /usr/local/lib/python3.8/dist-packages/eventlet/wsgi.py:1004}}
Apr 28 22:25:47.322533 dv-cinder-839825-1-smb neutron-server[103348]: DEBUG neutron_lib.callbacks.manager [req-6b5168b2-2e68-4dd8-97b2-184df7bac831 req-deef2507-aae4-4761-8b53-c3b5b486678f service neutron] Publish callbacks ['neutron.plugins.ml2.plugin.SecurityGroupServerNotifierRpcMixin._notify_sg_on_port_change-16470028', 'neutron.plugins.ml2.ovo_rpc._ObjectChangeHandler.handle_event-127761', 'neutron.api.rpc.agentnotifiers.dhcp_rpc_agent_api.DhcpAgentNotifyAPI._native_event_send_dhcp_notification-535525', 'neutron.db.l3_db.L3RpcNotifierMixin._notify_gateway_port_ip_changed-8743806284252', 'neutron.db.l3_dvrscheduler_db._notify_l3_agent_port_update-8743805859175', 'neutron.db.l3_hascheduler_db._notify_l3_agent_ha_port_update-8743805859193'] for port (d44c9daf-fbff-452f-86a9-d226e3625e40), after_update {{(pid=103348) _notify_loop /usr/local/lib/python3.8/dist-packages/neutron_lib/callbacks/manager.py:176}}
Apr 28 22:25:47.421126 dv-cinder-839825-1-smb neutron-server[103347]: INFO neutron.wsgi [req-9c714c1f-8a82-4bae-80a5-9e06262b5a6c req-328e486c-5130-4354-a538-9743e1886f51 tempest-ServerRescueNegativeTestJSON-697211137 tempest-ServerRescueNegativeTestJSON-697211137-project] 10.222.0.16 "GET /v2.0/ports?device_id=8bb0cefb-1715-4b64-a4ba-4ba97049a594 HTTP/1.1" status: 200 len: 210 time: 0.1227183
Apr 28 22:25:47.425220 dv-cinder-839825-1-smb neutron-server[103348]: DEBUG neutron.wsgi [-] (103348) accepted ('10.222.0.30', 56004) {{(pid=103348) server /usr/local/lib/python3.8/dist-packages/eventlet/wsgi.py:1004}}
Apr 28 22:25:47.432236 dv-cinder-839825-1-smb neutron-server[103348]: DEBUG neutron.api.rpc.handlers.resources_rpc [None req-deef2507-aae4-4761-8b53-c3b5b486678f service neutron] Pushing event updated for resources: {'Port': ['ID=d44c9daf-fbff-452f-86a9-d226e3625e40,revision_number=3']} {{(pid=103348) push /opt/stack/neutron/neutron/api/rpc/handlers/resources_rpc.py:237}}
Apr 28 22:25:47.442616 dv-cinder-839825-1-smb neutron-server[103347]: DEBUG neutron.api.v2.base [req-84ddd1b8-68ac-4476-b808-499ce4864b99 req-1daa9dbe-9e0c-46eb-84ee-63baca4d55a4 service neutron] Request body: {'port': {'device_id': 'f1dcee66-cf3c-4e49-8f4c-9177b0a84a3e', 'device_owner': 'compute:nova', 'binding:host_id': 'hv-cinder-83982'}} {{(pid=103347) prepare_request_body /opt/stack/neutron/neutron/api/v2/base.py:730}}
