Apr 28 22:25:15.269770 dv-cinder-839825-1-smb neutron-server[103348]: L3 agent@dv-cinder-839825-1-smb: {},
Apr 28 22:25:15.269770 dv-cinder-839825-1-smb neutron-server[103348]: Metadata agent@dv-cinder-839825-1-smb: {},
Apr 28 22:25:15.269770 dv-cinder-839825-1-smb neutron-server[103348]: Metering agent@dv-cinder-839825-1-smb: {},
Apr 28 22:25:15.269770 dv-cinder-839825-1-smb neutron-server[103348]: Open vSwitch agent@dv-cinder-839825-1-smb: { 'AddressGroup': '1.2',
Apr 28 22:25:15.269770 dv-cinder-839825-1-smb neutron-server[103348]: 'Agent': '1.1',
Apr 28 22:25:15.269770 dv-cinder-839825-1-smb neutron-server[103348]: 'ConntrackHelper': '1.0',
Apr 28 22:25:15.269770 dv-cinder-839825-1-smb neutron-server[103348]: 'LocalIPAssociation': '1.0',
Apr 28 22:25:15.269770 dv-cinder-839825-1-smb neutron-server[103348]: 'Log': '1.0',
Apr 28 22:25:15.269770 dv-cinder-839825-1-smb neutron-server[103348]: 'NDPProxy': '1.0',
Apr 28 22:25:15.269770 dv-cinder-839825-1-smb neutron-server[103348]: 'Network': '1.1',
Apr 28 22:25:15.269770 dv-cinder-839825-1-smb neutron-server[103348]: 'Port': '1.7',
Apr 28 22:25:15.269770 dv-cinder-839825-1-smb neutron-server[103348]: 'PortForwarding': '1.3',
Apr 28 22:25:15.269770 dv-cinder-839825-1-smb neutron-server[103348]: 'QosPolicy': '1.10',
Apr 28 22:25:15.269770 dv-cinder-839825-1-smb neutron-server[103348]: 'SecurityGroup': '1.5',
Apr 28 22:25:15.269770 dv-cinder-839825-1-smb neutron-server[103348]: 'SecurityGroupRule': '1.2',
Apr 28 22:25:15.269770 dv-cinder-839825-1-smb neutron-server[103348]: 'SubPort': '1.0',
Apr 28 22:25:15.269770 dv-cinder-839825-1-smb neutron-server[103348]: 'Subnet': '1.1',
Apr 28 22:25:15.269770 dv-cinder-839825-1-smb neutron-server[103348]: 'Trunk': '1.1'}}
Apr 28 22:25:15.269770 dv-cinder-839825-1-smb neutron-server[103348]: {{(pid=103348) report /opt/stack/neutron/neutron/api/rpc/callbacks/version_manager.py:175}}
Apr 28 22:25:15.288217 dv-cinder-839825-1-smb neutron-server[103348]: DEBUG neutron.scheduler.dhcp_agent_scheduler [None req-8f8abfa7-4c59-4497-aed4-5bf184db6f04 admin admin] Network a07c094e-4162-429c-8a9e-d9398233945d is scheduled to be hosted by DHCP agent 6f063e2c-fb8b-4b5c-8616-761668c12158 with binding_index 1 {{(pid=103348) bind /opt/stack/neutron/neutron/scheduler/dhcp_agent_scheduler.py:227}}
Apr 28 22:25:15.298287 dv-cinder-839825-1-smb neutron-server[103348]: DEBUG neutron.scheduler.base_scheduler [None req-8f8abfa7-4c59-4497-aed4-5bf184db6f04 admin admin] Resources bound (agent type, host, resource id): (DHCP agent, dv-cinder-839825-1-smb, a07c094e-4162-429c-8a9e-d9398233945d) {{(pid=103348) schedule /opt/stack/neutron/neutron/scheduler/base_scheduler.py:57}}
Apr 28 22:25:15.303478 dv-cinder-839825-1-smb neutron-server[103348]: DEBUG neutron.pecan_wsgi.hooks.policy_enforcement [None req-8f8abfa7-4c59-4497-aed4-5bf184db6f04 admin admin] Attributes excluded by policy engine: ['standard_attr_id', 'shared', 'network'] {{(pid=103348) _exclude_attributes_by_policy /opt/stack/neutron/neutron/pecan_wsgi/hooks/policy_enforcement.py:259}}
Apr 28 22:25:15.304074 dv-cinder-839825-1-smb neutron-server[103348]: DEBUG neutron_lib.callbacks.manager [None req-8f8abfa7-4c59-4497-aed4-5bf184db6f04 admin admin] Publish callbacks ['neutron.api.rpc.agentnotifiers.dhcp_rpc_agent_api.DhcpAgentNotifyAPI._send_dhcp_notification-535499'] for subnet (None), before_response {{(pid=103348) _notify_loop /usr/local/lib/python3.8/dist-packages/neutron_lib/callbacks/manager.py:176}}
Apr 28 22:25:15.313560 dv-cinder-839825-1-smb neutron-server[103349]: DEBUG neutron.api.rpc.handlers.dhcp_rpc [None req-35a3ed8e-0f2f-4515-9166-17fb849db70d None None] Network a07c094e-4162-429c-8a9e-d9398233945d requested from dv-cinder-839825-1-smb {{(pid=103349) get_network_info /opt/stack/neutron/neutron/api/rpc/handlers/dhcp_rpc.py:191}}
Apr 28 22:25:15.327435 dv-cinder-839825-1-smb neutron-server[103348]: INFO neutron.wsgi [None req-8f8abfa7-4c59-4497-aed4-5bf184db6f04 admin admin] 10.222.0.16 "POST /v2.0/subnets HTTP/1.1" status: 201 len: 852 time: 0.4624131
Apr 28 22:25:15.330253 dv-cinder-839825-1-smb neutron-server[103348]: DEBUG neutron.wsgi [-] (103348) accepted ('10.222.0.16', 58810) {{(pid=103348) server /usr/local/lib/python3.8/dist-packages/eventlet/wsgi.py:1004}}
Apr 28 22:25:15.336828 dv-cinder-839825-1-smb neutron-server[103348]: DEBUG neutron.api.v2.base [None req-96c054d5-47ea-4849-a2f2-78ebf8a6e0db admin admin] Request body: {'router': {'name': 'tempest-AttachVolumeShelveTestJSON-643667406-router', 'tenant_id': '8e6be16c3fae46ae8bb1dbf9b4f2a049', 'external_gateway_info': {'network_id': 'cb515c8e-dd8e-4d5e-b5ee-c5c3931a0978'}}} {{(pid=103348) prepare_request_body /opt/stack/neutron/neutron/api/v2/base.py:730}}
Apr 28 22:25:15.373539 dv-cinder-839825-1-smb neutron-server[103348]: DEBUG neutron_lib.callbacks.manager [None req-96c054d5-47ea-4849-a2f2-78ebf8a6e0db admin admin] Publish callbacks ['neutron.services.l3_router.l3_router_plugin.L3_HA_NAT_db_mixin._before_router_create_handler-661173', 'neutron.services.l3_router.service_providers.driver_controller.DriverController._check_router_request-26847'] for router (8c90a018-20c6-4eaa-8308-f2bc3e15242f), before_create {{(pid=103348) _notify_loop /usr/local/lib/python3.8/dist-packages/neutron_lib/callbacks/manager.py:176}}
Apr 28 22:25:15.375290 dv-cinder-839825-1-smb neutron-server[103348]: DEBUG neutron_lib.callbacks.manager [None req-96c054d5-47ea-4849-a2f2-78ebf8a6e0db admin admin] Publish callbacks ['neutron.services.l3_router.l3_router_plugin.L3_HA_NAT_db_mixin._precommit_router_create-660741', 'neutron.services.l3_router.l3_router_plugin.DVRResourceOperationHandler._set_distributed_flag-368565', 'neutron.services.l3_router.l3_router_plugin.RouterAvailabilityZoneMixin._process_az_request-371388', 'neutron.services.l3_router.service_providers.driver_controller.DriverController._set_router_provider-26660'] for router (8c90a018-20c6-4eaa-8308-f2bc3e15242f), precommit_create {{(pid=103348) _notify_loop /usr/local/lib/python3.8/dist-packages/neutron_lib/callbacks/manager.py:176}}
Apr 28 22:25:15.450290 dv-cinder-839825-1-smb neutron-server[103348]: DEBUG neutron_lib.callbacks.manager [None req-96c054d5-47ea-4849-a2f2-78ebf8a6e0db admin admin] Publish callbacks [] for router_controller (8c90a018-20c6-4eaa-8308-f2bc3e15242f), precommit_add_association {{(pid=103348) _notify_loop /usr/local/lib/python3.8/dist-packages/neutron_lib/callbacks/manager.py:176}}
Apr 28 22:25:15.450719 dv-cinder-839825-1-smb neutron-server[103349]: DEBUG neutron.api.rpc.handlers.dhcp_rpc [None req-64d04d2e-6528-4b99-960e-7c7b71296ebe None None] Create dhcp port {'port': {'name': '', 'admin_state_up': True, 'device_id': 'dhcp53978e61-4651-53ef-8fe4-04d8427153ed-a07c094e-4162-429c-8a9e-d9398233945d', 'network_id': 'a07c094e-4162-429c-8a9e-d9398233945d', 'project_id': '8e6be16c3fae46ae8bb1dbf9b4f2a049', 'fixed_ips': [{'subnet_id': '72c74b01-2428-4990-936f-7e7c0f67f498'}]}} from dv-cinder-839825-1-smb. {{(pid=103349) create_dhcp_port /opt/stack/neutron/neutron/api/rpc/handlers/dhcp_rpc.py:268}}
Apr 28 22:25:15.451773 dv-cinder-839825-1-smb neutron-server[103349]: DEBUG neutron_lib.callbacks.manager [None req-64d04d2e-6528-4b99-960e-7c7b71296ebe None None] Publish callbacks ['neutron.plugins.ml2.plugin.SecurityGroupDbMixin._ensure_default_security_group_handler-16470483'] for port (None), before_create {{(pid=103349) _notify_loop /usr/local/lib/python3.8/dist-packages/neutron_lib/callbacks/manager.py:176}}
Apr 28 22:25:15.604092 dv-cinder-839825-1-smb neutron-server[103348]: DEBUG neutron_lib.callbacks.manager [None req-96c054d5-47ea-4849-a2f2-78ebf8a6e0db admin admin] Publish callbacks [] for router_gateway (8c90a018-20c6-4eaa-8308-f2bc3e15242f), precommit_update {{(pid=103348) _notify_loop /usr/local/lib/python3.8/dist-packages/neutron_lib/callbacks/manager.py:176}}
Apr 28 22:25:15.617201 dv-cinder-839825-1-smb neutron-server[103349]: DEBUG neutron.db.db_base_plugin_common [None req-64d04d2e-6528-4b99-960e-7c7b71296ebe None None] Allocated IP 172.20.0.2 (a07c094e-4162-429c-8a9e-d9398233945d/72c74b01-2428-4990-936f-7e7c0f67f498/c884df86-033b-4238-b87f-004a44ef5e28) {{(pid=103349) _store_ip_allocation /opt/stack/neutron/neutron/db/db_base_plugin_common.py:131}}
Apr 28 22:25:15.813274 dv-cinder-839825-1-smb neutron-server[103349]: DEBUG neutron_lib.callbacks.manager [None req-64d04d2e-6528-4b99-960e-7c7b71296ebe None None] Publish callbacks [] for port (c884df86-033b-4238-b87f-004a44ef5e28), precommit_create {{(pid=103349) _notify_loop /usr/local/lib/python3.8/dist-packages/neutron_lib/callbacks/manager.py:176}}
Apr 28 22:25:15.831070 dv-cinder-839825-1-smb neutron-server[103349]: DEBUG neutron_lib.callbacks.manager [None req-64d04d2e-6528-4b99-960e-7c7b71296ebe None None] Publish callbacks ['neutron.plugins.ml2.plugin.SecurityGroupServerNotifierRpcMixin._notify_sg_on_port_change-16470028', 'neutron.plugins.ml2.ovo_rpc._ObjectChangeHandler.handle_event-127761', 'neutron.api.rpc.agentnotifiers.dhcp_rpc_agent_api.DhcpAgentNotifyAPI._native_event_send_dhcp_notification-535525', 'neutron.db.l3_dvrscheduler_db._notify_l3_agent_new_port-8743805859157'] for port (c884df86-033b-4238-b87f-004a44ef5e28), after_create {{(pid=103349) _notify_loop /usr/local/lib/python3.8/dist-packages/neutron_lib/callbacks/manager.py:176}}
Apr 28 22:25:15.860540 dv-cinder-839825-1-smb neutron-server[103348]: DEBUG neutron_lib.callbacks.manager [None req-96c054d5-47ea-4849-a2f2-78ebf8a6e0db admin admin] Publish callbacks [] for router_gateway (8c90a018-20c6-4eaa-8308-f2bc3e15242f), before_create {{(pid=103348) _notify_loop /usr/local/lib/python3.8/dist-packages/neutron_lib/callbacks/manager.py:176}}
Apr 28 22:25:15.883641 dv-cinder-839825-1-smb neutron-server[103348]: DEBUG neutron_lib.callbacks.manager [None req-96c054d5-47ea-4849-a2f2-78ebf8a6e0db admin admin] Publish callbacks ['neutron.plugins.ml2.plugin.SecurityGroupDbMixin._ensure_default_security_group_handler-16470483'] for port (None), before_create {{(pid=103348) _notify_loop /usr/local/lib/python3.8/dist-packages/neutron_lib/callbacks/manager.py:176}}
Apr 28 22:25:15.884587 dv-cinder-839825-1-smb neutron-server[103349]: DEBUG neutron.scheduler.dhcp_agent_scheduler [None req-64d04d2e-6528-4b99-960e-7c7b71296ebe None None] Network a07c094e-4162-429c-8a9e-d9398233945d is already hosted by enough agents. {{(pid=103349) _get_dhcp_agents_hosting_network /opt/stack/neutron/neutron/scheduler/dhcp_agent_scheduler.py:275}}
Apr 28 22:25:15.890944 dv-cinder-839825-1-smb neutron-server[103349]: DEBUG neutron.scheduler.base_scheduler [None req-64d04d2e-6528-4b99-960e-7c7b71296ebe None None] Resources bound (agent type, host, resource id): {{(pid=103349) schedule /opt/stack/neutron/neutron/scheduler/base_scheduler.py:57}}
Apr 28 22:25:15.898340 dv-cinder-839825-1-smb neutron-server[103349]: DEBUG neutron.db.l3_dvrscheduler_db [None req-64d04d2e-6528-4b99-960e-7c7b71296ebe None None] Received port after_create {{(pid=103349) _notify_l3_agent_new_port /opt/stack/neutron/neutron/db/l3_dvrscheduler_db.py:536}}
Apr 28 22:25:15.907823 dv-cinder-839825-1-smb neutron-server[103349]: DEBUG neutron.api.rpc.handlers.resources_rpc [None req-64d04d2e-6528-4b99-960e-7c7b71296ebe None None] Pushing event updated for resources: {'Port': ['ID=c884df86-033b-4238-b87f-004a44ef5e28,revision_number=1']} {{(pid=103349) push /opt/stack/neutron/neutron/api/rpc/handlers/resources_rpc.py:237}}
Apr 28 22:25:15.936420 dv-cinder-839825-1-smb neutron-server[103349]: DEBUG neutron.api.rpc.callbacks.version_manager [None req-64d04d2e-6528-4b99-960e-7c7b71296ebe None None] Version for resource type AddressGroup changed None to 1.2 on consumer Open vSwitch agent@dv-cinder-839825-1-smb {{(pid=103349) _set_version /opt/stack/neutron/neutron/api/rpc/callbacks/version_manager.py:113}}
Apr 28 22:25:15.936909 dv-cinder-839825-1-smb neutron-server[103349]: DEBUG neutron.api.rpc.callbacks.version_manager [None req-64d04d2e-6528-4b99-960e-7c7b71296ebe None None] Version for resource type Agent changed None to 1.1 on consumer Open vSwitch agent@dv-cinder-839825-1-smb {{(pid=103349) _set_version /opt/stack/neutron/neutron/api/rpc/callbacks/version_manager.py:113}}
Apr 28 22:25:15.937346 dv-cinder-839825-1-smb neutron-server[103349]: DEBUG neutron.api.rpc.callbacks.version_manager [None req-64d04d2e-6528-4b99-960e-7c7b71296ebe None None] Version for resource type ConntrackHelper changed None to 1.0 on consumer Open vSwitch agent@dv-cinder-839825-1-smb {{(pid=103349) _set_version /opt/stack/neutron/neutron/api/rpc/callbacks/version_manager.py:113}}
Apr 28 22:25:15.938275 dv-cinder-839825-1-smb neutron-server[103349]: DEBUG neutron.api.rpc.callbacks.version_manager [None req-64d04d2e-6528-4b99-960e-7c7b71296ebe None None] Version for resource type LocalIPAssociation changed None to 1.0 on consumer Open vSwitch agent@dv-cinder-839825-1-smb {{(pid=103349) _set_version /opt/stack/neutron/neutron/api/rpc/callbacks/version_manager.py:113}}
Apr 28 22:25:15.938718 dv-cinder-839825-1-smb neutron-server[103349]: DEBUG neutron.api.rpc.callbacks.version_manager [None req-64d04d2e-6528-4b99-960e-7c7b71296ebe None None] Version for resource type Log changed None to 1.0 on consumer Open vSwitch agent@dv-cinder-839825-1-smb {{(pid=103349) _set_version /opt/stack/neutron/neutron/api/rpc/callbacks/version_manager.py:113}}
Apr 28 22:25:15.939196 dv-cinder-839825-1-smb neutron-server[103349]: DEBUG neutron.api.rpc.callbacks.version_manager [None req-64d04d2e-6528-4b99-960e-7c7b71296ebe None None] Version for resource type NDPProxy changed None to 1.0 on consumer Open vSwitch agent@dv-cinder-839825-1-smb {{(pid=103349) _set_version /opt/stack/neutron/neutron/api/rpc/callbacks/version_manager.py:113}}
Apr 28 22:25:15.939842 dv-cinder-839825-1-smb neutron-server[103349]: DEBUG neutron.api.rpc.callbacks.version_manager [None req-64d04d2e-6528-4b99-960e-7c7b71296ebe None None] Version for resource type Network changed None to 1.1 on consumer Open vSwitch agent@dv-cinder-839825-1-smb {{(pid=103349) _set_version /opt/stack/neutron/neutron/api/rpc/callbacks/version_manager.py:113}}
Apr 28 22:25:15.940273 dv-cinder-839825-1-smb neutron-server[103349]: DEBUG neutron.api.rpc.callbacks.version_manager [None req-64d04d2e-6528-4b99-960e-7c7b71296ebe None None] Version for resource type Port changed None to 1.7 on consumer Open vSwitch agent@dv-cinder-839825-1-smb {{(pid=103349) _set_version /opt/stack/neutron/neutron/api/rpc/callbacks/version_manager.py:113}}
Apr 28 22:25:15.940747 dv-cinder-839825-1-smb neutron-server[103349]: DEBUG neutron.api.rpc.callbacks.version_manager [None req-64d04d2e-6528-4b99-960e-7c7b71296ebe None None] Version for resource type PortForwarding changed None to 1.3 on consumer Open vSwitch agent@dv-cinder-839825-1-smb {{(pid=103349) _set_version /opt/stack/neutron/neutron/api/rpc/callbacks/version_manager.py:113}}
Apr 28 22:25:15.941129 dv-cinder-839825-1-smb neutron-server[103349]: DEBUG neutron.api.rpc.callbacks.version_manager [None req-64d04d2e-6528-4b99-960e-7c7b71296ebe None None] Version for resource type QosPolicy changed None to 1.10 on consumer Open vSwitch agent@dv-cinder-839825-1-smb {{(pid=103349) _set_version /opt/stack/neutron/neutron/api/rpc/callbacks/version_manager.py:113}}
Apr 28 22:25:15.941571 dv-cinder-839825-1-smb neutron-server[103349]: DEBUG neutron.api.rpc.callbacks.version_manager [None req-64d04d2e-6528-4b99-960e-7c7b71296ebe None None] Version for resource type SecurityGroup changed None to 1.5 on consumer Open vSwitch agent@dv-cinder-839825-1-smb {{(pid=103349) _set_version /opt/stack/neutron/neutron/api/rpc/callbacks/version_manager.py:113}}
Apr 28 22:25:15.942244 dv-cinder-839825-1-smb neutron-server[103349]: DEBUG neutron.api.rpc.callbacks.version_manager [None req-64d04d2e-6528-4b99-960e-7c7b71296ebe None None] Version for resource type SecurityGroupRule changed None to 1.2 on consumer Open vSwitch agent@dv-cinder-839825-1-smb {{(pid=103349) _set_version /opt/stack/neutron/neutron/api/rpc/callbacks/version_manager.py:113}}
Apr 28 22:25:15.943083 dv-cinder-839825-1-smb neutron-server[103349]: DEBUG neutron.api.rpc.callbacks.version_manager [None req-64d04d2e-6528-4b99-960e-7c7b71296ebe None None] Version for resource type SubPort changed None to 1.0 on consumer Open vSwitch agent@dv-cinder-839825-1-smb {{(pid=103349) _set_version /opt/stack/neutron/neutron/api/rpc/callbacks/version_manager.py:113}}
Apr 28 22:25:15.943506 dv-cinder-839825-1-smb neutron-server[103349]: DEBUG neutron.api.rpc.callbacks.version_manager [None req-64d04d2e-6528-4b99-960e-7c7b71296ebe None None] Version for resource type Subnet changed None to 1.1 on consumer Open vSwitch agent@dv-cinder-839825-1-smb {{(pid=103349) _set_version /opt/stack/neutron/neutron/api/rpc/callbacks/version_manager.py:113}}
Apr 28 22:25:15.944178 dv-cinder-839825-1-smb neutron-server[103349]: DEBUG neutron.api.rpc.callbacks.version_manager [None req-64d04d2e-6528-4b99-960e-7c7b71296ebe None None] Version for resource type Trunk changed None to 1.1 on consumer Open vSwitch agent@dv-cinder-839825-1-smb {{(pid=103349) _set_version /opt/stack/neutron/neutron/api/rpc/callbacks/version_manager.py:113}}
Apr 28 22:25:15.945883 dv-cinder-839825-1-smb neutron-server[103349]: DEBUG neutron.api.rpc.callbacks.version_manager [None req-64d04d2e-6528-4b99-960e-7c7b71296ebe None None] Tracked resource versions report:
Apr 28 22:25:15.945883 dv-cinder-839825-1-smb neutron-server[103349]: pushed versions:
Apr 28 22:25:15.945883 dv-cinder-839825-1-smb neutron-server[103349]: { 'AddressGroup': {'1.2'},
Apr 28 22:25:15.945883 dv-cinder-839825-1-smb neutron-server[103349]: 'Agent': {'1.1'},
Apr 28 22:25:15.945883 dv-cinder-839825-1-smb neutron-server[103349]: 'ConntrackHelper': {'1.0'},
Apr 28 22:25:15.945883 dv-cinder-839825-1-smb neutron-server[103349]: 'LocalIPAssociation': {'1.0'},
Apr 28 22:25:15.945883 dv-cinder-839825-1-smb neutron-server[103349]: 'Log': {'1.0'},
Apr 28 22:25:15.945883 dv-cinder-839825-1-smb neutron-server[103349]: 'NDPProxy': {'1.0'},
Apr 28 22:25:15.945883 dv-cinder-839825-1-smb neutron-server[103349]: 'Network': {'1.1'},
Apr 28 22:25:15.945883 dv-cinder-839825-1-smb neutron-server[103349]: 'Port': {'1.7'},
Apr 28 22:25:15.945883 dv-cinder-839825-1-smb neutron-server[103349]: 'PortForwarding': {'1.3'},
Apr 28 22:25:15.945883 dv-cinder-839825-1-smb neutron-server[103349]: 'QosPolicy': {'1.10'},
Apr 28 22:25:15.945883 dv-cinder-839825-1-smb neutron-server[103349]: 'SecurityGroup': {'1.5'},
Apr 28 22:25:15.945883 dv-cinder-839825-1-smb neutron-server[103349]: 'SecurityGroupRule': {'1.2'},
Apr 28 22:25:15.945883 dv-cinder-839825-1-smb neutron-server[103349]: 'SubPort': {'1.0'},
Apr 28 22:25:15.945883 dv-cinder-839825-1-smb neutron-server[103349]: 'Subnet': {'1.1'},
Apr 28 22:25:15.945883 dv-cinder-839825-1-smb neutron-server[103349]: 'Trunk': {'1.1'}}
Apr 28 22:25:15.945883 dv-cinder-839825-1-smb neutron-server[103349]: consumer versions:
Apr 28 22:25:15.945883 dv-cinder-839825-1-smb neutron-server[103349]: { DHCP agent@dv-cinder-839825-1-smb: {},
Apr 28 22:25:15.945883 dv-cinder-839825-1-smb neutron-server[103349]: HyperV agent@hv-cinder-83982: {},
Apr 28 22:25:15.945883 dv-cinder-839825-1-smb neutron-server[103349]: L3 agent@dv-cinder-839825-1-smb: {},
Apr 28 22:25:15.945883 dv-cinder-839825-1-smb neutron-server[103349]: Metadata agent@dv-cinder-839825-1-smb: {},
Apr 28 22:25:15.945883 dv-cinder-839825-1-smb neutron-server[103349]: Metering agent@dv-cinder-839825-1-smb: {},
Apr 28 22:25:15.945883 dv-cinder-839825-1-smb neutron-server[103349]: Open vSwitch agent@dv-cinder-839825-1-smb: { 'AddressGroup': '1.2',
Apr 28 22:25:15.945883 dv-cinder-839825-1-smb neutron-server[103349]: 'Agent': '1.1',
Apr 28 22:25:15.945883 dv-cinder-839825-1-smb neutron-server[103349]: 'ConntrackHelper': '1.0',
Apr 28 22:25:15.945883 dv-cinder-839825-1-smb neutron-server[103349]: 'LocalIPAssociation': '1.0',
Apr 28 22:25:15.945883 dv-cinder-839825-1-smb neutron-server[103349]: 'Log': '1.0',
Apr 28 22:25:15.945883 dv-cinder-839825-1-smb neutron-server[103349]: 'NDPProxy': '1.0',
Apr 28 22:25:15.945883 dv-cinder-839825-1-smb neutron-server[103349]: 'Network': '1.1',
Apr 28 22:25:15.945883 dv-cinder-839825-1-smb neutron-server[103349]: 'Port': '1.7',
Apr 28 22:25:15.945883 dv-cinder-839825-1-smb neutron-server[103349]: 'PortForwarding': '1.3',
Apr 28 22:25:15.945883 dv-cinder-839825-1-smb neutron-server[103349]: 'QosPolicy': '1.10',
Apr 28 22:25:15.945883 dv-cinder-839825-1-smb neutron-server[103349]: 'SecurityGroup': '1.5',
Apr 28 22:25:15.945883 dv-cinder-839825-1-smb neutron-server[103349]: 'SecurityGroupRule': '1.2',
Apr 28 22:25:15.945883 dv-cinder-839825-1-smb neutron-server[103349]: 'SubPort': '1.0',
Apr 28 22:25:15.945883 dv-cinder-839825-1-smb neutron-server[103349]: 'Subnet': '1.1',
Apr 28 22:25:15.945883 dv-cinder-839825-1-smb neutron-server[103349]: 'Trunk': '1.1'}}
Apr 28 22:25:15.945883 dv-cinder-839825-1-smb neutron-server[103349]: {{(pid=103349) report /opt/stack/neutron/neutron/api/rpc/callbacks/version_manager.py:175}}
Apr 28 22:25:15.957227 dv-cinder-839825-1-smb neutron-server[103347]: DEBUG neutron.wsgi [-] (103347) accepted ('10.222.0.16', 58850) {{(pid=103347) server /usr/local/lib/python3.8/dist-packages/eventlet/wsgi.py:1004}}
Apr 28 22:25:15.992353 dv-cinder-839825-1-smb neutron-server[103349]: DEBUG neutron.plugins.ml2.managers [None req-64d04d2e-6528-4b99-960e-7c7b71296ebe None None] Attempting to bind port c884df86-033b-4238-b87f-004a44ef5e28 on host dv-cinder-839825-1-smb for vnic_type normal with profile {{(pid=103349) bind_port /opt/stack/neutron/neutron/plugins/ml2/managers.py:795}}
Apr 28 22:25:15.992801 dv-cinder-839825-1-smb neutron-server[103349]: DEBUG neutron.plugins.ml2.managers [None req-64d04d2e-6528-4b99-960e-7c7b71296ebe None None] Attempting to bind port c884df86-033b-4238-b87f-004a44ef5e28 by drivers openvswitch,hyperv on host dv-cinder-839825-1-smb at level 0 using segments [{'id': '150aaec1-9a50-439d-8927-f2fbc9494887', 'network_type': 'vlan', 'physical_network': 'physnet1', 'segmentation_id': 120, 'network_id': 'a07c094e-4162-429c-8a9e-d9398233945d'}] {{(pid=103349) _bind_port_level /opt/stack/neutron/neutron/plugins/ml2/managers.py:820}}
Apr 28 22:25:15.993271 dv-cinder-839825-1-smb neutron-server[103349]: DEBUG neutron.plugins.ml2.drivers.mech_agent [None req-64d04d2e-6528-4b99-960e-7c7b71296ebe None None] Attempting to bind port c884df86-033b-4238-b87f-004a44ef5e28 on network a07c094e-4162-429c-8a9e-d9398233945d {{(pid=103349) bind_port /opt/stack/neutron/neutron/plugins/ml2/drivers/mech_agent.py:91}}
Apr 28 22:25:15.999099 dv-cinder-839825-1-smb neutron-server[103349]: DEBUG neutron.plugins.ml2.drivers.mech_agent [None req-64d04d2e-6528-4b99-960e-7c7b71296ebe None None] Checking agent: {'id': '00d925d0-7aae-4158-8a2c-cc9baf2a282a', 'agent_type': 'Open vSwitch agent', 'binary': 'neutron-openvswitch-agent', 'topic': 'N/A', 'host': 'dv-cinder-839825-1-smb', 'admin_state_up': True, 'created_at': datetime.datetime(2022, 4, 28, 22, 16, 47), 'started_at': datetime.datetime(2022, 4, 28, 22, 17, 17), 'heartbeat_timestamp': datetime.datetime(2022, 4, 28, 22, 24, 47), 'description': None, 'resources_synced': None, 'availability_zone': None, 'alive': True, 'configurations': {'arp_responder_enabled': False, 'baremetal_smartnic': False, 'bridge_mappings': {'physnet1': 'br-data'}, 'datapath_type': 'system', 'devices': 0, 'enable_distributed_routing': False, 'extensions': [], 'in_distributed_mode': False, 'integration_bridge': 'br-int', 'l2_population': False, 'log_agent_heartbeats': False, 'ovs_capabilities': {'datapath_types': ['netdev', 'system'], 'iface_types': ['erspan', 'geneve', 'gre', 'internal', 'ip6erspan', 'ip6gre', 'lisp', 'patch', 'stt', 'system', 'tap', 'vxlan']}, 'ovs_hybrid_plug': False, 'resource_provider_bandwidths': {}, 'resource_provider_hypervisors': {'br-data': 'dv-cinder-839825-1-smb'}, 'resource_provider_inventory_defaults': {'allocation_ratio': 1.0, 'min_unit': 1, 'step_size': 1, 'reserved': 0}, 'resource_provider_packet_processing_inventory_defaults': {'allocation_ratio': 1.0, 'min_unit': 1, 'step_size': 1, 'reserved': 0}, 'resource_provider_packet_processing_with_direction': {}, 'resource_provider_packet_processing_without_direction': {}, 'tunnel_types': [], 'tunneling_ip': None, 'vhostuser_socket_dir': '/var/run/openvswitch'}, 'resource_versions': {'AddressGroup': '1.2', 'Agent': '1.1', 'ConntrackHelper': '1.0', 'LocalIPAssociation': '1.0', 'Log': '1.0', 'NDPProxy': '1.0', 'Network': '1.1', 'Port': '1.7', 'PortForwarding': '1.3', 'QosPolicy': '1.10', 'SecurityGroup': '1.5', 'SecurityGroupRule': '1.2', 'SubPort': '1.0', 'Subnet': '1.1', 'Trunk': '1.1'}} {{(pid=103349) bind_port /opt/stack/neutron/neutron/plugins/ml2/drivers/mech_agent.py:110}}
Apr 28 22:25:15.999609 dv-cinder-839825-1-smb neutron-server[103349]: DEBUG neutron.plugins.ml2.drivers.mech_agent [None req-64d04d2e-6528-4b99-960e-7c7b71296ebe None None] Checking segment: {'id': '150aaec1-9a50-439d-8927-f2fbc9494887', 'network_type': 'vlan', 'physical_network': 'physnet1', 'segmentation_id': 120, 'network_id': 'a07c094e-4162-429c-8a9e-d9398233945d'} for mappings: {'physnet1': 'br-data'} with network types: ['local', 'flat', 'vlan'] {{(pid=103349) check_segment_for_agent /opt/stack/neutron/neutron/plugins/ml2/drivers/mech_agent.py:373}}
Apr 28 22:25:16.000012 dv-cinder-839825-1-smb neutron-server[103349]: DEBUG neutron_lib.callbacks.manager [None req-64d04d2e-6528-4b99-960e-7c7b71296ebe None None] Publish callbacks [] for ovs_bridge_name (None), before_read {{(pid=103349) _notify_loop /usr/local/lib/python3.8/dist-packages/neutron_lib/callbacks/manager.py:176}}
Apr 28 22:25:16.000398 dv-cinder-839825-1-smb neutron-server[103349]: DEBUG neutron.plugins.ml2.drivers.mech_agent [None req-64d04d2e-6528-4b99-960e-7c7b71296ebe None None] Bound using segment: {'id': '150aaec1-9a50-439d-8927-f2fbc9494887', 'network_type': 'vlan', 'physical_network': 'physnet1', 'segmentation_id': 120, 'network_id': 'a07c094e-4162-429c-8a9e-d9398233945d'} {{(pid=103349) bind_port /opt/stack/neutron/neutron/plugins/ml2/drivers/mech_agent.py:120}}
Apr 28 22:25:16.000869 dv-cinder-839825-1-smb neutron-server[103349]: DEBUG neutron.plugins.ml2.managers [None req-64d04d2e-6528-4b99-960e-7c7b71296ebe None None] Bound port: c884df86-033b-4238-b87f-004a44ef5e28, host: dv-cinder-839825-1-smb, vif_type: ovs, vif_details: {"connectivity": "l2", "port_filter": true, "ovs_hybrid_plug": false, "datapath_type": "system", "bridge_name": "br-int"}, binding_levels: [{'bound_driver': 'openvswitch', 'bound_segment': {'id': '150aaec1-9a50-439d-8927-f2fbc9494887', 'network_type': 'vlan', 'physical_network': 'physnet1', 'segmentation_id': 120, 'network_id': 'a07c094e-4162-429c-8a9e-d9398233945d'}}] {{(pid=103349) _bind_port_level /opt/stack/neutron/neutron/plugins/ml2/managers.py:932}}
Apr 28 22:25:16.001246 dv-cinder-839825-1-smb neutron-server[103349]: DEBUG neutron_lib.callbacks.manager [None req-64d04d2e-6528-4b99-960e-7c7b71296ebe None None] Publish callbacks ['neutron.plugins.ml2.plugin.SecurityGroupDbMixin._ensure_default_security_group_handler-16470483'] for port (c884df86-033b-4238-b87f-004a44ef5e28), before_update {{(pid=103349) _notify_loop /usr/local/lib/python3.8/dist-packages/neutron_lib/callbacks/manager.py:176}}
Apr 28 22:25:16.008823 dv-cinder-839825-1-smb neutron-server[103348]: DEBUG neutron.db.db_base_plugin_common [None req-96c054d5-47ea-4849-a2f2-78ebf8a6e0db admin admin] Allocated IP 172.28.3.147 (cb515c8e-dd8e-4d5e-b5ee-c5c3931a0978/8e0e839f-9400-4124-aa5f-e69c82836fc8/fdfaea9c-dcda-46fb-9403-0810af9eedb2) {{(pid=103348) _store_ip_allocation /opt/stack/neutron/neutron/db/db_base_plugin_common.py:131}}
Apr 28 22:25:16.069355 dv-cinder-839825-1-smb neutron-server[103349]: DEBUG neutron.plugins.ml2.db [None req-64d04d2e-6528-4b99-960e-7c7b71296ebe None None] For port c884df86-033b-4238-b87f-004a44ef5e28, host dv-cinder-839825-1-smb, cleared binding levels {{(pid=103349) clear_binding_levels /opt/stack/neutron/neutron/plugins/ml2/db.py:87}}
Apr 28 22:25:16.072783 dv-cinder-839825-1-smb neutron-server[103349]: DEBUG neutron.plugins.ml2.db [None req-64d04d2e-6528-4b99-960e-7c7b71296ebe None None] For port c884df86-033b-4238-b87f-004a44ef5e28, host dv-cinder-839825-1-smb, set binding levels [PortBindingLevel(driver='openvswitch',host='dv-cinder-839825-1-smb',level=0,port_id=c884df86-033b-4238-b87f-004a44ef5e28,segment=NetworkSegment(150aaec1-9a50-439d-8927-f2fbc9494887),segment_id=150aaec1-9a50-439d-8927-f2fbc9494887)] {{(pid=103349) set_binding_levels /opt/stack/neutron/neutron/plugins/ml2/db.py:59}}
Apr 28 22:25:16.083946 dv-cinder-839825-1-smb neutron-server[103349]: DEBUG neutron_lib.callbacks.manager [None req-64d04d2e-6528-4b99-960e-7c7b71296ebe None None] Publish callbacks ['neutron.plugins.ml2.plugin.SecurityGroupServerNotifierRpcMixin._notify_sg_on_port_change-16470028', 'neutron.plugins.ml2.ovo_rpc._ObjectChangeHandler.handle_event-127761', 'neutron.api.rpc.agentnotifiers.dhcp_rpc_agent_api.DhcpAgentNotifyAPI._native_event_send_dhcp_notification-535525', 'neutron.db.l3_db.L3RpcNotifierMixin._notify_gateway_port_ip_changed-8743806284252', 'neutron.db.l3_dvrscheduler_db._notify_l3_agent_port_update-8743805859175', 'neutron.db.l3_hascheduler_db._notify_l3_agent_ha_port_update-8743805859193'] for port (c884df86-033b-4238-b87f-004a44ef5e28), after_update {{(pid=103349) _notify_loop /usr/local/lib/python3.8/dist-packages/neutron_lib/callbacks/manager.py:176}}
Apr 28 22:25:16.194492 dv-cinder-839825-1-smb neutron-server[103349]: DEBUG neutron.api.rpc.handlers.resources_rpc [None req-64d04d2e-6528-4b99-960e-7c7b71296ebe None None] Pushing event updated for resources: {'Port': ['ID=c884df86-033b-4238-b87f-004a44ef5e28,revision_number=2']} {{(pid=103349) push /opt/stack/neutron/neutron/api/rpc/handlers/resources_rpc.py:237}}
Apr 28 22:25:16.209950 dv-cinder-839825-1-smb neutron-server[103348]: DEBUG neutron.wsgi [-] (103348) accepted ('10.222.0.16', 58854) {{(pid=103348) server /usr/local/lib/python3.8/dist-packages/eventlet/wsgi.py:1004}}
Apr 28 22:25:16.232888 dv-cinder-839825-1-smb neutron-server[103348]: DEBUG neutron_lib.callbacks.manager [None req-96c054d5-47ea-4849-a2f2-78ebf8a6e0db admin admin] Publish callbacks [] for port (fdfaea9c-dcda-46fb-9403-0810af9eedb2), precommit_create {{(pid=103348) _notify_loop /usr/local/lib/python3.8/dist-packages/neutron_lib/callbacks/manager.py:176}}
Apr 28 22:25:16.282444 dv-cinder-839825-1-smb neutron-server[103347]: DEBUG neutron.wsgi [-] (103347) accepted ('10.222.0.16', 58858) {{(pid=103347) server /usr/local/lib/python3.8/dist-packages/eventlet/wsgi.py:1004}}
Apr 28 22:25:16.329953 dv-cinder-839825-1-smb neutron-server[103348]: DEBUG neutron_lib.callbacks.manager [None req-96c054d5-47ea-4849-a2f2-78ebf8a6e0db admin admin] Publish callbacks ['neutron.plugins.ml2.plugin.SecurityGroupServerNotifierRpcMixin._notify_sg_on_port_change-16470028', 'neutron.plugins.ml2.ovo_rpc._ObjectChangeHandler.handle_event-127761', 'neutron.api.rpc.agentnotifiers.dhcp_rpc_agent_api.DhcpAgentNotifyAPI._native_event_send_dhcp_notification-535525', 'neutron.db.l3_dvrscheduler_db._notify_l3_agent_new_port-8743805859157'] for port (fdfaea9c-dcda-46fb-9403-0810af9eedb2), after_create {{(pid=103348) _notify_loop /usr/local/lib/python3.8/dist-packages/neutron_lib/callbacks/manager.py:176}}
Apr 28 22:25:16.376564 dv-cinder-839825-1-smb neutron-server[103348]: DEBUG neutron.scheduler.dhcp_agent_scheduler [None req-96c054d5-47ea-4849-a2f2-78ebf8a6e0db admin admin] Network cb515c8e-dd8e-4d5e-b5ee-c5c3931a0978 is already hosted by enough agents. {{(pid=103348) _get_dhcp_agents_hosting_network /opt/stack/neutron/neutron/scheduler/dhcp_agent_scheduler.py:275}}
Apr 28 22:25:16.382896 dv-cinder-839825-1-smb neutron-server[103348]: DEBUG neutron.scheduler.base_scheduler [None req-96c054d5-47ea-4849-a2f2-78ebf8a6e0db admin admin] Resources bound (agent type, host, resource id): {{(pid=103348) schedule /opt/stack/neutron/neutron/scheduler/base_scheduler.py:57}}
Apr 28 22:25:16.388874 dv-cinder-839825-1-smb neutron-server[103348]: DEBUG neutron.db.l3_dvrscheduler_db [None req-96c054d5-47ea-4849-a2f2-78ebf8a6e0db admin admin] Received port after_create {{(pid=103348) _notify_l3_agent_new_port /opt/stack/neutron/neutron/db/l3_dvrscheduler_db.py:536}}
Apr 28 22:25:16.487226 dv-cinder-839825-1-smb neutron-server[103348]: DEBUG neutron.api.rpc.handlers.resources_rpc [None req-96c054d5-47ea-4849-a2f2-78ebf8a6e0db admin admin] Pushing event updated for resources: {'Port': ['ID=fdfaea9c-dcda-46fb-9403-0810af9eedb2,revision_number=1']} {{(pid=103348) push /opt/stack/neutron/neutron/api/rpc/handlers/resources_rpc.py:237}}
Apr 28 22:25:16.605693 dv-cinder-839825-1-smb neutron-server[103347]: DEBUG neutron.api.v2.base [None req-bbbfc552-75b5-4969-ae33-1cdea3a119d5 admin admin] Request body: {'network': {'name': 'tempest-DeleteServersTestJSON-850755570-network', 'tenant_id': '048f56bc706043c3924dbe2d7aadf255'}} {{(pid=103347) prepare_request_body /opt/stack/neutron/neutron/api/v2/base.py:730}}
Apr 28 22:25:16.664097 dv-cinder-839825-1-smb neutron-server[103347]: DEBUG neutron.pecan_wsgi.hooks.quota_enforcement [None req-bbbfc552-75b5-4969-ae33-1cdea3a119d5 admin admin] Made reservation on behalf of 048f56bc706043c3924dbe2d7aadf255 for: {'network': 1} {{(pid=103347) before /opt/stack/neutron/neutron/pecan_wsgi/hooks/quota_enforcement.py:53}}
Apr 28 22:25:16.671990 dv-cinder-839825-1-smb neutron-server[103347]: DEBUG neutron_lib.callbacks.manager [None req-bbbfc552-75b5-4969-ae33-1cdea3a119d5 admin admin] Publish callbacks ['neutron.plugins.ml2.plugin.SecurityGroupDbMixin._ensure_default_security_group_handler-16470483'] for network (None), before_create {{(pid=103347) _notify_loop /usr/local/lib/python3.8/dist-packages/neutron_lib/callbacks/manager.py:176}}
Apr 28 22:25:16.694690 dv-cinder-839825-1-smb neutron-server[103347]: DEBUG neutron.api.v2.base [None req-7e926af7-a3e2-4337-ad71-7e66885a26e9 admin admin] Request body: {'network': {'name': 'tempest-ServerRescueNegativeTestJSON-329414937-network', 'tenant_id': 'bd270ac2ec194cf2bf5dbe21000e3f6a'}} {{(pid=103347) prepare_request_body /opt/stack/neutron/neutron/api/v2/base.py:730}}
Apr 28 22:25:16.712893 dv-cinder-839825-1-smb neutron-server[103347]: DEBUG neutron_lib.callbacks.manager [None req-bbbfc552-75b5-4969-ae33-1cdea3a119d5 admin admin] Publish callbacks [] for security_group (None), before_create {{(pid=103347) _notify_loop /usr/local/lib/python3.8/dist-packages/neutron_lib/callbacks/manager.py:176}}
Apr 28 22:25:16.792743 dv-cinder-839825-1-smb neutron-server[103348]: DEBUG neutron.api.v2.base [None req-b6cfd1f8-3548-41f3-87e5-84410f94bdc1 admin admin] Request body: {'network': {'name': 'tempest-AttachVolumeNegativeTest-1233661175-network', 'tenant_id': 'b9f278c569264a5585268bbbd745159f'}} {{(pid=103348) prepare_request_body /opt/stack/neutron/neutron/api/v2/base.py:730}}
Apr 28 22:25:16.838921 dv-cinder-839825-1-smb neutron-server[103347]: DEBUG neutron_lib.callbacks.manager [None req-bbbfc552-75b5-4969-ae33-1cdea3a119d5 admin admin] Publish callbacks [] for security_group (5e9f77e6-5848-4470-a427-952c6ec1cbec), precommit_create {{(pid=103347) _notify_loop /usr/local/lib/python3.8/dist-packages/neutron_lib/callbacks/manager.py:176}}
Apr 28 22:25:16.849711 dv-cinder-839825-1-smb neutron-server[103347]: DEBUG neutron_lib.callbacks.manager [None req-bbbfc552-75b5-4969-ae33-1cdea3a119d5 admin admin] Publish callbacks ['neutron.plugins.ml2.ovo_rpc._ObjectChangeHandler.handle_event-339521'] for security_group (5e9f77e6-5848-4470-a427-952c6ec1cbec), after_create {{(pid=103347) _notify_loop /usr/local/lib/python3.8/dist-packages/neutron_lib/callbacks/manager.py:176}}
Apr 28 22:25:16.863554 dv-cinder-839825-1-smb neutron-server[103347]: DEBUG neutron.plugins.ml2.drivers.helpers [None req-bbbfc552-75b5-4969-ae33-1cdea3a119d5 admin admin] vlan segment allocate from pool success with {'vlan_id': 116, 'physical_network': 'physnet1'} {{(pid=103347) allocate_partially_specified_segment /opt/stack/neutron/neutron/plugins/ml2/drivers/helpers.py:153}}
Apr 28 22:25:16.875087 dv-cinder-839825-1-smb neutron-server[103347]: DEBUG neutron_lib.callbacks.manager [None req-bbbfc552-75b5-4969-ae33-1cdea3a119d5 admin admin] Publish callbacks ['neutron.plugins.ml2.plugin.Ml2Plugin._handle_segment_change-16068022'] for segment (188e6cd5-d2ca-4621-b1dc-c801f1a4df0a), precommit_create {{(pid=103347) _notify_loop /usr/local/lib/python3.8/dist-packages/neutron_lib/callbacks/manager.py:176}}
Apr 28 22:25:16.888766 dv-cinder-839825-1-smb neutron-server[103347]: INFO neutron.db.segments_db [None req-bbbfc552-75b5-4969-ae33-1cdea3a119d5 admin admin] Added segment 188e6cd5-d2ca-4621-b1dc-c801f1a4df0a of type vlan for network 86bda6fb-d9f9-4c00-a72c-11cd2e06c19b
Apr 28 22:25:16.905818 dv-cinder-839825-1-smb neutron-server[103349]: DEBUG neutron_lib.callbacks.manager [None req-3ab3816f-dbba-4128-af30-bf2927e50cfd None None] Publish callbacks ['neutron.services.segments.db._update_segment_host_mapping_for_agent-8743806371431', 'neutron.plugins.ml2.plugin.Ml2Plugin._retry_binding_revived_agents-16041329'] for agent (00d925d0-7aae-4158-8a2c-cc9baf2a282a), after_update {{(pid=103349) _notify_loop /usr/local/lib/python3.8/dist-packages/neutron_lib/callbacks/manager.py:176}}
Apr 28 22:25:16.935981 dv-cinder-839825-1-smb neutron-server[103348]: DEBUG neutron_lib.callbacks.manager [None req-96c054d5-47ea-4849-a2f2-78ebf8a6e0db admin admin] Publish callbacks [] for router_gateway (8c90a018-20c6-4eaa-8308-f2bc3e15242f), after_create {{(pid=103348) _notify_loop /usr/local/lib/python3.8/dist-packages/neutron_lib/callbacks/manager.py:176}}
Apr 28 22:25:16.936549 dv-cinder-839825-1-smb neutron-server[103347]: DEBUG neutron.api.rpc.handlers.resources_rpc [None req-bbbfc552-75b5-4969-ae33-1cdea3a119d5 admin admin] Pushing event updated for resources: {'SecurityGroup': ['ID=5e9f77e6-5848-4470-a427-952c6ec1cbec,revision_number=1']} {{(pid=103347) push /opt/stack/neutron/neutron/api/rpc/handlers/resources_rpc.py:237}}
Apr 28 22:25:16.952856 dv-cinder-839825-1-smb neutron-server[103347]: DEBUG neutron.pecan_wsgi.hooks.quota_enforcement [None req-7e926af7-a3e2-4337-ad71-7e66885a26e9 admin admin] Made reservation on behalf of bd270ac2ec194cf2bf5dbe21000e3f6a for: {'network': 1} {{(pid=103347) before /opt/stack/neutron/neutron/pecan_wsgi/hooks/quota_enforcement.py:53}}
Apr 28 22:25:16.956511 dv-cinder-839825-1-smb neutron-server[103347]: DEBUG neutron_lib.callbacks.manager [None req-7e926af7-a3e2-4337-ad71-7e66885a26e9 admin admin] Publish callbacks ['neutron.plugins.ml2.plugin.SecurityGroupDbMixin._ensure_default_security_group_handler-16470483'] for network (None), before_create {{(pid=103347) _notify_loop /usr/local/lib/python3.8/dist-packages/neutron_lib/callbacks/manager.py:176}}
Apr 28 22:25:16.975833 dv-cinder-839825-1-smb neutron-server[103347]: DEBUG neutron_lib.callbacks.manager [None req-7e926af7-a3e2-4337-ad71-7e66885a26e9 admin admin] Publish callbacks [] for security_group (None), before_create {{(pid=103347) _notify_loop /usr/local/lib/python3.8/dist-packages/neutron_lib/callbacks/manager.py:176}}
Apr 28 22:25:17.038310 dv-cinder-839825-1-smb neutron-server[103347]: DEBUG neutron_lib.callbacks.manager [None req-bbbfc552-75b5-4969-ae33-1cdea3a119d5 admin admin] Publish callbacks ['neutron.services.auto_allocate.db._ensure_external_network_default_value_callback-8743805893003'] for network (86bda6fb-d9f9-4c00-a72c-11cd2e06c19b), precommit_create {{(pid=103347) _notify_loop /usr/local/lib/python3.8/dist-packages/neutron_lib/callbacks/manager.py:176}}
Apr 28 22:25:17.076354 dv-cinder-839825-1-smb neutron-server[103347]: DEBUG neutron_lib.callbacks.manager [None req-bbbfc552-75b5-4969-ae33-1cdea3a119d5 admin admin] Publish callbacks ['neutron.plugins.ml2.ovo_rpc._ObjectChangeHandler.handle_event-339506', 'neutron.api.rpc.agentnotifiers.dhcp_rpc_agent_api.DhcpAgentNotifyAPI._native_event_send_dhcp_notification-535525'] for network (86bda6fb-d9f9-4c00-a72c-11cd2e06c19b), after_create {{(pid=103347) _notify_loop /usr/local/lib/python3.8/dist-packages/neutron_lib/callbacks/manager.py:176}}
Apr 28 22:25:17.077626 dv-cinder-839825-1-smb neutron-server[103347]: DEBUG neutron.pecan_wsgi.hooks.policy_enforcement [None req-bbbfc552-75b5-4969-ae33-1cdea3a119d5 admin admin] Attributes excluded by policy engine: ['standard_attr_id', 'vlan_transparent'] {{(pid=103347) _exclude_attributes_by_policy /opt/stack/neutron/neutron/pecan_wsgi/hooks/policy_enforcement.py:259}}
Apr 28 22:25:17.078414 dv-cinder-839825-1-smb neutron-server[103347]: DEBUG neutron_lib.callbacks.manager [None req-bbbfc552-75b5-4969-ae33-1cdea3a119d5 admin admin] Publish callbacks ['neutron.api.rpc.agentnotifiers.dhcp_rpc_agent_api.DhcpAgentNotifyAPI._send_dhcp_notification-535499'] for network (None), before_response {{(pid=103347) _notify_loop /usr/local/lib/python3.8/dist-packages/neutron_lib/callbacks/manager.py:176}}
Apr 28 22:25:17.170409 dv-cinder-839825-1-smb neutron-server[103348]: DEBUG neutron.pecan_wsgi.hooks.quota_enforcement [None req-b6cfd1f8-3548-41f3-87e5-84410f94bdc1 admin admin] Made reservation on behalf of b9f278c569264a5585268bbbd745159f for: {'network': 1} {{(pid=103348) before /opt/stack/neutron/neutron/pecan_wsgi/hooks/quota_enforcement.py:53}}
Apr 28 22:25:17.172873 dv-cinder-839825-1-smb neutron-server[103348]: DEBUG neutron_lib.callbacks.manager [None req-b6cfd1f8-3548-41f3-87e5-84410f94bdc1 admin admin] Publish callbacks ['neutron.plugins.ml2.plugin.SecurityGroupDbMixin._ensure_default_security_group_handler-16470483'] for network (None), before_create {{(pid=103348) _notify_loop /usr/local/lib/python3.8/dist-packages/neutron_lib/callbacks/manager.py:176}}
Apr 28 22:25:17.183533 dv-cinder-839825-1-smb neutron-server[103348]: DEBUG neutron_lib.callbacks.manager [None req-b6cfd1f8-3548-41f3-87e5-84410f94bdc1 admin admin] Publish callbacks [] for security_group (None), before_create {{(pid=103348) _notify_loop /usr/local/lib/python3.8/dist-packages/neutron_lib/callbacks/manager.py:176}}
Apr 28 22:25:17.264462 dv-cinder-839825-1-smb neutron-server[103349]: DEBUG neutron_lib.callbacks.manager [None req-ca60a971-fdb4-4ef9-8047-8b75eec6df56 None None] Publish callbacks ['neutron.services.segments.db._update_segment_host_mapping_for_agent-8743806371431', 'neutron.plugins.ml2.plugin.Ml2Plugin._retry_binding_revived_agents-16041329'] for agent (7158814f-999c-4ad7-95d8-db00327c7b28), after_update {{(pid=103349) _notify_loop /usr/local/lib/python3.8/dist-packages/neutron_lib/callbacks/manager.py:176}}
Apr 28 22:25:17.270107 dv-cinder-839825-1-smb neutron-server[103347]: DEBUG neutron.api.rpc.handlers.resources_rpc [None req-bbbfc552-75b5-4969-ae33-1cdea3a119d5 admin admin] Pushing event updated for resources: {'Network': ['ID=86bda6fb-d9f9-4c00-a72c-11cd2e06c19b,revision_number=1']} {{(pid=103347) push /opt/stack/neutron/neutron/api/rpc/handlers/resources_rpc.py:237}}
Apr 28 22:25:17.285606 dv-cinder-839825-1-smb neutron-server[103349]: DEBUG neutron.plugins.ml2.rpc [None req-3ab3816f-dbba-4128-af30-bf2927e50cfd None None] Network 86bda6fb-d9f9-4c00-a72c-11cd2e06c19b details requested by agent ovs-agent-dv-cinder-839825-1-smb with host dv-cinder-839825-1-smb {{(pid=103349) get_network_details /opt/stack/neutron/neutron/plugins/ml2/rpc.py:248}}
Apr 28 22:25:17.333300 dv-cinder-839825-1-smb neutron-server[103347]: INFO neutron.wsgi [None req-bbbfc552-75b5-4969-ae33-1cdea3a119d5 admin admin] 10.222.0.16 "POST /v2.0/networks HTTP/1.1" status: 201 len: 884 time: 1.3720942
Apr 28 22:25:17.335422 dv-cinder-839825-1-smb neutron-server[103347]: DEBUG neutron.wsgi [-] (103347) accepted ('10.222.0.16', 58880) {{(pid=103347) server /usr/local/lib/python3.8/dist-packages/eventlet/wsgi.py:1004}}
Apr 28 22:25:17.348256 dv-cinder-839825-1-smb neutron-server[103347]: DEBUG neutron.api.v2.base [None req-e030db28-9d47-4299-9438-8d1609c75ac2 admin admin] Request body: {'subnet': {'network_id': '86bda6fb-d9f9-4c00-a72c-11cd2e06c19b', 'cidr': '172.20.0.0/28', 'name': 'tempest-DeleteServersTestJSON-850755570-subnet', 'tenant_id': '048f56bc706043c3924dbe2d7aadf255', 'enable_dhcp': False, 'ip_version': 4}} {{(pid=103347) prepare_request_body /opt/stack/neutron/neutron/api/v2/base.py:730}}
Apr 28 22:25:17.421356 dv-cinder-839825-1-smb neutron-server[103348]: DEBUG neutron_lib.callbacks.manager [None req-96c054d5-47ea-4849-a2f2-78ebf8a6e0db admin admin] Publish callbacks ['neutron.services.l3_router.l3_router_plugin.L3_HA_NAT_db_mixin._after_router_create-660748', 'neutron.services.l3_router.l3_router_plugin.DVRResourceOperationHandler._create_snat_interfaces_after_change-368576'] for router (8c90a018-20c6-4eaa-8308-f2bc3e15242f), after_create {{(pid=103348) _notify_loop /usr/local/lib/python3.8/dist-packages/neutron_lib/callbacks/manager.py:176}}
Apr 28 22:25:17.424494 dv-cinder-839825-1-smb neutron-server[103348]: DEBUG neutron_lib.callbacks.manager [None req-b6cfd1f8-3548-41f3-87e5-84410f94bdc1 admin admin] Publish callbacks [] for security_group (5f41b375-ebb4-48be-921a-2edb222aeb16), precommit_create {{(pid=103348) _notify_loop /usr/local/lib/python3.8/dist-packages/neutron_lib/callbacks/manager.py:176}}
Apr 28 22:25:17.439586 dv-cinder-839825-1-smb neutron-server[103347]: DEBUG neutron_lib.callbacks.manager [None req-7e926af7-a3e2-4337-ad71-7e66885a26e9 admin admin] Publish callbacks [] for security_group (f8155a34-2ceb-427d-941d-2b36b762f25c), precommit_create {{(pid=103347) _notify_loop /usr/local/lib/python3.8/dist-packages/neutron_lib/callbacks/manager.py:176}}
Apr 28 22:25:17.441876 dv-cinder-839825-1-smb neutron-server[103347]: DEBUG neutron.pecan_wsgi.hooks.quota_enforcement [None req-e030db28-9d47-4299-9438-8d1609c75ac2 admin admin] Made reservation on behalf of 048f56bc706043c3924dbe2d7aadf255 for: {'subnet': 1} {{(pid=103347) before /opt/stack/neutron/neutron/pecan_wsgi/hooks/quota_enforcement.py:53}}
Apr 28 22:25:17.448285 dv-cinder-839825-1-smb neutron-server[103347]: DEBUG neutron_lib.callbacks.manager [None req-e030db28-9d47-4299-9438-8d1609c75ac2 admin admin] Publish callbacks [] for subnet (None), before_create {{(pid=103347) _notify_loop /usr/local/lib/python3.8/dist-packages/neutron_lib/callbacks/manager.py:176}}
Apr 28 22:25:17.488347 dv-cinder-839825-1-smb neutron-server[103348]: DEBUG neutron_lib.callbacks.manager [None req-b6cfd1f8-3548-41f3-87e5-84410f94bdc1 admin admin] Publish callbacks ['neutron.plugins.ml2.ovo_rpc._ObjectChangeHandler.handle_event-339521'] for security_group (5f41b375-ebb4-48be-921a-2edb222aeb16), after_create {{(pid=103348) _notify_loop /usr/local/lib/python3.8/dist-packages/neutron_lib/callbacks/manager.py:176}}
Apr 28 22:25:17.516189 dv-cinder-839825-1-smb neutron-server[103348]: DEBUG neutron.plugins.ml2.drivers.helpers [None req-b6cfd1f8-3548-41f3-87e5-84410f94bdc1 admin admin] vlan segment allocate from pool success with {'vlan_id': 134, 'physical_network': 'physnet1'} {{(pid=103348) allocate_partially_specified_segment /opt/stack/neutron/neutron/plugins/ml2/drivers/helpers.py:153}}
Apr 28 22:25:17.545095 dv-cinder-839825-1-smb neutron-server[103347]: DEBUG neutron_lib.callbacks.manager [None req-7e926af7-a3e2-4337-ad71-7e66885a26e9 admin admin] Publish callbacks ['neutron.plugins.ml2.ovo_rpc._ObjectChangeHandler.handle_event-339521'] for security_group (f8155a34-2ceb-427d-941d-2b36b762f25c), after_create {{(pid=103347) _notify_loop /usr/local/lib/python3.8/dist-packages/neutron_lib/callbacks/manager.py:176}}
Apr 28 22:25:17.592001 dv-cinder-839825-1-smb neutron-server[103348]: DEBUG neutron_lib.callbacks.manager [None req-b6cfd1f8-3548-41f3-87e5-84410f94bdc1 admin admin] Publish callbacks ['neutron.plugins.ml2.plugin.Ml2Plugin._handle_segment_change-16068022'] for segment (6ce07e2f-8454-4030-9f55-a07d6114462f), precommit_create {{(pid=103348) _notify_loop /usr/local/lib/python3.8/dist-packages/neutron_lib/callbacks/manager.py:176}}
Apr 28 22:25:17.592318 dv-cinder-839825-1-smb neutron-server[103348]: INFO neutron.db.segments_db [None req-b6cfd1f8-3548-41f3-87e5-84410f94bdc1 admin admin] Added segment 6ce07e2f-8454-4030-9f55-a07d6114462f of type vlan for network 3ec50e04-0e10-487c-8c6d-bae31779af63
Apr 28 22:25:17.601503 dv-cinder-839825-1-smb neutron-server[103347]: DEBUG neutron.plugins.ml2.drivers.helpers [None req-7e926af7-a3e2-4337-ad71-7e66885a26e9 admin admin] vlan segment allocate from pool success with {'vlan_id': 103, 'physical_network': 'physnet1'} {{(pid=103347) allocate_partially_specified_segment /opt/stack/neutron/neutron/plugins/ml2/drivers/helpers.py:153}}
Apr 28 22:25:17.628054 dv-cinder-839825-1-smb neutron-server[103347]: DEBUG neutron_lib.callbacks.manager [None req-7e926af7-a3e2-4337-ad71-7e66885a26e9 admin admin] Publish callbacks ['neutron.plugins.ml2.plugin.Ml2Plugin._handle_segment_change-16068022'] for segment (ee1bc96d-1a33-4838-a17f-466be3735230), precommit_create {{(pid=103347) _notify_loop /usr/local/lib/python3.8/dist-packages/neutron_lib/callbacks/manager.py:176}}
Apr 28 22:25:17.628425 dv-cinder-839825-1-smb neutron-server[103347]: INFO neutron.db.segments_db [None req-7e926af7-a3e2-4337-ad71-7e66885a26e9 admin admin] Added segment ee1bc96d-1a33-4838-a17f-466be3735230 of type vlan for network 6f90cf23-80fd-4d04-8944-99687a745dbe
Apr 28 22:25:17.629865 dv-cinder-839825-1-smb neutron-server[103347]: DEBUG neutron.api.rpc.handlers.resources_rpc [None req-7e926af7-a3e2-4337-ad71-7e66885a26e9 admin admin] Pushing event updated for resources: {'SecurityGroup': ['ID=f8155a34-2ceb-427d-941d-2b36b762f25c,revision_number=1']} {{(pid=103347) push /opt/stack/neutron/neutron/api/rpc/handlers/resources_rpc.py:237}}
