Apr 28 22:26:08.820957 dv-cinder-839825-1-smb neutron-server[103347]: DEBUG neutron_lib.callbacks.manager [None req-2649b0f6-ca1a-412a-9710-9f591a775179 admin admin] Publish callbacks [] for security_group (None), before_create {{(pid=103347) _notify_loop /usr/local/lib/python3.8/dist-packages/neutron_lib/callbacks/manager.py:176}}
Apr 28 22:26:08.944671 dv-cinder-839825-1-smb neutron-server[103347]: DEBUG neutron_lib.callbacks.manager [None req-2649b0f6-ca1a-412a-9710-9f591a775179 admin admin] Publish callbacks [] for security_group (50d7a1de-7e52-4302-85da-14bc72f6939e), precommit_create {{(pid=103347) _notify_loop /usr/local/lib/python3.8/dist-packages/neutron_lib/callbacks/manager.py:176}}
Apr 28 22:26:08.962382 dv-cinder-839825-1-smb neutron-server[103347]: DEBUG neutron_lib.callbacks.manager [None req-2649b0f6-ca1a-412a-9710-9f591a775179 admin admin] Publish callbacks ['neutron.plugins.ml2.ovo_rpc._ObjectChangeHandler.handle_event-339521'] for security_group (50d7a1de-7e52-4302-85da-14bc72f6939e), after_create {{(pid=103347) _notify_loop /usr/local/lib/python3.8/dist-packages/neutron_lib/callbacks/manager.py:176}}
Apr 28 22:26:09.033801 dv-cinder-839825-1-smb neutron-server[103347]: DEBUG neutron.api.rpc.handlers.resources_rpc [None req-2649b0f6-ca1a-412a-9710-9f591a775179 admin admin] Pushing event updated for resources: {'SecurityGroup': ['ID=50d7a1de-7e52-4302-85da-14bc72f6939e,revision_number=1']} {{(pid=103347) push /opt/stack/neutron/neutron/api/rpc/handlers/resources_rpc.py:237}}
Apr 28 22:26:09.042027 dv-cinder-839825-1-smb neutron-server[103347]: DEBUG neutron.wsgi [-] (103347) accepted ('10.222.0.16', 60886) {{(pid=103347) server /usr/local/lib/python3.8/dist-packages/eventlet/wsgi.py:1004}}
Apr 28 22:26:09.071282 dv-cinder-839825-1-smb neutron-server[103347]: DEBUG neutron.pecan_wsgi.hooks.policy_enforcement [req-eb4881cc-c156-4b1b-a46a-430bca376ab3 req-292bccaf-8b1c-42db-8df0-0257c70d35e8 tempest-AttachVolumeNegativeTest-1409185148 tempest-AttachVolumeNegativeTest-1409185148-project] Attributes excluded by policy engine: ['standard_attr_id', 'binding:profile', 'binding:host_id', 'binding:vif_type', 'binding:vif_details'] {{(pid=103347) _exclude_attributes_by_policy /opt/stack/neutron/neutron/pecan_wsgi/hooks/policy_enforcement.py:259}}
Apr 28 22:26:09.073623 dv-cinder-839825-1-smb neutron-server[103347]: INFO neutron.wsgi [req-eb4881cc-c156-4b1b-a46a-430bca376ab3 req-292bccaf-8b1c-42db-8df0-0257c70d35e8 tempest-AttachVolumeNegativeTest-1409185148 tempest-AttachVolumeNegativeTest-1409185148-project] 10.222.0.16 "GET /v2.0/ports?device_id=7e60a2c2-1857-453a-9f98-91b5e8352ee9 HTTP/1.1" status: 200 len: 944 time: 0.1683991
Apr 28 22:26:09.080743 dv-cinder-839825-1-smb neutron-server[103348]: INFO neutron.wsgi [req-d31e06b4-0bf6-4dff-9b63-bbb299f9723e req-a2cce9e8-8aec-4e52-8ae1-5791e9f6b024 service neutron] 10.222.0.30 "GET /v2.0/networks/a07c094e-4162-429c-8a9e-d9398233945d?fields=provider%3Aphysical_network&fields=provider%3Anetwork_type HTTP/1.1" status: 200 len: 281 time: 0.0971878
Apr 28 22:26:09.099339 dv-cinder-839825-1-smb neutron-server[103347]: DEBUG neutron.pecan_wsgi.hooks.policy_enforcement [req-8c5c583c-f14d-4c0d-a9ba-3bf43ffec6b0 req-dbe7e430-2a93-450c-b58a-411ee1e6b606 tempest-ServerRescueNegativeTestJSON-697211137 tempest-ServerRescueNegativeTestJSON-697211137-project] Attributes excluded by policy engine: ['standard_attr_id', 'binding:profile', 'binding:host_id', 'binding:vif_type', 'binding:vif_details'] {{(pid=103347) _exclude_attributes_by_policy /opt/stack/neutron/neutron/pecan_wsgi/hooks/policy_enforcement.py:259}}
Apr 28 22:26:09.103522 dv-cinder-839825-1-smb neutron-server[103347]: INFO neutron.wsgi [req-8c5c583c-f14d-4c0d-a9ba-3bf43ffec6b0 req-dbe7e430-2a93-450c-b58a-411ee1e6b606 tempest-ServerRescueNegativeTestJSON-697211137 tempest-ServerRescueNegativeTestJSON-697211137-project] 10.222.0.16 "GET /v2.0/ports?device_id=8bb0cefb-1715-4b64-a4ba-4ba97049a594 HTTP/1.1" status: 200 len: 946 time: 0.1611698
Apr 28 22:26:09.124295 dv-cinder-839825-1-smb neutron-server[103347]: INFO neutron.wsgi [None req-2649b0f6-ca1a-412a-9710-9f591a775179 admin admin] 10.222.0.16 "GET /v2.0/security-groups?tenant_id=996282aabe304ce589c78a0114791ea0&name=default HTTP/1.1" status: 200 len: 2996 time: 0.3180194
Apr 28 22:26:09.126882 dv-cinder-839825-1-smb neutron-server[103348]: DEBUG neutron.wsgi [-] (103348) accepted ('10.222.0.16', 60890) {{(pid=103348) server /usr/local/lib/python3.8/dist-packages/eventlet/wsgi.py:1004}}
Apr 28 22:26:09.177867 dv-cinder-839825-1-smb neutron-server[103348]: DEBUG neutron_lib.callbacks.manager [None req-baa411d9-b2a3-4dbc-a96b-56d6b68a783f admin admin] Publish callbacks [] for security_group (50d7a1de-7e52-4302-85da-14bc72f6939e), before_delete {{(pid=103348) _notify_loop /usr/local/lib/python3.8/dist-packages/neutron_lib/callbacks/manager.py:176}}
Apr 28 22:26:09.183666 dv-cinder-839825-1-smb neutron-server[103347]: INFO neutron.wsgi [req-eb4881cc-c156-4b1b-a46a-430bca376ab3 req-dada658f-c6b2-4cfb-9437-632a97763a6d tempest-AttachVolumeNegativeTest-1409185148 tempest-AttachVolumeNegativeTest-1409185148-project] 10.222.0.16 "GET /v2.0/security-groups?id=8a93cad6-6d0d-4f5c-8219-97f6e3acc9a1&fields=id&fields=name HTTP/1.1" status: 200 len: 313 time: 0.1038272
Apr 28 22:26:09.204780 dv-cinder-839825-1-smb neutron-server[103347]: INFO neutron.wsgi [req-8c5c583c-f14d-4c0d-a9ba-3bf43ffec6b0 req-ad0a077f-5328-4b27-b585-61da8e5b1eb4 tempest-ServerRescueNegativeTestJSON-697211137 tempest-ServerRescueNegativeTestJSON-697211137-project] 10.222.0.16 "GET /v2.0/security-groups?id=f8155a34-2ceb-427d-941d-2b36b762f25c&fields=id&fields=name HTTP/1.1" status: 200 len: 286 time: 0.0895917
Apr 28 22:26:09.204780 dv-cinder-839825-1-smb neutron-server[103347]: DEBUG neutron_lib.callbacks.manager [None req-938cda22-f41d-48ed-a21a-d9698c7e0ab1 admin admin] Publish callbacks [] for security_group (None), before_create {{(pid=103347) _notify_loop /usr/local/lib/python3.8/dist-packages/neutron_lib/callbacks/manager.py:176}}
Apr 28 22:26:09.215017 dv-cinder-839825-1-smb neutron-server[103348]: DEBUG neutron_lib.callbacks.manager [None req-baa411d9-b2a3-4dbc-a96b-56d6b68a783f admin admin] Publish callbacks [] for security_group (50d7a1de-7e52-4302-85da-14bc72f6939e), precommit_delete {{(pid=103348) _notify_loop /usr/local/lib/python3.8/dist-packages/neutron_lib/callbacks/manager.py:176}}
Apr 28 22:26:09.264504 dv-cinder-839825-1-smb neutron-server[103348]: DEBUG neutron_lib.callbacks.manager [None req-baa411d9-b2a3-4dbc-a96b-56d6b68a783f admin admin] Publish callbacks ['neutron.plugins.ml2.ovo_rpc._ObjectChangeHandler.handle_event-339521'] for security_group (50d7a1de-7e52-4302-85da-14bc72f6939e), after_delete {{(pid=103348) _notify_loop /usr/local/lib/python3.8/dist-packages/neutron_lib/callbacks/manager.py:176}}
Apr 28 22:26:09.266820 dv-cinder-839825-1-smb neutron-server[103348]: DEBUG neutron_lib.callbacks.manager [None req-baa411d9-b2a3-4dbc-a96b-56d6b68a783f admin admin] Publish callbacks [] for security_group (None), before_response {{(pid=103348) _notify_loop /usr/local/lib/python3.8/dist-packages/neutron_lib/callbacks/manager.py:176}}
Apr 28 22:26:09.267998 dv-cinder-839825-1-smb neutron-server[103348]: INFO neutron.wsgi [None req-baa411d9-b2a3-4dbc-a96b-56d6b68a783f admin admin] 10.222.0.16 "DELETE /v2.0/security-groups/50d7a1de-7e52-4302-85da-14bc72f6939e HTTP/1.1" status: 204 len: 168 time: 0.1399348
Apr 28 22:26:09.275357 dv-cinder-839825-1-smb neutron-server[103348]: DEBUG neutron.api.rpc.handlers.resources_rpc [None req-baa411d9-b2a3-4dbc-a96b-56d6b68a783f admin admin] Pushing event deleted for resources: {'SecurityGroup': ['ID=50d7a1de-7e52-4302-85da-14bc72f6939e,revision_number=None']} {{(pid=103348) push /opt/stack/neutron/neutron/api/rpc/handlers/resources_rpc.py:237}}
Apr 28 22:26:09.287464 dv-cinder-839825-1-smb neutron-server[103347]: DEBUG neutron_lib.callbacks.manager [None req-938cda22-f41d-48ed-a21a-d9698c7e0ab1 admin admin] Publish callbacks [] for security_group (c5d85b4b-3b04-497a-a1f5-2e8bf9a1d556), precommit_create {{(pid=103347) _notify_loop /usr/local/lib/python3.8/dist-packages/neutron_lib/callbacks/manager.py:176}}
Apr 28 22:26:09.293678 dv-cinder-839825-1-smb neutron-server[103347]: DEBUG neutron_lib.callbacks.manager [None req-938cda22-f41d-48ed-a21a-d9698c7e0ab1 admin admin] Publish callbacks ['neutron.plugins.ml2.ovo_rpc._ObjectChangeHandler.handle_event-339521'] for security_group (c5d85b4b-3b04-497a-a1f5-2e8bf9a1d556), after_create {{(pid=103347) _notify_loop /usr/local/lib/python3.8/dist-packages/neutron_lib/callbacks/manager.py:176}}
Apr 28 22:26:09.334121 dv-cinder-839825-1-smb neutron-server[103347]: INFO neutron.wsgi [None req-938cda22-f41d-48ed-a21a-d9698c7e0ab1 admin admin] 10.222.0.16 "GET /v2.0/security-groups?tenant_id=ee3f0654e5a44bad8bcb228eddac5b6b&name=default HTTP/1.1" status: 200 len: 2996 time: 0.2796047
Apr 28 22:26:09.335076 dv-cinder-839825-1-smb neutron-server[103347]: DEBUG neutron.api.rpc.handlers.resources_rpc [None req-938cda22-f41d-48ed-a21a-d9698c7e0ab1 admin admin] Pushing event updated for resources: {'SecurityGroup': ['ID=c5d85b4b-3b04-497a-a1f5-2e8bf9a1d556,revision_number=1']} {{(pid=103347) push /opt/stack/neutron/neutron/api/rpc/handlers/resources_rpc.py:237}}
Apr 28 22:26:09.337157 dv-cinder-839825-1-smb neutron-server[103348]: DEBUG neutron.wsgi [-] (103348) accepted ('10.222.0.16', 60894) {{(pid=103348) server /usr/local/lib/python3.8/dist-packages/eventlet/wsgi.py:1004}}
Apr 28 22:26:09.389911 dv-cinder-839825-1-smb neutron-server[103348]: DEBUG neutron_lib.callbacks.manager [None req-a1f83b48-8b32-4670-b127-9a7bddec4a71 admin admin] Publish callbacks [] for security_group (c5d85b4b-3b04-497a-a1f5-2e8bf9a1d556), before_delete {{(pid=103348) _notify_loop /usr/local/lib/python3.8/dist-packages/neutron_lib/callbacks/manager.py:176}}
Apr 28 22:26:09.411138 dv-cinder-839825-1-smb neutron-server[103348]: DEBUG neutron_lib.callbacks.manager [None req-a1f83b48-8b32-4670-b127-9a7bddec4a71 admin admin] Publish callbacks [] for security_group (c5d85b4b-3b04-497a-a1f5-2e8bf9a1d556), precommit_delete {{(pid=103348) _notify_loop /usr/local/lib/python3.8/dist-packages/neutron_lib/callbacks/manager.py:176}}
Apr 28 22:26:09.459910 dv-cinder-839825-1-smb neutron-server[103348]: DEBUG neutron_lib.callbacks.manager [None req-a1f83b48-8b32-4670-b127-9a7bddec4a71 admin admin] Publish callbacks ['neutron.plugins.ml2.ovo_rpc._ObjectChangeHandler.handle_event-339521'] for security_group (c5d85b4b-3b04-497a-a1f5-2e8bf9a1d556), after_delete {{(pid=103348) _notify_loop /usr/local/lib/python3.8/dist-packages/neutron_lib/callbacks/manager.py:176}}
Apr 28 22:26:09.462444 dv-cinder-839825-1-smb neutron-server[103348]: DEBUG neutron_lib.callbacks.manager [None req-a1f83b48-8b32-4670-b127-9a7bddec4a71 admin admin] Publish callbacks [] for security_group (None), before_response {{(pid=103348) _notify_loop /usr/local/lib/python3.8/dist-packages/neutron_lib/callbacks/manager.py:176}}
Apr 28 22:26:09.463708 dv-cinder-839825-1-smb neutron-server[103348]: INFO neutron.wsgi [None req-a1f83b48-8b32-4670-b127-9a7bddec4a71 admin admin] 10.222.0.16 "DELETE /v2.0/security-groups/c5d85b4b-3b04-497a-a1f5-2e8bf9a1d556 HTTP/1.1" status: 204 len: 168 time: 0.1253390
Apr 28 22:26:09.471867 dv-cinder-839825-1-smb neutron-server[103348]: DEBUG neutron.api.rpc.handlers.resources_rpc [None req-a1f83b48-8b32-4670-b127-9a7bddec4a71 admin admin] Pushing event deleted for resources: {'SecurityGroup': ['ID=c5d85b4b-3b04-497a-a1f5-2e8bf9a1d556,revision_number=None']} {{(pid=103348) push /opt/stack/neutron/neutron/api/rpc/handlers/resources_rpc.py:237}}
Apr 28 22:26:09.544973 dv-cinder-839825-1-smb neutron-server[103347]: DEBUG neutron.wsgi [-] (103347) accepted ('10.222.0.16', 60900) {{(pid=103347) server /usr/local/lib/python3.8/dist-packages/eventlet/wsgi.py:1004}}
Apr 28 22:26:09.563225 dv-cinder-839825-1-smb neutron-server[103347]: DEBUG neutron_lib.callbacks.manager [None req-0a8f1c4d-771f-4e53-9dc7-dcf851620d9a admin admin] Publish callbacks [] for security_group (None), before_create {{(pid=103347) _notify_loop /usr/local/lib/python3.8/dist-packages/neutron_lib/callbacks/manager.py:176}}
Apr 28 22:26:09.641990 dv-cinder-839825-1-smb neutron-server[103347]: DEBUG neutron_lib.callbacks.manager [None req-0a8f1c4d-771f-4e53-9dc7-dcf851620d9a admin admin] Publish callbacks [] for security_group (402b8e56-0e03-41d5-8624-4d6dbace473f), precommit_create {{(pid=103347) _notify_loop /usr/local/lib/python3.8/dist-packages/neutron_lib/callbacks/manager.py:176}}
Apr 28 22:26:09.646087 dv-cinder-839825-1-smb neutron-server[103347]: DEBUG neutron_lib.callbacks.manager [None req-0a8f1c4d-771f-4e53-9dc7-dcf851620d9a admin admin] Publish callbacks ['neutron.plugins.ml2.ovo_rpc._ObjectChangeHandler.handle_event-339521'] for security_group (402b8e56-0e03-41d5-8624-4d6dbace473f), after_create {{(pid=103347) _notify_loop /usr/local/lib/python3.8/dist-packages/neutron_lib/callbacks/manager.py:176}}
Apr 28 22:26:09.685255 dv-cinder-839825-1-smb neutron-server[103347]: INFO neutron.wsgi [None req-0a8f1c4d-771f-4e53-9dc7-dcf851620d9a admin admin] 10.222.0.16 "GET /v2.0/security-groups?tenant_id=d3fb22947dc149fdb9b9f33b3dd02be0&name=default HTTP/1.1" status: 200 len: 2996 time: 0.1388879
Apr 28 22:26:09.687327 dv-cinder-839825-1-smb neutron-server[103347]: DEBUG neutron.api.rpc.handlers.resources_rpc [None req-0a8f1c4d-771f-4e53-9dc7-dcf851620d9a admin admin] Pushing event updated for resources: {'SecurityGroup': ['ID=402b8e56-0e03-41d5-8624-4d6dbace473f,revision_number=1']} {{(pid=103347) push /opt/stack/neutron/neutron/api/rpc/handlers/resources_rpc.py:237}}
Apr 28 22:26:09.688057 dv-cinder-839825-1-smb neutron-server[103348]: DEBUG neutron.wsgi [-] (103348) accepted ('10.222.0.16', 60904) {{(pid=103348) server /usr/local/lib/python3.8/dist-packages/eventlet/wsgi.py:1004}}
Apr 28 22:26:09.738582 dv-cinder-839825-1-smb neutron-server[103348]: DEBUG neutron.wsgi [-] (103348) accepted ('10.222.0.16', 60906) {{(pid=103348) server /usr/local/lib/python3.8/dist-packages/eventlet/wsgi.py:1004}}
Apr 28 22:26:09.759475 dv-cinder-839825-1-smb neutron-server[103348]: DEBUG neutron_lib.callbacks.manager [None req-b82af054-7236-4fdc-9036-297dddc4661b admin admin] Publish callbacks [] for security_group (None), before_create {{(pid=103348) _notify_loop /usr/local/lib/python3.8/dist-packages/neutron_lib/callbacks/manager.py:176}}
Apr 28 22:26:09.769160 dv-cinder-839825-1-smb neutron-server[103348]: DEBUG neutron_lib.callbacks.manager [None req-0080e466-bff9-4dd6-b57c-bbefd45a1e1f admin admin] Publish callbacks [] for security_group (402b8e56-0e03-41d5-8624-4d6dbace473f), before_delete {{(pid=103348) _notify_loop /usr/local/lib/python3.8/dist-packages/neutron_lib/callbacks/manager.py:176}}
Apr 28 22:26:09.802737 dv-cinder-839825-1-smb neutron-server[103348]: DEBUG neutron_lib.callbacks.manager [None req-0080e466-bff9-4dd6-b57c-bbefd45a1e1f admin admin] Publish callbacks [] for security_group (402b8e56-0e03-41d5-8624-4d6dbace473f), precommit_delete {{(pid=103348) _notify_loop /usr/local/lib/python3.8/dist-packages/neutron_lib/callbacks/manager.py:176}}
Apr 28 22:26:09.870192 dv-cinder-839825-1-smb neutron-server[103347]: INFO neutron.wsgi [req-814ed1b6-1fb2-4558-b1ca-9367024ff4c5 req-5a56e0d1-8ff6-4c6f-8800-44abc2f568c9 tempest-DeleteServersTestJSON-780855612 tempest-DeleteServersTestJSON-780855612-project] 10.222.0.16 "GET /v2.0/ports?device_id=a8f51873-e206-4d03-aea7-9c050006540c HTTP/1.1" status: 200 len: 210 time: 0.0322969
Apr 28 22:26:09.878217 dv-cinder-839825-1-smb neutron-server[103347]: DEBUG neutron.pecan_wsgi.hooks.policy_enforcement [req-a47cc14b-4c8f-4ba7-8c36-500211236d81 req-379dae87-ceaf-4fc3-b27b-7205d2d4768b tempest-VolumesActionsTest-544005612 tempest-VolumesActionsTest-544005612-project] Attributes excluded by policy engine: ['standard_attr_id', 'binding:profile', 'binding:host_id', 'binding:vif_type', 'binding:vif_details'] {{(pid=103347) _exclude_attributes_by_policy /opt/stack/neutron/neutron/pecan_wsgi/hooks/policy_enforcement.py:259}}
Apr 28 22:26:09.879882 dv-cinder-839825-1-smb neutron-server[103347]: INFO neutron.wsgi [req-a47cc14b-4c8f-4ba7-8c36-500211236d81 req-379dae87-ceaf-4fc3-b27b-7205d2d4768b tempest-VolumesActionsTest-544005612 tempest-VolumesActionsTest-544005612-project] 10.222.0.16 "GET /v2.0/ports?device_id=a343ce5c-e553-4633-aeb3-b8e524e54de4 HTTP/1.1" status: 200 len: 943 time: 0.0775251
Apr 28 22:26:09.893784 dv-cinder-839825-1-smb neutron-server[103348]: DEBUG neutron_lib.callbacks.manager [None req-0080e466-bff9-4dd6-b57c-bbefd45a1e1f admin admin] Publish callbacks ['neutron.plugins.ml2.ovo_rpc._ObjectChangeHandler.handle_event-339521'] for security_group (402b8e56-0e03-41d5-8624-4d6dbace473f), after_delete {{(pid=103348) _notify_loop /usr/local/lib/python3.8/dist-packages/neutron_lib/callbacks/manager.py:176}}
Apr 28 22:26:09.896729 dv-cinder-839825-1-smb neutron-server[103348]: DEBUG neutron_lib.callbacks.manager [None req-0080e466-bff9-4dd6-b57c-bbefd45a1e1f admin admin] Publish callbacks [] for security_group (None), before_response {{(pid=103348) _notify_loop /usr/local/lib/python3.8/dist-packages/neutron_lib/callbacks/manager.py:176}}
Apr 28 22:26:09.900263 dv-cinder-839825-1-smb neutron-server[103348]: INFO neutron.wsgi [None req-0080e466-bff9-4dd6-b57c-bbefd45a1e1f admin admin] 10.222.0.16 "DELETE /v2.0/security-groups/402b8e56-0e03-41d5-8624-4d6dbace473f HTTP/1.1" status: 204 len: 168 time: 0.2087419
Apr 28 22:26:09.910452 dv-cinder-839825-1-smb neutron-server[103348]: DEBUG neutron_lib.callbacks.manager [None req-b82af054-7236-4fdc-9036-297dddc4661b admin admin] Publish callbacks [] for security_group (48e37f84-0f42-4aa0-b364-3c5644a22987), precommit_create {{(pid=103348) _notify_loop /usr/local/lib/python3.8/dist-packages/neutron_lib/callbacks/manager.py:176}}
Apr 28 22:26:09.911883 dv-cinder-839825-1-smb neutron-server[103348]: DEBUG neutron.api.rpc.handlers.resources_rpc [None req-0080e466-bff9-4dd6-b57c-bbefd45a1e1f admin admin] Pushing event deleted for resources: {'SecurityGroup': ['ID=402b8e56-0e03-41d5-8624-4d6dbace473f,revision_number=None']} {{(pid=103348) push /opt/stack/neutron/neutron/api/rpc/handlers/resources_rpc.py:237}}
Apr 28 22:26:09.918247 dv-cinder-839825-1-smb neutron-server[103348]: DEBUG neutron_lib.callbacks.manager [None req-b82af054-7236-4fdc-9036-297dddc4661b admin admin] Publish callbacks ['neutron.plugins.ml2.ovo_rpc._ObjectChangeHandler.handle_event-339521'] for security_group (48e37f84-0f42-4aa0-b364-3c5644a22987), after_create {{(pid=103348) _notify_loop /usr/local/lib/python3.8/dist-packages/neutron_lib/callbacks/manager.py:176}}
Apr 28 22:26:09.952180 dv-cinder-839825-1-smb neutron-server[103349]: DEBUG neutron.plugins.ml2.rpc [None req-ca60a971-fdb4-4ef9-8047-8b75eec6df56 None None] Device ec63d7b5-66e5-486f-8a8f-ddbeed964f25 details requested by agent hyperv_hv-cinder-83982 with host hv-cinder-83982 {{(pid=103349) get_device_details /opt/stack/neutron/neutron/plugins/ml2/rpc.py:102}}
Apr 28 22:26:09.967129 dv-cinder-839825-1-smb neutron-server[103347]: INFO neutron.wsgi [req-a47cc14b-4c8f-4ba7-8c36-500211236d81 req-54a69d32-66c3-4dad-9237-7c3bc697fd83 tempest-VolumesActionsTest-544005612 tempest-VolumesActionsTest-544005612-project] 10.222.0.16 "GET /v2.0/security-groups?id=36de2a5d-a02c-4625-a845-7f77a3d86ed6&fields=id&fields=name HTTP/1.1" status: 200 len: 286 time: 0.0601554
Apr 28 22:26:09.969402 dv-cinder-839825-1-smb neutron-server[103348]: INFO neutron.wsgi [None req-b82af054-7236-4fdc-9036-297dddc4661b admin admin] 10.222.0.16 "GET /v2.0/security-groups?tenant_id=ff5edb4882434a58a5c8a5c946d60880&name=default HTTP/1.1" status: 200 len: 2996 time: 0.2291057
Apr 28 22:26:09.970277 dv-cinder-839825-1-smb neutron-server[103348]: DEBUG neutron.api.rpc.handlers.resources_rpc [None req-b82af054-7236-4fdc-9036-297dddc4661b admin admin] Pushing event updated for resources: {'SecurityGroup': ['ID=48e37f84-0f42-4aa0-b364-3c5644a22987,revision_number=1']} {{(pid=103348) push /opt/stack/neutron/neutron/api/rpc/handlers/resources_rpc.py:237}}
Apr 28 22:26:09.972251 dv-cinder-839825-1-smb neutron-server[103347]: DEBUG neutron.wsgi [-] (103347) accepted ('10.222.0.16', 60918) {{(pid=103347) server /usr/local/lib/python3.8/dist-packages/eventlet/wsgi.py:1004}}
Apr 28 22:26:10.029167 dv-cinder-839825-1-smb neutron-server[103347]: DEBUG neutron_lib.callbacks.manager [None req-162f105f-9245-475e-b31c-8c34c9540822 admin admin] Publish callbacks [] for security_group (48e37f84-0f42-4aa0-b364-3c5644a22987), before_delete {{(pid=103347) _notify_loop /usr/local/lib/python3.8/dist-packages/neutron_lib/callbacks/manager.py:176}}
Apr 28 22:26:10.067388 dv-cinder-839825-1-smb neutron-server[103347]: DEBUG neutron_lib.callbacks.manager [None req-162f105f-9245-475e-b31c-8c34c9540822 admin admin] Publish callbacks [] for security_group (48e37f84-0f42-4aa0-b364-3c5644a22987), precommit_delete {{(pid=103347) _notify_loop /usr/local/lib/python3.8/dist-packages/neutron_lib/callbacks/manager.py:176}}
Apr 28 22:26:10.150960 dv-cinder-839825-1-smb neutron-server[103347]: DEBUG neutron_lib.callbacks.manager [None req-162f105f-9245-475e-b31c-8c34c9540822 admin admin] Publish callbacks ['neutron.plugins.ml2.ovo_rpc._ObjectChangeHandler.handle_event-339521'] for security_group (48e37f84-0f42-4aa0-b364-3c5644a22987), after_delete {{(pid=103347) _notify_loop /usr/local/lib/python3.8/dist-packages/neutron_lib/callbacks/manager.py:176}}
Apr 28 22:26:10.154504 dv-cinder-839825-1-smb neutron-server[103347]: DEBUG neutron_lib.callbacks.manager [None req-162f105f-9245-475e-b31c-8c34c9540822 admin admin] Publish callbacks [] for security_group (None), before_response {{(pid=103347) _notify_loop /usr/local/lib/python3.8/dist-packages/neutron_lib/callbacks/manager.py:176}}
Apr 28 22:26:10.158101 dv-cinder-839825-1-smb neutron-server[103347]: INFO neutron.wsgi [None req-162f105f-9245-475e-b31c-8c34c9540822 admin admin] 10.222.0.16 "DELETE /v2.0/security-groups/48e37f84-0f42-4aa0-b364-3c5644a22987 HTTP/1.1" status: 204 len: 168 time: 0.1824870
Apr 28 22:26:10.164392 dv-cinder-839825-1-smb neutron-server[103347]: DEBUG neutron.api.rpc.handlers.resources_rpc [None req-162f105f-9245-475e-b31c-8c34c9540822 admin admin] Pushing event deleted for resources: {'SecurityGroup': ['ID=48e37f84-0f42-4aa0-b364-3c5644a22987,revision_number=None']} {{(pid=103347) push /opt/stack/neutron/neutron/api/rpc/handlers/resources_rpc.py:237}}
Apr 28 22:26:10.186674 dv-cinder-839825-1-smb neutron-server[103349]: DEBUG neutron.plugins.ml2.db [None req-ca60a971-fdb4-4ef9-8047-8b75eec6df56 None None] For port ec63d7b5-66e5-486f-8a8f-ddbeed964f25, host hv-cinder-83982, got binding levels [PortBindingLevel(driver='hyperv',host='hv-cinder-83982',level=0,port_id=ec63d7b5-66e5-486f-8a8f-ddbeed964f25,segment=NetworkSegment(6ce07e2f-8454-4030-9f55-a07d6114462f),segment_id=6ce07e2f-8454-4030-9f55-a07d6114462f)] {{(pid=103349) get_binding_level_objs /opt/stack/neutron/neutron/plugins/ml2/db.py:74}}
Apr 28 22:26:10.203945 dv-cinder-839825-1-smb neutron-server[103349]: DEBUG neutron.plugins.ml2.rpc [None req-ca60a971-fdb4-4ef9-8047-8b75eec6df56 None None] Returning: {'device': 'ec63d7b5-66e5-486f-8a8f-ddbeed964f25', 'network_id': '3ec50e04-0e10-487c-8c6d-bae31779af63', 'port_id': 'ec63d7b5-66e5-486f-8a8f-ddbeed964f25', 'mac_address': 'fa:16:3e:0e:65:25', 'admin_state_up': True, 'network_type': 'vlan', 'segmentation_id': 134, 'physical_network': 'physnet1', 'mtu': 1500, 'fixed_ips': [{'subnet_id': '5ba54ff0-84e9-4591-8db4-3455129ccd28', 'ip_address': '172.20.0.10'}], 'device_owner': 'compute:nova', 'allowed_address_pairs': [], 'port_security_enabled': True, 'qos_policy_id': None, 'network_qos_policy_id': None, 'profile': {}, 'propagate_uplink_status': False} {{(pid=103349) _get_device_details /opt/stack/neutron/neutron/plugins/ml2/rpc.py:184}}
Apr 28 22:26:10.252396 dv-cinder-839825-1-smb neutron-server[103349]: DEBUG neutron.plugins.ml2.plugin [None req-ca60a971-fdb4-4ef9-8047-8b75eec6df56 None None] Current status of the port ec63d7b5-66e5-486f-8a8f-ddbeed964f25 is: DOWN; New status is: BUILD {{(pid=103349) _update_individual_port_db_status /opt/stack/neutron/neutron/plugins/ml2/plugin.py:2297}}
Apr 28 22:26:10.252800 dv-cinder-839825-1-smb neutron-server[103349]: DEBUG neutron_lib.callbacks.manager [None req-ca60a971-fdb4-4ef9-8047-8b75eec6df56 None None] Publish callbacks ['neutron.plugins.ml2.plugin.SecurityGroupDbMixin._ensure_default_security_group_handler-16470483'] for port (ec63d7b5-66e5-486f-8a8f-ddbeed964f25), before_update {{(pid=103349) _notify_loop /usr/local/lib/python3.8/dist-packages/neutron_lib/callbacks/manager.py:176}}
Apr 28 22:26:10.269069 dv-cinder-839825-1-smb neutron-server[103349]: DEBUG neutron.notifiers.nova [None req-ca60a971-fdb4-4ef9-8047-8b75eec6df56 None None] Ignoring state change previous_port_status: DOWN current_port_status: BUILD port_id ec63d7b5-66e5-486f-8a8f-ddbeed964f25 {{(pid=103349) record_port_status_changed /opt/stack/neutron/neutron/notifiers/nova.py:233}}
Apr 28 22:26:10.297009 dv-cinder-839825-1-smb neutron-server[103349]: DEBUG neutron.plugins.ml2.db [None req-ca60a971-fdb4-4ef9-8047-8b75eec6df56 None None] For port ec63d7b5-66e5-486f-8a8f-ddbeed964f25, host hv-cinder-83982, got binding levels [PortBindingLevel(driver='hyperv',host='hv-cinder-83982',level=0,port_id=ec63d7b5-66e5-486f-8a8f-ddbeed964f25,segment=NetworkSegment(6ce07e2f-8454-4030-9f55-a07d6114462f),segment_id=6ce07e2f-8454-4030-9f55-a07d6114462f)] {{(pid=103349) get_binding_level_objs /opt/stack/neutron/neutron/plugins/ml2/db.py:74}}
Apr 28 22:26:10.303839 dv-cinder-839825-1-smb neutron-server[103349]: DEBUG neutron_lib.callbacks.manager [None req-ca60a971-fdb4-4ef9-8047-8b75eec6df56 None None] Publish callbacks ['neutron.plugins.ml2.plugin.SecurityGroupServerNotifierRpcMixin._notify_sg_on_port_change-16470028', 'neutron.plugins.ml2.ovo_rpc._ObjectChangeHandler.handle_event-127761', 'neutron.api.rpc.agentnotifiers.dhcp_rpc_agent_api.DhcpAgentNotifyAPI._native_event_send_dhcp_notification-535525', 'neutron.db.l3_db.L3RpcNotifierMixin._notify_gateway_port_ip_changed-8743806284252', 'neutron.db.l3_dvrscheduler_db._notify_l3_agent_port_update-8743805859175', 'neutron.db.l3_hascheduler_db._notify_l3_agent_ha_port_update-8743805859193'] for port (ec63d7b5-66e5-486f-8a8f-ddbeed964f25), after_update {{(pid=103349) _notify_loop /usr/local/lib/python3.8/dist-packages/neutron_lib/callbacks/manager.py:176}}
Apr 28 22:26:10.362785 dv-cinder-839825-1-smb neutron-server[103349]: DEBUG neutron.api.rpc.handlers.resources_rpc [None req-ca60a971-fdb4-4ef9-8047-8b75eec6df56 None None] Pushing event updated for resources: {'Port': ['ID=ec63d7b5-66e5-486f-8a8f-ddbeed964f25,revision_number=4']} {{(pid=103349) push /opt/stack/neutron/neutron/api/rpc/handlers/resources_rpc.py:237}}
Apr 28 22:26:10.383791 dv-cinder-839825-1-smb neutron-server[103348]: DEBUG neutron.wsgi [-] (103348) accepted ('10.222.0.16', 60932) {{(pid=103348) server /usr/local/lib/python3.8/dist-packages/eventlet/wsgi.py:1004}}
Apr 28 22:26:10.393775 dv-cinder-839825-1-smb neutron-server[103347]: DEBUG neutron.pecan_wsgi.hooks.policy_enforcement [req-b1251680-ea47-4a6c-a081-db8f7ac8076e req-d8b13b94-2ca3-4cb5-b54b-8320150d41d3 tempest-ServerRescueNegativeTestJSON-697211137 tempest-ServerRescueNegativeTestJSON-697211137-project] Attributes excluded by policy engine: ['standard_attr_id', 'binding:profile', 'binding:host_id', 'binding:vif_type', 'binding:vif_details'] {{(pid=103347) _exclude_attributes_by_policy /opt/stack/neutron/neutron/pecan_wsgi/hooks/policy_enforcement.py:259}}
Apr 28 22:26:10.400500 dv-cinder-839825-1-smb neutron-server[103347]: INFO neutron.wsgi [req-b1251680-ea47-4a6c-a081-db8f7ac8076e req-d8b13b94-2ca3-4cb5-b54b-8320150d41d3 tempest-ServerRescueNegativeTestJSON-697211137 tempest-ServerRescueNegativeTestJSON-697211137-project] 10.222.0.16 "GET /v2.0/ports?device_id=8bb0cefb-1715-4b64-a4ba-4ba97049a594 HTTP/1.1" status: 200 len: 946 time: 0.0826509
Apr 28 22:26:10.416205 dv-cinder-839825-1-smb neutron-server[103347]: DEBUG neutron.pecan_wsgi.hooks.policy_enforcement [req-3177c68f-bf72-4574-aa8b-ef52c54fefa5 req-eb01ba3a-6099-4aba-acfd-a586e80e9e85 tempest-AttachVolumeNegativeTest-1409185148 tempest-AttachVolumeNegativeTest-1409185148-project] Attributes excluded by policy engine: ['standard_attr_id', 'binding:profile', 'binding:host_id', 'binding:vif_type', 'binding:vif_details'] {{(pid=103347) _exclude_attributes_by_policy /opt/stack/neutron/neutron/pecan_wsgi/hooks/policy_enforcement.py:259}}
Apr 28 22:26:10.418986 dv-cinder-839825-1-smb neutron-server[103347]: INFO neutron.wsgi [req-3177c68f-bf72-4574-aa8b-ef52c54fefa5 req-eb01ba3a-6099-4aba-acfd-a586e80e9e85 tempest-AttachVolumeNegativeTest-1409185148 tempest-AttachVolumeNegativeTest-1409185148-project] 10.222.0.16 "GET /v2.0/ports?device_id=7e60a2c2-1857-453a-9f98-91b5e8352ee9 HTTP/1.1" status: 200 len: 945 time: 0.1147599
Apr 28 22:26:10.486834 dv-cinder-839825-1-smb neutron-server[103348]: DEBUG neutron.pecan_wsgi.hooks.policy_enforcement [req-dc4dae40-d369-4db7-ae8f-69ba1f0b3a0c req-8428e8fc-d89c-46b1-bce0-18c208b17f6b service neutron] Attributes excluded by policy engine: ['standard_attr_id'] {{(pid=103348) _exclude_attributes_by_policy /opt/stack/neutron/neutron/pecan_wsgi/hooks/policy_enforcement.py:259}}
Apr 28 22:26:10.488705 dv-cinder-839825-1-smb neutron-server[103348]: INFO neutron.wsgi [req-dc4dae40-d369-4db7-ae8f-69ba1f0b3a0c req-8428e8fc-d89c-46b1-bce0-18c208b17f6b service neutron] 10.222.0.30 "GET /v2.0/ports?tenant_id=042fd49180834448a4f61b1cd0f3e1a5&device_id=a343ce5c-e553-4633-aeb3-b8e524e54de4 HTTP/1.1" status: 200 len: 1127 time: 0.0813458
Apr 28 22:26:10.493449 dv-cinder-839825-1-smb neutron-server[103349]: DEBUG neutron_lib.callbacks.manager [None req-a75a9007-cab1-4db8-966b-b67f414875f7 None None] Publish callbacks ['neutron.services.segments.db._update_segment_host_mapping_for_agent-8743806371431', 'neutron.plugins.ml2.plugin.Ml2Plugin._retry_binding_revived_agents-16041329'] for agent (6f063e2c-fb8b-4b5c-8616-761668c12158), after_update {{(pid=103349) _notify_loop /usr/local/lib/python3.8/dist-packages/neutron_lib/callbacks/manager.py:176}}
Apr 28 22:26:10.499782 dv-cinder-839825-1-smb neutron-server[103347]: INFO neutron.wsgi [req-b1251680-ea47-4a6c-a081-db8f7ac8076e req-9c4ad6a5-d6c5-49b5-947e-22c2540beb5b tempest-ServerRescueNegativeTestJSON-697211137 tempest-ServerRescueNegativeTestJSON-697211137-project] 10.222.0.16 "GET /v2.0/security-groups?id=f8155a34-2ceb-427d-941d-2b36b762f25c&fields=id&fields=name HTTP/1.1" status: 200 len: 286 time: 0.0985346
Apr 28 22:26:10.542748 dv-cinder-839825-1-smb neutron-server[103347]: INFO neutron.wsgi [req-3177c68f-bf72-4574-aa8b-ef52c54fefa5 req-25a0d218-5da9-484b-abcb-b1e3e6b56414 tempest-AttachVolumeNegativeTest-1409185148 tempest-AttachVolumeNegativeTest-1409185148-project] 10.222.0.16 "GET /v2.0/security-groups?id=8a93cad6-6d0d-4f5c-8219-97f6e3acc9a1&fields=id&fields=name HTTP/1.1" status: 200 len: 313 time: 0.1143625
Apr 28 22:26:10.616182 dv-cinder-839825-1-smb neutron-server[103349]: DEBUG neutron.plugins.ml2.db [None req-ca60a971-fdb4-4ef9-8047-8b75eec6df56 None None] get_ports_and_sgs() called for port_ids ['ec63d7b5-66e5-486f-8a8f-ddbeed964f25'] {{(pid=103349) get_ports_and_sgs /opt/stack/neutron/neutron/plugins/ml2/db.py:156}}
Apr 28 22:26:10.627654 dv-cinder-839825-1-smb neutron-server[103348]: DEBUG neutron_lib.callbacks.manager [None req-dd2d71f3-0176-4728-8488-43d94105914a admin admin] Publish callbacks [] for security_group (None), before_create {{(pid=103348) _notify_loop /usr/local/lib/python3.8/dist-packages/neutron_lib/callbacks/manager.py:176}}
Apr 28 22:26:10.721392 dv-cinder-839825-1-smb neutron-server[103348]: DEBUG neutron_lib.callbacks.manager [None req-dd2d71f3-0176-4728-8488-43d94105914a admin admin] Publish callbacks [] for security_group (d6861686-58fa-4eb7-acfc-4359204f0431), precommit_create {{(pid=103348) _notify_loop /usr/local/lib/python3.8/dist-packages/neutron_lib/callbacks/manager.py:176}}
Apr 28 22:26:10.748182 dv-cinder-839825-1-smb neutron-server[103348]: DEBUG neutron_lib.callbacks.manager [None req-dd2d71f3-0176-4728-8488-43d94105914a admin admin] Publish callbacks ['neutron.plugins.ml2.ovo_rpc._ObjectChangeHandler.handle_event-339521'] for security_group (d6861686-58fa-4eb7-acfc-4359204f0431), after_create {{(pid=103348) _notify_loop /usr/local/lib/python3.8/dist-packages/neutron_lib/callbacks/manager.py:176}}
Apr 28 22:26:10.847547 dv-cinder-839825-1-smb neutron-server[103348]: INFO neutron.wsgi [None req-dd2d71f3-0176-4728-8488-43d94105914a admin admin] 10.222.0.16 "GET /v2.0/security-groups?tenant_id=99b0430afb6b4d29bb3c94ab660c8ce3&name=default HTTP/1.1" status: 200 len: 2996 time: 0.4622290
Apr 28 22:26:10.861286 dv-cinder-839825-1-smb neutron-server[103347]: DEBUG neutron.wsgi [-] (103347) accepted ('10.222.0.16', 60954) {{(pid=103347) server /usr/local/lib/python3.8/dist-packages/eventlet/wsgi.py:1004}}
Apr 28 22:26:10.929001 dv-cinder-839825-1-smb neutron-server[103347]: DEBUG neutron.pecan_wsgi.hooks.policy_enforcement [req-f2d43af6-e4a1-43d0-a85f-ec709180236e req-7c36969c-ec3b-4b4a-a805-1f9a9a87b03d tempest-ServerRescueNegativeTestJSON-697211137 tempest-ServerRescueNegativeTestJSON-697211137-project] Attributes excluded by policy engine: ['standard_attr_id', 'binding:profile', 'binding:host_id', 'binding:vif_type', 'binding:vif_details'] {{(pid=103347) _exclude_attributes_by_policy /opt/stack/neutron/neutron/pecan_wsgi/hooks/policy_enforcement.py:259}}
Apr 28 22:26:10.938403 dv-cinder-839825-1-smb neutron-server[103347]: INFO neutron.wsgi [req-f2d43af6-e4a1-43d0-a85f-ec709180236e req-7c36969c-ec3b-4b4a-a805-1f9a9a87b03d tempest-ServerRescueNegativeTestJSON-697211137 tempest-ServerRescueNegativeTestJSON-697211137-project] 10.222.0.16 "GET /v2.0/ports?device_id=8bb0cefb-1715-4b64-a4ba-4ba97049a594 HTTP/1.1" status: 200 len: 946 time: 0.0934720
Apr 28 22:26:10.981679 dv-cinder-839825-1-smb neutron-server[103348]: DEBUG neutron.api.rpc.handlers.resources_rpc [None req-dd2d71f3-0176-4728-8488-43d94105914a admin admin] Pushing event updated for resources: {'SecurityGroup': ['ID=d6861686-58fa-4eb7-acfc-4359204f0431,revision_number=1']} {{(pid=103348) push /opt/stack/neutron/neutron/api/rpc/handlers/resources_rpc.py:237}}
Apr 28 22:26:11.019770 dv-cinder-839825-1-smb neutron-server[103348]: DEBUG neutron.pecan_wsgi.hooks.policy_enforcement [req-397ebecf-6dbc-4b2b-b43a-081c0da6deb7 req-1cae35ff-46b5-48ff-b084-02eece1057be service neutron] Attributes excluded by policy engine: ['standard_attr_id'] {{(pid=103348) _exclude_attributes_by_policy /opt/stack/neutron/neutron/pecan_wsgi/hooks/policy_enforcement.py:259}}
Apr 28 22:26:11.022187 dv-cinder-839825-1-smb neutron-server[103348]: INFO neutron.wsgi [req-397ebecf-6dbc-4b2b-b43a-081c0da6deb7 req-1cae35ff-46b5-48ff-b084-02eece1057be service neutron] 10.222.0.30 "GET /v2.0/ports?tenant_id=bd270ac2ec194cf2bf5dbe21000e3f6a&device_id=8bb0cefb-1715-4b64-a4ba-4ba97049a594 HTTP/1.1" status: 200 len: 1130 time: 0.1613419
Apr 28 22:26:11.029247 dv-cinder-839825-1-smb neutron-server[103347]: INFO neutron.wsgi [req-f2d43af6-e4a1-43d0-a85f-ec709180236e req-23b71ada-c9d7-4b7c-9fae-4b2871b96fbc tempest-ServerRescueNegativeTestJSON-697211137 tempest-ServerRescueNegativeTestJSON-697211137-project] 10.222.0.16 "GET /v2.0/security-groups?id=f8155a34-2ceb-427d-941d-2b36b762f25c&fields=id&fields=name HTTP/1.1" status: 200 len: 286 time: 0.0887134
Apr 28 22:26:11.082384 dv-cinder-839825-1-smb neutron-server[103348]: DEBUG neutron.pecan_wsgi.hooks.policy_enforcement [req-dc4dae40-d369-4db7-ae8f-69ba1f0b3a0c req-83a8de21-24bc-45e6-a9aa-1a5c8b7bbbe5 service neutron] Attributes excluded by policy engine: ['standard_attr_id', 'vlan_transparent'] {{(pid=103348) _exclude_attributes_by_policy /opt/stack/neutron/neutron/pecan_wsgi/hooks/policy_enforcement.py:259}}
Apr 28 22:26:11.084153 dv-cinder-839825-1-smb neutron-server[103348]: INFO neutron.wsgi [req-dc4dae40-d369-4db7-ae8f-69ba1f0b3a0c req-83a8de21-24bc-45e6-a9aa-1a5c8b7bbbe5 service neutron] 10.222.0.30 "GET /v2.0/networks?id=d5dfcb32-7799-4919-b3f3-346c516c4605 HTTP/1.1" status: 200 len: 910 time: 0.3403273
Apr 28 22:26:11.153986 dv-cinder-839825-1-smb neutron-server[103347]: INFO neutron.wsgi [req-28e35f4f-7973-4d59-ad68-2264f59da48f req-a7aca854-6b3b-4f5c-8ac8-cc450cae3dcc tempest-DeleteServersTestJSON-780855612 tempest-DeleteServersTestJSON-780855612-project] 10.222.0.16 "GET /v2.0/ports?device_id=a8f51873-e206-4d03-aea7-9c050006540c HTTP/1.1" status: 200 len: 210 time: 0.1038866
Apr 28 22:26:11.179025 dv-cinder-839825-1-smb neutron-server[103347]: DEBUG neutron_lib.callbacks.manager [None req-d1a78636-bc74-4959-87b4-392552fb904e admin admin] Publish callbacks [] for security_group (d6861686-58fa-4eb7-acfc-4359204f0431), before_delete {{(pid=103347) _notify_loop /usr/local/lib/python3.8/dist-packages/neutron_lib/callbacks/manager.py:176}}
Apr 28 22:26:11.202517 dv-cinder-839825-1-smb neutron-server[103348]: INFO neutron.wsgi [req-dc4dae40-d369-4db7-ae8f-69ba1f0b3a0c req-8b0f0db0-4770-46d5-baab-6c7a1f8aaf02 service neutron] 10.222.0.30 "GET /v2.0/floatingips?fixed_ip_address=172.20.0.9&port_id=7a2f3767-5f4d-4a21-8a94-6926f78697d9 HTTP/1.1" status: 200 len: 217 time: 0.0866346
Apr 28 22:26:11.205821 dv-cinder-839825-1-smb neutron-server[103348]: DEBUG neutron.pecan_wsgi.hooks.policy_enforcement [req-397ebecf-6dbc-4b2b-b43a-081c0da6deb7 req-74c65f39-f712-493b-89e4-60981f464ce8 service neutron] Attributes excluded by policy engine: ['standard_attr_id', 'vlan_transparent'] {{(pid=103348) _exclude_attributes_by_policy /opt/stack/neutron/neutron/pecan_wsgi/hooks/policy_enforcement.py:259}}
Apr 28 22:26:11.207421 dv-cinder-839825-1-smb neutron-server[103348]: INFO neutron.wsgi [req-397ebecf-6dbc-4b2b-b43a-081c0da6deb7 req-74c65f39-f712-493b-89e4-60981f464ce8 service neutron] 10.222.0.30 "GET /v2.0/networks?id=6f90cf23-80fd-4d04-8944-99687a745dbe HTTP/1.1" status: 200 len: 919 time: 0.1769140
Apr 28 22:26:11.238669 dv-cinder-839825-1-smb neutron-server[103347]: DEBUG neutron.pecan_wsgi.hooks.policy_enforcement [req-20dbbdb4-2b6b-4a85-a26b-9bb4698fc9c9 req-e1a3b908-a6e6-4e7a-a4c5-3d33965002af tempest-VolumesActionsTest-544005612 tempest-VolumesActionsTest-544005612-project] Attributes excluded by policy engine: ['standard_attr_id', 'binding:profile', 'binding:host_id', 'binding:vif_type', 'binding:vif_details'] {{(pid=103347) _exclude_attributes_by_policy /opt/stack/neutron/neutron/pecan_wsgi/hooks/policy_enforcement.py:259}}
Apr 28 22:26:11.241013 dv-cinder-839825-1-smb neutron-server[103347]: INFO neutron.wsgi [req-20dbbdb4-2b6b-4a85-a26b-9bb4698fc9c9 req-e1a3b908-a6e6-4e7a-a4c5-3d33965002af tempest-VolumesActionsTest-544005612 tempest-VolumesActionsTest-544005612-project] 10.222.0.16 "GET /v2.0/ports?device_id=a343ce5c-e553-4633-aeb3-b8e524e54de4 HTTP/1.1" status: 200 len: 943 time: 0.0763378
Apr 28 22:26:11.247248 dv-cinder-839825-1-smb neutron-server[103347]: DEBUG neutron_lib.callbacks.manager [None req-d1a78636-bc74-4959-87b4-392552fb904e admin admin] Publish callbacks [] for security_group (d6861686-58fa-4eb7-acfc-4359204f0431), precommit_delete {{(pid=103347) _notify_loop /usr/local/lib/python3.8/dist-packages/neutron_lib/callbacks/manager.py:176}}
Apr 28 22:26:11.286292 dv-cinder-839825-1-smb neutron-server[103348]: INFO neutron.wsgi [req-397ebecf-6dbc-4b2b-b43a-081c0da6deb7 req-0c6976e8-3053-49e4-b31d-79b168f826c0 service neutron] 10.222.0.30 "GET /v2.0/floatingips?fixed_ip_address=172.20.0.14&port_id=f3c6bddf-0552-40fe-ad1b-c0ab0c460020 HTTP/1.1" status: 200 len: 217 time: 0.0627115
Apr 28 22:26:11.328169 dv-cinder-839825-1-smb neutron-server[103347]: INFO neutron.wsgi [req-20dbbdb4-2b6b-4a85-a26b-9bb4698fc9c9 req-f70c4772-85d1-4268-99e8-43ad3ff3f800 tempest-VolumesActionsTest-544005612 tempest-VolumesActionsTest-544005612-project] 10.222.0.16 "GET /v2.0/security-groups?id=36de2a5d-a02c-4625-a845-7f77a3d86ed6&fields=id&fields=name HTTP/1.1" status: 200 len: 286 time: 0.0785935
Apr 28 22:26:11.330299 dv-cinder-839825-1-smb neutron-server[103348]: DEBUG neutron.pecan_wsgi.hooks.policy_enforcement [req-dc4dae40-d369-4db7-ae8f-69ba1f0b3a0c req-53aa14cd-e015-4fb3-b7cf-ab1a2fd96bb7 service neutron] Attributes excluded by policy engine: ['standard_attr_id', 'shared'] {{(pid=103348) _exclude_attributes_by_policy /opt/stack/neutron/neutron/pecan_wsgi/hooks/policy_enforcement.py:259}}
Apr 28 22:26:11.335115 dv-cinder-839825-1-smb neutron-server[103348]: INFO neutron.wsgi [req-dc4dae40-d369-4db7-ae8f-69ba1f0b3a0c req-53aa14cd-e015-4fb3-b7cf-ab1a2fd96bb7 service neutron] 10.222.0.30 "GET /v2.0/subnets?id=8aed5287-90d3-4a8a-ad87-b00eb9780ae2 HTTP/1.1" status: 200 len: 849 time: 0.1161704
Apr 28 22:26:11.345995 dv-cinder-839825-1-smb neutron-server[103347]: DEBUG neutron_lib.callbacks.manager [None req-d1a78636-bc74-4959-87b4-392552fb904e admin admin] Publish callbacks ['neutron.plugins.ml2.ovo_rpc._ObjectChangeHandler.handle_event-339521'] for security_group (d6861686-58fa-4eb7-acfc-4359204f0431), after_delete {{(pid=103347) _notify_loop /usr/local/lib/python3.8/dist-packages/neutron_lib/callbacks/manager.py:176}}
Apr 28 22:26:11.349004 dv-cinder-839825-1-smb neutron-server[103347]: DEBUG neutron_lib.callbacks.manager [None req-d1a78636-bc74-4959-87b4-392552fb904e admin admin] Publish callbacks [] for security_group (None), before_response {{(pid=103347) _notify_loop /usr/local/lib/python3.8/dist-packages/neutron_lib/callbacks/manager.py:176}}
Apr 28 22:26:11.352729 dv-cinder-839825-1-smb neutron-server[103347]: INFO neutron.wsgi [None req-d1a78636-bc74-4959-87b4-392552fb904e admin admin] 10.222.0.16 "DELETE /v2.0/security-groups/d6861686-58fa-4eb7-acfc-4359204f0431 HTTP/1.1" status: 204 len: 168 time: 0.4892616
Apr 28 22:26:11.360923 dv-cinder-839825-1-smb neutron-server[103347]: DEBUG neutron.api.rpc.handlers.resources_rpc [None req-d1a78636-bc74-4959-87b4-392552fb904e admin admin] Pushing event deleted for resources: {'SecurityGroup': ['ID=d6861686-58fa-4eb7-acfc-4359204f0431,revision_number=None']} {{(pid=103347) push /opt/stack/neutron/neutron/api/rpc/handlers/resources_rpc.py:237}}
Apr 28 22:26:11.393028 dv-cinder-839825-1-smb neutron-server[103348]: INFO neutron.wsgi [req-dc4dae40-d369-4db7-ae8f-69ba1f0b3a0c req-61ac2c17-080e-437e-96ad-80569239808f service neutron] 10.222.0.30 "GET /v2.0/ports?network_id=d5dfcb32-7799-4919-b3f3-346c516c4605&device_owner=network%3Adhcp HTTP/1.1" status: 200 len: 210 time: 0.0451264
Apr 28 22:26:11.396651 dv-cinder-839825-1-smb neutron-server[103348]: DEBUG neutron.pecan_wsgi.hooks.policy_enforcement [req-397ebecf-6dbc-4b2b-b43a-081c0da6deb7 req-0f31f332-ecf5-4060-a77c-8191866e9c38 service neutron] Attributes excluded by policy engine: ['standard_attr_id', 'shared'] {{(pid=103348) _exclude_attributes_by_policy /opt/stack/neutron/neutron/pecan_wsgi/hooks/policy_enforcement.py:259}}
Apr 28 22:26:11.398101 dv-cinder-839825-1-smb neutron-server[103348]: INFO neutron.wsgi [req-397ebecf-6dbc-4b2b-b43a-081c0da6deb7 req-0f31f332-ecf5-4060-a77c-8191866e9c38 service neutron] 10.222.0.30 "GET /v2.0/subnets?id=6f50a557-4c54-46a1-8a7f-b97f34dd35b4 HTTP/1.1" status: 200 len: 857 time: 0.1049125
Apr 28 22:26:11.491436 dv-cinder-839825-1-smb neutron-server[103348]: DEBUG neutron.pecan_wsgi.hooks.policy_enforcement [req-397ebecf-6dbc-4b2b-b43a-081c0da6deb7 req-dc373f38-638b-40e5-bb67-93070232a048 service neutron] Attributes excluded by policy engine: ['standard_attr_id'] {{(pid=103348) _exclude_attributes_by_policy /opt/stack/neutron/neutron/pecan_wsgi/hooks/policy_enforcement.py:259}}
Apr 28 22:26:11.492930 dv-cinder-839825-1-smb neutron-server[103348]: INFO neutron.wsgi [req-397ebecf-6dbc-4b2b-b43a-081c0da6deb7 req-dc373f38-638b-40e5-bb67-93070232a048 service neutron] 10.222.0.30 "GET /v2.0/ports?network_id=6f90cf23-80fd-4d04-8944-99687a745dbe&device_owner=network%3Adhcp HTTP/1.1" status: 200 len: 1210 time: 0.0788999
Apr 28 22:26:11.577372 dv-cinder-839825-1-smb neutron-server[103348]: INFO neutron.wsgi [req-dc4dae40-d369-4db7-ae8f-69ba1f0b3a0c req-74cbaa5d-7a63-49c3-a5d7-3186aabeec3c service neutron] 10.222.0.30 "GET /v2.0/networks/d5dfcb32-7799-4919-b3f3-346c516c4605?fields=segments HTTP/1.1" status: 200 len: 212 time: 0.1715553
Apr 28 22:26:11.680703 dv-cinder-839825-1-smb neutron-server[103348]: INFO neutron.wsgi [req-397ebecf-6dbc-4b2b-b43a-081c0da6deb7 req-4fad1589-c0b5-4d9a-bfe5-5693df7544b7 service neutron] 10.222.0.30 "GET /v2.0/networks/6f90cf23-80fd-4d04-8944-99687a745dbe?fields=segments HTTP/1.1" status: 200 len: 212 time: 0.1798387
Apr 28 22:26:11.695913 dv-cinder-839825-1-smb neutron-server[103347]: DEBUG neutron.pecan_wsgi.hooks.policy_enforcement [req-c8c9356a-66b8-4660-abd9-6446a61837f0 req-5aa852ec-e8f8-4d2c-9cb8-5a3cf2f8c916 tempest-AttachVolumeNegativeTest-1409185148 tempest-AttachVolumeNegativeTest-1409185148-project] Attributes excluded by policy engine: ['standard_attr_id', 'binding:profile', 'binding:host_id', 'binding:vif_type', 'binding:vif_details'] {{(pid=103347) _exclude_attributes_by_policy /opt/stack/neutron/neutron/pecan_wsgi/hooks/policy_enforcement.py:259}}
Apr 28 22:26:11.698198 dv-cinder-839825-1-smb neutron-server[103347]: INFO neutron.wsgi [req-c8c9356a-66b8-4660-abd9-6446a61837f0 req-5aa852ec-e8f8-4d2c-9cb8-5a3cf2f8c916 tempest-AttachVolumeNegativeTest-1409185148 tempest-AttachVolumeNegativeTest-1409185148-project] 10.222.0.16 "GET /v2.0/ports?device_id=7e60a2c2-1857-453a-9f98-91b5e8352ee9 HTTP/1.1" status: 200 len: 945 time: 0.0576355
Apr 28 22:26:11.744976 dv-cinder-839825-1-smb neutron-server[103348]: INFO neutron.wsgi [req-dc4dae40-d369-4db7-ae8f-69ba1f0b3a0c req-f2159955-bb1a-4811-8b2e-8c3a8ae4685f service neutron] 10.222.0.30 "GET /v2.0/networks/d5dfcb32-7799-4919-b3f3-346c516c4605?fields=provider%3Aphysical_network&fields=provider%3Anetwork_type HTTP/1.1" status: 200 len: 281 time: 0.1590359
Apr 28 22:26:11.749814 dv-cinder-839825-1-smb neutron-server[103347]: DEBUG neutron.wsgi [-] (103347) accepted ('10.222.0.16', 60996) {{(pid=103347) server /usr/local/lib/python3.8/dist-packages/eventlet/wsgi.py:1004}}
Apr 28 22:26:11.768304 dv-cinder-839825-1-smb neutron-server[103347]: DEBUG neutron_lib.callbacks.manager [None req-10d3ff1b-9ca2-4759-872b-51c30efaf366 admin admin] Publish callbacks [] for security_group (None), before_create {{(pid=103347) _notify_loop /usr/local/lib/python3.8/dist-packages/neutron_lib/callbacks/manager.py:176}}
Apr 28 22:26:11.783164 dv-cinder-839825-1-smb neutron-server[103347]: INFO neutron.wsgi [req-c8c9356a-66b8-4660-abd9-6446a61837f0 req-b1f0d20f-a867-41db-a8a7-fdd677911ae1 tempest-AttachVolumeNegativeTest-1409185148 tempest-AttachVolumeNegativeTest-1409185148-project] 10.222.0.16 "GET /v2.0/security-groups?id=8a93cad6-6d0d-4f5c-8219-97f6e3acc9a1&fields=id&fields=name HTTP/1.1" status: 200 len: 313 time: 0.0791128
Apr 28 22:26:11.811110 dv-cinder-839825-1-smb neutron-server[103348]: INFO neutron.wsgi [req-397ebecf-6dbc-4b2b-b43a-081c0da6deb7 req-0585d9e9-91c0-4c1d-87e0-6a7b55f33861 service neutron] 10.222.0.30 "GET /v2.0/networks/6f90cf23-80fd-4d04-8944-99687a745dbe?fields=provider%3Aphysical_network&fields=provider%3Anetwork_type HTTP/1.1" status: 200 len: 281 time: 0.1144488
Apr 28 22:26:11.874292 dv-cinder-839825-1-smb neutron-server[103347]: DEBUG neutron_lib.callbacks.manager [None req-10d3ff1b-9ca2-4759-872b-51c30efaf366 admin admin] Publish callbacks [] for security_group (8ddb514b-bfff-4776-b212-b5401c38b6cf), precommit_create {{(pid=103347) _notify_loop /usr/local/lib/python3.8/dist-packages/neutron_lib/callbacks/manager.py:176}}
Apr 28 22:26:11.880380 dv-cinder-839825-1-smb neutron-server[103347]: DEBUG neutron_lib.callbacks.manager [None req-10d3ff1b-9ca2-4759-872b-51c30efaf366 admin admin] Publish callbacks ['neutron.plugins.ml2.ovo_rpc._ObjectChangeHandler.handle_event-339521'] for security_group (8ddb514b-bfff-4776-b212-b5401c38b6cf), after_create {{(pid=103347) _notify_loop /usr/local/lib/python3.8/dist-packages/neutron_lib/callbacks/manager.py:176}}
Apr 28 22:26:11.926893 dv-cinder-839825-1-smb neutron-server[103347]: INFO neutron.wsgi [None req-10d3ff1b-9ca2-4759-872b-51c30efaf366 admin admin] 10.222.0.16 "GET /v2.0/security-groups?tenant_id=36013afc702c4f51aec493962a74e950&name=default HTTP/1.1" status: 200 len: 2996 time: 0.1759794
Apr 28 22:26:11.927038 dv-cinder-839825-1-smb neutron-server[103348]: DEBUG neutron.wsgi [-] (103348) accepted ('10.222.0.16', 32774) {{(pid=103348) server /usr/local/lib/python3.8/dist-packages/eventlet/wsgi.py:1004}}
Apr 28 22:26:11.929382 dv-cinder-839825-1-smb neutron-server[103347]: DEBUG neutron.api.rpc.handlers.resources_rpc [None req-10d3ff1b-9ca2-4759-872b-51c30efaf366 admin admin] Pushing event updated for resources: {'SecurityGroup': ['ID=8ddb514b-bfff-4776-b212-b5401c38b6cf,revision_number=1']} {{(pid=103347) push /opt/stack/neutron/neutron/api/rpc/handlers/resources_rpc.py:237}}
Apr 28 22:26:11.954581 dv-cinder-839825-1-smb neutron-server[103349]: DEBUG neutron.plugins.ml2.rpc [None req-ca60a971-fdb4-4ef9-8047-8b75eec6df56 None None] Device 7a2f3767-5f4d-4a21-8a94-6926f78697d9 details requested by agent hyperv_hv-cinder-83982 with host hv-cinder-83982 {{(pid=103349) get_device_details /opt/stack/neutron/neutron/plugins/ml2/rpc.py:102}}
Apr 28 22:26:11.958788 dv-cinder-839825-1-smb neutron-server[103349]: DEBUG neutron.plugins.ml2.rpc [None req-ca60a971-fdb4-4ef9-8047-8b75eec6df56 None None] Device ec63d7b5-66e5-486f-8a8f-ddbeed964f25 up at agent hyperv_hv-cinder-83982 {{(pid=103349) update_device_up /opt/stack/neutron/neutron/plugins/ml2/rpc.py:296}}
