Apr 28 22:26:27.752465 dv-cinder-839825-1-smb neutron-server[103347]: DEBUG neutron.wsgi [-] (103347) accepted ('10.222.0.16', 33448) {{(pid=103347) server /usr/local/lib/python3.8/dist-packages/eventlet/wsgi.py:1004}}
Apr 28 22:26:27.757478 dv-cinder-839825-1-smb neutron-server[103347]: DEBUG neutron.api.v2.base [None req-c7d3cac8-5560-4643-87b6-b7d718607ffa admin admin] Request body: {'subnet': {'network_id': 'd983929f-af65-4996-8c07-23702cae96ee', 'cidr': '172.20.0.0/28', 'name': 'tempest-TestMinimumBasicScenario-1876101659-subnet', 'tenant_id': '68147a2cbf57493fa04f82bdc0b5ccf4', 'ip_version': 4}} {{(pid=103347) prepare_request_body /opt/stack/neutron/neutron/api/v2/base.py:730}}
Apr 28 22:26:27.785213 dv-cinder-839825-1-smb neutron-server[103348]: DEBUG neutron.api.rpc.handlers.resources_rpc [None req-c0853e8d-f3c2-4533-8d8f-70f2f64b3d2a admin admin] Pushing event updated for resources: {'Network': ['ID=d983929f-af65-4996-8c07-23702cae96ee,revision_number=1']} {{(pid=103348) push /opt/stack/neutron/neutron/api/rpc/handlers/resources_rpc.py:237}}
Apr 28 22:26:27.786386 dv-cinder-839825-1-smb neutron-server[103347]: DEBUG neutron.pecan_wsgi.hooks.quota_enforcement [None req-c7d3cac8-5560-4643-87b6-b7d718607ffa admin admin] Made reservation on behalf of 68147a2cbf57493fa04f82bdc0b5ccf4 for: {'subnet': 1} {{(pid=103347) before /opt/stack/neutron/neutron/pecan_wsgi/hooks/quota_enforcement.py:53}}
Apr 28 22:26:27.789163 dv-cinder-839825-1-smb neutron-server[103347]: DEBUG neutron_lib.callbacks.manager [None req-c7d3cac8-5560-4643-87b6-b7d718607ffa admin admin] Publish callbacks ['neutron.services.segments.plugin.SegmentHostRoutes.host_routes_before_create-26982192'] for subnet (None), before_create {{(pid=103347) _notify_loop /usr/local/lib/python3.8/dist-packages/neutron_lib/callbacks/manager.py:176}}
Apr 28 22:26:27.797497 dv-cinder-839825-1-smb neutron-server[103349]: DEBUG neutron.plugins.ml2.rpc [None req-3ab3816f-dbba-4128-af30-bf2927e50cfd None None] Network d983929f-af65-4996-8c07-23702cae96ee details requested by agent ovs-agent-dv-cinder-839825-1-smb with host dv-cinder-839825-1-smb {{(pid=103349) get_network_details /opt/stack/neutron/neutron/plugins/ml2/rpc.py:248}}
Apr 28 22:26:28.040818 dv-cinder-839825-1-smb neutron-server[103347]: DEBUG neutron_lib.callbacks.manager [None req-c7d3cac8-5560-4643-87b6-b7d718607ffa admin admin] Publish callbacks ['neutron.plugins.ml2.ovo_rpc._ObjectChangeHandler.handle_event-445243', 'neutron.api.rpc.agentnotifiers.dhcp_rpc_agent_api.DhcpAgentNotifyAPI._native_event_send_dhcp_notification-535525', 'neutron.services.segments.plugin.NovaSegmentNotifier._notify_subnet_created-25679370', 'neutron.services.segments.plugin.SegmentHostRoutes.host_routes_after_create-26982338'] for subnet (4e56e49a-4f15-4e12-95c1-6c0c29b9e1c0), after_create {{(pid=103347) _notify_loop /usr/local/lib/python3.8/dist-packages/neutron_lib/callbacks/manager.py:176}}
Apr 28 22:26:28.045246 dv-cinder-839825-1-smb neutron-server[103348]: DEBUG neutron.wsgi [-] (103348) accepted ('10.222.0.16', 33454) {{(pid=103348) server /usr/local/lib/python3.8/dist-packages/eventlet/wsgi.py:1004}}
Apr 28 22:26:28.076997 dv-cinder-839825-1-smb neutron-server[103349]: DEBUG neutron.plugins.ml2.rpc [None req-ca60a971-fdb4-4ef9-8047-8b75eec6df56 None None] Device 7a2f3767-5f4d-4a21-8a94-6926f78697d9 no longer exists at agent hyperv_hv-cinder-83982 {{(pid=103349) update_device_down /opt/stack/neutron/neutron/plugins/ml2/rpc.py:259}}
Apr 28 22:26:28.120930 dv-cinder-839825-1-smb neutron-server[103349]: DEBUG neutron.plugins.ml2.plugin [None req-ca60a971-fdb4-4ef9-8047-8b75eec6df56 None None] No Port match for: 7a2f3767-5f4d-4a21-8a94-6926f78697d9 {{(pid=103349) port_bound_to_host /opt/stack/neutron/neutron/plugins/ml2/plugin.py:2381}}
Apr 28 22:26:28.124813 dv-cinder-839825-1-smb neutron-server[103349]: DEBUG neutron.plugins.ml2.rpc [None req-ca60a971-fdb4-4ef9-8047-8b75eec6df56 None None] Device 7a2f3767-5f4d-4a21-8a94-6926f78697d9 not bound to the agent host hv-cinder-83982 {{(pid=103349) update_device_down /opt/stack/neutron/neutron/plugins/ml2/rpc.py:269}}
Apr 28 22:26:28.140144 dv-cinder-839825-1-smb neutron-server[103347]: DEBUG neutron.api.rpc.handlers.resources_rpc [None req-c7d3cac8-5560-4643-87b6-b7d718607ffa admin admin] Pushing event updated for resources: {'Subnet': ['ID=4e56e49a-4f15-4e12-95c1-6c0c29b9e1c0,revision_number=0']} {{(pid=103347) push /opt/stack/neutron/neutron/api/rpc/handlers/resources_rpc.py:237}}
Apr 28 22:26:28.154085 dv-cinder-839825-1-smb neutron-server[103347]: DEBUG neutron.plugins.ml2.drivers.mech_agent [None req-c7d3cac8-5560-4643-87b6-b7d718607ffa admin admin] Checking segment: {'id': '8859c365-ae55-424d-b282-1f2d3c869ed5', 'network_type': 'vlan', 'physical_network': 'physnet1', 'segmentation_id': 108, 'network_id': 'd983929f-af65-4996-8c07-23702cae96ee'} for mappings: {'physnet1': 'br-data'} with network types: ['local', 'flat', 'vlan'] {{(pid=103347) check_segment_for_agent /opt/stack/neutron/neutron/plugins/ml2/drivers/mech_agent.py:373}}
Apr 28 22:26:28.154465 dv-cinder-839825-1-smb neutron-server[103347]: DEBUG neutron.scheduler.dhcp_agent_scheduler [None req-c7d3cac8-5560-4643-87b6-b7d718607ffa admin admin] Network hostable DHCP agents. Network: d983929f-af65-4996-8c07-23702cae96ee, hostable agents: ['6f063e2c-fb8b-4b5c-8616-761668c12158'], hosted agents: [] {{(pid=103347) _get_network_hostable_dhcp_agents /opt/stack/neutron/neutron/scheduler/dhcp_agent_scheduler.py:329}}
Apr 28 22:26:28.183243 dv-cinder-839825-1-smb neutron-server[103347]: DEBUG neutron.scheduler.dhcp_agent_scheduler [None req-c7d3cac8-5560-4643-87b6-b7d718607ffa admin admin] Network d983929f-af65-4996-8c07-23702cae96ee is scheduled to be hosted by DHCP agent 6f063e2c-fb8b-4b5c-8616-761668c12158 with binding_index 1 {{(pid=103347) bind /opt/stack/neutron/neutron/scheduler/dhcp_agent_scheduler.py:227}}
Apr 28 22:26:28.201207 dv-cinder-839825-1-smb neutron-server[103347]: DEBUG neutron.scheduler.base_scheduler [None req-c7d3cac8-5560-4643-87b6-b7d718607ffa admin admin] Resources bound (agent type, host, resource id): (DHCP agent, dv-cinder-839825-1-smb, d983929f-af65-4996-8c07-23702cae96ee) {{(pid=103347) schedule /opt/stack/neutron/neutron/scheduler/base_scheduler.py:57}}
Apr 28 22:26:28.211421 dv-cinder-839825-1-smb neutron-server[103349]: DEBUG neutron.api.rpc.handlers.dhcp_rpc [None req-d6de3324-8f80-4995-83ef-f8f004fd2a87 None None] Network d983929f-af65-4996-8c07-23702cae96ee requested from dv-cinder-839825-1-smb {{(pid=103349) get_network_info /opt/stack/neutron/neutron/api/rpc/handlers/dhcp_rpc.py:191}}
Apr 28 22:26:28.212428 dv-cinder-839825-1-smb neutron-server[103347]: DEBUG neutron.pecan_wsgi.hooks.policy_enforcement [None req-c7d3cac8-5560-4643-87b6-b7d718607ffa admin admin] Attributes excluded by policy engine: ['standard_attr_id', 'shared', 'segment_id', 'network'] {{(pid=103347) _exclude_attributes_by_policy /opt/stack/neutron/neutron/pecan_wsgi/hooks/policy_enforcement.py:259}}
Apr 28 22:26:28.214312 dv-cinder-839825-1-smb neutron-server[103347]: DEBUG neutron_lib.callbacks.manager [None req-c7d3cac8-5560-4643-87b6-b7d718607ffa admin admin] Publish callbacks ['neutron.api.rpc.agentnotifiers.dhcp_rpc_agent_api.DhcpAgentNotifyAPI._send_dhcp_notification-535499'] for subnet (None), before_response {{(pid=103347) _notify_loop /usr/local/lib/python3.8/dist-packages/neutron_lib/callbacks/manager.py:176}}
Apr 28 22:26:28.288743 dv-cinder-839825-1-smb neutron-server[103348]: DEBUG neutron_lib.callbacks.manager [None req-6c4d3e64-72f4-4444-8373-492066235351 admin admin] Publish callbacks [] for security_group (None), before_create {{(pid=103348) _notify_loop /usr/local/lib/python3.8/dist-packages/neutron_lib/callbacks/manager.py:176}}
Apr 28 22:26:28.301897 dv-cinder-839825-1-smb neutron-server[103347]: INFO neutron.wsgi [None req-c7d3cac8-5560-4643-87b6-b7d718607ffa admin admin] 10.222.0.16 "POST /v2.0/subnets HTTP/1.1" status: 201 len: 851 time: 0.5482855
Apr 28 22:26:28.306041 dv-cinder-839825-1-smb neutron-server[103347]: DEBUG neutron.wsgi [-] (103347) accepted ('10.222.0.16', 33474) {{(pid=103347) server /usr/local/lib/python3.8/dist-packages/eventlet/wsgi.py:1004}}
Apr 28 22:26:28.314037 dv-cinder-839825-1-smb neutron-server[103347]: DEBUG neutron.api.v2.base [None req-f78fe767-f2f0-4f1f-81d0-2f6b4431bf6f admin admin] Request body: {'router': {'name': 'tempest-TestMinimumBasicScenario-1876101659-router', 'tenant_id': '68147a2cbf57493fa04f82bdc0b5ccf4', 'external_gateway_info': {'network_id': 'cb515c8e-dd8e-4d5e-b5ee-c5c3931a0978'}}} {{(pid=103347) prepare_request_body /opt/stack/neutron/neutron/api/v2/base.py:730}}
Apr 28 22:26:28.336241 dv-cinder-839825-1-smb neutron-server[103347]: DEBUG neutron.pecan_wsgi.hooks.policy_enforcement [req-0270d09e-6153-49e2-8c1f-b88eef9bde5e req-ab92ac70-edd8-4138-92ba-43cf566d9695 tempest-ServerRescueNegativeTestJSON-697211137 tempest-ServerRescueNegativeTestJSON-697211137-project] Attributes excluded by policy engine: ['standard_attr_id', 'binding:profile', 'binding:host_id', 'binding:vif_type', 'binding:vif_details'] {{(pid=103347) _exclude_attributes_by_policy /opt/stack/neutron/neutron/pecan_wsgi/hooks/policy_enforcement.py:259}}
Apr 28 22:26:28.336241 dv-cinder-839825-1-smb neutron-server[103347]: INFO neutron.wsgi [req-0270d09e-6153-49e2-8c1f-b88eef9bde5e req-ab92ac70-edd8-4138-92ba-43cf566d9695 tempest-ServerRescueNegativeTestJSON-697211137 tempest-ServerRescueNegativeTestJSON-697211137-project] 10.222.0.16 "GET /v2.0/ports?device_id=8bb0cefb-1715-4b64-a4ba-4ba97049a594 HTTP/1.1" status: 200 len: 946 time: 0.1270278
Apr 28 22:26:28.362838 dv-cinder-839825-1-smb neutron-server[103349]: DEBUG neutron.api.rpc.handlers.l3_rpc [None req-b553f701-8bec-4437-82f9-6abe05fbe6f1 None None] Sync routers for ids ['24d23c9b-28d4-47d3-893b-d6c99275aef2'] in dv-cinder-839825-1-smb {{(pid=103349) sync_routers /opt/stack/neutron/neutron/api/rpc/handlers/l3_rpc.py:125}}
Apr 28 22:26:28.401507 dv-cinder-839825-1-smb neutron-server[103349]: DEBUG neutron.db.l3_dvrscheduler_db [None req-b553f701-8bec-4437-82f9-6abe05fbe6f1 None None] Routers {'24d23c9b-28d4-47d3-893b-d6c99275aef2'} bound to L3 agent in host dv-cinder-839825-1-smb {{(pid=103349) _get_router_ids_for_agent /opt/stack/neutron/neutron/db/l3_dvrscheduler_db.py:421}}
Apr 28 22:26:28.402176 dv-cinder-839825-1-smb neutron-server[103349]: DEBUG neutron.db.l3_hamode_db [None req-b553f701-8bec-4437-82f9-6abe05fbe6f1 None None] neutron.services.l3_router.l3_router_plugin.L3RouterPlugin method get_ha_sync_data_for_host called with arguments (, 'dv-cinder-839825-1-smb', Agent(admin_state_up=True,agent_type='L3 agent',availability_zone='nova',binary='neutron-l3-agent',configurations={"agent_mode": "legacy", "ex_gw_ports": 4, "extensions": [], "floating_ips": 1, "handle_internal_only_routers": true, "interface_driver": "openvswitch", "interfaces": 4, "log_agent_heartbeats": false, "routers": 4},created_at=2022-04-28T22:16:43Z,description=,heartbeat_timestamp=2022-04-28T22:26:13Z,host='dv-cinder-839825-1-smb',id=0ac5e0cc-8241-4ac1-9f5a-504650c4dd38,load=0,resource_versions=,resources_synced=,started_at=2022-04-28T22:16:43Z,topic='l3_agent')) {'router_ids': ['24d23c9b-28d4-47d3-893b-d6c99275aef2'], 'active': True} {{(pid=103349) wrapper /usr/local/lib/python3.8/dist-packages/oslo_log/helpers.py:65}}
Apr 28 22:26:28.408332 dv-cinder-839825-1-smb neutron-server[103347]: DEBUG neutron_lib.callbacks.manager [None req-f78fe767-f2f0-4f1f-81d0-2f6b4431bf6f admin admin] Publish callbacks ['neutron.services.l3_router.l3_router_plugin.L3_HA_NAT_db_mixin._before_router_create_handler-661173', 'neutron.services.l3_router.service_providers.driver_controller.DriverController._check_router_request-26847'] for router (74b07cba-7944-4297-8b00-f7354512e9d1), before_create {{(pid=103347) _notify_loop /usr/local/lib/python3.8/dist-packages/neutron_lib/callbacks/manager.py:176}}
Apr 28 22:26:28.409402 dv-cinder-839825-1-smb neutron-server[103347]: DEBUG neutron_lib.callbacks.manager [None req-f78fe767-f2f0-4f1f-81d0-2f6b4431bf6f admin admin] Publish callbacks ['neutron.services.l3_router.l3_router_plugin.L3_HA_NAT_db_mixin._precommit_router_create-660741', 'neutron.services.l3_router.l3_router_plugin.DVRResourceOperationHandler._set_distributed_flag-368565', 'neutron.services.l3_router.l3_router_plugin.RouterAvailabilityZoneMixin._process_az_request-371388', 'neutron.services.l3_router.service_providers.driver_controller.DriverController._set_router_provider-26660'] for router (74b07cba-7944-4297-8b00-f7354512e9d1), precommit_create {{(pid=103347) _notify_loop /usr/local/lib/python3.8/dist-packages/neutron_lib/callbacks/manager.py:176}}
Apr 28 22:26:28.422093 dv-cinder-839825-1-smb neutron-server[103348]: DEBUG neutron_lib.callbacks.manager [None req-6c4d3e64-72f4-4444-8373-492066235351 admin admin] Publish callbacks [] for security_group (f30316fe-36b8-4940-bc63-d35335a25e58), precommit_create {{(pid=103348) _notify_loop /usr/local/lib/python3.8/dist-packages/neutron_lib/callbacks/manager.py:176}}
Apr 28 22:26:28.432030 dv-cinder-839825-1-smb neutron-server[103348]: DEBUG neutron_lib.callbacks.manager [None req-6c4d3e64-72f4-4444-8373-492066235351 admin admin] Publish callbacks ['neutron.plugins.ml2.ovo_rpc._ObjectChangeHandler.handle_event-339521'] for security_group (f30316fe-36b8-4940-bc63-d35335a25e58), after_create {{(pid=103348) _notify_loop /usr/local/lib/python3.8/dist-packages/neutron_lib/callbacks/manager.py:176}}
Apr 28 22:26:28.467312 dv-cinder-839825-1-smb neutron-server[103348]: DEBUG neutron.api.rpc.handlers.resources_rpc [None req-6c4d3e64-72f4-4444-8373-492066235351 admin admin] Pushing event updated for resources: {'SecurityGroup': ['ID=f30316fe-36b8-4940-bc63-d35335a25e58,revision_number=1']} {{(pid=103348) push /opt/stack/neutron/neutron/api/rpc/handlers/resources_rpc.py:237}}
Apr 28 22:26:28.471907 dv-cinder-839825-1-smb neutron-server[103347]: INFO neutron.wsgi [req-0270d09e-6153-49e2-8c1f-b88eef9bde5e req-27d4dde0-ca3f-4bad-8e33-504b5ae3269c tempest-ServerRescueNegativeTestJSON-697211137 tempest-ServerRescueNegativeTestJSON-697211137-project] 10.222.0.16 "GET /v2.0/security-groups?id=f8155a34-2ceb-427d-941d-2b36b762f25c&fields=id&fields=name HTTP/1.1" status: 200 len: 286 time: 0.1264975
Apr 28 22:26:28.537585 dv-cinder-839825-1-smb neutron-server[103348]: INFO neutron.wsgi [None req-6c4d3e64-72f4-4444-8373-492066235351 admin admin] 10.222.0.16 "GET /v2.0/security-groups?tenant_id=2714de31bcdd4bfb8d84246a22e9998d&name=default HTTP/1.1" status: 200 len: 2996 time: 0.4909232
Apr 28 22:26:28.541756 dv-cinder-839825-1-smb neutron-server[103348]: DEBUG neutron.wsgi [-] (103348) accepted ('10.222.0.16', 33486) {{(pid=103348) server /usr/local/lib/python3.8/dist-packages/eventlet/wsgi.py:1004}}
Apr 28 22:26:28.582728 dv-cinder-839825-1-smb neutro