May 05 15:58:29.689473 dv-cinder-839793-9-smb devstack@c-api.service[117289]: DEBUG cinder.api.openstack.wsgi [None req-f1dc1c71-8581-4741-a1eb-c05508942804 tempest-VolumeTypesNegativeTest-353314709 tempest-VolumeTypesNegativeTest-353314709-project-admin] Calling method '_delete' {{(pid=117289) _process_stack /opt/stack/cinder/cinder/api/openstack/wsgi.py:868}}
May 05 15:58:29.696021 dv-cinder-839793-9-smb devstack@c-api.service[117290]: DEBUG cinder.api.middleware.request_id [None req-28c7afb8-f718-44bb-a720-b33610b5b2fb None None] RequestId filter calling following filter/app {{(pid=117290) _context_setter /opt/stack/cinder/cinder/api/middleware/request_id.py:62}}
May 05 15:58:29.700261 dv-cinder-839793-9-smb devstack@c-api.service[117290]: INFO cinder.api.openstack.wsgi [None req-28c7afb8-f718-44bb-a720-b33610b5b2fb tempest-VolumesListAdminTestJSON-103711114 tempest-VolumesListAdminTestJSON-103711114-project] GET http://10.222.0.26/volume/v3/5849db59dd5a4a5baae982ba03750a89/volumes/b9c1e1a6-3445-4bdf-8c89-0bb97e144847
May 05 15:58:29.700939 dv-cinder-839793-9-smb devstack@c-api.service[117290]: DEBUG cinder.api.openstack.wsgi [None req-28c7afb8-f718-44bb-a720-b33610b5b2fb tempest-VolumesListAdminTestJSON-103711114 tempest-VolumesListAdminTestJSON-103711114-project] Empty body provided in request {{(pid=117290) get_body /opt/stack/cinder/cinder/api/openstack/wsgi.py:715}}
May 05 15:58:29.701850 dv-cinder-839793-9-smb devstack@c-api.service[117290]: DEBUG cinder.api.openstack.wsgi [None req-28c7afb8-f718-44bb-a720-b33610b5b2fb tempest-VolumesListAdminTestJSON-103711114 tempest-VolumesListAdminTestJSON-103711114-project] Calling method 'show' {{(pid=117290) _process_stack /opt/stack/cinder/cinder/api/openstack/wsgi.py:868}}
May 05 15:58:29.704432 dv-cinder-839793-9-smb devstack@c-api.service[117289]: INFO cinder.api.openstack.wsgi [None req-f1dc1c71-8581-4741-a1eb-c05508942804 tempest-VolumeTypesNegativeTest-353314709 tempest-VolumeTypesNegativeTest-353314709-project-admin] http://10.222.0.26/volume/v3/8263f40bdf4742c8a3eb5d673f4db9c7/types/52e73a98-e637-482a-850c-7d060017fdfc returned with HTTP 404
May 05 15:58:29.704432 dv-cinder-839793-9-smb devstack@c-api.service[117289]: [pid: 117289|app: 0|req: 169/372] 10.222.0.26 () {58 vars in 1321 bytes} [Thu May 5 15:58:29 2022] DELETE /volume/v3/8263f40bdf4742c8a3eb5d673f4db9c7/types/52e73a98-e637-482a-850c-7d060017fdfc => generated 114 bytes in 24 msecs (HTTP/1.1 404) 7 headers in 292 bytes (2 switches on core 0)
May 05 15:58:29.709254 dv-cinder-839793-9-smb devstack@c-api.service[117289]: DEBUG cinder.api.middleware.request_id [None req-a14f7ed7-ea5b-4186-bc37-60916ee100aa None None] RequestId filter calling following filter/app {{(pid=117289) _context_setter /opt/stack/cinder/cinder/api/middleware/request_id.py:62}}
May 05 15:58:29.713664 dv-cinder-839793-9-smb devstack@c-api.service[117289]: INFO cinder.api.openstack.wsgi [None req-a14f7ed7-ea5b-4186-bc37-60916ee100aa tempest-VolumeTypesNegativeTest-353314709 tempest-VolumeTypesNegativeTest-353314709-project-admin] GET http://10.222.0.26/volume/v3/8263f40bdf4742c8a3eb5d673f4db9c7/types/338713aa-5597-483f-b92a-f940be170349
May 05 15:58:29.714177 dv-cinder-839793-9-smb devstack@c-api.service[117289]: DEBUG cinder.api.openstack.wsgi [None req-a14f7ed7-ea5b-4186-bc37-60916ee100aa tempest-VolumeTypesNegativeTest-353314709 tempest-VolumeTypesNegativeTest-353314709-project-admin] Empty body provided in request {{(pid=117289) get_body /opt/stack/cinder/cinder/api/openstack/wsgi.py:715}}
May 05 15:58:29.715551 dv-cinder-839793-9-smb devstack@c-api.service[117289]: DEBUG cinder.api.openstack.wsgi [None req-a14f7ed7-ea5b-4186-bc37-60916ee100aa tempest-VolumeTypesNegativeTest-353314709 tempest-VolumeTypesNegativeTest-353314709-project-admin] Calling method 'show' {{(pid=117289) _process_stack /opt/stack/cinder/cinder/api/openstack/wsgi.py:868}}
May 05 15:58:29.718290 dv-cinder-839793-9-smb devstack@c-api.service[117290]: /usr/local/lib/python3.8/dist-packages/oslo_context/context.py:100: DeprecationWarning: Policy enforcement is depending on the value of is_admin. This key is deprecated. Please update your policy file to use the standard policy values.
May 05 15:58:29.718290 dv-cinder-839793-9-smb devstack@c-api.service[117290]: warnings.warn('Policy enforcement is depending on the value of '
May 05 15:58:29.731007 dv-cinder-839793-9-smb devstack@c-api.service[117290]: INFO cinder.volume.api [None req-28c7afb8-f718-44bb-a720-b33610b5b2fb tempest-VolumesListAdminTestJSON-103711114 tempest-VolumesListAdminTestJSON-103711114-project] Volume info retrieved successfully.
May 05 15:58:29.736768 dv-cinder-839793-9-smb devstack@c-api.service[117289]: INFO cinder.api.openstack.wsgi [None req-a14f7ed7-ea5b-4186-bc37-60916ee100aa tempest-VolumeTypesNegativeTest-353314709 tempest-VolumeTypesNegativeTest-353314709-project-admin] http://10.222.0.26/volume/v3/8263f40bdf4742c8a3eb5d673f4db9c7/types/338713aa-5597-483f-b92a-f940be170349 returned with HTTP 404
May 05 15:58:29.737696 dv-cinder-839793-9-smb devstack@c-api.service[117289]: [pid: 117289|app: 0|req: 170/373] 10.222.0.26 () {58 vars in 1318 bytes} [Thu May 5 15:58:29 2022] GET /volume/v3/8263f40bdf4742c8a3eb5d673f4db9c7/types/338713aa-5597-483f-b92a-f940be170349 => generated 114 bytes in 30 msecs (HTTP/1.1 404) 7 headers in 292 bytes (1 switches on core 0)
May 05 15:58:29.742144 dv-cinder-839793-9-smb devstack@c-api.service[117290]: INFO cinder.api.openstack.wsgi [None req-28c7afb8-f718-44bb-a720-b33610b5b2fb tempest-VolumesListAdminTestJSON-103711114 tempest-VolumesListAdminTestJSON-103711114-project] http://10.222.0.26/volume/v3/5849db59dd5a4a5baae982ba03750a89/volumes/b9c1e1a6-3445-4bdf-8c89-0bb97e144847 returned with HTTP 200
May 05 15:58:29.743435 dv-cinder-839793-9-smb devstack@c-api.service[117290]: [pid: 117290|app: 0|req: 204/374] 10.222.0.26 () {58 vars in 1324 bytes} [Thu May 5 15:58:29 2022] GET /volume/v3/5849db59dd5a4a5baae982ba03750a89/volumes/b9c1e1a6-3445-4bdf-8c89-0bb97e144847 => generated 892 bytes in 49 msecs (HTTP/1.1 200) 7 headers in 285 bytes (2 switches on core 0)
May 05 15:58:29.753221 dv-cinder-839793-9-smb devstack@c-api.service[117289]: DEBUG cinder.api.middleware.request_id [None req-6bb5170d-ddef-4d1c-a876-5fcba93ef67f None None] RequestId filter calling following filter/app {{(pid=117289) _context_setter /opt/stack/cinder/cinder/api/middleware/request_id.py:62}}
May 05 15:58:29.757230 dv-cinder-839793-9-smb devstack@c-api.service[117289]: INFO cinder.api.openstack.wsgi [None req-6bb5170d-ddef-4d1c-a876-5fcba93ef67f tempest-VolumeTypesNegativeTest-353314709 tempest-VolumeTypesNegativeTest-353314709-project-admin] DELETE http://10.222.0.26/volume/v3/8263f40bdf4742c8a3eb5d673f4db9c7/types/86fad125-479b-4061-9c76-feeb280bc373
May 05 15:58:29.757683 dv-cinder-839793-9-smb devstack@c-api.service[117289]: DEBUG cinder.api.openstack.wsgi [None req-6bb5170d-ddef-4d1c-a876-5fcba93ef67f tempest-VolumeTypesNegativeTest-353314709 tempest-VolumeTypesNegativeTest-353314709-project-admin] Empty body provided in request {{(pid=117289) get_body /opt/stack/cinder/cinder/api/openstack/wsgi.py:715}}
May 05 15:58:29.758157 dv-cinder-839793-9-smb devstack@c-api.service[117289]: DEBUG cinder.api.openstack.wsgi [None req-6bb5170d-ddef-4d1c-a876-5fcba93ef67f tempest-VolumeTypesNegativeTest-353314709 tempest-VolumeTypesNegativeTest-353314709-project-admin] Calling method '_delete' {{(pid=117289) _process_stack /opt/stack/cinder/cinder/api/openstack/wsgi.py:868}}
May 05 15:58:29.891837 dv-cinder-839793-9-smb devstack@c-api.service[117289]: INFO cinder.api.openstack.wsgi [None req-6bb5170d-ddef-4d1c-a876-5fcba93ef67f tempest-VolumeTypesNegativeTest-353314709 tempest-VolumeTypesNegativeTest-353314709-project-admin] http://10.222.0.26/volume/v3/8263f40bdf4742c8a3eb5d673f4db9c7/types/86fad125-479b-4061-9c76-feeb280bc373 returned with HTTP 202
May 05 15:58:29.892885 dv-cinder-839793-9-smb devstack@c-api.service[117289]: [pid: 117289|app: 0|req: 171/375] 10.222.0.26 () {58 vars in 1321 bytes} [Thu May 5 15:58:29 2022] DELETE /volume/v3/8263f40bdf4742c8a3eb5d673f4db9c7/types/86fad125-479b-4061-9c76-feeb280bc373 => generated 0 bytes in 141 msecs (HTTP/1.1 202) 6 headers in 233 bytes (1 switches on core 0)
May 05 15:58:29.897368 dv-cinder-839793-9-smb devstack@c-api.service[117290]: DEBUG cinder.api.middleware.request_id [None req-c1e33ce6-e0d2-4bb1-af7b-fae251bf0939 None None] RequestId filter calling following filter/app {{(pid=117290) _context_setter /opt/stack/cinder/cinder/api/middleware/request_id.py:62}}
May 05 15:58:29.901330 dv-cinder-839793-9-smb devstack@c-api.service[117290]: INFO cinder.api.openstack.wsgi [None req-c1e33ce6-e0d2-4bb1-af7b-fae251bf0939 tempest-VolumeTypesNegativeTest-353314709 tempest-VolumeTypesNegativeTest-353314709-project-admin] GET http://10.222.0.26/volume/v3/8263f40bdf4742c8a3eb5d673f4db9c7/types/86fad125-479b-4061-9c76-feeb280bc373
May 05 15:58:29.901935 dv-cinder-839793-9-smb devstack@c-api.service[117290]: DEBUG cinder.api.openstack.wsgi [None req-c1e33ce6-e0d2-4bb1-af7b-fae251bf0939 tempest-VolumeTypesNegativeTest-353314709 tempest-VolumeTypesNegativeTest-353314709-project-admin] Empty body provided in request {{(pid=117290) get_body /opt/stack/cinder/cinder/api/openstack/wsgi.py:715}}
May 05 15:58:29.905376 dv-cinder-839793-9-smb devstack@c-api.service[117290]: DEBUG cinder.api.openstack.wsgi [None req-c1e33ce6-e0d2-4bb1-af7b-fae251bf0939 tempest-VolumeTypesNegativeTest-353314709 tempest-VolumeTypesNegativeTest-353314709-project-admin] Calling method 'show' {{(pid=117290) _process_stack /opt/stack/cinder/cinder/api/openstack/wsgi.py:868}}
May 05 15:58:29.908187 dv-cinder-839793-9-smb devstack@c-api.service[117290]: INFO cinder.api.openstack.wsgi [None req-c1e33ce6-e0d2-4bb1-af7b-fae251bf0939 tempest-VolumeTypesNegativeTest-353314709 tempest-VolumeTypesNegativeTest-353314709-project-admin] http://10.222.0.26/volume/v3/8263f40bdf4742c8a3eb5d673f4db9c7/types/86fad125-479b-4061-9c76-feeb280bc373 returned with HTTP 404
May 05 15:58:29.909093 dv-cinder-839793-9-smb devstack@c-api.service[117290]: [pid: 117290|app: 0|req: 205/376] 10.222.0.26 () {58 vars in 1318 bytes} [Thu May 5 15:58:29 2022] GET /volume/v3/8263f40bdf4742c8a3eb5d673f4db9c7/types/86fad125-479b-4061-9c76-feeb280bc373 => generated 114 bytes in 13 msecs (HTTP/1.1 404) 7 headers in 292 bytes (1 switches on core 0)
May 05 15:58:29.913888 dv-cinder-839793-9-smb devstack@c-api.service[117289]: DEBUG cinder.api.middleware.request_id [None req-16a13199-19c8-4d01-a5ae-2f67e5a30c08 None None] RequestId filter calling following filter/app {{(pid=117289) _context_setter /opt/stack/cinder/cinder/api/middleware/request_id.py:62}}
May 05 15:58:29.917642 dv-cinder-839793-9-smb devstack@c-api.service[117289]: INFO cinder.api.openstack.wsgi [None req-16a13199-19c8-4d01-a5ae-2f67e5a30c08 tempest-VolumeTypesNegativeTest-353314709 tempest-VolumeTypesNegativeTest-353314709-project-admin] DELETE http://10.222.0.26/volume/v3/8263f40bdf4742c8a3eb5d673f4db9c7/types/b7a271df-dca4-4684-a4bb-c36bc264baa2
May 05 15:58:29.918691 dv-cinder-839793-9-smb devstack@c-api.service[117289]: DEBUG cinder.api.openstack.wsgi [None req-16a13199-19c8-4d01-a5ae-2f67e5a30c08 tempest-VolumeTypesNegativeTest-353314709 tempest-VolumeTypesNegativeTest-353314709-project-admin] Empty body provided in request {{(pid=117289) get_body /opt/stack/cinder/cinder/api/openstack/wsgi.py:715}}
May 05 15:58:29.919166 dv-cinder-839793-9-smb devstack@c-api.service[117289]: DEBUG cinder.api.openstack.wsgi [None req-16a13199-19c8-4d01-a5ae-2f67e5a30c08 tempest-VolumeTypesNegativeTest-353314709 tempest-VolumeTypesNegativeTest-353314709-project-admin] Calling method '_delete' {{(pid=117289) _process_stack /opt/stack/cinder/cinder/api/openstack/wsgi.py:868}}
May 05 15:58:29.995079 dv-cinder-839793-9-smb devstack@c-api.service[117290]: DEBUG cinder.api.middleware.request_id [None req-ddcb3567-5642-40c7-ab56-dfa41e90c450 None None] RequestId filter calling following filter/app {{(pid=117290) _context_setter /opt/stack/cinder/cinder/api/middleware/request_id.py:62}}
May 05 15:58:30.013074 dv-cinder-839793-9-smb devstack@c-api.service[117290]: INFO cinder.api.openstack.wsgi [None req-ddcb3567-5642-40c7-ab56-dfa41e90c450 tempest-VolumeRetypeWithoutMigrationTest-13053943 tempest-VolumeRetypeWithoutMigrationTest-13053943-project] GET http://10.222.0.26/volume/v3/7d99f04a70ce4b6885f88b92e5f93572/volumes/f30fa03d-1ace-45ce-b3f4-d9560540a495
May 05 15:58:30.013890 dv-cinder-839793-9-smb devstack@c-api.service[117290]: DEBUG cinder.api.openstack.wsgi [None req-ddcb3567-5642-40c7-ab56-dfa41e90c450 tempest-VolumeRetypeWithoutMigrationTest-13053943 tempest-VolumeRetypeWithoutMigrationTest-13053943-project] Empty body provided in request {{(pid=117290) get_body /opt/stack/cinder/cinder/api/openstack/wsgi.py:715}}
May 05 15:58:30.014388 dv-cinder-839793-9-smb devstack@c-api.service[117290]: DEBUG cinder.api.openstack.wsgi [None req-ddcb3567-5642-40c7-ab56-dfa41e90c450 tempest-VolumeRetypeWithoutMigrationTest-13053943 tempest-VolumeRetypeWithoutMigrationTest-13053943-project] Calling method 'show' {{(pid=117290) _process_stack /opt/stack/cinder/cinder/api/openstack/wsgi.py:868}}
May 05 15:58:30.030415 dv-cinder-839793-9-smb devstack@c-api.service[117290]: /usr/local/lib/python3.8/dist-packages/oslo_context/context.py:100: DeprecationWarning: Policy enforcement is depending on the value of is_admin. This key is deprecated. Please update your policy file to use the standard policy values.
May 05 15:58:30.030415 dv-cinder-839793-9-smb devstack@c-api.service[117290]: warnings.warn('Policy enforcement is depending on the value of '
May 05 15:58:30.037938 dv-cinder-839793-9-smb devstack@c-api.service[117290]: INFO cinder.volume.api [None req-ddcb3567-5642-40c7-ab56-dfa41e90c450 tempest-VolumeRetypeWithoutMigrationTest-13053943 tempest-VolumeRetypeWithoutMigrationTest-13053943-project] Volume info retrieved successfully.
May 05 15:58:30.045769 dv-cinder-839793-9-smb devstack@c-api.service[117289]: INFO cinder.api.openstack.wsgi [None req-16a13199-19c8-4d01-a5ae-2f67e5a30c08 tempest-VolumeTypesNegativeTest-353314709 tempest-VolumeTypesNegativeTest-353314709-project-admin] http://10.222.0.26/volume/v3/8263f40bdf4742c8a3eb5d673f4db9c7/types/b7a271df-dca4-4684-a4bb-c36bc264baa2 returned with HTTP 202
May 05 15:58:30.046547 dv-cinder-839793-9-smb devstack@c-api.service[117289]: [pid: 117289|app: 0|req: 172/377] 10.222.0.26 () {58 vars in 1321 bytes} [Thu May 5 15:58:29 2022] DELETE /volume/v3/8263f40bdf4742c8a3eb5d673f4db9c7/types/b7a271df-dca4-4684-a4bb-c36bc264baa2 => generated 0 bytes in 134 msecs (HTTP/1.1 202) 6 headers in 233 bytes (2 switches on core 0)
May 05 15:58:30.048737 dv-cinder-839793-9-smb devstack@c-api.service[117289]: DEBUG cinder.api.middleware.request_id [req-4caf45e8-df50-4b9f-8b5b-5167fa015604 req-632191d3-d81e-4cd8-9cbe-8370092207ba None None] RequestId filter calling following filter/app {{(pid=117289) _context_setter /opt/stack/cinder/cinder/api/middleware/request_id.py:62}}
May 05 15:58:30.050886 dv-cinder-839793-9-smb devstack@c-api.service[117290]: INFO cinder.api.openstack.wsgi [None req-ddcb3567-5642-40c7-ab56-dfa41e90c450 tempest-VolumeRetypeWithoutMigrationTest-13053943 tempest-VolumeRetypeWithoutMigrationTest-13053943-project] http://10.222.0.26/volume/v3/7d99f04a70ce4b6885f88b92e5f93572/volumes/f30fa03d-1ace-45ce-b3f4-d9560540a495 returned with HTTP 200
May 05 15:58:30.051615 dv-cinder-839793-9-smb devstack@c-api.service[117290]: [pid: 117290|app: 0|req: 206/378] 10.222.0.26 () {58 vars in 1324 bytes} [Thu May 5 15:58:29 2022] GET /volume/v3/7d99f04a70ce4b6885f88b92e5f93572/volumes/f30fa03d-1ace-45ce-b3f4-d9560540a495 => generated 927 bytes in 59 msecs (HTTP/1.1 200) 7 headers in 285 bytes (2 switches on core 0)
May 05 15:58:30.064858 dv-cinder-839793-9-smb devstack@c-api.service[117290]: DEBUG cinder.api.middleware.request_id [None req-1bddce49-56f1-4b74-9d82-202b239ff4ce None None] RequestId filter calling following filter/app {{(pid=117290) _context_setter /opt/stack/cinder/cinder/api/middleware/request_id.py:62}}
May 05 15:58:30.064994 dv-cinder-839793-9-smb devstack@c-api.service[117289]: INFO cinder.api.openstack.wsgi [req-4caf45e8-df50-4b9f-8b5b-5167fa015604 req-632191d3-d81e-4cd8-9cbe-8370092207ba tempest-DeleteServersTestJSON-1500066554 tempest-DeleteServersTestJSON-1500066554-project] DELETE http://10.222.0.26/volume/v3/3b12f14be6934674aa437a389a801326/attachments/54bef61e-62a3-47ae-a1f2-2883e52f2f1b
May 05 15:58:30.064994 dv-cinder-839793-9-smb devstack@c-api.service[117289]: DEBUG cinder.api.openstack.wsgi [req-4caf45e8-df50-4b9f-8b5b-5167fa015604 req-632191d3-d81e-4cd8-9cbe-8370092207ba tempest-DeleteServersTestJSON-1500066554 tempest-DeleteServersTestJSON-1500066554-project] Empty body provided in request {{(pid=117289) get_body /opt/stack/cinder/cinder/api/openstack/wsgi.py:715}}
May 05 15:58:30.064994 dv-cinder-839793-9-smb devstack@c-api.service[117289]: DEBUG cinder.api.openstack.wsgi [req-4caf45e8-df50-4b9f-8b5b-5167fa015604 req-632191d3-d81e-4cd8-9cbe-8370092207ba tempest-DeleteServersTestJSON-1500066554 tempest-DeleteServersTestJSON-1500066554-project] Calling method 'version_select' {{(pid=117289) _process_stack /opt/stack/cinder/cinder/api/openstack/wsgi.py:868}}
May 05 15:58:30.065186 dv-cinder-839793-9-smb devstack@c-api.service[117290]: INFO cinder.api.openstack.wsgi [None req-1bddce49-56f1-4b74-9d82-202b239ff4ce tempest-VolumeTypesNegativeTest-353314709 tempest-VolumeTypesNegativeTest-353314709-project-admin] GET http://10.222.0.26/volume/v3/8263f40bdf4742c8a3eb5d673f4db9c7/types/b7a271df-dca4-4684-a4bb-c36bc264baa2
May 05 15:58:30.065186 dv-cinder-839793-9-smb devstack@c-api.service[117290]: DEBUG cinder.api.openstack.wsgi [None req-1bddce49-56f1-4b74-9d82-202b239ff4ce tempest-VolumeTypesNegativeTest-353314709 tempest-VolumeTypesNegativeTest-353314709-project-admin] Empty body provided in request {{(pid=117290) get_body /opt/stack/cinder/cinder/api/openstack/wsgi.py:715}}
May 05 15:58:30.065186 dv-cinder-839793-9-smb devstack@c-api.service[117290]: DEBUG cinder.api.openstack.wsgi [None req-1bddce49-56f1-4b74-9d82-202b239ff4ce tempest-VolumeTypesNegativeTest-353314709 tempest-VolumeTypesNegativeTest-353314709-project-admin] Calling method 'show' {{(pid=117290) _process_stack /opt/stack/cinder/cinder/api/openstack/wsgi.py:868}}
May 05 15:58:30.065186 dv-cinder-839793-9-smb devstack@c-api.service[117290]: INFO cinder.api.openstack.wsgi [None req-1bddce49-56f1-4b74-9d82-202b239ff4ce tempest-VolumeTypesNegativeTest-353314709 tempest-VolumeTypesNegativeTest-353314709-project-admin] http://10.222.0.26/volume/v3/8263f40bdf4742c8a3eb5d673f4db9c7/types/b7a271df-dca4-4684-a4bb-c36bc264baa2 returned with HTTP 404
May 05 15:58:30.065186 dv-cinder-839793-9-smb devstack@c-api.service[117290]: [pid: 117290|app: 0|req: 207/379] 10.222.0.26 () {58 vars in 1318 bytes} [Thu May 5 15:58:30 2022] GET /volume/v3/8263f40bdf4742c8a3eb5d673f4db9c7/types/b7a271df-dca4-4684-a4bb-c36bc264baa2 => generated 114 bytes in 11 msecs (HTTP/1.1 404) 7 headers in 292 bytes (1 switches on core 0)
May 05 15:58:30.066595 dv-cinder-839793-9-smb devstack@c-api.service[117290]: DEBUG cinder.api.middleware.request_id [None req-71002a04-53dd-4d3e-a5c9-86cf61262322 None None] RequestId filter calling following filter/app {{(pid=117290) _context_setter /opt/stack/cinder/cinder/api/middleware/request_id.py:62}}
May 05 15:58:30.069235 dv-cinder-839793-9-smb devstack@c-api.service[117289]: /usr/local/lib/python3.8/dist-packages/oslo_context/context.py:100: DeprecationWarning: Policy enforcement is depending on the value of is_admin. This key is deprecated. Please update your policy file to use the standard policy values.
May 05 15:58:30.069235 dv-cinder-839793-9-smb devstack@c-api.service[117289]: warnings.warn('Policy enforcement is depending on the value of '
May 05 15:58:30.070421 dv-cinder-839793-9-smb devstack@c-api.service[117290]: INFO cinder.api.openstack.wsgi [None req-71002a04-53dd-4d3e-a5c9-86cf61262322 tempest-VolumeRetypeWithoutMigrationTest-563525287 tempest-VolumeRetypeWithoutMigrationTest-563525287-project-admin] GET http://10.222.0.26/volume/v3/8f7664b2da6a42ac9220a37fa3ed2a4a/volumes/f30fa03d-1ace-45ce-b3f4-d9560540a495
May 05 15:58:30.071044 dv-cinder-839793-9-smb devstack@c-api.service[117290]: DEBUG cinder.api.openstack.wsgi [None req-71002a04-53dd-4d3e-a5c9-86cf61262322 tempest-VolumeRetypeWithoutMigrationTest-563525287 tempest-VolumeRetypeWithoutMigrationTest-563525287-project-admin] Empty body provided in request {{(pid=117290) get_body /opt/stack/cinder/cinder/api/openstack/wsgi.py:715}}
May 05 15:58:30.071540 dv-cinder-839793-9-smb devstack@c-api.service[117290]: DEBUG cinder.api.openstack.wsgi [None req-71002a04-53dd-4d3e-a5c9-86cf61262322 tempest-VolumeRetypeWithoutMigrationTest-563525287 tempest-VolumeRetypeWithoutMigrationTest-563525287-project-admin] Calling method 'show' {{(pid=117290) _process_stack /opt/stack/cinder/cinder/api/openstack/wsgi.py:868}}
May 05 15:58:30.089001 dv-cinder-839793-9-smb devstack@c-api.service[117290]: /usr/local/lib/python3.8/dist-packages/oslo_context/context.py:100: DeprecationWarning: Policy enforcement is depending on the value of is_admin. This key is deprecated. Please update your policy file to use the standard policy values.
May 05 15:58:30.089001 dv-cinder-839793-9-smb devstack@c-api.service[117290]: warnings.warn('Policy enforcement is depending on the value of '
May 05 15:58:30.098503 dv-cinder-839793-9-smb devstack@c-api.service[117290]: INFO cinder.volume.api [None req-71002a04-53dd-4d3e-a5c9-86cf61262322 tempest-VolumeRetypeWithoutMigrationTest-563525287 tempest-VolumeRetypeWithoutMigrationTest-563525287-project-admin] Volume info retrieved successfully.
May 05 15:58:30.107505 dv-cinder-839793-9-smb devstack@c-api.service[117290]: INFO cinder.api.openstack.wsgi [None req-71002a04-53dd-4d3e-a5c9-86cf61262322 tempest-VolumeRetypeWithoutMigrationTest-563525287 tempest-VolumeRetypeWithoutMigrationTest-563525287-project-admin] http://10.222.0.26/volume/v3/8f7664b2da6a42ac9220a37fa3ed2a4a/volumes/f30fa03d-1ace-45ce-b3f4-d9560540a495 returned with HTTP 200
May 05 15:58:30.108487 dv-cinder-839793-9-smb devstack@c-api.service[117290]: [pid: 117290|app: 0|req: 208/380] 10.222.0.26 () {58 vars in 1324 bytes} [Thu May 5 15:58:30 2022] GET /volume/v3/8f7664b2da6a42ac9220a37fa3ed2a4a/volumes/f30fa03d-1ace-45ce-b3f4-d9560540a495 => generated 1093 bytes in 43 msecs (HTTP/1.1 200) 7 headers in 286 bytes (2 switches on core 0)
May 05 15:58:30.122039 dv-cinder-839793-9-smb devstack@c-api.service[117290]: DEBUG cinder.api.middleware.request_id [None req-90a60e5a-1e74-4f66-9044-2c9f005fc0ed None None] RequestId filter calling following filter/app {{(pid=117290) _context_setter /opt/stack/cinder/cinder/api/middleware/request_id.py:62}}
May 05 15:58:30.127167 dv-cinder-839793-9-smb devstack@c-api.service[117290]: INFO cinder.api.openstack.wsgi [None req-90a60e5a-1e74-4f66-9044-2c9f005fc0ed tempest-VolumeRetypeWithoutMigrationTest-13053943 tempest-VolumeRetypeWithoutMigrationTest-13053943-project] POST http://10.222.0.26/volume/v3/7d99f04a70ce4b6885f88b92e5f93572/volumes/f30fa03d-1ace-45ce-b3f4-d9560540a495/action
May 05 15:58:30.128297 dv-cinder-839793-9-smb devstack@c-api.service[117290]: DEBUG cinder.api.openstack.wsgi [None req-90a60e5a-1e74-4f66-9044-2c9f005fc0ed tempest-VolumeRetypeWithoutMigrationTest-13053943 tempest-VolumeRetypeWithoutMigrationTest-13053943-project] Action body: b'{"os-retype": {"new_type": "volume-type-2", "migration_policy": "never"}}' {{(pid=117290) get_method /opt/stack/cinder/cinder/api/openstack/wsgi.py:983}}
May 05 15:58:30.128671 dv-cinder-839793-9-smb devstack@c-api.service[117290]: DEBUG cinder.api.openstack.wsgi [None req-90a60e5a-1e74-4f66-9044-2c9f005fc0ed tempest-VolumeRetypeWithoutMigrationTest-13053943 tempest-VolumeRetypeWithoutMigrationTest-13053943-project] Action: 'action', calling method: _retype, body: {"os-retype": {"new_type": "volume-type-2", "migration_policy": "never"}} {{(pid=117290) _process_stack /opt/stack/cinder/cinder/api/openstack/wsgi.py:866}}
May 05 15:58:30.150040 dv-cinder-839793-9-smb devstack@c-api.service[117290]: /usr/local/lib/python3.8/dist-packages/oslo_context/context.py:100: DeprecationWarning: Policy enforcement is depending on the value of is_admin. This key is deprecated. Please update your policy file to use the standard policy values.
May 05 15:58:30.150040 dv-cinder-839793-9-smb devstack@c-api.service[117290]: warnings.warn('Policy enforcement is depending on the value of '
May 05 15:58:30.150040 dv-cinder-839793-9-smb devstack@c-api.service[117290]: INFO cinder.volume.api [None req-90a60e5a-1e74-4f66-9044-2c9f005fc0ed tempest-VolumeRetypeWithoutMigrationTest-13053943 tempest-VolumeRetypeWithoutMigrationTest-13053943-project] Volume info retrieved successfully.
May 05 15:58:30.184780 dv-cinder-839793-9-smb devstack@c-api.service[117290]: WARNING cinder.quota [None req-90a60e5a-1e74-4f66-9044-2c9f005fc0ed tempest-VolumeRetypeWithoutMigrationTest-13053943 tempest-VolumeRetypeWithoutMigrationTest-13053943-project] Deprecated: Default quota for resource: volumes_volume-type-2 is set by the default quota flag: quota_volumes_volume-type-2, it is now deprecated. Please use the default quota class for default quota.
May 05 15:58:30.185544 dv-cinder-839793-9-smb devstack@c-api.service[117290]: WARNING cinder.quota [None req-90a60e5a-1e74-4f66-9044-2c9f005fc0ed tempest-VolumeRetypeWithoutMigrationTest-13053943 tempest-VolumeRetypeWithoutMigrationTest-13053943-project] Deprecated: Default quota for resource: gigabytes_volume-type-2 is set by the default quota flag: quota_gigabytes_volume-type-2, it is now deprecated. Please use the default quota class for default quota.
May 05 15:58:30.275494 dv-cinder-839793-9-smb devstack@c-api.service[117289]: INFO cinder.api.openstack.wsgi [req-4caf45e8-df50-4b9f-8b5b-5167fa015604 req-632191d3-d81e-4cd8-9cbe-8370092207ba tempest-DeleteServersTestJSON-1500066554 tempest-DeleteServersTestJSON-1500066554-project] http://10.222.0.26/volume/v3/3b12f14be6934674aa437a389a801326/attachments/54bef61e-62a3-47ae-a1f2-2883e52f2f1b returned with HTTP 200
May 05 15:58:30.377225 dv-cinder-839793-9-smb devstack@c-api.service[117289]: [pid: 117289|app: 0|req: 173/381] 10.222.0.69 () {62 vars in 1446 bytes} [Thu May 5 15:58:30 2022] DELETE /volume/v3/3b12f14be6934674aa437a389a801326/attachments/54bef61e-62a3-47ae-a1f2-2883e52f2f1b => generated 19 bytes in 229 msecs (HTTP/1.1 200) 7 headers in 285 bytes (1 switches on core 0)
May 05 15:58:30.717714 dv-cinder-839793-9-smb devstack@c-api.service[117290]: DEBUG cinder.quota [None req-90a60e5a-1e74-4f66-9044-2c9f005fc0ed tempest-VolumeRetypeWithoutMigrationTest-13053943 tempest-VolumeRetypeWithoutMigrationTest-13053943-project] Created reservations ['10bb8b39-c314-427b-becc-8b5affb81f29', '59832755-f732-4654-b8b4-685d4213b1d5'] {{(pid=117290) reserve /opt/stack/cinder/cinder/quota.py:755}}
May 05 15:58:30.762535 dv-cinder-839793-9-smb devstack@c-api.service[117289]: DEBUG cinder.api.middleware.request_id [None req-2d1336cd-6a40-42b2-bbd7-a761e998265f None None] RequestId filter calling following filter/app {{(pid=117289) _context_setter /opt/stack/cinder/cinder/api/middleware/request_id.py:62}}
May 05 15:58:30.768106 dv-cinder-839793-9-smb devstack@c-api.service[117289]: INFO cinder.api.openstack.wsgi [None req-2d1336cd-6a40-42b2-bbd7-a761e998265f tempest-VolumesListAdminTestJSON-103711114 tempest-VolumesListAdminTestJSON-103711114-project] GET http://10.222.0.26/volume/v3/5849db59dd5a4a5baae982ba03750a89/volumes/b9c1e1a6-3445-4bdf-8c89-0bb97e144847
May 05 15:58:30.770479 dv-cinder-839793-9-smb devstack@c-api.service[117289]: DEBUG cinder.api.openstack.wsgi [None req-2d1336cd-6a40-42b2-bbd7-a761e998265f tempest-VolumesListAdminTestJSON-103711114 tempest-VolumesListAdminTestJSON-103711114-project] Empty body provided in request {{(pid=117289) get_body /opt/stack/cinder/cinder/api/openstack/wsgi.py:715}}
May 05 15:58:30.772773 dv-cinder-839793-9-smb devstack@c-api.service[117289]: DEBUG cinder.api.openstack.wsgi [None req-2d1336cd-6a40-42b2-bbd7-a761e998265f tempest-VolumesListAdminTestJSON-103711114 tempest-VolumesListAdminTestJSON-103711114-project] Calling method 'show' {{(pid=117289) _process_stack /opt/stack/cinder/cinder/api/openstack/wsgi.py:868}}
May 05 15:58:30.786847 dv-cinder-839793-9-smb devstack@c-api.service[117289]: /usr/local/lib/python3.8/dist-packages/oslo_context/context.py:100: DeprecationWarning: Policy enforcement is depending on the value of is_admin. This key is deprecated. Please update your policy file to use the standard policy values.
May 05 15:58:30.786847 dv-cinder-839793-9-smb devstack@c-api.service[117289]: warnings.warn('Policy enforcement is depending on the value of '
May 05 15:58:30.798616 dv-cinder-839793-9-smb devstack@c-api.service[117289]: INFO cinder.volume.api [None req-2d1336cd-6a40-42b2-bbd7-a761e998265f tempest-VolumesListAdminTestJSON-103711114 tempest-VolumesListAdminTestJSON-103711114-project] Volume info retrieved successfully.
May 05 15:58:30.809496 dv-cinder-839793-9-smb devstack@c-api.service[117289]: INFO cinder.api.openstack.wsgi [None req-2d1336cd-6a40-42b2-bbd7-a761e998265f tempest-VolumesListAdminTestJSON-103711114 tempest-VolumesListAdminTestJSON-103711114-project] http://10.222.0.26/volume/v3/5849db59dd5a4a5baae982ba03750a89/volumes/b9c1e1a6-3445-4bdf-8c89-0bb97e144847 returned with HTTP 200
May 05 15:58:30.810475 dv-cinder-839793-9-smb devstack@c-api.service[117289]: [pid: 117289|app: 0|req: 174/382] 10.222.0.26 () {58 vars in 1324 bytes} [Thu May 5 15:58:30 2022] GET /volume/v3/5849db59dd5a4a5baae982ba03750a89/volumes/b9c1e1a6-3445-4bdf-8c89-0bb97e144847 => generated 916 bytes in 51 msecs (HTTP/1.1 200) 7 headers in 285 bytes (2 switches on core 0)
May 05 15:58:30.821003 dv-cinder-839793-9-smb devstack@c-api.service[117290]: DEBUG cinder.quota [None req-90a60e5a-1e74-4f66-9044-2c9f005fc0ed tempest-VolumeRetypeWithoutMigrationTest-13053943 tempest-VolumeRetypeWithoutMigrationTest-13053943-project] Created reservations ['f8c30512-17ab-47ad-98c8-433b8ecfe5f9', 'fc948e62-f4db-4716-b6db-780cfa4dfdee'] {{(pid=117290) reserve /opt/stack/cinder/cinder/quota.py:755}}
May 05 15:58:30.826213 dv-cinder-839793-9-smb devstack@c-api.service[117290]: /opt/stack/cinder/cinder/db/sqlalchemy/api.py:3033: SADeprecationWarning: The SelectBase.as_scalar() method is deprecated and will be removed in a future release. Please refer to SelectBase.scalar_subquery(). (deprecated since: 1.4)
May 05 15:58:30.826213 dv-cinder-839793-9-smb devstack@c-api.service[117290]: models.VolumeType.qos_specs_id == q.as_scalar())),
May 05 15:58:30.960143 dv-cinder-839793-9-smb devstack@c-api.service[117289]: DEBUG cinder.api.middleware.request_id [None req-e262ccdc-dd9d-4553-a386-ef2353da5ecb None None] RequestId filter calling following filter/app {{(pid=117289) _context_setter /opt/stack/cinder/cinder/api/middleware/request_id.py:62}}
May 05 15:58:31.101864 dv-cinder-839793-9-smb devstack@c-api.service[117290]: INFO cinder.volume.api [None req-90a60e5a-1e74-4f66-9044-2c9f005fc0ed tempest-VolumeRetypeWithoutMigrationTest-13053943 tempest-VolumeRetypeWithoutMigrationTest-13053943-project] Retype volume request issued successfully.
May 05 15:58:31.102708 dv-cinder-839793-9-smb devstack@c-api.service[117290]: INFO cinder.api.openstack.wsgi [None req-90a60e5a-1e74-4f66-9044-2c9f005fc0ed tempest-VolumeRetypeWithoutMigrationTest-13053943 tempest-VolumeRetypeWithoutMigrationTest-13053943-project] http://10.222.0.26/volume/v3/7d99f04a70ce4b6885f88b92e5f93572/volumes/f30fa03d-1ace-45ce-b3f4-d9560540a495/action returned with HTTP 202
May 05 15:58:31.107402 dv-cinder-839793-9-smb devstack@c-api.service[117290]: [pid: 117290|app: 0|req: 209/383] 10.222.0.26 () {60 vars in 1366 bytes} [Thu May 5 15:58:30 2022] POST /volume/v3/7d99f04a70ce4b6885f88b92e5f93572/volumes/f30fa03d-1ace-45ce-b3f4-d9560540a495/action => generated 0 bytes in 984 msecs (HTTP/1.1 202) 7 headers in 289 bytes (2 switches on core 0)
May 05 15:58:31.112446 dv-cinder-839793-9-smb devstack@c-api.service[117290]: DEBUG cinder.api.middleware.request_id [None req-e298b69a-2c41-43c4-a81d-7af2357dd618 None None] RequestId filter calling following filter/app {{(pid=117290) _context_setter /opt/stack/cinder/cinder/api/middleware/request_id.py:62}}
May 05 15:58:31.117221 dv-cinder-839793-9-smb devstack@c-api.service[117290]: INFO cinder.api.openstack.wsgi [None req-e298b69a-2c41-43c4-a81d-7af2357dd618 tempest-VolumeRetypeWithoutMigrationTest-13053943 tempest-VolumeRetypeWithoutMigrationTest-13053943-project] GET http://10.222.0.26/volume/v3/7d99f04a70ce4b6885f88b92e5f93572/volumes/f30fa03d-1ace-45ce-b3f4-d9560540a495
May 05 15:58:31.118190 dv-cinder-839793-9-smb devstack@c-api.service[117290]: DEBUG cinder.api.openstack.wsgi [None req-e298b69a-2c41-43c4-a81d-7af2357dd618 tempest-VolumeRetypeWithoutMigrationTest-13053943 tempest-VolumeRetypeWithoutMigrationTest-13053943-project] Empty body provided in request {{(pid=117290) get_body /opt/stack/cinder/cinder/api/openstack/wsgi.py:715}}
May 05 15:58:31.118927 dv-cinder-839793-9-smb devstack@c-api.service[117290]: DEBUG cinder.api.openstack.wsgi [None req-e298b69a-2c41-43c4-a81d-7af2357dd618 tempest-VolumeRetypeWithoutMigrationTest-13053943 tempest-VolumeRetypeWithoutMigrationTest-13053943-project] Calling method 'show' {{(pid=117290) _process_stack /opt/stack/cinder/cinder/api/openstack/wsgi.py:868}}
May 05 15:58:31.136405 dv-cinder-839793-9-smb devstack@c-api.service[117290]: /usr/local/lib/python3.8/dist-packages/oslo_context/context.py:100: DeprecationWarning: Policy enforcement is depending on the value of is_admin. This key is deprecated. Please update your policy file to use the standard policy values.
May 05 15:58:31.136405 dv-cinder-839793-9-smb devstack@c-api.service[117290]: warnings.warn('Policy enforcement is depending on the value of '
May 05 15:58:31.146616 dv-cinder-839793-9-smb devstack@c-api.service[117290]: INFO cinder.volume.api [None req-e298b69a-2c41-43c4-a81d-7af2357dd618 tempest-VolumeRetypeWithoutMigrationTest-13053943 tempest-VolumeRetypeWithoutMigrationTest-13053943-project] Volume info retrieved successfully.
May 05 15:58:31.159228 dv-cinder-839793-9-smb devstack@c-api.service[117290]: INFO cinder.api.openstack.wsgi [None req-e298b69a-2c41-43c4-a81d-7af2357dd618 tempest-VolumeRetypeWithoutMigrationTest-13053943 tempest-VolumeRetypeWithoutMigrationTest-13053943-project] http://10.222.0.26/volume/v3/7d99f04a70ce4b6885f88b92e5f93572/volumes/f30fa03d-1ace-45ce-b3f4-d9560540a495 returned with HTTP 200
May 05 15:58:31.169595 dv-cinder-839793-9-smb devstack@c-api.service[117290]: [pid: 117290|app: 0|req: 210/384] 10.222.0.26 () {58 vars in 1324 bytes} [Thu May 5 15:58:31 2022] GET /volume/v3/7d99f04a70ce4b6885f88b92e5f93572/volumes/f30fa03d-1ace-45ce-b3f4-d9560540a495 => generated 926 bytes in 60 msecs (HTTP/1.1 200) 7 headers in 285 bytes (2 switches on core 0)
May 05 15:58:31.247647 dv-cinder-839793-9-smb devstack@c-api.service[117289]: INFO cinder.api.openstack.wsgi [None req-e262ccdc-dd9d-4553-a386-ef2353da5ecb tempest-VolumesTransfersTest-663140457 tempest-VolumesTransfersTest-663140457-project] POST http://10.222.0.26/volume/v3/4b5b8f3d8aa74fa281dcb22d46af8a2f/volumes
May 05 15:58:31.248857 dv-cinder-839793-9-smb devstack@c-api.service[117289]: DEBUG cinder.api.openstack.wsgi [None req-e262ccdc-dd9d-4553-a386-ef2353da5ecb tempest-VolumesTransfersTest-663140457 tempest-VolumesTransfersTest-663140457-project] Action: 'create', calling method: create, body: {"volume": {"size": 1, "name": "tempest-VolumesTransfersTest-Volume-464205331"}} {{(pid=117289) _process_stack /opt/stack/cinder/cinder/api/openstack/wsgi.py:866}}
May 05 15:58:31.249800 dv-cinder-839793-9-smb devstack@c-api.service[117289]: DEBUG cinder.api.v3.volumes [None req-e262ccdc-dd9d-4553-a386-ef2353da5ecb tempest-VolumesTransfersTest-663140457 tempest-VolumesTransfersTest-663140457-project] Create volume request body: {'volume': {'size': 1, 'name': 'tempest-VolumesTransfersTest-Volume-464205331'}} {{(pid=117289) create /opt/stack/cinder/cinder/api/v3/volumes.py:298}}
May 05 15:58:31.250105 dv-cinder-839793-9-smb devstack@c-api.service[117289]: INFO cinder.api.v3.volumes [None req-e262ccdc-dd9d-4553-a386-ef2353da5ecb tempest-VolumesTransfersTest-663140457 tempest-VolumesTransfersTest-663140457-project] Create volume of 1 GB
May 05 15:58:31.257484 dv-cinder-839793-9-smb devstack@c-api.service[117289]: INFO cinder.volume.api [None req-e262ccdc-dd9d-4553-a386-ef2353da5ecb tempest-VolumesTransfersTest-663140457 tempest-VolumesTransfersTest-663140457-project] Availability Zones retrieved successfully.
May 05 15:58:31.273524 dv-cinder-839793-9-smb devstack@c-api.service[117289]: DEBUG cinder.volume.api [None req-e262ccdc-dd9d-4553-a386-ef2353da5ecb tempest-VolumesTransfersTest-663140457 tempest-VolumesTransfersTest-663140457-project] Flow 'volume_create_api' (95c1abfb-34dc-4249-b32d-c097126e0837) transitioned into state 'RUNNING' from state 'PENDING' {{(pid=117289) _flow_receiver /usr/local/lib/python3.8/dist-packages/taskflow/listeners/logging.py:141}}
May 05 15:58:31.276075 dv-cinder-839793-9-smb devstack@c-api.service[117289]: DEBUG cinder.volume.api [None req-e262ccdc-dd9d-4553-a386-ef2353da5ecb tempest-VolumesTransfersTest-663140457 tempest-VolumesTransfersTest-663140457-project] Task 'cinder.volume.flows.api.create_volume.ExtractVolumeRequestTask;volume:create' (d2063e00-43c3-44ce-a5a1-52f95b9a1e31) transitioned into state 'RUNNING' from state 'PENDING' {{(pid=117289) _task_receiver /usr/local/lib/python3.8/dist-packages/taskflow/listeners/logging.py:190}}
May 05 15:58:31.278635 dv-cinder-839793-9-smb devstack@c-api.service[117289]: DEBUG cinder.volume.flows.api.create_volume [None req-e262ccdc-dd9d-4553-a386-ef2353da5ecb tempest-VolumesTransfersTest-663140457 tempest-VolumesTransfersTest-663140457-project] Validating volume size '1' using validate_int {{(pid=117289) _extract_size /opt/stack/cinder/cinder/volume/flows/api/create_volume.py:225}}
May 05 15:58:31.310771 dv-cinder-839793-9-smb devstack@c-api.service[117289]: DEBUG cinder.volume.api [None req-e262ccdc-dd9d-4553-a386-ef2353da5ecb tempest-VolumesTransfersTest-663140457 tempest-VolumesTransfersTest-663140457-project] Task 'cinder.volume.flows.api.create_volume.ExtractVolumeRequestTask;volume:create' (d2063e00-43c3-44ce-a5a1-52f95b9a1e31) transitioned into state 'SUCCESS' from state 'RUNNING' with result '{'size': 1, 'snapshot_id': None, 'source_volid': None, 'volume_type': VolumeType(created_at=2022-05-05T15:40:20Z,deleted=False,deleted_at=None,description='Default Volume Type',extra_specs={},id=7e08912b-d813-45c5-8456-a7a0b9e5d95d,is_public=True,name='__DEFAULT__',projects=[],qos_specs=,qos_specs_id=None,updated_at=2022-05-05T15:40:20Z), 'volume_type_id': '7e08912b-d813-45c5-8456-a7a0b9e5d95d', 'encryption_key_id': None, 'qos_specs': None, 'consistencygroup_id': None, 'cgsnapshot_id': None, 'group_id': None, 'replication_status': 'disabled', 'refresh_az': False, 'backup_id': None, 'multiattach': False, 'availability_zones': ['nova']}' {{(pid=117289) _task_receiver /usr/local/lib/python3.8/dist-packages/taskflow/listeners/logging.py:178}}
May 05 15:58:31.312806 dv-cinder-839793-9-smb devstack@c-api.service[117289]: DEBUG cinder.volume.api [None req-e262ccdc-dd9d-4553-a386-ef2353da5ecb tempest-VolumesTransfersTest-663140457 tempest-VolumesTransfersTest-663140457-project] Task 'cinder.volume.flows.api.create_volume.QuotaReserveTask;volume:create' (1005f8bd-705b-4ebf-9230-361232a2702f) transitioned into state 'RUNNING' from state 'PENDING' {{(pid=117289) _task_receiver /usr/local/lib/python3.8/dist-packages/taskflow/listeners/logging.py:190}}
May 05 15:58:31.638006 dv-cinder-839793-9-smb devstack@c-api.service[117289]: DEBUG cinder.quota [None req-e262ccdc-dd9d-4553-a386-ef2353da5ecb tempest-VolumesTransfersTest-663140457 tempest-VolumesTransfersTest-663140457-project] Created reservations ['0ad76f2c-a673-4696-95ea-67214cf2d88a', '75a087a6-8882-4811-a543-76641eee4805', 'b3f00a57-2c14-4eec-a70d-8569aea21cb6', 'cfce73f8-464c-4ef2-8846-574f00a1174f'] {{(pid=117289) reserve /opt/stack/cinder/cinder/quota.py:755}}
May 05 15:58:31.639880 dv-cinder-839793-9-smb devstack@c-api.service[117289]: DEBUG cinder.volume.api [None req-e262ccdc-dd9d-4553-a386-ef2353da5ecb tempest-VolumesTransfersTest-663140457 tempest-VolumesTransfersTest-663140457-project] Task 'cinder.volume.flows.api.create_volume.QuotaReserveTask;volume:create' (1005f8bd-705b-4ebf-9230-361232a2702f) transitioned into state 'SUCCESS' from state 'RUNNING' with result '{'reservations': ['0ad76f2c-a673-4696-95ea-67214cf2d88a', '75a087a6-8882-4811-a543-76641eee4805', 'b3f00a57-2c14-4eec-a70d-8569aea21cb6', 'cfce73f8-464c-4ef2-8846-574f00a1174f']}' {{(pid=117289) _task_receiver /usr/local/lib/python3.8/dist-packages/taskflow/listeners/logging.py:178}}
May 05 15:58:31.641899 dv-cinder-839793-9-smb devstack@c-api.service[117289]: DEBUG cinder.volume.api [None req-e262ccdc-dd9d-4553-a386-ef2353da5ecb tempest-VolumesTransfersTest-663140457 tempest-VolumesTransfersTest-663140457-project] Task 'cinder.volume.flows.api.create_volume.EntryCreateTask;volume:create' (b4484198-0d63-40b7-8db5-e66d932f934f) transitioned into state 'RUNNING' from state 'PENDING' {{(pid=117289) _task_receiver /usr/local/lib/python3.8/dist-packages/taskflow/listeners/logging.py:190}}
May 05 15:58:31.744013 dv-cinder-839793-9-smb devstack@c-api.service[117289]: DEBUG cinder.volume.api [None req-e262ccdc-dd9d-4553-a386-ef2353da5ecb tempest-VolumesTransfersTest-663140457 tempest-VolumesTransfersTest-663140457-project] Task 'cinder.volume.flows.api.create_volume.EntryCreateTask;volume:create' (b4484198-0d63-40b7-8db5-e66d932f934f) transitioned into state 'SUCCESS' from state 'RUNNING' with result '{'volume_id': '0d4af1de-2884-41a8-80dd-0c8c53ed27e4', 'volume_properties': VolumeProperties(attach_status='detached',availability_zone='nova',cgsnapshot_id=None,consistencygroup_id=None,display_description=None,display_name='tempest-VolumesTransfersTest-Volume-464205331',encryption_key_id=None,group_id=None,group_type_id=,metadata={},multiattach=False,project_id='4b5b8f3d8aa74fa281dcb22d46af8a2f',qos_specs=None,replication_status=,reservations=['0ad76f2c-a673-4696-95ea-67214cf2d88a','75a087a6-8882-4811-a543-76641eee4805','b3f00a57-2c14-4eec-a70d-8569aea21cb6','cfce73f8-464c-4ef2-8846-574f00a1174f'],size=1,snapshot_id=None,source_replicaid=,source_volid=None,status='creating',user_id='68862ceeacf64f4585cd050bdb405643',volume_type_id=7e08912b-d813-45c5-8456-a7a0b9e5d95d), 'volume': Volume(_name_id=None,admin_metadata=,attach_status='detached',availability_zone='nova',bootable=False,cluster=,cluster_name=None,consistencygroup=,consistencygroup_id=None,created_at=2022-05-05T15:58:31Z,deleted=False,deleted_at=None,display_description=None,display_name='tempest-VolumesTransfersTest-Volume-464205331',ec2_id=None,encryption_key_id=None,glance_metadata=,group=,group_id=None,host=None,id=0d4af1de-2884-41a8-80dd-0c8c53ed27e4,launched_at=None,metadata={},migration_status=None,multiattach=False,previous_status=None,project_id='4b5b8f3d8aa74fa281dcb22d46af8a2f',provider_auth=None,provider_geometry=None,provider_id=None,provider_location=None,replication_driver_data=None,replication_extended_status=None,replication_status=None,scheduled_at=None,service_uuid=None,shared_targets=True,size=1,snapshot_id=None,snapshots=,source_volid=None,status='creating',terminated_at=None,updated_at=None,use_quota=True,user_id='68862ceeacf64f4585cd050bdb405643',volume_attachment=VolumeAttachmentList,volume_type=VolumeType(7e08912b-d813-45c5-8456-a7a0b9e5d95d),volume_type_id=7e08912b-d813-45c5-8456-a7a0b9e5d95d)}' {{(pid=117289) _task_receiver /usr/local/lib/python3.8/dist-packages/taskflow/listeners/logging.py:178}}
May 05 15:58:31.746006 dv-cinder-839793-9-smb devstack@c-api.service[117289]: DEBUG cinder.volume.api [None req-e262ccdc-dd9d-4553-a386-ef2353da5ecb tempest-VolumesTransfersTest-663140457 tempest-VolumesTransfersTest-663140457-project] Task 'cinder.volume.flows.api.create_volume.QuotaCommitTask;volume:create' (deb9b717-fc3c-4712-819f-7e39ca2f906f) transitioned into state 'RUNNING' from state 'PENDING' {{(pid=117289) _task_receiver /usr/local/lib/python3.8/dist-packages/taskflow/listeners/logging.py:190}}
May 05 15:58:31.823293 dv-cinder-839793-9-smb devstack@c-api.service[117290]: DEBUG cinder.api.middleware.request_id [None req-068ed818-72e9-4e8a-8cdd-443ba0fe14a2 None None] RequestId filter calling following filter/app {{(pid=117290) _context_setter /opt/stack/cinder/cinder/api/middleware/request_id.py:62}}
May 05 15:58:31.828906 dv-cinder-839793-9-smb devstack@c-api.service[117290]: INFO cinder.api.openstack.wsgi [None req-068ed818-72e9-4e8a-8cdd-443ba0fe14a2 tempest-VolumesListAdminTestJSON-103711114 tempest-VolumesListAdminTestJSON-103711114-project] GET http://10.222.0.26/volume/v3/5849db59dd5a4a5baae982ba03750a89/volumes/b9c1e1a6-3445-4bdf-8c89-0bb97e144847
May 05 15:58:31.829360 dv-cinder-839793-9-smb devstack@c-api.service[117290]: DEBUG cinder.api.openstack.wsgi [None req-068ed818-72e9-4e8a-8cdd-443ba0fe14a2 tempest-VolumesListAdminTestJSON-103711114 tempest-VolumesListAdminTestJSON-103711114-project] Empty body provided in request {{(pid=117290) get_body /opt/stack/cinder/cinder/api/openstack/wsgi.py:715}}
May 05 15:58:31.830023 dv-cinder-839793-9-smb devstack@c-api.service[117290]: DEBUG cinder.api.openstack.wsgi [None req-068ed818-72e9-4e8a-8cdd-443ba0fe14a2 tempest-VolumesListAdminTestJSON-103711114 tempest-VolumesListAdminTestJSON-103711114-project] Calling method 'show' {{(pid=117290) _process_stack /opt/stack/cinder/cinder/api/openstack/wsgi.py:868}}
May 05 15:58:31.847090 dv-cinder-839793-9-smb devstack@c-api.service[117290]: /usr/local/lib/python3.8/dist-packages/oslo_context/context.py:100: DeprecationWarning: Policy enforcement is depending on the value of is_admin. This key is deprecated. Please update your policy file to use the standard policy values.
May 05 15:58:31.847090 dv-cinder-839793-9-smb devstack@c-api.service[117290]: warnings.warn('Policy enforcement is depending on the value of '
May 05 15:58:31.855095 dv-cinder-839793-9-smb devstack@c-api.service[117290]: INFO cinder.volume.api [None req-068ed818-72e9-4e8a-8cdd-443ba0fe14a2 tempest-VolumesListAdminTestJSON-103711114 tempest-VolumesListAdminTestJSON-103711114-project] Volume info retrieved successfully.
May 05 15:58:31.864788 dv-cinder-839793-9-smb devstack@c-api.service[117290]: INFO cinder.api.openstack.wsgi [None req-068ed818-72e9-4e8a-8cdd-443ba0fe14a2 tempest-VolumesListAdminTestJSON-103711114 tempest-VolumesListAdminTestJSON-103711114-project] http://10.222.0.26/volume/v3/5849db59dd5a4a5baae982ba03750a89/volumes/b9c1e1a6-3445-4bdf-8c89-0bb97e144847 returned with HTTP 200
May 05 15:58:31.865930 dv-cinder-839793-9-smb devstack@c-api.service[117290]: [pid: 117290|app: 0|req: 211/385] 10.222.0.26 () {58 vars in 1324 bytes} [Thu May 5 15:58:31 2022] GET /volume/v3/5849db59dd5a4a5baae982ba03750a89/volumes/b9c1e1a6-3445-4bdf-8c89-0bb97e144847 => generated 917 bytes in 44 msecs (HTTP/1.1 200) 7 headers in 285 bytes (2 switches on core 0)
May 05 15:58:31.868185 dv-cinder-839793-9-smb devstack@c-api.service[117289]: DEBUG cinder.volume.api [None req-e262ccdc-dd9d-4553-a386-ef2353da5ecb tempest-VolumesTransfersTest-663140457 tempest-VolumesTransfersTest-663140457-project] Task 'cinder.volume.flows.api.create_volume.QuotaCommitTask;volume:create' (deb9b717-fc3c-4712-819f-7e39ca2f906f) transitioned into state 'SUCCESS' from state 'RUNNING' with result '{'volume_properties': VolumeProperties(attach_status='detached',availability_zone='nova',cgsnapshot_id=None,consistencygroup_id=None,display_description=None,display_name='tempest-VolumesTransfersTest-Volume-464205331',encryption_key_id=None,group_id=None,group_type_id=,metadata={},multiattach=False,project_id='4b5b8f3d8aa74fa281dcb22d46af8a2f',qos_specs=None,replication_status=,reservations=['0ad76f2c-a673-4696-95ea-67214cf2d88a','75a087a6-8882-4811-a543-76641eee4805','b3f00a57-2c14-4eec-a70d-8569aea21cb6','cfce73f8-464c-4ef2-8846-574f00a1174f'],size=1,snapshot_id=None,source_replicaid=,source_volid=None,status='creating',user_id='68862ceeacf64f4585cd050bdb405643',volume_type_id=7e08912b-d813-45c5-8456-a7a0b9e5d95d)}' {{(pid=117289) _task_receiver /usr/local/lib/python3.8/dist-packages/taskflow/listeners/logging.py:178}}
May 05 15:58:31.870062 dv-cinder-839793-9-smb devstack@c-api.service[117289]: DEBUG cinder.volume.api [None req-e262ccdc-dd9d-4553-a386-ef2353da5ecb tempest-VolumesTransfersTest-663140457 tempest-VolumesTransfersTest-663140457-project] Task 'cinder.volume.flows.api.create_volume.VolumeCastTask;volume:create' (d3efe3de-802f-4d78-9cc3-29a371eccf96) transitioned into state 'RUNNING' from state 'PENDING' {{(pid=117289) _task_receiver /usr/local/lib/python3.8/dist-packages/taskflow/listeners/logging.py:190}}
May 05 15:58:31.878547 dv-cinder-839793-9-smb devstack@c-api.service[117290]: DEBUG cinder.api.middleware.request_id [None req-ec94d3b2-aa2a-4de5-a787-ac7cf81b39db None None] RequestId filter calling following filter/app {{(pid=117290) _context_setter /opt/stack/cinder/cinder/api/middleware/request_id.py:62}}
May 05 15:58:31.883059 dv-cinder-839793-9-smb devstack@c-api.service[117290]: INFO cinder.api.openstack.wsgi [None req-ec94d3b2-aa2a-4de5-a787-ac7cf81b39db tempest-VolumesListAdminTestJSON-103711114 tempest-VolumesListAdminTestJSON-103711114-project] GET http://10.222.0.26/volume/v3/5849db59dd5a4a5baae982ba03750a89/volumes/b9c1e1a6-3445-4bdf-8c89-0bb97e144847
