May 05 15:42:23.230038 dv-cinder-839793-9-iscsi devstack@c-api.service[116715]: DEBUG cinder.api.openstack.wsgi [None req-4dff42ba-fe21-4f45-b1d7-b8e9c941234e tempest-VolumesActionsTest-1824272408 tempest-VolumesActionsTest-1824272408-project] Empty body provided in request {{(pid=116715) get_body /opt/stack/cinder/cinder/api/openstack/wsgi.py:715}}
May 05 15:42:23.230661 dv-cinder-839793-9-iscsi devstack@c-api.service[116715]: DEBUG cinder.api.openstack.wsgi [None req-4dff42ba-fe21-4f45-b1d7-b8e9c941234e tempest-VolumesActionsTest-1824272408 tempest-VolumesActionsTest-1824272408-project] Calling method 'show' {{(pid=116715) _process_stack /opt/stack/cinder/cinder/api/openstack/wsgi.py:868}}
May 05 15:42:23.276144 dv-cinder-839793-9-iscsi devstack@c-api.service[116715]: /usr/local/lib/python3.8/dist-packages/oslo_context/context.py:100: DeprecationWarning: Policy enforcement is depending on the value of is_admin. This key is deprecated. Please update your policy file to use the standard policy values.
May 05 15:42:23.276144 dv-cinder-839793-9-iscsi devstack@c-api.service[116715]: warnings.warn('Policy enforcement is depending on the value of '
May 05 15:42:23.288123 dv-cinder-839793-9-iscsi devstack@c-api.service[116715]: INFO cinder.volume.api [None req-4dff42ba-fe21-4f45-b1d7-b8e9c941234e tempest-VolumesActionsTest-1824272408 tempest-VolumesActionsTest-1824272408-project] Volume info retrieved successfully.
May 05 15:42:23.302153 dv-cinder-839793-9-iscsi devstack@c-api.service[116715]: INFO cinder.api.openstack.wsgi [None req-4dff42ba-fe21-4f45-b1d7-b8e9c941234e tempest-VolumesActionsTest-1824272408 tempest-VolumesActionsTest-1824272408-project] http://10.222.0.58/volume/v3/255aeae1543e48d69e2ff14c21350d97/volumes/6e0975b9-0b0a-456d-8f52-bb5afe71aac2 returned with HTTP 200
May 05 15:42:23.303285 dv-cinder-839793-9-iscsi devstack@c-api.service[116715]: [pid: 116715|app: 0|req: 39/71] 10.222.0.58 () {58 vars in 1324 bytes} [Thu May 5 15:42:23 2022] GET /volume/v3/255aeae1543e48d69e2ff14c21350d97/volumes/6e0975b9-0b0a-456d-8f52-bb5afe71aac2 => generated 908 bytes in 82 msecs (HTTP/1.1 200) 7 headers in 285 bytes (1 switches on core 0)
May 05 15:42:23.853718 dv-cinder-839793-9-iscsi devstack@c-api.service[116714]: DEBUG cinder.api.middleware.request_id [None req-6bab7950-7d8e-40ed-90ce-3bb3930d8d74 None None] RequestId filter calling following filter/app {{(pid=116714) _context_setter /opt/stack/cinder/cinder/api/middleware/request_id.py:62}}
May 05 15:42:23.858949 dv-cinder-839793-9-iscsi devstack@c-api.service[116714]: INFO cinder.api.openstack.wsgi [None req-6bab7950-7d8e-40ed-90ce-3bb3930d8d74 tempest-VolumesTestJSON-60310812 tempest-VolumesTestJSON-60310812-project] GET http://10.222.0.58/volume/v3/11c3095cbbb147aeba1bb605cd0592f9/volumes/6c41c934-5a57-421b-8282-9ec8f0e47611
May 05 15:42:23.859619 dv-cinder-839793-9-iscsi devstack@c-api.service[116714]: DEBUG cinder.api.openstack.wsgi [None req-6bab7950-7d8e-40ed-90ce-3bb3930d8d74 tempest-VolumesTestJSON-60310812 tempest-VolumesTestJSON-60310812-project] Empty body provided in request {{(pid=116714) get_body /opt/stack/cinder/cinder/api/openstack/wsgi.py:715}}
May 05 15:42:23.860261 dv-cinder-839793-9-iscsi devstack@c-api.service[116714]: DEBUG cinder.api.openstack.wsgi [None req-6bab7950-7d8e-40ed-90ce-3bb3930d8d74 tempest-VolumesTestJSON-60310812 tempest-VolumesTestJSON-60310812-project] Calling method 'show' {{(pid=116714) _process_stack /opt/stack/cinder/cinder/api/openstack/wsgi.py:868}}
May 05 15:42:23.905481 dv-cinder-839793-9-iscsi devstack@c-api.service[116714]: INFO cinder.api.openstack.wsgi [None req-6bab7950-7d8e-40ed-90ce-3bb3930d8d74 tempest-VolumesTestJSON-60310812 tempest-VolumesTestJSON-60310812-project] http://10.222.0.58/volume/v3/11c3095cbbb147aeba1bb605cd0592f9/volumes/6c41c934-5a57-421b-8282-9ec8f0e47611 returned with HTTP 404
May 05 15:42:23.910273 dv-cinder-839793-9-iscsi devstack@c-api.service[116714]: [pid: 116714|app: 0|req: 33/72] 10.222.0.58 () {58 vars in 1324 bytes} [Thu May 5 15:42:23 2022] GET /volume/v3/11c3095cbbb147aeba1bb605cd0592f9/volumes/6c41c934-5a57-421b-8282-9ec8f0e47611 => generated 109 bytes in 58 msecs (HTTP/1.1 404) 7 headers in 292 bytes (1 switches on core 0)
May 05 15:42:24.317455 dv-cinder-839793-9-iscsi devstack@c-api.service[116715]: DEBUG cinder.api.middleware.request_id [None req-8d911d97-eb6e-4065-bf0d-9bd86d73ff4d None None] RequestId filter calling following filter/app {{(pid=116715) _context_setter /opt/stack/cinder/cinder/api/middleware/request_id.py:62}}
May 05 15:42:24.324496 dv-cinder-839793-9-iscsi devstack@c-api.service[116715]: INFO cinder.api.openstack.wsgi [None req-8d911d97-eb6e-4065-bf0d-9bd86d73ff4d tempest-VolumesActionsTest-1824272408 tempest-VolumesActionsTest-1824272408-project] GET http://10.222.0.58/volume/v3/255aeae1543e48d69e2ff14c21350d97/volumes/6e0975b9-0b0a-456d-8f52-bb5afe71aac2
May 05 15:42:24.325144 dv-cinder-839793-9-iscsi devstack@c-api.service[116715]: DEBUG cinder.api.openstack.wsgi [None req-8d911d97-eb6e-4065-bf0d-9bd86d73ff4d tempest-VolumesActionsTest-1824272408 tempest-VolumesActionsTest-1824272408-project] Empty body provided in request {{(pid=116715) get_body /opt/stack/cinder/cinder/api/openstack/wsgi.py:715}}
May 05 15:42:24.325800 dv-cinder-839793-9-iscsi devstack@c-api.service[116715]: DEBUG cinder.api.openstack.wsgi [None req-8d911d97-eb6e-4065-bf0d-9bd86d73ff4d tempest-VolumesActionsTest-1824272408 tempest-VolumesActionsTest-1824272408-project] Calling method 'show' {{(pid=116715) _process_stack /opt/stack/cinder/cinder/api/openstack/wsgi.py:868}}
May 05 15:42:24.372289 dv-cinder-839793-9-iscsi devstack@c-api.service[116715]: INFO cinder.api.openstack.wsgi [None req-8d911d97-eb6e-4065-bf0d-9bd86d73ff4d tempest-VolumesActionsTest-1824272408 tempest-VolumesActionsTest-1824272408-project] http://10.222.0.58/volume/v3/255aeae1543e48d69e2ff14c21350d97/volumes/6e0975b9-0b0a-456d-8f52-bb5afe71aac2 returned with HTTP 404
May 05 15:42:24.380612 dv-cinder-839793-9-iscsi devstack@c-api.service[116715]: [pid: 116715|app: 0|req: 40/73] 10.222.0.58 () {58 vars in 1324 bytes} [Thu May 5 15:42:24 2022] GET /volume/v3/255aeae1543e48d69e2ff14c21350d97/volumes/6e0975b9-0b0a-456d-8f52-bb5afe71aac2 => generated 109 bytes in 64 msecs (HTTP/1.1 404) 7 headers in 292 bytes (1 switches on core 0)
May 05 15:42:24.387435 dv-cinder-839793-9-iscsi devstack@c-api.service[116714]: DEBUG cinder.api.middleware.request_id [None req-33fe4475-5546-402c-a806-ed29936e12a3 None None] RequestId filter calling following filter/app {{(pid=116714) _context_setter /opt/stack/cinder/cinder/api/middleware/request_id.py:62}}
May 05 15:42:24.390677 dv-cinder-839793-9-iscsi devstack@c-api.service[116714]: INFO cinder.api.openstack.wsgi [None req-33fe4475-5546-402c-a806-ed29936e12a3 tempest-VolumesActionsTest-1824272408 tempest-VolumesActionsTest-1824272408-project] POST http://10.222.0.58/volume/v3/255aeae1543e48d69e2ff14c21350d97/volumes
May 05 15:42:24.391606 dv-cinder-839793-9-iscsi devstack@c-api.service[116714]: DEBUG cinder.api.openstack.wsgi [None req-33fe4475-5546-402c-a806-ed29936e12a3 tempest-VolumesActionsTest-1824272408 tempest-VolumesActionsTest-1824272408-project] Action: 'create', calling method: create, body: {"volume": {"size": 1, "name": "tempest-VolumesActionsTest-Volume-257245920"}} {{(pid=116714) _process_stack /opt/stack/cinder/cinder/api/openstack/wsgi.py:866}}
May 05 15:42:24.392853 dv-cinder-839793-9-iscsi devstack@c-api.service[116714]: DEBUG cinder.api.v3.volumes [None req-33fe4475-5546-402c-a806-ed29936e12a3 tempest-VolumesActionsTest-1824272408 tempest-VolumesActionsTest-1824272408-project] Create volume request body: {'volume': {'size': 1, 'name': 'tempest-VolumesActionsTest-Volume-257245920'}} {{(pid=116714) create /opt/stack/cinder/cinder/api/v3/volumes.py:298}}
May 05 15:42:24.393321 dv-cinder-839793-9-iscsi devstack@c-api.service[116714]: INFO cinder.api.v3.volumes [None req-33fe4475-5546-402c-a806-ed29936e12a3 tempest-VolumesActionsTest-1824272408 tempest-VolumesActionsTest-1824272408-project] Create volume of 1 GB
May 05 15:42:24.408760 dv-cinder-839793-9-iscsi devstack@c-api.service[116714]: INFO cinder.volume.api [None req-33fe4475-5546-402c-a806-ed29936e12a3 tempest-VolumesActionsTest-1824272408 tempest-VolumesActionsTest-1824272408-project] Availability Zones retrieved successfully.
May 05 15:42:24.474944 dv-cinder-839793-9-iscsi devstack@c-api.service[116714]: DEBUG cinder.volume.api [None req-33fe4475-5546-402c-a806-ed29936e12a3 tempest-VolumesActionsTest-1824272408 tempest-VolumesActionsTest-1824272408-project] Flow 'volume_create_api' (affc0670-6fe1-4e27-9e75-0db73afb99d8) transitioned into state 'RUNNING' from state 'PENDING' {{(pid=116714) _flow_receiver /usr/local/lib/python3.8/dist-packages/taskflow/listeners/logging.py:141}}
May 05 15:42:24.485985 dv-cinder-839793-9-iscsi devstack@c-api.service[116714]: DEBUG cinder.volume.api [None req-33fe4475-5546-402c-a806-ed29936e12a3 tempest-VolumesActionsTest-1824272408 tempest-VolumesActionsTest-1824272408-project] Task 'cinder.volume.flows.api.create_volume.ExtractVolumeRequestTask;volume:create' (cbe6f95c-7023-45c9-ba96-39e2f1c30031) transitioned into state 'RUNNING' from state 'PENDING' {{(pid=116714) _task_receiver /usr/local/lib/python3.8/dist-packages/taskflow/listeners/logging.py:190}}
May 05 15:42:24.497544 dv-cinder-839793-9-iscsi devstack@c-api.service[116714]: DEBUG cinder.volume.flows.api.create_volume [None req-33fe4475-5546-402c-a806-ed29936e12a3 tempest-VolumesActionsTest-1824272408 tempest-VolumesActionsTest-1824272408-project] Validating volume size '1' using validate_int {{(pid=116714) _extract_size /opt/stack/cinder/cinder/volume/flows/api/create_volume.py:225}}
May 05 15:42:24.622989 dv-cinder-839793-9-iscsi devstack@c-api.service[116714]: DEBUG cinder.volume.api [None req-33fe4475-5546-402c-a806-ed29936e12a3 tempest-VolumesActionsTest-1824272408 tempest-VolumesActionsTest-1824272408-project] Task 'cinder.volume.flows.api.create_volume.ExtractVolumeRequestTask;volume:create' (cbe6f95c-7023-45c9-ba96-39e2f1c30031) transitioned into state 'SUCCESS' from state 'RUNNING' with result '{'size': 1, 'snapshot_id': None, 'source_volid': None, 'volume_type': VolumeType(created_at=2022-05-05T15:32:05Z,deleted=False,deleted_at=None,description='Default Volume Type',extra_specs={},id=69820549-0416-4788-9564-297108e5a82e,is_public=True,name='__DEFAULT__',projects=[],qos_specs=,qos_specs_id=None,updated_at=2022-05-05T15:32:05Z), 'volume_type_id': '69820549-0416-4788-9564-297108e5a82e', 'encryption_key_id': None, 'qos_specs': None, 'consistencygroup_id': None, 'cgsnapshot_id': None, 'group_id': None, 'replication_status': 'disabled', 'refresh_az': False, 'backup_id': None, 'multiattach': False, 'availability_zones': ['nova']}' {{(pid=116714) _task_receiver /usr/local/lib/python3.8/dist-packages/taskflow/listeners/logging.py:178}}
May 05 15:42:24.642160 dv-cinder-839793-9-iscsi devstack@c-api.service[116714]: DEBUG cinder.volume.api [None req-33fe4475-5546-402c-a806-ed29936e12a3 tempest-VolumesActionsTest-1824272408 tempest-VolumesActionsTest-1824272408-project] Task 'cinder.volume.flows.api.create_volume.QuotaReserveTask;volume:create' (a95fcdad-62b3-4597-a1fe-dbc21ddc1e82) transitioned into state 'RUNNING' from state 'PENDING' {{(pid=116714) _task_receiver /usr/local/lib/python3.8/dist-packages/taskflow/listeners/logging.py:190}}
May 05 15:42:24.937164 dv-cinder-839793-9-iscsi devstack@c-api.service[116714]: DEBUG cinder.quota [None req-33fe4475-5546-402c-a806-ed29936e12a3 tempest-VolumesActionsTest-1824272408 tempest-VolumesActionsTest-1824272408-project] Created reservations ['36139e63-c99c-4d6d-bd5e-d698726d1496', 'd8205ab4-0438-4aa1-859f-bde1a8b86430', 'f08b583a-4139-4d0a-9986-ea8e7c4a4b62', '80095e46-0656-47ef-90e8-32687365922d'] {{(pid=116714) reserve /opt/stack/cinder/cinder/quota.py:755}}
May 05 15:42:24.966082 dv-cinder-839793-9-iscsi devstack@c-api.service[116714]: DEBUG cinder.volume.api [None req-33fe4475-5546-402c-a806-ed29936e12a3 tempest-VolumesActionsTest-1824272408 tempest-VolumesActionsTest-1824272408-project] Task 'cinder.volume.flows.api.create_volume.QuotaReserveTask;volume:create' (a95fcdad-62b3-4597-a1fe-dbc21ddc1e82) transitioned into state 'SUCCESS' from state 'RUNNING' with result '{'reservations': ['36139e63-c99c-4d6d-bd5e-d698726d1496', 'd8205ab4-0438-4aa1-859f-bde1a8b86430', 'f08b583a-4139-4d0a-9986-ea8e7c4a4b62', '80095e46-0656-47ef-90e8-32687365922d']}' {{(pid=116714) _task_receiver /usr/local/lib/python3.8/dist-packages/taskflow/listeners/logging.py:178}}
May 05 15:42:24.972205 dv-cinder-839793-9-iscsi devstack@c-api.service[116714]: DEBUG cinder.volume.api [None req-33fe4475-5546-402c-a806-ed29936e12a3 tempest-VolumesActionsTest-1824272408 tempest-VolumesActionsTest-1824272408-project] Task 'cinder.volume.flows.api.create_volume.EntryCreateTask;volume:create' (2976ffe8-152d-46d4-8766-75106251e1cd) transitioned into state 'RUNNING' from state 'PENDING' {{(pid=116714) _task_receiver /usr/local/lib/python3.8/dist-packages/taskflow/listeners/logging.py:190}}
May 05 15:42:25.082305 dv-cinder-839793-9-iscsi devstack@c-api.service[116714]: DEBUG cinder.volume.api [None req-33fe4475-5546-402c-a806-ed29936e12a3 tempest-VolumesActionsTest-1824272408 tempest-VolumesActionsTest-1824272408-project] Task 'cinder.volume.flows.api.create_volume.EntryCreateTask;volume:create' (2976ffe8-152d-46d4-8766-75106251e1cd) transitioned into state 'SUCCESS' from state 'RUNNING' with result '{'volume_id': 'a871520a-6204-4564-b691-addbd4a974ec', 'volume_properties': VolumeProperties(attach_status='detached',availability_zone='nova',cgsnapshot_id=None,consistencygroup_id=None,display_description=None,display_name='tempest-VolumesActionsTest-Volume-257245920',encryption_key_id=None,group_id=None,group_type_id=,metadata={},multiattach=False,project_id='255aeae1543e48d69e2ff14c21350d97',qos_specs=None,replication_status=,reservations=['36139e63-c99c-4d6d-bd5e-d698726d1496','d8205ab4-0438-4aa1-859f-bde1a8b86430','f08b583a-4139-4d0a-9986-ea8e7c4a4b62','80095e46-0656-47ef-90e8-32687365922d'],size=1,snapshot_id=None,source_replicaid=,source_volid=None,status='creating',user_id='050b1d9a97824d9dbb68f84dad0e2b8a',volume_type_id=69820549-0416-4788-9564-297108e5a82e), 'volume': Volume(_name_id=None,admin_metadata=,attach_status='detached',availability_zone='nova',bootable=False,cluster=,cluster_name=None,consistencygroup=,consistencygroup_id=None,created_at=2022-05-05T15:42:24Z,deleted=False,deleted_at=None,display_description=None,display_name='tempest-VolumesActionsTest-Volume-257245920',ec2_id=None,encryption_key_id=None,glance_metadata=,group=,group_id=None,host=None,id=a871520a-6204-4564-b691-addbd4a974ec,launched_at=None,metadata={},migration_status=None,multiattach=False,previous_status=None,project_id='255aeae1543e48d69e2ff14c21350d97',provider_auth=None,provider_geometry=None,provider_id=None,provider_location=None,replication_driver_data=None,replication_extended_status=None,replication_status=None,scheduled_at=None,service_uuid=None,shared_targets=True,size=1,snapshot_id=None,snapshots=,source_volid=None,status='creating',terminated_at=None,updated_at=None,use_quota=True,user_id='050b1d9a97824d9dbb68f84dad0e2b8a',volume_attachment=VolumeAttachmentList,volume_type=VolumeType(69820549-0416-4788-9564-297108e5a82e),volume_type_id=69820549-0416-4788-9564-297108e5a82e)}' {{(pid=116714) _task_receiver /usr/local/lib/python3.8/dist-packages/taskflow/listeners/logging.py:178}}
May 05 15:42:25.092190 dv-cinder-839793-9-iscsi devstack@c-api.service[116714]: DEBUG cinder.volume.api [None req-33fe4475-5546-402c-a806-ed29936e12a3 tempest-VolumesActionsTest-1824272408 tempest-VolumesActionsTest-1824272408-project] Task 'cinder.volume.flows.api.create_volume.QuotaCommitTask;volume:create' (62d22a59-b94c-41e0-9b06-30e65739d344) transitioned into state 'RUNNING' from state 'PENDING' {{(pid=116714) _task_receiver /usr/local/lib/python3.8/dist-packages/taskflow/listeners/logging.py:190}}
May 05 15:42:25.162005 dv-cinder-839793-9-iscsi devstack@c-api.service[116714]: DEBUG cinder.volume.api [None req-33fe4475-5546-402c-a806-ed29936e12a3 tempest-VolumesActionsTest-1824272408 tempest-VolumesActionsTest-1824272408-project] Task 'cinder.volume.flows.api.create_volume.QuotaCommitTask;volume:create' (62d22a59-b94c-41e0-9b06-30e65739d344) transitioned into state 'SUCCESS' from state 'RUNNING' with result '{'volume_properties': VolumeProperties(attach_status='detached',availability_zone='nova',cgsnapshot_id=None,consistencygroup_id=None,display_description=None,display_name='tempest-VolumesActionsTest-Volume-257245920',encryption_key_id=None,group_id=None,group_type_id=,metadata={},multiattach=False,project_id='255aeae1543e48d69e2ff14c21350d97',qos_specs=None,replication_status=,reservations=['36139e63-c99c-4d6d-bd5e-d698726d1496','d8205ab4-0438-4aa1-859f-bde1a8b86430','f08b583a-4139-4d0a-9986-ea8e7c4a4b62','80095e46-0656-47ef-90e8-32687365922d'],size=1,snapshot_id=None,source_replicaid=,source_volid=None,status='creating',user_id='050b1d9a97824d9dbb68f84dad0e2b8a',volume_type_id=69820549-0416-4788-9564-297108e5a82e)}' {{(pid=116714) _task_receiver /usr/local/lib/python3.8/dist-packages/taskflow/listeners/logging.py:178}}
May 05 15:42:25.167019 dv-cinder-839793-9-iscsi devstack@c-api.service[116714]: DEBUG cinder.volume.api [None req-33fe4475-5546-402c-a806-ed29936e12a3 tempest-VolumesActionsTest-1824272408 tempest-VolumesActionsTest-1824272408-project] Task 'cinder.volume.flows.api.create_volume.VolumeCastTask;volume:create' (a9bc5c0a-0b9b-47c9-b49d-471235d2dd52) transitioned into state 'RUNNING' from state 'PENDING' {{(pid=116714) _task_receiver /usr/local/lib/python3.8/dist-packages/taskflow/listeners/logging.py:190}}
May 05 15:42:25.208957 dv-cinder-839793-9-iscsi devstack@c-api.service[116714]: DEBUG cinder.volume.api [None req-33fe4475-5546-402c-a806-ed29936e12a3 tempest-VolumesActionsTest-1824272408 tempest-VolumesActionsTest-1824272408-project] Task 'cinder.volume.flows.api.create_volume.VolumeCastTask;volume:create' (a9bc5c0a-0b9b-47c9-b49d-471235d2dd52) transitioned into state 'SUCCESS' from state 'RUNNING' with result 'None' {{(pid=116714) _task_receiver /usr/local/lib/python3.8/dist-packages/taskflow/listeners/logging.py:178}}
May 05 15:42:25.220978 dv-cinder-839793-9-iscsi devstack@c-api.service[116714]: DEBUG cinder.volume.api [None req-33fe4475-5546-402c-a806-ed29936e12a3 tempest-VolumesActionsTest-1824272408 tempest-VolumesActionsTest-1824272408-project] Flow 'volume_create_api' (affc0670-6fe1-4e27-9e75-0db73afb99d8) transitioned into state 'SUCCESS' from state 'RUNNING' {{(pid=116714) _flow_receiver /usr/local/lib/python3.8/dist-packages/taskflow/listeners/logging.py:141}}
May 05 15:42:25.223456 dv-cinder-839793-9-iscsi devstack@c-api.service[116714]: INFO cinder.volume.api [None req-33fe4475-5546-402c-a806-ed29936e12a3 tempest-VolumesActionsTest-1824272408 tempest-VolumesActionsTest-1824272408-project] Create volume request issued successfully.
May 05 15:42:25.231589 dv-cinder-839793-9-iscsi devstack@c-api.service[116714]: INFO cinder.api.openstack.wsgi [None req-33fe4475-5546-402c-a806-ed29936e12a3 tempest-VolumesActionsTest-1824272408 tempest-VolumesActionsTest-1824272408-project] http://10.222.0.58/volume/v3/255aeae1543e48d69e2ff14c21350d97/volumes returned with HTTP 202
May 05 15:42:25.236346 dv-cinder-839793-9-iscsi devstack@c-api.service[116714]: [pid: 116714|app: 0|req: 34/74] 10.222.0.58 () {60 vars in 1234 bytes} [Thu May 5 15:42:24 2022] POST /volume/v3/255aeae1543e48d69e2ff14c21350d97/volumes => generated 817 bytes in 850 msecs (HTTP/1.1 202) 7 headers in 291 bytes (1 switches on core 0)
May 05 15:42:25.248272 dv-cinder-839793-9-iscsi devstack@c-api.service[116715]: DEBUG cinder.api.middleware.request_id [None req-e0b0b305-1fe8-4926-ba28-2d5c71999bcc None None] RequestId filter calling following filter/app {{(pid=116715) _context_setter /opt/stack/cinder/cinder/api/middleware/request_id.py:62}}
May 05 15:42:25.251882 dv-cinder-839793-9-iscsi devstack@c-api.service[116715]: INFO cinder.api.openstack.wsgi [None req-e0b0b305-1fe8-4926-ba28-2d5c71999bcc tempest-VolumesActionsTest-1824272408 tempest-VolumesActionsTest-1824272408-project] GET http://10.222.0.58/volume/v3/255aeae1543e48d69e2ff14c21350d97/volumes/a871520a-6204-4564-b691-addbd4a974ec
May 05 15:42:25.252325 dv-cinder-839793-9-iscsi devstack@c-api.service[116715]: DEBUG cinder.api.openstack.wsgi [None req-e0b0b305-1fe8-4926-ba28-2d5c71999bcc tempest-VolumesActionsTest-1824272408 tempest-VolumesActionsTest-1824272408-project] Empty body provided in request {{(pid=116715) get_body /opt/stack/cinder/cinder/api/openstack/wsgi.py:715}}
May 05 15:42:25.252949 dv-cinder-839793-9-iscsi devstack@c-api.service[116715]: DEBUG cinder.api.openstack.wsgi [None req-e0b0b305-1fe8-4926-ba28-2d5c71999bcc tempest-VolumesActionsTest-1824272408 tempest-VolumesActionsTest-1824272408-project] Calling method 'show' {{(pid=116715) _process_stack /opt/stack/cinder/cinder/api/openstack/wsgi.py:868}}
May 05 15:42:25.313655 dv-cinder-839793-9-iscsi devstack@c-api.service[116715]: /usr/local/lib/python3.8/dist-packages/oslo_context/context.py:100: DeprecationWarning: Policy enforcement is depending on the value of is_admin. This key is deprecated. Please update your policy file to use the standard policy values.
May 05 15:42:25.313655 dv-cinder-839793-9-iscsi devstack@c-api.service[116715]: warnings.warn('Policy enforcement is depending on the value of '
May 05 15:42:25.365055 dv-cinder-839793-9-iscsi devstack@c-api.service[116715]: INFO cinder.volume.api [None req-e0b0b305-1fe8-4926-ba28-2d5c71999bcc tempest-VolumesActionsTest-1824272408 tempest-VolumesActionsTest-1824272408-project] Volume info retrieved successfully.
May 05 15:42:25.466435 dv-cinder-839793-9-iscsi devstack@c-api.service[116715]: INFO cinder.api.openstack.wsgi [None req-e0b0b305-1fe8-4926-ba28-2d5c71999bcc tempest-VolumesActionsTest-1824272408 tempest-VolumesActionsTest-1824272408-project] http://10.222.0.58/volume/v3/255aeae1543e48d69e2ff14c21350d97/volumes/a871520a-6204-4564-b691-addbd4a974ec returned with HTTP 200
May 05 15:42:25.467499 dv-cinder-839793-9-iscsi devstack@c-api.service[116715]: [pid: 116715|app: 0|req: 41/75] 10.222.0.58 () {58 vars in 1324 bytes} [Thu May 5 15:42:25 2022] GET /volume/v3/255aeae1543e48d69e2ff14c21350d97/volumes/a871520a-6204-4564-b691-addbd4a974ec => generated 885 bytes in 220 msecs (HTTP/1.1 200) 7 headers in 285 bytes (2 switches on core 0)
May 05 15:42:26.065993 dv-cinder-839793-9-iscsi devstack@c-api.service[116714]: DEBUG cinder.api.middleware.request_id [None req-e4b01108-a78c-4205-ab14-3f6b50b4ed37 None None] RequestId filter calling following filter/app {{(pid=116714) _context_setter /opt/stack/cinder/cinder/api/middleware/request_id.py:62}}
May 05 15:42:26.351204 dv-cinder-839793-9-iscsi devstack@c-api.service[116714]: INFO cinder.api.openstack.wsgi [None req-e4b01108-a78c-4205-ab14-3f6b50b4ed37 tempest-VolumesServicesTestJSON-1538045578 tempest-VolumesServicesTestJSON-1538045578-project-admin] GET http://10.222.0.58/volume/v3/77bef4a3e67a4bc28e9aa96833cc61e8/os-services
May 05 15:42:26.351728 dv-cinder-839793-9-iscsi devstack@c-api.service[116714]: DEBUG cinder.api.openstack.wsgi [None req-e4b01108-a78c-4205-ab14-3f6b50b4ed37 tempest-VolumesServicesTestJSON-1538045578 tempest-VolumesServicesTestJSON-1538045578-project-admin] Empty body provided in request {{(pid=116714) get_body /opt/stack/cinder/cinder/api/openstack/wsgi.py:715}}
May 05 15:42:26.352131 dv-cinder-839793-9-iscsi devstack@c-api.service[116714]: DEBUG cinder.api.openstack.wsgi [None req-e4b01108-a78c-4205-ab14-3f6b50b4ed37 tempest-VolumesServicesTestJSON-1538045578 tempest-VolumesServicesTestJSON-1538045578-project-admin] Calling method 'index' {{(pid=116714) _process_stack /opt/stack/cinder/cinder/api/openstack/wsgi.py:868}}
May 05 15:42:26.352793 dv-cinder-839793-9-iscsi devstack@c-api.service[116714]: /usr/local/lib/python3.8/dist-packages/oslo_context/context.py:100: DeprecationWarning: Policy enforcement is depending on the value of is_admin. This key is deprecated. Please update your policy file to use the standard policy values.
May 05 15:42:26.352793 dv-cinder-839793-9-iscsi devstack@c-api.service[116714]: warnings.warn('Policy enforcement is depending on the value of '
May 05 15:42:26.376669 dv-cinder-839793-9-iscsi devstack@c-api.service[116714]: INFO cinder.api.openstack.wsgi [None req-e4b01108-a78c-4205-ab14-3f6b50b4ed37 tempest-VolumesServicesTestJSON-1538045578 tempest-VolumesServicesTestJSON-1538045578-project-admin] http://10.222.0.58/volume/v3/77bef4a3e67a4bc28e9aa96833cc61e8/os-services returned with HTTP 200
May 05 15:42:26.377707 dv-cinder-839793-9-iscsi devstack@c-api.service[116714]: [pid: 116714|app: 0|req: 35/76] 10.222.0.58 () {58 vars in 1225 bytes} [Thu May 5 15:42:26 2022] GET /volume/v3/77bef4a3e67a4bc28e9aa96833cc61e8/os-services => generated 642 bytes in 313 msecs (HTTP/1.1 200) 7 headers in 285 bytes (1 switches on core 0)
May 05 15:42:26.386681 dv-cinder-839793-9-iscsi devstack@c-api.service[116715]: DEBUG cinder.api.middleware.request_id [None req-02b58eaa-da89-4de4-bce6-82f52400ff5a None None] RequestId filter calling following filter/app {{(pid=116715) _context_setter /opt/stack/cinder/cinder/api/middleware/request_id.py:62}}
May 05 15:42:26.391960 dv-cinder-839793-9-iscsi devstack@c-api.service[116715]: INFO cinder.api.openstack.wsgi [None req-02b58eaa-da89-4de4-bce6-82f52400ff5a tempest-VolumesServicesTestJSON-1538045578 tempest-VolumesServicesTestJSON-1538045578-project-admin] GET http://10.222.0.58/volume/v3/77bef4a3e67a4bc28e9aa96833cc61e8/os-services?host=dv-cinder-839793-9-iscsi
May 05 15:42:26.392840 dv-cinder-839793-9-iscsi devstack@c-api.service[116715]: DEBUG cinder.api.openstack.wsgi [None req-02b58eaa-da89-4de4-bce6-82f52400ff5a tempest-VolumesServicesTestJSON-1538045578 tempest-VolumesServicesTestJSON-1538045578-project-admin] Empty body provided in request {{(pid=116715) get_body /opt/stack/cinder/cinder/api/openstack/wsgi.py:715}}
May 05 15:42:26.393447 dv-cinder-839793-9-iscsi devstack@c-api.service[116715]: DEBUG cinder.api.openstack.wsgi [None req-02b58eaa-da89-4de4-bce6-82f52400ff5a tempest-VolumesServicesTestJSON-1538045578 tempest-VolumesServicesTestJSON-1538045578-project-admin] Calling method 'index' {{(pid=116715) _process_stack /opt/stack/cinder/cinder/api/openstack/wsgi.py:868}}
May 05 15:42:26.417494 dv-cinder-839793-9-iscsi devstack@c-api.service[116715]: INFO cinder.api.openstack.wsgi [None req-02b58eaa-da89-4de4-bce6-82f52400ff5a tempest-VolumesServicesTestJSON-1538045578 tempest-VolumesServicesTestJSON-1538045578-project-admin] http://10.222.0.58/volume/v3/77bef4a3e67a4bc28e9aa96833cc61e8/os-services?host=dv-cinder-839793-9-iscsi returned with HTTP 200
May 05 15:42:26.422771 dv-cinder-839793-9-iscsi devstack@c-api.service[116715]: [pid: 116715|app: 0|req: 42/77] 10.222.0.58 () {58 vars in 1284 bytes} [Thu May 5 15:42:26 2022] GET /volume/v3/77bef4a3e67a4bc28e9aa96833cc61e8/os-services?host=dv-cinder-839793-9-iscsi => generated 203 bytes in 37 msecs (HTTP/1.1 200) 7 headers in 285 bytes (2 switches on core 0)
May 05 15:42:26.431043 dv-cinder-839793-9-iscsi devstack@c-api.service[116714]: DEBUG cinder.api.middleware.request_id [None req-b5906332-18de-4d26-af5d-0df89c9084a2 None None] RequestId filter calling following filter/app {{(pid=116714) _context_setter /opt/stack/cinder/cinder/api/middleware/request_id.py:62}}
May 05 15:42:26.436456 dv-cinder-839793-9-iscsi devstack@c-api.service[116714]: INFO cinder.api.openstack.wsgi [None req-b5906332-18de-4d26-af5d-0df89c9084a2 tempest-VolumesServicesTestJSON-1538045578 tempest-VolumesServicesTestJSON-1538045578-project-admin] GET http://10.222.0.58/volume/v3/77bef4a3e67a4bc28e9aa96833cc61e8/os-services?host=dv-cinder-839793-9-iscsi&binary=cinder-scheduler
May 05 15:42:26.437132 dv-cinder-839793-9-iscsi devstack@c-api.service[116714]: DEBUG cinder.api.openstack.wsgi [None req-b5906332-18de-4d26-af5d-0df89c9084a2 tempest-VolumesServicesTestJSON-1538045578 tempest-VolumesServicesTestJSON-1538045578-project-admin] Empty body provided in request {{(pid=116714) get_body /opt/stack/cinder/cinder/api/openstack/wsgi.py:715}}
May 05 15:42:26.437736 dv-cinder-839793-9-iscsi devstack@c-api.service[116714]: DEBUG cinder.api.openstack.wsgi [None req-b5906332-18de-4d26-af5d-0df89c9084a2 tempest-VolumesServicesTestJSON-1538045578 tempest-VolumesServicesTestJSON-1538045578-project-admin] Calling method 'index' {{(pid=116714) _process_stack /opt/stack/cinder/cinder/api/openstack/wsgi.py:868}}
May 05 15:42:26.464668 dv-cinder-839793-9-iscsi devstack@c-api.service[116714]: INFO cinder.api.openstack.wsgi [None req-b5906332-18de-4d26-af5d-0df89c9084a2 tempest-VolumesServicesTestJSON-1538045578 tempest-VolumesServicesTestJSON-1538045578-project-admin] http://10.222.0.58/volume/v3/77bef4a3e67a4bc28e9aa96833cc61e8/os-services?host=dv-cinder-839793-9-iscsi&binary=cinder-scheduler returned with HTTP 200
May 05 15:42:26.465821 dv-cinder-839793-9-iscsi devstack@c-api.service[116714]: [pid: 116714|app: 0|req: 36/78] 10.222.0.58 () {58 vars in 1332 bytes} [Thu May 5 15:42:26 2022] GET /volume/v3/77bef4a3e67a4bc28e9aa96833cc61e8/os-services?host=dv-cinder-839793-9-iscsi&binary=cinder-scheduler => generated 203 bytes in 36 msecs (HTTP/1.1 200) 7 headers in 285 bytes (1 switches on core 0)
May 05 15:42:26.475477 dv-cinder-839793-9-iscsi devstack@c-api.service[116715]: DEBUG cinder.api.middleware.request_id [None req-d38818e7-a3a4-4add-9c91-a6e039469630 None None] RequestId filter calling following filter/app {{(pid=116715) _context_setter /opt/stack/cinder/cinder/api/middleware/request_id.py:62}}
May 05 15:42:26.481033 dv-cinder-839793-9-iscsi devstack@c-api.service[116714]: DEBUG cinder.api.middleware.request_id [None req-06ee06a8-31d3-4b22-898f-dc53451374e2 None None] RequestId filter calling following filter/app {{(pid=116714) _context_setter /opt/stack/cinder/cinder/api/middleware/request_id.py:62}}
May 05 15:42:26.485417 dv-cinder-839793-9-iscsi devstack@c-api.service[116714]: INFO cinder.api.openstack.wsgi [None req-06ee06a8-31d3-4b22-898f-dc53451374e2 tempest-VolumesActionsTest-1824272408 tempest-VolumesActionsTest-1824272408-project] GET http://10.222.0.58/volume/v3/255aeae1543e48d69e2ff14c21350d97/volumes/a871520a-6204-4564-b691-addbd4a974ec
May 05 15:42:26.486230 dv-cinder-839793-9-iscsi devstack@c-api.service[116715]: INFO cinder.api.openstack.wsgi [None req-d38818e7-a3a4-4add-9c91-a6e039469630 tempest-VolumesServicesTestJSON-1538045578 tempest-VolumesServicesTestJSON-1538045578-project-admin] GET http://10.222.0.58/volume/v3/77bef4a3e67a4bc28e9aa96833cc61e8/os-services?binary=cinder-scheduler
May 05 15:42:26.487296 dv-cinder-839793-9-iscsi devstack@c-api.service[116714]: DEBUG cinder.api.openstack.wsgi [None req-06ee06a8-31d3-4b22-898f-dc53451374e2 tempest-VolumesActionsTest-1824272408 tempest-VolumesActionsTest-1824272408-project] Empty body provided in request {{(pid=116714) get_body /opt/stack/cinder/cinder/api/openstack/wsgi.py:715}}
May 05 15:42:26.487745 dv-cinder-839793-9-iscsi devstack@c-api.service[116715]: DEBUG cinder.api.openstack.wsgi [None req-d38818e7-a3a4-4add-9c91-a6e039469630 tempest-VolumesServicesTestJSON-1538045578 tempest-VolumesServicesTestJSON-1538045578-project-admin] Empty body provided in request {{(pid=116715) get_body /opt/stack/cinder/cinder/api/openstack/wsgi.py:715}}
May 05 15:42:26.487858 dv-cinder-839793-9-iscsi devstack@c-api.service[116714]: DEBUG cinder.api.openstack.wsgi [None req-06ee06a8-31d3-4b22-898f-dc53451374e2 tempest-VolumesActionsTest-1824272408 tempest-VolumesActionsTest-1824272408-project] Calling method 'show' {{(pid=116714) _process_stack /opt/stack/cinder/cinder/api/openstack/wsgi.py:868}}
May 05 15:42:26.489758 dv-cinder-839793-9-iscsi devstack@c-api.service[116715]: DEBUG cinder.api.openstack.wsgi [None req-d38818e7-a3a4-4add-9c91-a6e039469630 tempest-VolumesServicesTestJSON-1538045578 tempest-VolumesServicesTestJSON-1538045578-project-admin] Calling method 'index' {{(pid=116715) _process_stack /opt/stack/cinder/cinder/api/openstack/wsgi.py:868}}
May 05 15:42:26.509828 dv-cinder-839793-9-iscsi devstack@c-api.service[116715]: INFO cinder.api.openstack.wsgi [None req-d38818e7-a3a4-4add-9c91-a6e039469630 tempest-VolumesServicesTestJSON-1538045578 tempest-VolumesServicesTestJSON-1538045578-project-admin] http://10.222.0.58/volume/v3/77bef4a3e67a4bc28e9aa96833cc61e8/os-services?binary=cinder-scheduler returned with HTTP 200
May 05 15:42:26.517486 dv-cinder-839793-9-iscsi devstack@c-api.service[116714]: /usr/local/lib/python3.8/dist-packages/oslo_context/context.py:100: DeprecationWarning: Policy enforcement is depending on the value of is_admin. This key is deprecated. Please update your policy file to use the standard policy values.
May 05 15:42:26.517486 dv-cinder-839793-9-iscsi devstack@c-api.service[116714]: warnings.warn('Policy enforcement is depending on the value of '
May 05 15:42:26.531516 dv-cinder-839793-9-iscsi devstack@c-api.service[116715]: [pid: 116715|app: 0|req: 43/79] 10.222.0.58 () {58 vars in 1272 bytes} [Thu May 5 15:42:26 2022] GET /volume/v3/77bef4a3e67a4bc28e9aa96833cc61e8/os-services?binary=cinder-scheduler => generated 203 bytes in 57 msecs (HTTP/1.1 200) 7 headers in 285 bytes (1 switches on core 0)
May 05 15:42:26.536471 dv-cinder-839793-9-iscsi devstack@c-api.service[116715]: DEBUG cinder.api.middleware.request_id [None req-750cbf55-b312-43f0-9793-f8428b819c4e None None] RequestId filter calling following filter/app {{(pid=116715) _context_setter /opt/stack/cinder/cinder/api/middleware/request_id.py:62}}
May 05 15:42:26.575682 dv-cinder-839793-9-iscsi devstack@c-api.service[116714]: INFO cinder.volume.api [None req-06ee06a8-31d3-4b22-898f-dc53451374e2 tempest-VolumesActionsTest-1824272408 tempest-VolumesActionsTest-1824272408-project] Volume info retrieved successfully.
May 05 15:42:26.615506 dv-cinder-839793-9-iscsi devstack@c-api.service[116714]: INFO cinder.api.openstack.wsgi [None req-06ee06a8-31d3-4b22-898f-dc53451374e2 tempest-VolumesActionsTest-1824272408 tempest-VolumesActionsTest-1824272408-project] http://10.222.0.58/volume/v3/255aeae1543e48d69e2ff14c21350d97/volumes/a871520a-6204-4564-b691-addbd4a974ec returned with HTTP 200
May 05 15:42:26.634938 dv-cinder-839793-9-iscsi devstack@c-api.service[116714]: [pid: 116714|app: 0|req: 37/80] 10.222.0.58 () {58 vars in 1324 bytes} [Thu May 5 15:42:26 2022] GET /volume/v3/255aeae1543e48d69e2ff14c21350d97/volumes/a871520a-6204-4564-b691-addbd4a974ec => generated 910 bytes in 155 msecs (HTTP/1.1 200) 7 headers in 285 bytes (2 switches on core 0)
May 05 15:42:26.636726 dv-cinder-839793-9-iscsi devstack@c-api.service[116714]: DEBUG cinder.api.middleware.request_id [None req-b00c238f-7ff8-4345-b1fa-c684d38a51ac None None] RequestId filter calling following filter/app {{(pid=116714) _context_setter /opt/stack/cinder/cinder/api/middleware/request_id.py:62}}
May 05 15:42:26.641363 dv-cinder-839793-9-iscsi devstack@c-api.service[116714]: INFO cinder.api.openstack.wsgi [None req-b00c238f-7ff8-4345-b1fa-c684d38a51ac tempest-VolumesActionsTest-1907352510 tempest-VolumesActionsTest-1907352510-project-admin] POST http://10.222.0.58/volume/v3/9d72e5424de74448ae9977b50942d3cb/volumes/a871520a-6204-4564-b691-addbd4a974ec/action
May 05 15:42:26.642153 dv-cinder-839793-9-iscsi devstack@c-api.service[116714]: DEBUG cinder.api.openstack.wsgi [None req-b00c238f-7ff8-4345-b1fa-c684d38a51ac tempest-VolumesActionsTest-1907352510 tempest-VolumesActionsTest-1907352510-project-admin] Action body: b'{"os-reset_status": {"status": "creating"}}' {{(pid=116714) get_method /opt/stack/cinder/cinder/api/openstack/wsgi.py:983}}
May 05 15:42:26.642532 dv-cinder-839793-9-iscsi devstack@c-api.service[116714]: DEBUG cinder.api.openstack.wsgi [None req-b00c238f-7ff8-4345-b1fa-c684d38a51ac tempest-VolumesActionsTest-1907352510 tempest-VolumesActionsTest-1907352510-project-admin] Action: 'action', calling method: _reset_status, body: {"os-reset_status": {"status": "creating"}} {{(pid=116714) _process_stack /opt/stack/cinder/cinder/api/openstack/wsgi.py:866}}
May 05 15:42:26.699988 dv-cinder-839793-9-iscsi devstack@c-api.service[116714]: /usr/local/lib/python3.8/dist-packages/oslo_context/context.py:100: DeprecationWarning: Policy enforcement is depending on the value of is_admin. This key is deprecated. Please update your policy file to use the standard policy values.
May 05 15:42:26.699988 dv-cinder-839793-9-iscsi devstack@c-api.service[116714]: warnings.warn('Policy enforcement is depending on the value of '
May 05 15:42:26.702245 dv-cinder-839793-9-iscsi devstack@c-api.service[116714]: DEBUG cinder.api.contrib.admin_actions [None req-b00c238f-7ff8-4345-b1fa-c684d38a51ac tempest-VolumesActionsTest-1907352510 tempest-VolumesActionsTest-1907352510-project-admin] Updating volume 'a871520a-6204-4564-b691-addbd4a974ec' with '{'status': 'creating'}' {{(pid=116714) _reset_status /opt/stack/cinder/cinder/api/contrib/admin_actions.py:200}}
May 05 15:42:26.834484 dv-cinder-839793-9-iscsi devstack@c-api.service[116714]: INFO cinder.api.openstack.wsgi [None req-b00c238f-7ff8-4345-b1fa-c684d38a51ac tempest-VolumesActionsTest-1907352510 tempest-VolumesActionsTest-1907352510-project-admin] http://10.222.0.58/volume/v3/9d72e5424de74448ae9977b50942d3cb/volumes/a871520a-6204-4564-b691-addbd4a974ec/action returned with HTTP 202
May 05 15:42:26.846629 dv-cinder-839793-9-iscsi devstack@c-api.service[116714]: [pid: 116714|app: 0|req: 38/81] 10.222.0.58 () {60 vars in 1366 bytes} [Thu May 5 15:42:26 2022] POST /volume/v3/9d72e5424de74448ae9977b50942d3cb/volumes/a871520a-6204-4564-b691-addbd4a974ec/action => generated 0 bytes in 202 msecs (HTTP/1.1 202) 7 headers in 289 bytes (1 switches on core 0)
May 05 15:42:26.848758 dv-cinder-839793-9-iscsi devstack@c-api.service[116714]: DEBUG cinder.api.middleware.request_id [None req-84ec3f94-ad1b-4a67-8425-f71c4ef774e8 None None] RequestId filter calling following filter/app {{(pid=116714) _context_setter /opt/stack/cinder/cinder/api/middleware/request_id.py:62}}
May 05 15:42:26.868080 dv-cinder-839793-9-iscsi devstack@c-api.service[116714]: INFO cinder.api.openstack.wsgi [None req-84ec3f94-ad1b-4a67-8425-f71c4ef774e8 tempest-VolumesActionsTest-1824272408 tempest-VolumesActionsTest-1824272408-project] GET http://10.222.0.58/volume/v3/255aeae1543e48d69e2ff14c21350d97/volumes/a871520a-6204-4564-b691-addbd4a974ec
May 05 15:42:26.869544 dv-cinder-839793-9-iscsi devstack@c-api.service[116714]: DEBUG cinder.api.openstack.wsgi [None req-84ec3f94-ad1b-4a67-8425-f71c4ef774e8 tempest-VolumesActionsTest-1824272408 tempest-VolumesActionsTest-1824272408-project] Empty body provided in request {{(pid=116714) get_body /opt/stack/cinder/cinder/api/openstack/wsgi.py:715}}
May 05 15:42:26.872941 dv-cinder-839793-9-iscsi devstack@c-api.service[116714]: DEBUG cinder.api.openstack.wsgi [None req-84ec3f94-ad1b-4a67-8425-f71c4ef774e8 tempest-VolumesActionsTest-1824272408 tempest-VolumesActionsTest-1824272408-project] Calling method 'show' {{(pid=116714) _process_stack /opt/stack/cinder/cinder/api/openstack/wsgi.py:868}}
May 05 15:42:26.926954 dv-cinder-839793-9-iscsi devstack@c-api.service[116714]: /usr/local/lib/python3.8/dist-packages/oslo_context/context.py:100: DeprecationWarning: Policy enforcement is depending on the value of is_admin. This key is deprecated. Please update your policy file to use the standard policy values.
May 05 15:42:26.926954 dv-cinder-839793-9-iscsi devstack@c-api.service[116714]: warnings.warn('Policy enforcement is depending on the value of '
May 05 15:42:26.952704 dv-cinder-839793-9-iscsi devstack@c-api.service[116714]: INFO cinder.volume.api [None req-84ec3f94-ad1b-4a67-8425-f71c4ef774e8 tempest-VolumesActionsTest-1824272408 tempest-VolumesActionsTest-1824272408-project] Volume info retrieved successfully.
May 05 15:42:26.988159 dv-cinder-839793-9-iscsi devstack@c-api.service[116714]: INFO cinder.api.openstack.wsgi [None req-84ec3f94-ad1b-4a67-8425-f71c4ef774e8 tempest-VolumesActionsTest-1824272408 tempest-VolumesActionsTest-1824272408-project] http://10.222.0.58/volume/v3/255aeae1543e48d69e2ff14c21350d97/volumes/a871520a-6204-4564-b691-addbd4a974ec returned with HTTP 200
May 05 15:42:26.995658 dv-cinder-839793-9-iscsi devstack@c-api.service[116714]: [pid: 116714|app: 0|req: 39/82] 10.222.0.58 () {58 vars in 1324 bytes} [Thu May 5 15:42:26 2022] GET /volume/v3/255aeae1543e48d69e2ff14c21350d97/volumes/a871520a-6204-4564-b691-addbd4a974ec => generated 909 bytes in 148 msecs (HTTP/1.1 200) 7 headers in 285 bytes (1 switches on core 0)
May 05 15:42:27.008494 dv-cinder-839793-9-iscsi devstack@c-api.service[116714]: DEBUG cinder.api.middleware.request_id [None req-77366bd7-b040-4b79-a46a-be23655a79d0 None None] RequestId filter calling following filter/app {{(pid=116714) _context_setter /opt/stack/cinder/cinder/api/middleware/request_id.py:62}}
May 05 15:42:27.031116 dv-cinder-839793-9-iscsi devstack@c-api.service[116714]: INFO cinder.api.openstack.wsgi [None req-77366bd7-b040-4b79-a46a-be23655a79d0 tempest-VolumesActionsTest-1907352510 tempest-VolumesActionsTest-1907352510-project-admin] POST http://10.222.0.58/volume/v3/9d72e5424de74448ae9977b50942d3cb/volumes/a871520a-6204-4564-b691-addbd4a974ec/action
May 05 15:42:27.032659 dv-cinder-839793-9-iscsi devstack@c-api.service[116714]: DEBUG cinder.api.openstack.wsgi [None req-77366bd7-b040-4b79-a46a-be23655a79d0 tempest-VolumesActionsTest-1907352510 tempest-VolumesActionsTest-1907352510-project-admin] Action body: b'{"os-force_delete": {}}' {{(pid=116714) get_method /opt/stack/cinder/cinder/api/openstack/wsgi.py:983}}
May 05 15:42:27.033689 dv-cinder-839793-9-iscsi devstack@c-api.service[116714]: DEBUG cinder.api.openstack.wsgi [None req-77366bd7-b040-4b79-a46a-be23655a79d0 tempest-VolumesActionsTest-1907352510 tempest-VolumesActionsTest-1907352510-project-admin] Action: 'action', calling method: _force_delete, body: {"os-force_delete": {}} {{(pid=116714) _process_stack /opt/stack/cinder/cinder/api/openstack/wsgi.py:866}}
May 05 15:42:27.073340 dv-cinder-839793-9-iscsi devstack@c-api.service[116714]: /usr/local/lib/python3.8/dist-packages/oslo_context/context.py:100: DeprecationWarning: Policy enforcement is depending on the value of is_admin. This key is deprecated. Please update your policy file to use the standard policy values.
May 05 15:42:27.073340 dv-cinder-839793-9-iscsi devstack@c-api.service[116714]: warnings.warn('Policy enforcement is depending on the value of '
May 05 15:42:27.075375 dv-cinder-839793-9-iscsi devstack@c-api.service[116714]: INFO cinder.volume.api [None req-77366bd7-b040-4b79-a46a-be23655a79d0 tempest-VolumesActionsTest-1907352510 tempest-VolumesActionsTest-1907352510-project-admin] Volume info retrieved successfully.
May 05 15:42:27.162963 dv-cinder-839793-9-iscsi devstack@c-api.service[116715]: INFO cinder.api.openstack.wsgi [None req-750cbf55-b312-43f0-9793-f8428b819c4e tempest-VolumesServicesTestJSON-1918972545 tempest-VolumesServicesTestJSON-1918972545-project] POST http://10.222.0.58/volume/v3/33140bd9bcce4a70aacd02080e32b83c/volumes
May 05 15:42:27.163889 dv-cinder-839793-9-iscsi devstack@c-api.service[116715]: DEBUG cinder.api.openstack.wsgi [None req-750cbf55-b312-43f0-9793-f8428b819c4e tempest-VolumesServicesTestJSON-1918972545 tempest-VolumesServicesTestJSON-1918972545-project] Action: 'create', calling method: create, body: {"volume": {"size": 1, "name": "tempest-VolumesServicesTestJSON-Volume-989824575"}} {{(pid=116715) _process_stack /opt/stack/cinder/cinder/api/openstack/wsgi.py:866}}
May 05 15:42:27.165561 dv-cinder-839793-9-iscsi devstack@c-api.service[116715]: DEBUG cinder.api.v3.volumes [None req-750cbf55-b312-43f0-9793-f8428b819c4e tempest-VolumesServicesTestJSON-1918972545 tempest-VolumesServicesTestJSON-1918972545-project] Create volume request body: {'volume': {'size': 1, 'name': 'tempest-VolumesServicesTestJSON-Volume-989824575'}} {{(pid=116715) create /opt/stack/cinder/cinder/api/v3/volumes.py:298}}
May 05 15:42:27.165903 dv-cinder-839793-9-iscsi devstack@c-api.service[116715]: INFO cinder.api.v3.volumes [None req-750cbf55-b312-43f0-9793-f8428b819c4e tempest-VolumesServicesTestJSON-1918972545 tempest-VolumesServicesTestJSON-1918972545-project] Create volume of 1 GB
May 05 15:42:27.183194 dv-cinder-839793-9-iscsi devstack@c-api.service[116714]: INFO cinder.volume.api [None req-77366bd7-b040-4b79-a46a-be23655a79d0 tempest-VolumesActionsTest-1907352510 tempest-VolumesActionsTest-1907352510-project-admin] Delete volume request issued successfully.
May 05 15:42:27.185077 dv-cinder-839793-9-iscsi devstack@c-api.service[116714]: INFO cinder.api.openstack.wsgi [None req-77366bd7-b040-4b79-a46a-be23655a79d0 tempest-VolumesActionsTest-1907352510 tempest-VolumesActionsTest-1907352510-project-admin] http://10.222.0.58/volume/v3/9d72e5424de74448ae9977b50942d3cb/volumes/a871520a-6204-4564-b691-addbd4a974ec/action returned with HTTP 202
May 05 15:42:27.187834 dv-cinder-839793-9-iscsi devstack@c-api.service[116715]: INFO cinder.volume.api [None req-750cbf55-b312-43f0-9793-f8428b819c4e tempest-VolumesServicesTestJSON-1918972545 tempest-VolumesServicesTestJSON-1918972545-project] Availability Zones retrieved successfully.
May 05 15:42:27.191294 dv-cinder-839793-9-iscsi devstack@c-api.service[116714]: [pid: 116714|app: 0|req: 40/83] 10.222.0.58 () {60 vars in 1366 bytes} [Thu May 5 15:42:27 2022] POST /volume/v3/9d72e5424de74448ae9977b50942d3cb/volumes/a871520a-6204-4564-b691-addbd4a974ec/action => generated 0 bytes in 184 msecs (HTTP/1.1 202) 7 headers in 289 bytes (1 switches on core 0)
May 05 15:42:27.197463 dv-cinder-839793-9-iscsi devstack@c-api.service[116714]: DEBUG cinder.api.middleware.request_id [None req-24993105-db3c-47b0-af0f-4c590f7a240f None None] RequestId filter calling following filter/app {{(pid=116714) _context_setter /opt/stack/cinder/cinder/api/middleware/request_id.py:62}}
May 05 15:42:27.211414 dv-cinder-839793-9-iscsi devstack@c-api.service[116714]: INFO cinder.api.openstack.wsgi [None req-24993105-db3c-47b0-af0f-4c590f7a240f tempest-VolumesActionsTest-1824272408 tempest-VolumesActionsTest-1824272408-project] GET http://10.222.0.58/volume/v3/255aeae1543e48d69e2ff14c21350d97/volumes/a871520a-6204-4564-b691-addbd4a974ec
May 05 15:42:27.220179 dv-cinder-839793-9-iscsi devstack@c-api.service[116714]: DEBUG cinder.api.openstack.wsgi [None req-24993105-db3c-47b0-af0f-4c590f7a240f tempest-VolumesActionsTest-1824272408 tempest-VolumesActionsTest-1824272408-project] Empty body provided in request {{(pid=116714) get_body /opt/stack/cinder/cinder/api/openstack/wsgi.py:715}}
May 05 15:42:27.220686 dv-cinder-839793-9-iscsi devstack@c-api.service[116714]: DEBUG cinder.api.openstack.wsgi [None req-24993105-db3c-47b0-af0f-4c590f7a240f tempest-VolumesActionsTest-1824272408 tempest-VolumesActionsTest-1824272408-project] Calling method 'show' {{(pid=116714) _process_stack /opt/stack/cinder/cinder/api/openstack/wsgi.py:868}}
May 05 15:42:27.280142 dv-cinder-839793-9-iscsi devstack@c-api.service[116715]: DEBUG cinder.volume.api [None req-750cbf55-b312-43f0-9793-f8428b819c4e tempest-VolumesServicesTestJSON-1918972545 tempest-VolumesServicesTestJSON-1918972545-project] Flow 'volume_create_api' (c98b3d25-8082-4a3b-be91-391c08bc4e85) transitioned into state 'RUNNING' from state 'PENDING' {{(pid=116715) _flow_receiver /usr/local/lib/python3.8/dist-packages/taskflow/listeners/logging.py:141}}
May 05 15:42:27.285569 dv-cinder-839793-9-iscsi devstack@c-api.service[116715]: DEBUG cinder.volume.api [None req-750cbf55-b312-43f0-9793-f8428b819c4e tempest-VolumesServicesTestJSON-1918972545 tempest-VolumesServicesTestJSON-1918972545-project] Task 'cinder.volume.flows.api.create_volume.ExtractVolumeRequestTask;volume:create' (1a04ef7e-8feb-4891-af93-5db81bf9926b) transitioned into state 'RUNNING' from state 'PENDING' {{(pid=116715) _task_receiver /usr/local/lib/python3.8/dist-packages/taskflow/listeners/logging.py:190}}
May 05 15:42:27.291933 dv-cinder-839793-9-iscsi devstack@c-api.service[116714]: /usr/local/lib/python3.8/dist-packages/oslo_context/context.py:100: DeprecationWarning: Policy enforcement is depending on the value of is_admin. This key is deprecated. Please update your policy file to use the standard policy values.
May 05 15:42:27.291933 dv-cinder-839793-9-iscsi devstack@c-api.service[116714]: warnings.warn('Policy enforcement is depending on the value of '
May 05 15:42:27.301449 dv-cinder-839793-9-iscsi devstack@c-api.service[116715]: DEBUG cinder.volume.flows.api.create_volume [None req-750cbf55-b312-43f0-9793-f8428b819c4e tempest-VolumesServicesTestJSON-1918972545 tempest-VolumesServicesTestJSON-1918972545-project] Validating volume size '1' using validate_int {{(pid=116715) _extract_size /opt/stack/cinder/cinder/volume/flows/api/create_volume.py:225}}
May 05 15:42:27.345678 dv-cinder-839793-9-iscsi devstack@c-api.service[116714]: INFO cinder.volume.api [None req-24993105-db3c-47b0-af0f-4c590f7a240f tempest-VolumesActionsTest-1824272408 tempest-VolumesActionsTest-1824272408-project] Volume info retrieved successfully.
May 05 15:42:27.406047 dv-cinder-839793-9-iscsi devstack@c-api.service[116714]: INFO cinder.api.openstack.wsgi [None req-24993105-db3c-47b0-af0f-4c590f7a240f tempest-VolumesActionsTest-1824272408 tempest-VolumesActionsTest-1824272408-project] http://10.222.0.58/volume/v3/255aeae1543e48d69e2ff14c21350d97/volumes/a871520a-6204-4564-b691-addbd4a974ec returned with HTTP 200
