May 04 21:50:26.682811 dv-cinder-839793-8-smb neutron-server[109758]: DEBUG neutron.pecan_wsgi.hooks.policy_enforcement [req-bb6a1ff5-800b-46b9-aee5-c62ab28e494e req-64eedb82-2356-428f-a4a6-f887f87e4030 tempest-DeleteServersTestJSON-228730615 tempest-DeleteServersTestJSON-228730615-project] Attributes excluded by policy engine: ['standard_attr_id', 'binding:profile', 'binding:host_id', 'binding:vif_type', 'binding:vif_details'] {{(pid=109758) _exclude_attributes_by_policy /opt/stack/neutron/neutron/pecan_wsgi/hooks/policy_enforcement.py:259}}
May 04 21:50:26.684643 dv-cinder-839793-8-smb neutron-server[109758]: INFO neutron.wsgi [req-bb6a1ff5-800b-46b9-aee5-c62ab28e494e req-64eedb82-2356-428f-a4a6-f887f87e4030 tempest-DeleteServersTestJSON-228730615 tempest-DeleteServersTestJSON-228730615-project] 10.222.0.24 "GET /v2.0/ports?device_id=023cc790-3bf4-47c5-b64e-447d6e3bae28 HTTP/1.1" status: 200 len: 943 time: 0.3153589
May 04 21:50:26.708185 dv-cinder-839793-8-smb neutron-server[109757]: DEBUG neutron_lib.callbacks.manager [None req-26dd081f-c0ae-4e8a-b004-f4b5efc8d149 admin admin] Publish callbacks [] for security_group (None), before_create {{(pid=109757) _notify_loop /usr/local/lib/python3.8/dist-packages/neutron_lib/callbacks/manager.py:176}}
May 04 21:50:26.720375 dv-cinder-839793-8-smb neutron-server[109757]: DEBUG neutron_lib.callbacks.manager [req-c9726300-37ea-47fa-9502-7eb580477084 req-4cf10f30-257f-4803-afee-40427b31a9f3 service neutron] Publish callbacks ['neutron.plugins.ml2.plugin.SecurityGroupServerNotifierRpcMixin._notify_sg_on_port_change-760025', 'neutron.plugins.ml2.ovo_rpc._ObjectChangeHandler.handle_event-398532', 'neutron.api.rpc.agentnotifiers.dhcp_rpc_agent_api.DhcpAgentNotifyAPI._native_event_send_dhcp_notification-1598514', 'neutron.db.l3_db.L3RpcNotifierMixin._notify_gateway_port_ip_changed-8727140027841', 'neutron.db.l3_dvrscheduler_db._notify_l3_agent_port_update-8727139568568', 'neutron.db.l3_hascheduler_db._notify_l3_agent_ha_port_update-8727139568586'] for port (d6d52a36-f49a-4423-87be-b6cc0f94e17f), after_update {{(pid=109757) _notify_loop /usr/local/lib/python3.8/dist-packages/neutron_lib/callbacks/manager.py:176}}
May 04 21:50:26.730205 dv-cinder-839793-8-smb neutron-server[109759]: DEBUG neutron_lib.callbacks.manager [None req-2846bbc2-77a8-4ee5-be5c-7f523ddf0727 None None] Publish callbacks [] for port (8e1a5b56-32d2-4e1b-9cd7-c5f2074ffcf0), precommit_update {{(pid=109759) _notify_loop /usr/local/lib/python3.8/dist-packages/neutron_lib/callbacks/manager.py:176}}
May 04 21:50:26.738480 dv-cinder-839793-8-smb neutron-server[109758]: DEBUG neutron.api.rpc.handlers.resources_rpc [None req-5d96f408-46bd-45ca-a9de-8ad102c63529 tempest-AttachVolumeTestJSON-1487169176 tempest-AttachVolumeTestJSON-1487169176-project] Pushing event updated for resources: {'Port': ['ID=4ae64729-a7e9-4a7d-9feb-e7124242a926,revision_number=2']} {{(pid=109758) push /opt/stack/neutron/neutron/api/rpc/handlers/resources_rpc.py:237}}
May 04 21:50:26.742826 dv-cinder-839793-8-smb neutron-server[109759]: DEBUG neutron_lib.callbacks.manager [None req-2846bbc2-77a8-4ee5-be5c-7f523ddf0727 None None] Publish callbacks ['neutron.plugins.ml2.plugin.SecurityGroupServerNotifierRpcMixin._notify_sg_on_port_change-760025', 'neutron.plugins.ml2.ovo_rpc._ObjectChangeHandler.handle_event-398532', 'neutron.api.rpc.agentnotifiers.dhcp_rpc_agent_api.DhcpAgentNotifyAPI._native_event_send_dhcp_notification-1598514', 'neutron.db.l3_db.L3RpcNotifierMixin._notify_gateway_port_ip_changed-8727140027841', 'neutron.db.l3_dvrscheduler_db._notify_l3_agent_port_update-8727139568568', 'neutron.db.l3_hascheduler_db._notify_l3_agent_ha_port_update-8727139568586'] for port (8e1a5b56-32d2-4e1b-9cd7-c5f2074ffcf0), after_update {{(pid=109759) _notify_loop /usr/local/lib/python3.8/dist-packages/neutron_lib/callbacks/manager.py:176}}
May 04 21:50:26.751171 dv-cinder-839793-8-smb neutron-server[109758]: DEBUG neutron_lib.callbacks.manager [None req-5d96f408-46bd-45ca-a9de-8ad102c63529 tempest-AttachVolumeTestJSON-1487169176 tempest-AttachVolumeTestJSON-1487169176-project] Publish callbacks ['neutron.services.l3_router.l3_router_plugin.DVRResourceOperationHandler._create_dvr_floating_gw_port-1758546'] for floatingip (a81cb979-1288-49ef-94a9-55fba48578d0), after_create {{(pid=109758) _notify_loop /usr/local/lib/python3.8/dist-packages/neutron_lib/callbacks/manager.py:176}}
May 04 21:50:26.793095 dv-cinder-839793-8-smb neutron-server[109758]: INFO neutron.wsgi [req-513aaaff-8849-4715-81ce-f61d491ba6e2 req-d281943c-d208-452a-ae32-ff0b88a5abac service neutron] 10.222.0.24 "GET /v2.0/networks/73a9d8f9-52e9-4279-9e83-2571e21a7bd2?fields=provider%3Aphysical_network&fields=provider%3Anetwork_type HTTP/1.1" status: 200 len: 281 time: 0.7621510
May 04 21:50:26.810650 dv-cinder-839793-8-smb neutron-server[109758]: DEBUG neutron_lib.callbacks.manager [None req-5d96f408-46bd-45ca-a9de-8ad102c63529 tempest-AttachVolumeTestJSON-1487169176 tempest-AttachVolumeTestJSON-1487169176-project] Publish callbacks ['neutron.notifiers.nova.Notifier._send_nova_notification-495458'] for floatingip (None), before_response {{(pid=109758) _notify_loop /usr/local/lib/python3.8/dist-packages/neutron_lib/callbacks/manager.py:176}}
May 04 21:50:26.811990 dv-cinder-839793-8-smb neutron-server[109758]: INFO neutron.wsgi [None req-5d96f408-46bd-45ca-a9de-8ad102c63529 tempest-AttachVolumeTestJSON-1487169176 tempest-AttachVolumeTestJSON-1487169176-project] 10.222.0.24 "POST /v2.0/floatingips HTTP/1.1" status: 201 len: 693 time: 3.9529884
May 04 21:50:26.831892 dv-cinder-839793-8-smb neutron-server[109757]: DEBUG neutron_lib.callbacks.manager [None req-ff4433c1-bd70-49f5-8b9e-1e993d47d0ae tempest-AttachVolumeShelveTestJSON-1501035799 tempest-AttachVolumeShelveTestJSON-1501035799-project] Publish callbacks [] for floatingip (36a8f3e5-6820-4948-9c98-09d00f58a849), precommit_create {{(pid=109757) _notify_loop /usr/local/lib/python3.8/dist-packages/neutron_lib/callbacks/manager.py:176}}
May 04 21:50:26.836488 dv-cinder-839793-8-smb neutron-server[109758]: INFO neutron.wsgi [req-bb6a1ff5-800b-46b9-aee5-c62ab28e494e req-9c30426c-b150-449d-aa77-56ad6a7d0ff7 tempest-DeleteServersTestJSON-228730615 tempest-DeleteServersTestJSON-228730615-project] 10.222.0.24 "GET /v2.0/security-groups?id=bf8adeef-baf8-4bf3-a6b3-6ce01fa16f19&fields=id&fields=name HTTP/1.1" status: 200 len: 286 time: 0.0949907
May 04 21:50:27.001762 dv-cinder-839793-8-smb neutron-server[109757]: DEBUG neutron_lib.callbacks.manager [None req-26dd081f-c0ae-4e8a-b004-f4b5efc8d149 admin admin] Publish callbacks [] for security_group (0dee3d84-feda-4bd8-beea-78af2f399fbe), precommit_create {{(pid=109757) _notify_loop /usr/local/lib/python3.8/dist-packages/neutron_lib/callbacks/manager.py:176}}
May 04 21:50:27.011755 dv-cinder-839793-8-smb neutron-server[109759]: DEBUG neutron.api.rpc.handlers.resources_rpc [None req-997455e5-eae8-4153-8e16-c27213a778e9 None None] Pushing event updated for resources: {'Port': ['ID=8e1a5b56-32d2-4e1b-9cd7-c5f2074ffcf0,revision_number=3']} {{(pid=109759) push /opt/stack/neutron/neutron/api/rpc/handlers/resources_rpc.py:237}}
May 04 21:50:27.023515 dv-cinder-839793-8-smb neutron-server[109757]: DEBUG neutron.pecan_wsgi.hooks.policy_enforcement [req-c9726300-37ea-47fa-9502-7eb580477084 req-4cf10f30-257f-4803-afee-40427b31a9f3 service neutron] Attributes excluded by policy engine: ['standard_attr_id'] {{(pid=109757) _exclude_attributes_by_policy /opt/stack/neutron/neutron/pecan_wsgi/hooks/policy_enforcement.py:259}}
May 04 21:50:27.024800 dv-cinder-839793-8-smb neutron-server[109757]: DEBUG neutron_lib.callbacks.manager [req-c9726300-37ea-47fa-9502-7eb580477084 req-4cf10f30-257f-4803-afee-40427b31a9f3 service neutron] Publish callbacks ['neutron.notifiers.nova.Notifier._send_nova_notification-495458', 'neutron.api.rpc.agentnotifiers.dhcp_rpc_agent_api.DhcpAgentNotifyAPI._send_dhcp_notification-1598464'] for port (None), before_response {{(pid=109757) _notify_loop /usr/local/lib/python3.8/dist-packages/neutron_lib/callbacks/manager.py:176}}
May 04 21:50:27.026628 dv-cinder-839793-8-smb neutron-server[109757]: INFO neutron.wsgi [req-c9726300-37ea-47fa-9502-7eb580477084 req-4cf10f30-257f-4803-afee-40427b31a9f3 service neutron] 10.222.0.44 "PUT /v2.0/ports/d6d52a36-f49a-4423-87be-b6cc0f94e17f HTTP/1.1" status: 200 len: 1093 time: 3.1221697
May 04 21:50:27.032811 dv-cinder-839793-8-smb neutron-server[109757]: DEBUG neutron.api.v2.base [req-e1dde44c-09cb-46d7-a6e7-81e9f1e1879a req-6bf9a26c-f4f6-444e-a189-d58509b1072b tempest-ServerRescueNegativeTestJSON-510943506 tempest-ServerRescueNegativeTestJSON-510943506-project] Request body: {'port': {'device_id': 'f4db5bf4-cce8-4c41-94eb-6f8c5704a0b1', 'network_id': 'cd2d7d4b-9d91-43f2-98b5-f469354c1702', 'admin_state_up': True, 'tenant_id': '370e72b019ec463fa2f0dd56272c0417'}} {{(pid=109757) prepare_request_body /opt/stack/neutron/neutron/api/v2/base.py:730}}
May 04 21:50:27.054954 dv-cinder-839793-8-smb neutron-server[109757]: DEBUG neutron.notifiers.nova [-] Sending events: [{'name': 'network-changed', 'server_uuid': 'ffa2e800-df4f-4a70-805d-ca90af7aaece', 'tag': 'd6d52a36-f49a-4423-87be-b6cc0f94e17f'}] {{(pid=109757) send_events /opt/stack/neutron/neutron/notifiers/nova.py:271}}
May 04 21:50:27.130630 dv-cinder-839793-8-smb neutron-server[109757]: DEBUG neutron_lib.callbacks.manager [None req-26dd081f-c0ae-4e8a-b004-f4b5efc8d149 admin admin] Publish callbacks ['neutron.plugins.ml2.ovo_rpc._ObjectChangeHandler.handle_event-1622221'] for security_group (0dee3d84-feda-4bd8-beea-78af2f399fbe), after_create {{(pid=109757) _notify_loop /usr/local/lib/python3.8/dist-packages/neutron_lib/callbacks/manager.py:176}}
May 04 21:50:27.137261 dv-cinder-839793-8-smb neutron-server[109759]: DEBUG neutron.plugins.ml2.managers [None req-2846bbc2-77a8-4ee5-be5c-7f523ddf0727 None None] Attempting to bind port 8e1a5b56-32d2-4e1b-9cd7-c5f2074ffcf0 on host dv-cinder-839793-8-smb for vnic_type normal with profile {{(pid=109759) bind_port /opt/stack/neutron/neutron/plugins/ml2/managers.py:795}}
May 04 21:50:27.137905 dv-cinder-839793-8-smb neutron-server[109759]: DEBUG neutron.plugins.ml2.managers [None req-2846bbc2-77a8-4ee5-be5c-7f523ddf0727 None None] Attempting to bind port 8e1a5b56-32d2-4e1b-9cd7-c5f2074ffcf0 by drivers openvswitch,hyperv on host dv-cinder-839793-8-smb at level 0 using segments [{'id': '5e1287d6-74dc-46b4-9ceb-3bdce5cb52da', 'network_type': 'vlan', 'physical_network': 'physnet1', 'segmentation_id': 287, 'network_id': '86e077fc-26bc-4083-b8d1-014bf6e34316'}] {{(pid=109759) _bind_port_level /opt/stack/neutron/neutron/plugins/ml2/managers.py:820}}
May 04 21:50:27.138534 dv-cinder-839793-8-smb neutron-server[109759]: DEBUG neutron.plugins.ml2.drivers.mech_agent [None req-2846bbc2-77a8-4ee5-be5c-7f523ddf0727 None None] Attempting to bind port 8e1a5b56-32d2-4e1b-9cd7-c5f2074ffcf0 on network 86e077fc-26bc-4083-b8d1-014bf6e34316 {{(pid=109759) bind_port /opt/stack/neutron/neutron/plugins/ml2/drivers/mech_agent.py:91}}
May 04 21:50:27.160167 dv-cinder-839793-8-smb neutron-server[109759]: DEBUG neutron.plugins.ml2.drivers.mech_agent [None req-2846bbc2-77a8-4ee5-be5c-7f523ddf0727 None None] Checking agent: {'id': '9bfc0e7d-c88a-4692-a6d5-0c7fb50e353c', 'agent_type': 'Open vSwitch agent', 'binary': 'neutron-openvswitch-agent', 'topic': 'N/A', 'host': 'dv-cinder-839793-8-smb', 'admin_state_up': True, 'created_at': datetime.datetime(2022, 5, 4, 21, 41, 15), 'started_at': datetime.datetime(2022, 5, 4, 21, 41, 45), 'heartbeat_timestamp': datetime.datetime(2022, 5, 4, 21, 50, 16), 'description': None, 'resources_synced': None, 'availability_zone': None, 'alive': True, 'configurations': {'arp_responder_enabled': False, 'baremetal_smartnic': False, 'bridge_mappings': {'physnet1': 'br-data'}, 'datapath_type': 'system', 'devices': 0, 'enable_distributed_routing': False, 'extensions': [], 'in_distributed_mode': False, 'integration_bridge': 'br-int', 'l2_population': False, 'log_agent_heartbeats': False, 'ovs_capabilities': {'datapath_types': ['netdev', 'system'], 'iface_types': ['erspan', 'geneve', 'gre', 'internal', 'ip6erspan', 'ip6gre', 'lisp', 'patch', 'stt', 'system', 'tap', 'vxlan']}, 'ovs_hybrid_plug': False, 'resource_provider_bandwidths': {}, 'resource_provider_hypervisors': {'br-data': 'dv-cinder-839793-8-smb'}, 'resource_provider_inventory_defaults': {'allocation_ratio': 1.0, 'min_unit': 1, 'step_size': 1, 'reserved': 0}, 'resource_provider_packet_processing_inventory_defaults': {'allocation_ratio': 1.0, 'min_unit': 1, 'step_size': 1, 'reserved': 0}, 'resource_provider_packet_processing_with_direction': {}, 'resource_provider_packet_processing_without_direction': {}, 'tunnel_types': [], 'tunneling_ip': None, 'vhostuser_socket_dir': '/var/run/openvswitch'}, 'resource_versions': {'AddressGroup': '1.2', 'Agent': '1.1', 'ConntrackHelper': '1.0', 'LocalIPAssociation': '1.0', 'Log': '1.0', 'NDPProxy': '1.0', 'Network': '1.1', 'Port': '1.7', 'PortForwarding': '1.3', 'QosPolicy': '1.10', 'SecurityGroup': '1.5', 'SecurityGroupRule': '1.2', 'SubPort': '1.0', 'Subnet': '1.1', 'Trunk': '1.1'}} {{(pid=109759) bind_port /opt/stack/neutron/neutron/plugins/ml2/drivers/mech_agent.py:110}}
May 04 21:50:27.160522 dv-cinder-839793-8-smb neutron-server[109759]: DEBUG neutron.plugins.ml2.drivers.mech_agent [None req-2846bbc2-77a8-4ee5-be5c-7f523ddf0727 None None] Checking segment: {'id': '5e1287d6-74dc-46b4-9ceb-3bdce5cb52da', 'network_type': 'vlan', 'physical_network': 'physnet1', 'segmentation_id': 287, 'network_id': '86e077fc-26bc-4083-b8d1-014bf6e34316'} for mappings: {'physnet1': 'br-data'} with network types: ['local', 'flat', 'vlan'] {{(pid=109759) check_segment_for_agent /opt/stack/neutron/neutron/plugins/ml2/drivers/mech_agent.py:373}}
May 04 21:50:27.161621 dv-cinder-839793-8-smb neutron-server[109759]: DEBUG neutron_lib.callbacks.manager [None req-2846bbc2-77a8-4ee5-be5c-7f523ddf0727 None None] Publish callbacks [] for ovs_bridge_name (None), before_read {{(pid=109759) _notify_loop /usr/local/lib/python3.8/dist-packages/neutron_lib/callbacks/manager.py:176}}
May 04 21:50:27.162020 dv-cinder-839793-8-smb neutron-server[109759]: DEBUG neutron.plugins.ml2.drivers.mech_agent [None req-2846bbc2-77a8-4ee5-be5c-7f523ddf0727 None None] Bound using segment: {'id': '5e1287d6-74dc-46b4-9ceb-3bdce5cb52da', 'network_type': 'vlan', 'physical_network': 'physnet1', 'segmentation_id': 287, 'network_id': '86e077fc-26bc-4083-b8d1-014bf6e34316'} {{(pid=109759) bind_port /opt/stack/neutron/neutron/plugins/ml2/drivers/mech_agent.py:120}}
May 04 21:50:27.162501 dv-cinder-839793-8-smb neutron-server[109759]: DEBUG neutron.plugins.ml2.managers [None req-2846bbc2-77a8-4ee5-be5c-7f523ddf0727 None None] Bound port: 8e1a5b56-32d2-4e1b-9cd7-c5f2074ffcf0, host: dv-cinder-839793-8-smb, vif_type: ovs, vif_details: {"connectivity": "l2", "port_filter": true, "ovs_hybrid_plug": false, "datapath_type": "system", "bridge_name": "br-int"}, binding_levels: [{'bound_driver': 'openvswitch', 'bound_segment': {'id': '5e1287d6-74dc-46b4-9ceb-3bdce5cb52da', 'network_type': 'vlan', 'physical_network': 'physnet1', 'segmentation_id': 287, 'network_id': '86e077fc-26bc-4083-b8d1-014bf6e34316'}}] {{(pid=109759) _bind_port_level /opt/stack/neutron/neutron/plugins/ml2/managers.py:932}}
May 04 21:50:27.167616 dv-cinder-839793-8-smb neutron-server[109759]: DEBUG neutron_lib.callbacks.manager [None req-2846bbc2-77a8-4ee5-be5c-7f523ddf0727 None None] Publish callbacks ['neutron.plugins.ml2.plugin.SecurityGroupDbMixin._ensure_default_security_group_handler-759989'] for port (8e1a5b56-32d2-4e1b-9cd7-c5f2074ffcf0), before_update {{(pid=109759) _notify_loop /usr/local/lib/python3.8/dist-packages/neutron_lib/callbacks/manager.py:176}}
May 04 21:50:27.348386 dv-cinder-839793-8-smb neutron-server[109759]: DEBUG neutron.plugins.ml2.db [None req-2846bbc2-77a8-4ee5-be5c-7f523ddf0727 None None] For port 8e1a5b56-32d2-4e1b-9cd7-c5f2074ffcf0, host dv-cinder-839793-8-smb, cleared binding levels {{(pid=109759) clear_binding_levels /opt/stack/neutron/neutron/plugins/ml2/db.py:87}}
May 04 21:50:27.353225 dv-cinder-839793-8-smb neutron-server[109759]: DEBUG neutron.plugins.ml2.db [None req-2846bbc2-77a8-4ee5-be5c-7f523ddf0727 None None] For port 8e1a5b56-32d2-4e1b-9cd7-c5f2074ffcf0, host dv-cinder-839793-8-smb, set binding levels [PortBindingLevel(driver='openvswitch',host='dv-cinder-839793-8-smb',level=0,port_id=8e1a5b56-32d2-4e1b-9cd7-c5f2074ffcf0,segment=NetworkSegment(5e1287d6-74dc-46b4-9ceb-3bdce5cb52da),segment_id=5e1287d6-74dc-46b4-9ceb-3bdce5cb52da)] {{(pid=109759) set_binding_levels /opt/stack/neutron/neutron/plugins/ml2/db.py:59}}
May 04 21:50:27.385185 dv-cinder-839793-8-smb neutron-server[109758]: DEBUG neutron.pecan_wsgi.hooks.policy_enforcement [req-59432c84-ce58-4abd-8b83-7b6dc4e5d77a req-a9368345-fe46-4b9c-821d-e1fdfac7d9e5 service neutron] Attributes excluded by policy engine: ['standard_attr_id', 'vlan_transparent'] {{(pid=109758) _exclude_attributes_by_policy /opt/stack/neutron/neutron/pecan_wsgi/hooks/policy_enforcement.py:259}}
May 04 21:50:27.386826 dv-cinder-839793-8-smb neutron-server[109758]: INFO neutron.wsgi [req-59432c84-ce58-4abd-8b83-7b6dc4e5d77a req-a9368345-fe46-4b9c-821d-e1fdfac7d9e5 service neutron] 10.222.0.44 "GET /v2.0/networks?id=91a70441-5a35-4c16-841c-05837d419037 HTTP/1.1" status: 200 len: 913 time: 0.5335777
May 04 21:50:27.399389 dv-cinder-839793-8-smb neutron-server[109759]: DEBUG neutron_lib.callbacks.manager [None req-2846bbc2-77a8-4ee5-be5c-7f523ddf0727 None None] Publish callbacks ['neutron.plugins.ml2.plugin.SecurityGroupServerNotifierRpcMixin._notify_sg_on_port_change-760025', 'neutron.plugins.ml2.ovo_rpc._ObjectChangeHandler.handle_event-398532', 'neutron.api.rpc.agentnotifiers.dhcp_rpc_agent_api.DhcpAgentNotifyAPI._native_event_send_dhcp_notification-1598514', 'neutron.db.l3_db.L3RpcNotifierMixin._notify_gateway_port_ip_changed-8727140027841', 'neutron.db.l3_dvrscheduler_db._notify_l3_agent_port_update-8727139568568', 'neutron.db.l3_hascheduler_db._notify_l3_agent_ha_port_update-8727139568586'] for port (8e1a5b56-32d2-4e1b-9cd7-c5f2074ffcf0), after_update {{(pid=109759) _notify_loop /usr/local/lib/python3.8/dist-packages/neutron_lib/callbacks/manager.py:176}}
May 04 21:50:27.410287 dv-cinder-839793-8-smb neutron-server[109759]: DEBUG neutron.db.provisioning_blocks [None req-a2f9e0af-9759-40c6-a3d2-d2bea9d17a4f None None] Provisioning complete for port 8e1a5b56-32d2-4e1b-9cd7-c5f2074ffcf0 triggered by entity DHCP. {{(pid=109759) provisioning_complete /opt/stack/neutron/neutron/db/provisioning_blocks.py:145}}
May 04 21:50:27.411162 dv-cinder-839793-8-smb neutron-server[109759]: DEBUG neutron_lib.callbacks.manager [None req-a2f9e0af-9759-40c6-a3d2-d2bea9d17a4f None None] Publish callbacks ['neutron.plugins.ml2.plugin.Ml2Plugin._port_provisioned-864618'] for port (8e1a5b56-32d2-4e1b-9cd7-c5f2074ffcf0), provisioning_complete {{(pid=109759) _notify_loop /usr/local/lib/python3.8/dist-packages/neutron_lib/callbacks/manager.py:176}}
May 04 21:50:27.445034 dv-cinder-839793-8-smb neutron-server[109757]: DEBUG neutron_lib.callbacks.manager [None req-ff4433c1-bd70-49f5-8b9e-1e993d47d0ae tempest-AttachVolumeShelveTestJSON-1501035799 tempest-AttachVolumeShelveTestJSON-1501035799-project] Publish callbacks ['neutron.plugins.ml2.plugin.SecurityGroupDbMixin._ensure_default_security_group_handler-759989'] for port (fa538e87-1cb0-4f48-9247-66f41160aefa), before_update {{(pid=109757) _notify_loop /usr/local/lib/python3.8/dist-packages/neutron_lib/callbacks/manager.py:176}}
May 04 21:50:27.448431 dv-cinder-839793-8-smb neutron-server[109757]: DEBUG neutron.api.rpc.handlers.resources_rpc [None req-26dd081f-c0ae-4e8a-b004-f4b5efc8d149 admin admin] Pushing event updated for resources: {'SecurityGroup': ['ID=0dee3d84-feda-4bd8-beea-78af2f399fbe,revision_number=1']} {{(pid=109757) push /opt/stack/neutron/neutron/api/rpc/handlers/resources_rpc.py:237}}
May 04 21:50:27.452388 dv-cinder-839793-8-smb neutron-server[109757]: DEBUG neutron.pecan_wsgi.hooks.policy_enforcement [req-c9726300-37ea-47fa-9502-7eb580477084 req-21f9e345-9645-4a3f-bc09-b9860e5e30a9 service neutron] Attributes excluded by policy engine: ['standard_attr_id'] {{(pid=109757) _exclude_attributes_by_policy /opt/stack/neutron/neutron/pecan_wsgi/hooks/policy_enforcement.py:259}}
May 04 21:50:27.454097 dv-cinder-839793-8-smb neutron-server[109757]: INFO neutron.wsgi [req-c9726300-37ea-47fa-9502-7eb580477084 req-21f9e345-9645-4a3f-bc09-b9860e5e30a9 service neutron] 10.222.0.44 "GET /v2.0/ports?tenant_id=370e72b019ec463fa2f0dd56272c0417&device_id=ffa2e800-df4f-4a70-805d-ca90af7aaece HTTP/1.1" status: 200 len: 1127 time: 0.1512222
May 04 21:50:27.487991 dv-cinder-839793-8-smb neutron-server[109758]: INFO neutron.wsgi [req-111fe696-98d9-491d-bc89-ca22d2f86b49 req-70cdb093-6d51-4f92-8004-eb15eab397e5 tempest-ServerRescueNegativeTestJSON-510943506 tempest-ServerRescueNegativeTestJSON-510943506-project] 10.222.0.24 "GET /v2.0/ports?device_id=f4db5bf4-cce8-4c41-94eb-6f8c5704a0b1 HTTP/1.1" status: 200 len: 210 time: 0.0990405
May 04 21:50:27.587955 dv-cinder-839793-8-smb neutron-server[109757]: INFO neutron.wsgi [None req-26dd081f-c0ae-4e8a-b004-f4b5efc8d149 admin admin] 10.222.0.24 "GET /v2.0/security-groups?tenant_id=0f62e6d3b9324dcdb5ff02615939b9e5&name=default HTTP/1.1" status: 200 len: 2996 time: 0.8936491
May 04 21:50:27.591594 dv-cinder-839793-8-smb neutron-server[109757]: DEBUG neutron.wsgi [-] (109757) accepted ('10.222.0.24', 41218) {{(pid=109757) server /usr/local/lib/python3.8/dist-packages/eventlet/wsgi.py:1004}}
May 04 21:50:27.591944 dv-cinder-839793-8-smb neutron-server[109757]: DEBUG neutron.wsgi [-] (109757) accepted ('10.222.0.24', 41220) {{(pid=109757) server /usr/local/lib/python3.8/dist-packages/eventlet/wsgi.py:1004}}
May 04 21:50:27.626922 dv-cinder-839793-8-smb neutron-server[109758]: INFO neutron.wsgi [req-59432c84-ce58-4abd-8b83-7b6dc4e5d77a req-d8b98fd2-d62b-4ff2-9da7-4a25e87fb790 service neutron] 10.222.0.44 "GET /v2.0/floatingips?fixed_ip_address=172.20.0.6&port_id=fb3d6441-5993-4d87-aadb-cc7930b6e9d4 HTTP/1.1" status: 200 len: 217 time: 0.1249075
May 04 21:50:27.648877 dv-cinder-839793-8-smb neutron-server[109758]: INFO neutron.wsgi [req-6877dff9-137d-495c-b74f-76faee39a6bc req-0f2e0264-0af3-44e8-8175-28b0502f1f6f tempest-AttachVolumeTestJSON-1487169176 tempest-AttachVolumeTestJSON-1487169176-project] 10.222.0.24 "GET /v2.0/security-groups?name=tempest-securitygroup--837403982&fields=id&tenant_id=83f7c700dabe4d909b1e8aec6c584975 HTTP/1.1" status: 200 len: 267 time: 0.2609086
May 04 21:50:27.676972 dv-cinder-839793-8-smb neutron-server[109759]: DEBUG neutron.plugins.ml2.plugin [None req-a2f9e0af-9759-40c6-a3d2-d2bea9d17a4f None None] Current status of the port 8e1a5b56-32d2-4e1b-9cd7-c5f2074ffcf0 is: DOWN; New status is: ACTIVE {{(pid=109759) _update_individual_port_db_status /opt/stack/neutron/neutron/plugins/ml2/plugin.py:2297}}
May 04 21:50:27.677149 dv-cinder-839793-8-smb neutron-server[109757]: DEBUG novaclient.v2.client [-] REQ: curl -g -i --cacert "/opt/stack/data/ca-bundle.pem" -X POST http://10.222.0.24/compute/v2.1/os-server-external-events -H "Accept: application/json" -H "Content-Type: application/json" -H "User-Agent: python-novaclient" -H "X-Auth-Token: {SHA256}e4be99e3479903ddc81c1e4d373171d26a8121f43f0e7cca18dc63c87819b530" -H "X-OpenStack-Nova-API-Version: 2.1" -H "X-OpenStack-Request-ID: req-2a7df210-6387-4187-95bf-e073818acc4b" -d '{"events": [{"name": "network-changed", "server_uuid": "ffa2e800-df4f-4a70-805d-ca90af7aaece", "tag": "d6d52a36-f49a-4423-87be-b6cc0f94e17f"}]}' {{(pid=109757) _http_log_request /usr/local/lib/python3.8/dist-packages/keystoneauth1/session.py:519}}
May 04 21:50:27.677343 dv-cinder-839793-8-smb neutron-server[109759]: DEBUG neutron_lib.callbacks.manager [None req-a2f9e0af-9759-40c6-a3d2-d2bea9d17a4f None None] Publish callbacks ['neutron.plugins.ml2.plugin.SecurityGroupDbMixin._ensure_default_security_group_handler-759989'] for port (8e1a5b56-32d2-4e1b-9cd7-c5f2074ffcf0), before_update {{(pid=109759) _notify_loop /usr/local/lib/python3.8/dist-packages/neutron_lib/callbacks/manager.py:176}}
May 04 21:50:27.682043 dv-cinder-839793-8-smb neutron-server[109757]: DEBUG neutron.api.rpc.handlers.resources_rpc [None req-4cf10f30-257f-4803-afee-40427b31a9f3 service neutron] Pushing event updated for resources: {'Port': ['ID=d6d52a36-f49a-4423-87be-b6cc0f94e17f,revision_number=3']} {{(pid=109757) push /opt/stack/neutron/neutron/api/rpc/handlers/resources_rpc.py:237}}
May 04 21:50:27.705766 dv-cinder-839793-8-smb neutron-server[109757]: INFO neutron.wsgi [req-c9726300-37ea-47fa-9502-7eb580477084 req-0d2a3d2d-0cbd-462d-8817-b7e30c7c068e service neutron] 10.222.0.44 "GET /v2.0/floatingips?fixed_ip_address=172.20.0.7&port_id=d6d52a36-f49a-4423-87be-b6cc0f94e17f HTTP/1.1" status: 200 len: 217 time: 0.2038486
May 04 21:50:27.732683 dv-cinder-839793-8-smb neutron-server[109759]: DEBUG neutron.api.rpc.handlers.resources_rpc [None req-997455e5-eae8-4153-8e16-c27213a778e9 None None] Pushing event updated for resources: {'Port': ['ID=8e1a5b56-32d2-4e1b-9cd7-c5f2074ffcf0,revision_number=4']} {{(pid=109759) push /opt/stack/neutron/neutron/api/rpc/handlers/resources_rpc.py:237}}
May 04 21:50:27.739673 dv-cinder-839793-8-smb neutron-server[109759]: DEBUG neutron.db.l3_dvrscheduler_db [None req-2846bbc2-77a8-4ee5-be5c-7f523ddf0727 None None] Routers {'c47b9b5e-d27f-4651-bd12-da4f97b2d27c'} bound to L3 agent in host dv-cinder-839793-8-smb {{(pid=109759) _get_router_ids_for_agent /opt/stack/neutron/neutron/db/l3_dvrscheduler_db.py:421}}
May 04 21:50:27.740733 dv-cinder-839793-8-smb neutron-server[109759]: DEBUG neutron.db.l3_hamode_db [None req-2846bbc2-77a8-4ee5-be5c-7f523ddf0727 None None] neutron.services.l3_router.l3_router_plugin.L3RouterPlugin method get_ha_sync_data_for_host called with arguments (, 'dv-cinder-839793-8-smb', Agent(admin_state_up=True,agent_type='L3 agent',availability_zone='nova',binary='neutron-l3-agent',configurations={"agent_mode": "legacy", "ex_gw_ports": 3, "extensions": [], "floating_ips": 0, "handle_internal_only_routers": true, "interface_driver": "openvswitch", "interfaces": 1, "log_agent_heartbeats": false, "routers": 3},created_at=2022-05-04T21:41:11Z,description=,heartbeat_timestamp=2022-05-04T21:50:12Z,host='dv-cinder-839793-8-smb',id=1a363ec4-ff2f-40ed-aa39-1068a08f920c,load=0,resource_versions=,resources_synced=,started_at=2022-05-04T21:41:11Z,topic='l3_agent')) {'router_ids': ['c47b9b5e-d27f-4651-bd12-da4f97b2d27c'], 'active': True} {{(pid=109759) wrapper /usr/local/lib/python3.8/dist-packages/oslo_log/helpers.py:65}}
May 04 21:50:27.749787 dv-cinder-839793-8-smb neutron-server[109758]: INFO neutron.wsgi [req-83ffdf45-82c1-42d7-b5c8-8a17333d5648 req-570cc155-5e06-4e8e-bd89-37ca2773048a tempest-AttachVolumeNegativeTest-1553596528 tempest-AttachVolumeNegativeTest-1553596528-project] 10.222.0.24 "GET /v2.0/ports?device_id=0edceb61-676a-4d4c-b984-fdd92a1937ad HTTP/1.1" status: 200 len: 210 time: 0.1170506
May 04 21:50:27.887984 dv-cinder-839793-8-smb neutron-server[109758]: DEBUG neutron.pecan_wsgi.hooks.policy_enforcement [req-59432c84-ce58-4abd-8b83-7b6dc4e5d77a req-be66da1d-6d92-4c8c-bd30-52d297aa7fd7 service neutron] Attributes excluded by policy engine: ['standard_attr_id', 'shared'] {{(pid=109758) _exclude_attributes_by_policy /opt/stack/neutron/neutron/pecan_wsgi/hooks/policy_enforcement.py:259}}
May 04 21:50:27.889434 dv-cinder-839793-8-smb neutron-server[109758]: INFO neutron.wsgi [req-59432c84-ce58-4abd-8b83-7b6dc4e5d77a req-be66da1d-6d92-4c8c-bd30-52d297aa7fd7 service neutron] 10.222.0.44 "GET /v2.0/subnets?id=edf8bcb7-0485-4c84-833b-60ba6404ea01 HTTP/1.1" status: 200 len: 852 time: 0.1678460
May 04 21:50:27.930928 dv-cinder-839793-8-smb neutron-server[109758]: INFO neutron.wsgi [req-59432c84-ce58-4abd-8b83-7b6dc4e5d77a req-7ee9e813-3d4c-418c-9769-2b5176d842ac service neutron] 10.222.0.44 "GET /v2.0/ports?network_id=91a70441-5a35-4c16-841c-05837d419037&device_owner=network%3Adhcp HTTP/1.1" status: 200 len: 210 time: 0.0320961
May 04 21:50:27.960384 dv-cinder-839793-8-smb neutron-server[109759]: DEBUG neutron.plugins.ml2.db [None req-a2f9e0af-9759-40c6-a3d2-d2bea9d17a4f None None] For port 8e1a5b56-32d2-4e1b-9cd7-c5f2074ffcf0, host dv-cinder-839793-8-smb, got binding levels [PortBindingLevel(driver='openvswitch',host='dv-cinder-839793-8-smb',level=0,port_id=8e1a5b56-32d2-4e1b-9cd7-c5f2074ffcf0,segment=NetworkSegment(5e1287d6-74dc-46b4-9ceb-3bdce5cb52da),segment_id=5e1287d6-74dc-46b4-9ceb-3bdce5cb52da)] {{(pid=109759) get_binding_level_objs /opt/stack/neutron/neutron/plugins/ml2/db.py:74}}
May 04 21:50:27.973840 dv-cinder-839793-8-smb neutron-server[109759]: DEBUG neutron_lib.callbacks.manager [None req-a2f9e0af-9759-40c6-a3d2-d2bea9d17a4f None None] Publish callbacks ['neutron.plugins.ml2.plugin.SecurityGroupServerNotifierRpcMixin._notify_sg_on_port_change-760025', 'neutron.plugins.ml2.ovo_rpc._ObjectChangeHandler.handle_event-398532', 'neutron.api.rpc.agentnotifiers.dhcp_rpc_agent_api.DhcpAgentNotifyAPI._native_event_send_dhcp_notification-1598514', 'neutron.db.l3_db.L3RpcNotifierMixin._notify_gateway_port_ip_changed-8727140027841', 'neutron.db.l3_dvrscheduler_db._notify_l3_agent_port_update-8727139568568', 'neutron.db.l3_hascheduler_db._notify_l3_agent_ha_port_update-8727139568586'] for port (8e1a5b56-32d2-4e1b-9cd7-c5f2074ffcf0), after_update {{(pid=109759) _notify_loop /usr/local/lib/python3.8/dist-packages/neutron_lib/callbacks/manager.py:176}}
May 04 21:50:28.001748 dv-cinder-839793-8-smb neutron-server[109758]: DEBUG neutron.pecan_wsgi.hooks.policy_enforcement [req-6877dff9-137d-495c-b74f-76faee39a6bc req-f1fd9877-04c5-4363-8979-980c964c5c3e tempest-AttachVolumeTestJSON-1487169176 tempest-AttachVolumeTestJSON-1487169176-project] Attributes excluded by policy engine: ['standard_attr_id', 'vlan_transparent', 'provider:network_type', 'provider:physical_network', 'provider:segmentation_id'] {{(pid=109758) _exclude_attributes_by_policy /opt/stack/neutron/neutron/pecan_wsgi/hooks/policy_enforcement.py:259}}
May 04 21:50:28.009579 dv-cinder-839793-8-smb neutron-server[109758]: INFO neutron.wsgi [req-6877dff9-137d-495c-b74f-76faee39a6bc req-f1fd9877-04c5-4363-8979-980c964c5c3e tempest-AttachVolumeTestJSON-1487169176 tempest-AttachVolumeTestJSON-1487169176-project] 10.222.0.24 "GET /v2.0/networks?id=86e077fc-26bc-4083-b8d1-014bf6e34316 HTTP/1.1" status: 200 len: 810 time: 0.3526103
May 04 21:50:28.046710 dv-cinder-839793-8-smb neutron-server[109758]: INFO neutron.wsgi [req-6877dff9-137d-495c-b74f-76faee39a6bc req-75f82bfd-00c1-44ba-8a82-76c1731e70f1 tempest-AttachVolumeTestJSON-1487169176 tempest-AttachVolumeTestJSON-1487169176-project] 10.222.0.24 "GET /v2.0/quotas/83f7c700dabe4d909b1e8aec6c584975 HTTP/1.1" status: 200 len: 375 time: 0.0357678
May 04 21:50:28.086945 dv-cinder-839793-8-smb neutron-server[109757]: DEBUG neutron_lib.callbacks.manager [None req-ff4433c1-bd70-49f5-8b9e-1e993d47d0ae tempest-AttachVolumeShelveTestJSON-1501035799 tempest-AttachVolumeShelveTestJSON-1501035799-project] Publish callbacks [] for port (fa538e87-1cb0-4f48-9247-66f41160aefa), precommit_update {{(pid=109757) _notify_loop /usr/local/lib/python3.8/dist-packages/neutron_lib/callbacks/manager.py:176}}
May 04 21:50:28.173687 dv-cinder-839793-8-smb neutron-server[109758]: INFO neutron.wsgi [req-6877dff9-137d-495c-b74f-76faee39a6bc req-4432f247-466f-4b0e-a6b8-c1a02e4d9e5a tempest-AttachVolumeTestJSON-1487169176 tempest-AttachVolumeTestJSON-1487169176-project] 10.222.0.24 "GET /v2.0/ports?tenant_id=83f7c700dabe4d909b1e8aec6c584975&fields=id HTTP/1.1" status: 200 len: 302 time: 0.0707943
May 04 21:50:28.186615 dv-cinder-839793-8-smb neutron-server[109758]: INFO neutron.wsgi [req-59432c84-ce58-4abd-8b83-7b6dc4e5d77a req-f4f20dcb-0dd6-4113-8b28-dfbb749186ff service neutron] 10.222.0.44 "GET /v2.0/networks/91a70441-5a35-4c16-841c-05837d419037?fields=segments HTTP/1.1" status: 200 len: 212 time: 0.2499318
May 04 21:50:28.197578 dv-cinder-839793-8-smb neutron-server[109757]: DEBUG novaclient.v2.client [-] RESP: [200] Connection: close Content-Length: 179 Content-Type: application/json Date: Wed, 04 May 2022 21:50:27 GMT OpenStack-API-Version: compute 2.1 Server: Apache/2.4.41 (Ubuntu) Vary: OpenStack-API-Version,X-OpenStack-Nova-API-Version X-OpenStack-Nova-API-Version: 2.1 x-compute-request-id: req-47522f2d-5ffe-4c2c-ba31-c5bcc948daea x-openstack-request-id: req-47522f2d-5ffe-4c2c-ba31-c5bcc948daea {{(pid=109757) _http_log_response /usr/local/lib/python3.8/dist-packages/keystoneauth1/session.py:550}}
May 04 21:50:28.197867 dv-cinder-839793-8-smb neutron-server[109757]: DEBUG novaclient.v2.client [-] RESP BODY: {"events": [{"name": "network-changed", "server_uuid": "ffa2e800-df4f-4a70-805d-ca90af7aaece", "tag": "d6d52a36-f49a-4423-87be-b6cc0f94e17f", "status": "completed", "code": 200}]} {{(pid=109757) _http_log_response /usr/local/lib/python3.8/dist-packages/keystoneauth1/session.py:582}}
May 04 21:50:28.198124 dv-cinder-839793-8-smb neutron-server[109757]: DEBUG novaclient.v2.client [-] POST call to compute for http://10.222.0.24/compute/v2.1/os-server-external-events used request id req-47522f2d-5ffe-4c2c-ba31-c5bcc948daea {{(pid=109757) request /usr/local/lib/python3.8/dist-packages/keystoneauth1/session.py:954}}
May 04 21:50:28.198576 dv-cinder-839793-8-smb neutron-server[109757]: INFO neutron.notifiers.nova [-] Nova event matching ['req-47522f2d-5ffe-4c2c-ba31-c5bcc948daea'] response: {'name': 'network-changed', 'server_uuid': 'ffa2e800-df4f-4a70-805d-ca90af7aaece', 'tag': 'd6d52a36-f49a-4423-87be-b6cc0f94e17f', 'status': 'completed', 'code': 200}
May 04 21:50:28.203320 dv-cinder-839793-8-smb neutron-server[109757]: DEBUG neutron_lib.callbacks.manager [None req-e87d7720-2375-4eed-9935-959d61e1942c admin admin] Publish callbacks [] for security_group (None), before_create {{(pid=109757) _notify_loop /usr/local/lib/python3.8/dist-packages/neutron_lib/callbacks/manager.py:176}}
May 04 21:50:28.217070 dv-cinder-839793-8-smb neutron-server[109757]: DEBUG neutron_lib.callbacks.manager [None req-ff4433c1-bd70-49f5-8b9e-1e993d47d0ae tempest-AttachVolumeShelveTestJSON-1501035799 tempest-AttachVolumeShelveTestJSON-1501035799-project] Publish callbacks ['neutron.plugins.ml2.plugin.SecurityGroupServerNotifierRpcMixin._notify_sg_on_port_change-760025', 'neutron.plugins.ml2.ovo_rpc._ObjectChangeHandler.handle_event-398532', 'neutron.api.rpc.agentnotifiers.dhcp_rpc_agent_api.DhcpAgentNotifyAPI._native_event_send_dhcp_notification-1598514', 'neutron.db.l3_db.L3RpcNotifierMixin._notify_gateway_port_ip_changed-8727140027841', 'neutron.db.l3_dvrscheduler_db._notify_l3_agent_port_update-8727139568568', 'neutron.db.l3_hascheduler_db._notify_l3_agent_ha_port_update-8727139568586'] for port (fa538e87-1cb0-4f48-9247-66f41160aefa), after_update {{(pid=109757) _notify_loop /usr/local/lib/python3.8/dist-packages/neutron_lib/callbacks/manager.py:176}}
May 04 21:50:28.314169 dv-cinder-839793-8-smb neutron-server[109757]: DEBUG neutron_lib.callbacks.manager [None req-ff4433c1-bd70-49f5-8b9e-1e993d47d0ae tempest-AttachVolumeShelveTestJSON-1501035799 tempest-AttachVolumeShelveTestJSON-1501035799-project] Publish callbacks ['neutron.services.l3_router.l3_router_plugin.DVRResourceOperationHandler._create_dvr_floating_gw_port-1758546'] for floatingip (36a8f3e5-6820-4948-9c98-09d00f58a849), after_create {{(pid=109757) _notify_loop /usr/local/lib/python3.8/dist-packages/neutron_lib/callbacks/manager.py:176}}
May 04 21:50:28.328633 dv-cinder-839793-8-smb neutron-server[109759]: DEBUG neutron.api.rpc.handlers.resources_rpc [None req-a2f9e0af-9759-40c6-a3d2-d2bea9d17a4f None None] Pushing event updated for resources: {'Port': ['ID=8e1a5b56-32d2-4e1b-9cd7-c5f2074ffcf0,revision_number=5']} {{(pid=109759) push /opt/stack/neutron/neutron/api/rpc/handlers/resources_rpc.py:237}}
May 04 21:50:28.358482 dv-cinder-839793-8-smb neutron-server[109757]: DEBUG neutron.pecan_wsgi.hooks.policy_enforcement [req-c9726300-37ea-47fa-9502-7eb580477084 req-ccf19e5a-cdda-4f79-9741-39aec2c119a3 service neutron] Attributes excluded by policy engine: ['standard_attr_id', 'shared'] {{(pid=109757) _exclude_attributes_by_policy /opt/stack/neutron/neutron/pecan_wsgi/hooks/policy_enforcement.py:259}}
May 04 21:50:28.360808 dv-cinder-839793-8-smb neutron-server[109757]: INFO neutron.wsgi [req-c9726300-37ea-47fa-9502-7eb580477084 req-ccf19e5a-cdda-4f79-9741-39aec2c119a3 service neutron] 10.222.0.44 "GET /v2.0/subnets?id=8ec830e6-80a3-477b-bf3b-ae9c8467104a HTTP/1.1" status: 200 len: 858 time: 0.6433489
May 04 21:50:28.391726 dv-cinder-839793-8-smb neutron-server[109759]: DEBUG neutron.db.l3_dvr_db [None req-2846bbc2-77a8-4ee5-be5c-7f523ddf0727 None None] Set router c47b9b5e-d27f-4651-bd12-da4f97b2d27c gateway port host: dv-cinder-839793-8-smb {{(pid=109759) _build_routers_list /opt/stack/neutron/neutron/db/l3_dvr_db.py:906}}
May 04 21:50:28.484217 dv-cinder-839793-8-smb neutron-server[109757]: DEBUG neutron_lib.callbacks.manager [None req-ff4433c1-bd70-49f5-8b9e-1e993d47d0ae tempest-AttachVolumeShelveTestJSON-1501035799 tempest-AttachVolumeShelveTestJSON-1501035799-project] Publish callbacks ['neutron.notifiers.nova.Notifier._send_nova_notification-495458'] for floatingip (None), before_response {{(pid=109757) _notify_loop /usr/local/lib/python3.8/dist-packages/neutron_lib/callbacks/manager.py:176}}
May 04 21:50:28.498259 dv-cinder-839793-8-smb neutron-server[109757]: INFO neutron.wsgi [None req-ff4433c1-bd70-49f5-8b9e-1e993d47d0ae tempest-AttachVolumeShelveTestJSON-1501035799 tempest-AttachVolumeShelveTestJSON-1501035799-project] 10.222.0.24 "POST /v2.0/floatingips HTTP/1.1" status: 201 len: 692 time: 4.4823117
May 04 21:50:28.522595 dv-cinder-839793-8-smb neutron-server[109757]: DEBUG neutron.api.rpc.handlers.resources_rpc [None req-ff4433c1-bd70-49f5-8b9e-1e993d47d0ae tempest-AttachVolumeShelveTestJSON-1501035799 tempest-AttachVolumeShelveTestJSON-1501035799-project] Pushing event updated for resources: {'Port': ['ID=fa538e87-1cb0-4f48-9247-66f41160aefa,revision_number=2']} {{(pid=109757) push /opt/stack/neutron/neutron/api/rpc/handlers/resources_rpc.py:237}}
May 04 21:50:28.528063 dv-cinder-839793-8-smb neutron-server[109757]: DEBUG neutron.pecan_wsgi.hooks.quota_enforcement [req-e1dde44c-09cb-46d7-a6e7-81e9f1e1879a req-6bf9a26c-f4f6-444e-a189-d58509b1072b tempest-ServerRescueNegativeTestJSON-510943506 tempest-ServerRescueNegativeTestJSON-510943506-project] Made reservation on behalf of 370e72b019ec463fa2f0dd56272c0417 for: {'port': 1} {{(pid=109757) before /opt/stack/neutron/neutron/pecan_wsgi/hooks/quota_enforcement.py:53}}
May 04 21:50:28.533405 dv-cinder-839793-8-smb neutron-server[109757]: DEBUG neutron_lib.callbacks.manager [req-e1dde44c-09cb-46d7-a6e7-81e9f1e1879a req-6bf9a26c-f4f6-444e-a189-d58509b1072b tempest-ServerRescueNegativeTestJSON-510943506 tempest-ServerRescueNegativeTestJSON-510943506-project] Publish callbacks ['neutron.plugins.ml2.plugin.SecurityGroupDbMixin._ensure_default_security_group_handler-759989'] for port (None), before_create {{(pid=109757) _notify_loop /usr/local/lib/python3.8/dist-packages/neutron_lib/callbacks/manager.py:176}}
May 04 21:50:28.558729 dv-cinder-839793-8-smb neutron-server[109759]: DEBUG neutron.db.provisioning_blocks [None req-c037d47f-e70d-40a2-a4eb-9e8e1eb113d2 None None] Provisioning complete for port 8e1a5b56-32d2-4e1b-9cd7-c5f2074ffcf0 triggered by entity DHCP. {{(pid=109759) provisioning_complete /opt/stack/neutron/neutron/db/provisioning_blocks.py:145}}
May 04 21:50:28.559435 dv-cinder-839793-8-smb neutron-server[109759]: DEBUG neutron_lib.callbacks.manager [None req-c037d47f-e70d-40a2-a4eb-9e8e1eb113d2 None None] Publish callbacks ['neutron.plugins.ml2.plugin.Ml2Plugin._port_provisioned-864618'] for port (8e1a5b56-32d2-4e1b-9cd7-c5f2074ffcf0), provisioning_complete {{(pid=109759) _notify_loop /usr/local/lib/python3.8/dist-packages/neutron_lib/callbacks/manager.py:176}}
May 04 21:50:28.808926 dv-cinder-839793-8-smb neutron-server[109757]: DEBUG neutron_lib.callbacks.manager [None req-8f258c6e-7730-4713-9e65-16deff3507ce admin admin] Publish callbacks [] for security_group (0dee3d84-feda-4bd8-beea-78af2f399fbe), before_delete {{(pid=109757) _notify_loop /usr/local/lib/python3.8/dist-packages/neutron_lib/callbacks/manager.py:176}}
May 04 21:50:28.820767 dv-cinder-839793-8-smb neutron-server[109757]: DEBUG neutron.pecan_wsgi.hooks.policy_enforcement [req-c9726300-37ea-47fa-9502-7eb580477084 req-a77f34ab-5ca7-42c2-ac38-785a4b84e917 service neutron] Attributes excluded by policy engine: ['standard_attr_id'] {{(pid=109757) _exclude_attributes_by_policy /opt/stack/neutron/neutron/pecan_wsgi/hooks/policy_enforcement.py:259}}
May 04 21:50:28.822286 dv-cinder-839793-8-smb neutron-server[109757]: INFO neutron.wsgi [req-c9726300-37ea-47fa-9502-7eb580477084 req-a77f34ab-5ca7-42c2-ac38-785a4b84e917 service neutron] 10.222.0.44 "GET /v2.0/ports?network_id=cd2d7d4b-9d91-43f2-98b5-f469354c1702&device_owner=network%3Adhcp HTTP/1.1" status: 200 len: 1210 time: 0.4538302
May 04 21:50:28.829882 dv-cinder-839793-8-smb neutron-server[109759]: DEBUG neutron.plugins.ml2.rpc [None req-1a7882ac-6a7b-4e5e-a7d2-37b11af7ce33 None None] Device 8e1a5b56-32d2-4e1b-9cd7-c5f2074ffcf0 up at agent ovs-agent-dv-cinder-839793-8-smb {{(pid=109759) update_device_up /opt/stack/neutron/neutron/plugins/ml2/rpc.py:296}}
May 04 21:50:28.865785 dv-cinder-839793-8-smb neutron-server[109757]: DEBUG neutron.wsgi [-] (109757) accepted ('10.222.0.44', 60329) {{(pid=109757) server /usr/local/lib/python3.8/dist-packages/eventlet/wsgi.py:1004}}
May 04 21:50:28.873007 dv-cinder-839793-8-smb neutron-server[109758]: DEBUG neutron.pecan_wsgi.hooks.policy_enforcement [req-73cbc25a-0034-4dcd-a2b5-37be82482c20 req-0f703040-2408-4ab3-b64c-a4890ad39841 tempest-DeleteServersTestJSON-228730615 tempest-DeleteServersTestJSON-228730615-project] Attributes excluded by policy engine: ['standard_attr_id', 'binding:profile', 'binding:host_id', 'binding:vif_type', 'binding:vif_details'] {{(pid=109758) _exclude_attributes_by_policy /opt/stack/neutron/neutron/pecan_wsgi/hooks/policy_enforcement.py:259}}
May 04 21:50:28.882162 dv-cinder-839793-8-smb neutron-server[109758]: INFO neutron.wsgi [req-73cbc25a-0034-4dcd-a2b5-37be82482c20 req-0f703040-2408-4ab3-b64c-a4890ad39841 tempest-DeleteServersTestJSON-228730615 tempest-DeleteServersTestJSON-228730615-project] 10.222.0.24 "GET /v2.0/ports?device_id=023cc790-3bf4-47c5-b64e-447d6e3bae28 HTTP/1.1" status: 200 len: 943 time: 0.6331165
May 04 21:50:28.912889 dv-cinder-839793-8-smb neutron-server[109759]: DEBUG neutron.db.provisioning_blocks [None req-1a7882ac-6a7b-4e5e-a7d2-37b11af7ce33 None None] Provisioning complete for port 8e1a5b56-32d2-4e1b-9cd7-c5f2074ffcf0 triggered by entity L2. {{(pid=109759) provisioning_complete /opt/stack/neutron/neutron/db/provisioning_blocks.py:145}}
May 04 21:50:28.912982 dv-cinder-839793-8-smb neutron-server[109759]: DEBUG neutron_lib.callbacks.manager [None req-1a7882ac-6a7b-4e5e-a7d2-37b11af7ce33 None None] Publish callbacks ['neutron.plugins.ml2.plugin.Ml2Plugin._port_provisioned-864618'] for port (8e1a5b56-32d2-4e1b-9cd7-c5f2074ffcf0), provisioning_complete {{(pid=109759) _notify_loop /usr/local/lib/python3.8/dist-packages/neutron_lib/callbacks/manager.py:176}}
May 04 21:50:28.933014 dv-cinder-839793-8-smb neutron-server[109757]: DEBUG neutron_lib.callbacks.manager [None req-8f258c6e-7730-4713-9e65-16deff3507ce admin admin] Publish callbacks [] for security_group (0dee3d84-feda-4bd8-beea-78af2f399fbe), precommit_delete {{(pid=109757) _notify_loop /usr/local/lib/python3.8/dist-packages/neutron_lib/callbacks/manager.py:176}}
May 04 21:50:28.952093 dv-cinder-839793-8-smb neutron-server[109759]: DEBUG neutron.plugins.ml2.plugin [None req-c037d47f-e70d-40a2-a4eb-9e8e1eb113d2 None None] Current status of the port 8e1a5b56-32d2-4e1b-9cd7-c5f2074ffcf0 is: ACTIVE; New status is: ACTIVE {{(pid=109759) _update_individual_port_db_status /opt/stack/neutron/neutron/plugins/ml2/plugin.py:2297}}
May 04 21:50:28.958084 dv-cinder-839793-8-smb neutron-server[109757]: DEBUG neutron.db.db_base_plugin_common [req-e1dde44c-09cb-46d7-a6e7-81e9f1e1879a req-6bf9a26c-f4f6-444e-a189-d58509b1072b tempest-ServerRescueNegativeTestJSON-510943506 tempest-ServerRescueNegativeTestJSON-510943506-project] Allocated IP 172.20.0.10 (cd2d7d4b-9d91-43f2-98b5-f469354c1702/8ec830e6-80a3-477b-bf3b-ae9c8467104a/1b279a2b-55c8-4e80-afdb-2a525dbd5ab4) {{(pid=109757) _store_ip_allocation /opt/stack/neutron/neutron/db/db_base_plugin_common.py:131}}
May 04 21:50:28.976532 dv-cinder-839793-8-smb neutron-server[109759]: DEBUG neutron.db.l3_hamode_db [None req-2846bbc2-77a8-4ee5-be5c-7f523ddf0727 None None] neutron.services.l3_router.l3_router_plugin.L3RouterPlugin method _process_sync_ha_data called with arguments (, [{'id': 'c47b9b5e-d27f-4651-bd12-da4f97b2d27c', 'name': 'tempest-AttachVolumeTestJSON-743022351-router', 'tenant_id': '83f7c700dabe4d909b1e8aec6c584975', 'admin_state_up': True, 'status': 'ACTIVE', 'external_gateway_info': {'network_id': '6e4590b9-602b-461c-95b9-894e9cb29ab0', 'external_fixed_ips': [{'subnet_id': 'c6297402-9dbd-49e6-b3f8-d3498e9b40f1', 'ip_address': '172.28.0.105'}], 'enable_snat': True}, 'gw_port_id': '2b97bd51-fc66-48fc-af94-cf44d4e31340', 'description': '', 'availability_zones': ['nova'], 'distributed': False, 'ha': False, 'ha_vr_id': 0, 'availability_zone_hints': [], 'routes': [], 'flavor_id': None, 'tags': [], 'created_at': '2022-05-04T21:49:59Z', 'updated_at': '2022-05-04T21:50:10Z', 'revision_number': 4, 'project_id': '83f7c700dabe4d909b1e8aec6c584975', 'gw_port': {'id': '2b97bd51-fc66-48fc-af94-cf44d4e31340', 'name': '', 'network_id': '6e4590b9-602b-461c-95b9-894e9cb29ab0', 'tenant_id': '', 'mac_address': 'fa:16:3e:58:f2:35', 'admin_state_up': True, 'status': 'ACTIVE', 'device_id': 'c47b9b5e-d27f-4651-bd12-da4f97b2d27c', 'device_owner': 'network:router_gateway', 'standard_attr_id': 83, 'fixed_ips': [{'subnet_id': 'c6297402-9dbd-49e6-b3f8-d3498e9b40f1', 'ip_address': '172.28.0.105', 'prefixlen': 24}], 'allowed_address_pairs': [], 'extra_dhcp_opts': [], 'security_groups': [], 'description': '', 'binding:vnic_type': 'normal', 'binding:profile': {}, 'binding:host_id': 'dv-cinder-839793-8-smb', 'binding:vif_type': 'ovs', 'binding:vif_details': {'connectivity': 'l2', 'port_filter': True, 'ovs_hybrid_plug': False, 'datapath_type': 'system', 'bridge_name': 'br-int', 'bound_drivers': {'0': 'openvswitch'}}, 'port_security_enabled': False, 'tags': [], 'created_at': '2022-05-04T21:50:00Z', 'updated_at': '2022-05-04T21:50:23Z', 'revision_number': 4, 'project_id': '', 'subnets': [{'id': 'c6297402-9dbd-49e6-b3f8-d3498e9b40f1', 'cidr': '172.28.0.0/24', 'gateway_ip': '172.28.0.1', 'dns_nameservers': [], 'ipv6_ra_mode': None, 'subnetpool_id': None}], 'extra_subnets': [], 'address_scopes': {4: None, 6: None}, 'mtu': 1500}, 'enable_snat': True, 'gw_port_host': 'dv-cinder-839793-8-smb', '_interfaces': [{'id': '8e1a5b56-32d2-4e1b-9cd7-c5f2074ffcf0', 'name': '', 'network_id': '86e077fc-26bc-4083-b8d1-014bf6e34316', 'tenant_id': '83f7c700dabe4d909b1e8aec6c584975', 'mac_address': 'fa:16:3e:cc:bb:34', 'admin_state_up': True, 'status': 'DOWN', 'device_id': 'c47b9b5e-d27f-4651-bd12-da4f97b2d27c', 'device_owner': 'network:router_interface', 'standard_attr_id': 92, 'fixed_ips': [{'subnet_id': '5205b73f-039a-43b8-aeb2-3c5a0e3cdc43', 'ip_address': '172.20.0.1', 'prefixlen': 28}], 'allowed_address_pairs': [], 'extra_dhcp_opts': [], 'security_groups': [], 'description': '', 'binding:vnic_type': 'normal', 'binding:profile': {}, 'binding:host_id': 'dv-cinder-839793-8-smb', 'binding:vif_type': 'ovs', 'binding:vif_details': {'connectivity': 'l2', 'port_filter': True, 'ovs_hybrid_plug': False, 'datapath_type': 'system', 'bridge_name': 'br-int', 'bound_drivers': {'0': 'openvswitch'}}, 'port_security_enabled': False, 'tags': [], 'created_at': '2022-05-04T21:50:07Z', 'updated_at': '2022-05-04T21:50:27Z', 'revision_number': 4, 'project_id': '83f7c700dabe4d909b1e8aec6c584975', 'subnets': [{'id': '5205b73f-039a-43b8-aeb2-3c5a0e3cdc43', 'cidr': '172.20.0.0/28', 'gateway_ip': '172.20.0.1', 'dns_nameservers': [], 'ipv6_ra_mode': None, 'subnetpool_id': None}], 'extra_subnets': [], 'address_scopes': {4: None, 6: None}, 'mtu': 1500}]}], 'dv-cinder-839793-8-smb', False) {} {{(pid=109759) wrapper /usr/local/lib/python3.8/dist-packages/oslo_log/helpers.py:65}}
