May 31 20:38:36.982018 dv-cinder-839793-16-smb devstack@keystone.service[87216]: ERROR keystone.server.flask.application return self._enter()
May 31 20:38:36.982018 dv-cinder-839793-16-smb devstack@keystone.service[87216]: ERROR keystone.server.flask.application
File "/usr/local/lib/python3.8/dist-packages/dogpile/lock.py", line 94, in _enter
May 31 20:38:36.982018 dv-cinder-839793-16-smb devstack@keystone.service[87216]: ERROR keystone.server.flask.application generated = self._enter_create(value, createdtime)
May 31 20:38:36.983011 dv-cinder-839793-16-smb devstack@keystone.service[87216]: ERROR keystone.server.flask.application
File "/usr/local/lib/python3.8/dist-packages/dogpile/lock.py", line 178, in _enter_create
May 31 20:38:36.983011 dv-cinder-839793-16-smb devstack@keystone.service[87216]: ERROR keystone.server.flask.application return self.creator()
May 31 20:38:36.983011 dv-cinder-839793-16-smb devstack@keystone.service[87216]: ERROR keystone.server.flask.application
File "/usr/local/lib/python3.8/dist-packages/dogpile/cache/region.py", line 995, in gen_value
May 31 20:38:36.983011 dv-cinder-839793-16-smb devstack@keystone.service[87216]: ERROR keystone.server.flask.application created_value = creator(
May 31 20:38:36.983011 dv-cinder-839793-16-smb devstack@keystone.service[87216]: ERROR keystone.server.flask.application
File "/opt/stack/keystone/keystone/assignment/core.py", line 1276, in get_role
May 31 20:38:36.983011 dv-cinder-839793-16-smb devstack@keystone.service[87216]: ERROR keystone.server.flask.application return self.driver.get_role(role_id)
May 31 20:38:36.983011 dv-cinder-839793-16-smb devstack@keystone.service[87216]: ERROR keystone.server.flask.application
File "/opt/stack/keystone/keystone/assignment/role_backends/sql.py", line 70, in get_role
May 31 20:38:36.983011 dv-cinder-839793-16-smb devstack@keystone.service[87216]: ERROR keystone.server.flask.application return self._get_role(session, role_id).to_dict()
May 31 20:38:36.983011 dv-cinder-839793-16-smb devstack@keystone.service[87216]: ERROR keystone.server.flask.application
File "/opt/stack/keystone/keystone/assignment/role_backends/sql.py", line 65, in _get_role
May 31 20:38:36.983011 dv-cinder-839793-16-smb devstack@keystone.service[87216]: ERROR keystone.server.flask.application raise exception.RoleNotFound(role_id=role_id)
May 31 20:38:36.983011 dv-cinder-839793-16-smb devstack@keystone.service[87216]: ERROR keystone.server.flask.application keystone.exception.RoleNotFound: Could not find role: reader.
May 31 20:38:36.983011 dv-cinder-839793-16-smb devstack@keystone.service[87216]: ERROR keystone.server.flask.application
May 31 20:38:36.983011 dv-cinder-839793-16-smb devstack@keystone.service[87216]: [pid: 87216|app: 0|req: 91/189] 10.222.0.39 () {56 vars in 1099 bytes} [Tue May 31 20:38:36 2022] GET /identity/v3/roles/reader => generated 84 bytes in 158 msecs (HTTP/1.1 404) 5 headers in 183 bytes (1 switches on core 0)
May 31 20:38:36.983011 dv-cinder-839793-16-smb devstack@keystone.service[87216]: DEBUG keystone.server.flask.request_processing.middleware.auth_context [None req-fd904e10-f8db-4cfb-8e1a-329347aa0996 None admin] Authenticating user token {{(pid=87216) process_request /usr/local/lib/python3.8/dist-packages/keystonemiddleware/auth_token/__init__.py:407}}
May 31 20:38:37.039945 dv-cinder-839793-16-smb devstack@keystone.service[87216]: DEBUG dbcounter [-] [87216] Writing DB stats keystone:SELECT=100 {{(pid=87216) stat_writer /usr/local/lib/python3.8/dist-packages/dbcounter.py:114}}
May 31 20:38:37.054165 dv-cinder-839793-16-smb devstack@keystone.service[87215]: DEBUG keystone.server.flask.request_processing.middleware.auth_context [None req-c6c465ca-4d09-4473-b4f1-cea902365f34 None admin] Validating token access rules against request {{(pid=87215) validate_allowed_request /usr/local/lib/python3.8/dist-packages/keystonemiddleware/auth_token/__init__.py:545}}
May 31 20:38:37.087798 dv-cinder-839793-16-smb devstack@keystone.service[87216]: DEBUG keystone.server.flask.request_processing.middleware.auth_context [None req-fd904e10-f8db-4cfb-8e1a-329347aa0996 None admin] Validating token access rules against request {{(pid=87216) validate_allowed_request /usr/local/lib/python3.8/dist-packages/keystonemiddleware/auth_token/__init__.py:545}}
May 31 20:38:37.089731 dv-cinder-839793-16-smb devstack@keystone.service[87215]: DEBUG keystone.server.flask.request_processing.middleware.auth_context [None req-abfd6531-97e0-42fc-a32c-d03655d8f814 None admin] RBAC: auth_context: {'token': , 'domain_id': None, 'trust_id': None, 'trustor_id': None, 'trustee_id': None, 'domain_name': None, 'group_ids': [], 'user_id': 'd4d342095f994d388541563ef9df90e3', 'user_domain_id': 'default', 'system_scope': 'all', 'project_id': None, 'project_domain_id': None, 'roles': ['admin', 'member', 'reader'], 'is_admin_project': True, 'service_user_id': None, 'service_user_domain_id': None, 'service_project_id': None, 'service_project_domain_id': None, 'service_roles': []} {{(pid=87215) fill_context /opt/stack/keystone/keystone/server/flask/request_processing/middleware/auth_context.py:478}}
May 31 20:38:37.090399 dv-cinder-839793-16-smb devstack@keystone.service[87215]: DEBUG keystone.server.flask.request_processing.req_logging [None req-abfd6531-97e0-42fc-a32c-d03655d8f814 None admin] REQUEST_METHOD: `GET` {{(pid=87215) log_request_info /opt/stack/keystone/keystone/server/flask/request_processing/req_logging.py:27}}
May 31 20:38:37.090683 dv-cinder-839793-16-smb devstack@keystone.service[87215]: DEBUG keystone.server.flask.request_processing.req_logging [None req-abfd6531-97e0-42fc-a32c-d03655d8f814 None admin] SCRIPT_NAME: `/identity` {{(pid=87215) log_request_info /opt/stack/keystone/keystone/server/flask/request_processing/req_logging.py:28}}
May 31 20:38:37.090958 dv-cinder-839793-16-smb devstack@keystone.service[87215]: DEBUG keystone.server.flask.request_processing.req_logging [None req-abfd6531-97e0-42fc-a32c-d03655d8f814 None admin] PATH_INFO: `/v3/auth/tokens` {{(pid=87215) log_request_info /opt/stack/keystone/keystone/server/flask/request_processing/req_logging.py:29}}
May 31 20:38:37.125623 dv-cinder-839793-16-smb devstack@keystone.service[87216]: DEBUG keystone.server.flask.request_processing.middleware.auth_context [None req-13921562-c3b5-4186-a34e-d431b2d13e8f None admin] RBAC: auth_context: {'token': , 'domain_id': None, 'trust_id': None, 'trustor_id': None, 'trustee_id': None, 'domain_name': None, 'group_ids': [], 'user_id': 'd4d342095f994d388541563ef9df90e3', 'user_domain_id': 'default', 'system_scope': 'all', 'project_id': None, 'project_domain_id': None, 'roles': ['admin', 'member', 'reader'], 'is_admin_project': True, 'service_user_id': None, 'service_user_domain_id': None, 'service_project_id': None, 'service_project_domain_id': None, 'service_roles': []} {{(pid=87216) fill_context /opt/stack/keystone/keystone/server/flask/request_processing/middleware/auth_context.py:478}}
May 31 20:38:37.126544 dv-cinder-839793-16-smb devstack@keystone.service[87216]: DEBUG keystone.server.flask.request_processing.req_logging [None req-13921562-c3b5-4186-a34e-d431b2d13e8f None admin] REQUEST_METHOD: `GET` {{(pid=87216) log_request_info /opt/stack/keystone/keystone/server/flask/request_processing/req_logging.py:27}}
May 31 20:38:37.126896 dv-cinder-839793-16-smb devstack@keystone.service[87216]: DEBUG keystone.server.flask.request_processing.req_logging [None req-13921562-c3b5-4186-a34e-d431b2d13e8f None admin] SCRIPT_NAME: `/identity` {{(pid=87216) log_request_info /opt/stack/keystone/keystone/server/flask/request_processing/req_logging.py:28}}
May 31 20:38:37.127240 dv-cinder-839793-16-smb devstack@keystone.service[87216]: DEBUG keystone.server.flask.request_processing.req_logging [None req-13921562-c3b5-4186-a34e-d431b2d13e8f None admin] PATH_INFO: `/v3/roles/anotherrole` {{(pid=87216) log_request_info /opt/stack/keystone/keystone/server/flask/request_processing/req_logging.py:29}}
May 31 20:38:37.138423 dv-cinder-839793-16-smb devstack@keystone.service[87216]: DEBUG keystone.common.rbac_enforcer.enforcer [None req-13921562-c3b5-4186-a34e-d431b2d13e8f None admin] Extracting inferred target data resulted in "NOT FOUND (404)". {{(pid=87216) enforce_call /opt/stack/keystone/keystone/common/rbac_enforcer/enforcer.py:409}}
May 31 20:38:37.147168 dv-cinder-839793-16-smb devstack@keystone.service[87216]: ERROR keystone.server.flask.application [None req-13921562-c3b5-4186-a34e-d431b2d13e8f None admin] Could not find role: anotherrole.: keystone.exception.RoleNotFound: Could not find role: anotherrole.
May 31 20:38:37.147168 dv-cinder-839793-16-smb devstack@keystone.service[87216]: ERROR keystone.server.flask.application
Traceback (most recent call last):
May 31 20:38:37.147168 dv-cinder-839793-16-smb devstack@keystone.service[87216]: ERROR keystone.server.flask.application
File "/usr/local/lib/python3.8/dist-packages/flask/app.py", line 1523, in full_dispatch_request
May 31 20:38:37.147168 dv-cinder-839793-16-smb devstack@keystone.service[87216]: ERROR keystone.server.flask.application rv = self.dispatch_request()
May 31 20:38:37.147168 dv-cinder-839793-16-smb devstack@keystone.service[87216]: ERROR keystone.server.flask.application
File "/usr/local/lib/python3.8/dist-packages/flask/app.py", line 1509, in dispatch_request
May 31 20:38:37.147168 dv-cinder-839793-16-smb devstack@keystone.service[87216]: ERROR keystone.server.flask.application return self.ensure_sync(self.view_functions[rule.endpoint])(**req.view_args)
May 31 20:38:37.147168 dv-cinder-839793-16-smb devstack@keystone.service[87216]: ERROR keystone.server.flask.application
File "/usr/local/lib/python3.8/dist-packages/flask_restful/__init__.py", line 467, in wrapper
May 31 20:38:37.147168 dv-cinder-839793-16-smb devstack@keystone.service[87216]: ERROR keystone.server.flask.application resp = resource(*args, **kwargs)
May 31 20:38:37.147168 dv-cinder-839793-16-smb devstack@keystone.service[87216]: ERROR keystone.server.flask.application
File "/usr/local/lib/python3.8/dist-packages/flask/views.py", line 84, in view
May 31 20:38:37.147168 dv-cinder-839793-16-smb devstack@keystone.service[87216]: ERROR keystone.server.flask.application return current_app.ensure_sync(self.dispatch_request)(*args, **kwargs)
May 31 20:38:37.147168 dv-cinder-839793-16-smb devstack@keystone.service[87216]: ERROR keystone.server.flask.application
File "/usr/local/lib/python3.8/dist-packages/flask_restful/__init__.py", line 582, in dispatch_request
May 31 20:38:37.147168 dv-cinder-839793-16-smb devstack@keystone.service[87216]: ERROR keystone.server.flask.application resp = meth(*args, **kwargs)
May 31 20:38:37.147168 dv-cinder-839793-16-smb devstack@keystone.service[87216]: ERROR keystone.server.flask.application
File "/opt/stack/keystone/keystone/api/roles.py", line 50, in get
May 31 20:38:37.147168 dv-cinder-839793-16-smb devstack@keystone.service[87216]: ERROR keystone.server.flask.application return self._get_role(role_id)
May 31 20:38:37.147168 dv-cinder-839793-16-smb devstack@keystone.service[87216]: ERROR keystone.server.flask.application
File "/opt/stack/keystone/keystone/api/roles.py", line 70, in _get_role
May 31 20:38:37.147168 dv-cinder-839793-16-smb devstack@keystone.service[87216]: ERROR keystone.server.flask.application ENFORCER.enforce_call(action='identity:get_role')
May 31 20:38:37.148143 dv-cinder-839793-16-smb devstack@keystone.service[87216]: ERROR keystone.server.flask.application
File "/opt/stack/keystone/keystone/common/rbac_enforcer/enforcer.py", line 402, in enforce_call
May 31 20:38:37.148143 dv-cinder-839793-16-smb devstack@keystone.service[87216]: ERROR keystone.server.flask.application policy_dict.update(cls._extract_member_target_data(
May 31 20:38:37.148143 dv-cinder-839793-16-smb devstack@keystone.service[87216]: ERROR keystone.server.flask.application
File "/opt/stack/keystone/keystone/common/rbac_enforcer/enforcer.py", line 234, in _extract_member_target_data
May 31 20:38:37.148143 dv-cinder-839793-16-smb devstack@keystone.service[87216]: ERROR keystone.server.flask.application member_name: func(flask.request.view_args[key])
May 31 20:38:37.148143 dv-cinder-839793-16-smb devstack@keystone.service[87216]: ERROR keystone.server.flask.application
File "/opt/stack/keystone/keystone/common/manager.py", line 115, in wrapped
May 31 20:38:37.148143 dv-cinder-839793-16-smb devstack@keystone.service[87216]: ERROR keystone.server.flask.application __ret_val = __f(*args, **kwargs)
May 31 20:38:37.148143 dv-cinder-839793-16-smb devstack@keystone.service[87216]: ERROR keystone.server.flask.application
File "/usr/local/lib/python3.8/dist-packages/decorator.py", line 232, in fun
May 31 20:38:37.148143 dv-cinder-839793-16-smb devstack@keystone.service[87216]: ERROR keystone.server.flask.application return caller(func, *(extras + args), **kw)
May 31 20:38:37.148143 dv-cinder-839793-16-smb devstack@keystone.service[87216]: ERROR keystone.server.flask.application
File "/usr/local/lib/python3.8/dist-packages/dogpile/cache/region.py", line 1577, in get_or_create_for_user_func
May 31 20:38:37.148143 dv-cinder-839793-16-smb devstack@keystone.service[87216]: ERROR keystone.server.flask.application return self.get_or_create(
May 31 20:38:37.148143 dv-cinder-839793-16-smb devstack@keystone.service[87216]: ERROR keystone.server.flask.application
File "/usr/local/lib/python3.8/dist-packages/dogpile/cache/region.py", line 1042, in get_or_create
May 31 20:38:37.148143 dv-cinder-839793-16-smb devstack@keystone.service[87216]: ERROR keystone.server.flask.application with Lock(
May 31 20:38:37.148143 dv-cinder-839793-16-smb devstack@keystone.service[87216]: ERROR keystone.server.flask.application
File "/usr/local/lib/python3.8/dist-packages/dogpile/lock.py", line 185, in __enter__
May 31 20:38:37.148143 dv-cinder-839793-16-smb devstack@keystone.service[87216]: ERROR keystone.server.flask.application return self._enter()
May 31 20:38:37.148143 dv-cinder-839793-16-smb devstack@keystone.service[87216]: ERROR keystone.server.flask.application
File "/usr/local/lib/python3.8/dist-packages/dogpile/lock.py", line 94, in _enter
May 31 20:38:37.148143 dv-cinder-839793-16-smb devstack@keystone.service[87216]: ERROR keystone.server.flask.application generated = self._enter_create(value, createdtime)
May 31 20:38:37.148954 dv-cinder-839793-16-smb devstack@keystone.service[87216]: ERROR keystone.server.flask.application
File "/usr/local/lib/python3.8/dist-packages/dogpile/lock.py", line 178, in _enter_create
May 31 20:38:37.148954 dv-cinder-839793-16-smb devstack@keystone.service[87216]: ERROR keystone.server.flask.application return self.creator()
May 31 20:38:37.148954 dv-cinder-839793-16-smb devstack@keystone.service[87216]: ERROR keystone.server.flask.application
File "/usr/local/lib/python3.8/dist-packages/dogpile/cache/region.py", line 995, in gen_value
May 31 20:38:37.148954 dv-cinder-839793-16-smb devstack@keystone.service[87216]: ERROR keystone.server.flask.application created_value = creator(
May 31 20:38:37.148954 dv-cinder-839793-16-smb devstack@keystone.service[87216]: ERROR keystone.server.flask.application
File "/opt/stack/keystone/keystone/assignment/core.py", line 1276, in get_role
May 31 20:38:37.148954 dv-cinder-839793-16-smb devstack@keystone.service[87216]: ERROR keystone.server.flask.application return self.driver.get_role(role_id)
May 31 20:38:37.148954 dv-cinder-839793-16-smb devstack@keystone.service[87216]: ERROR keystone.server.flask.application
File "/opt/stack/keystone/keystone/assignment/role_backends/sql.py", line 70, in get_role
May 31 20:38:37.148954 dv-cinder-839793-16-smb devstack@keystone.service[87216]: ERROR keystone.server.flask.application return self._get_role(session, role_id).to_dict()
May 31 20:38:37.148954 dv-cinder-839793-16-smb devstack@keystone.service[87216]: ERROR keystone.server.flask.application
File "/opt/stack/keystone/keystone/assignment/role_backends/sql.py", line 65, in _get_role
May 31 20:38:37.148954 dv-cinder-839793-16-smb devstack@keystone.service[87216]: ERROR keystone.server.flask.application raise exception.RoleNotFound(role_id=role_id)
May 31 20:38:37.148954 dv-cinder-839793-16-smb devstack@keystone.service[87216]: ERROR keystone.server.flask.application keystone.exception.RoleNotFound: Could not find role: anotherrole.
May 31 20:38:37.148954 dv-cinder-839793-16-smb devstack@keystone.service[87216]: ERROR keystone.server.flask.application
May 31 20:38:37.148954 dv-cinder-839793-16-smb devstack@keystone.service[87216]: [pid: 87216|app: 0|req: 92/190] 10.222.0.39 () {56 vars in 1114 bytes} [Tue May 31 20:38:36 2022] GET /identity/v3/roles/anotherrole => generated 89 bytes in 166 msecs (HTTP/1.1 404) 5 headers in 183 bytes (1 switches on core 0)
May 31 20:38:37.149666 dv-cinder-839793-16-smb devstack@keystone.service[87216]: DEBUG keystone.server.flask.request_processing.middleware.auth_context [None req-13921562-c3b5-4186-a34e-d431b2d13e8f None admin] Authenticating user token {{(pid=87216) process_request /usr/local/lib/python3.8/dist-packages/keystonemiddleware/auth_token/__init__.py:407}}
May 31 20:38:37.166055 dv-cinder-839793-16-smb devstack@keystone.service[87215]: DEBUG dbcounter [-] [87215] Writing DB stats keystone:SELECT=100 {{(pid=87215) stat_writer /usr/local/lib/python3.8/dist-packages/dbcounter.py:114}}
May 31 20:38:37.169502 dv-cinder-839793-16-smb devstack@keystone.service[87215]: DEBUG keystone.common.rbac_enforcer.enforcer [None req-abfd6531-97e0-42fc-a32c-d03655d8f814 None admin] RBAC: Authorizing `identity:validate_token()` {{(pid=87215) enforce_call /opt/stack/keystone/keystone/common/rbac_enforcer/enforcer.py:449}}
May 31 20:38:37.171003 dv-cinder-839793-16-smb devstack@keystone.service[87215]: DEBUG keystone.common.rbac_enforcer.enforcer [None req-abfd6531-97e0-42fc-a32c-d03655d8f814 None admin] RBAC: Authorization granted {{(pid=87215) enforce_call /opt/stack/keystone/keystone/common/rbac_enforcer/enforcer.py:457}}
May 31 20:38:37.263088 dv-cinder-839793-16-smb devstack@keystone.service[87216]: DEBUG keystone.server.flask.request_processing.middleware.auth_context [None req-13921562-c3b5-4186-a34e-d431b2d13e8f None admin] Validating token access rules against request {{(pid=87216) validate_allowed_request /usr/local/lib/python3.8/dist-packages/keystonemiddleware/auth_token/__init__.py:545}}
May 31 20:38:37.277622 dv-cinder-839793-16-smb devstack@keystone.service[87216]: DEBUG dbcounter [-] [87216] Writing DB stats keystone:SELECT=100 {{(pid=87216) stat_writer /usr/local/lib/python3.8/dist-packages/dbcounter.py:114}}
May 31 20:38:37.283845 dv-cinder-839793-16-smb devstack@keystone.service[87215]: [pid: 87215|app: 0|req: 99/191] 10.222.0.39 () {58 vars in 1282 bytes} [Tue May 31 20:38:36 2022] GET /identity/v3/auth/tokens => generated 799 bytes in 337 msecs (HTTP/1.1 200) 6 headers in 358 bytes (1 switches on core 0)
May 31 20:38:37.284906 dv-cinder-839793-16-smb devstack@keystone.service[87215]: DEBUG keystone.server.flask.request_processing.middleware.auth_context [None req-abfd6531-97e0-42fc-a32c-d03655d8f814 None admin] Authenticating user token {{(pid=87215) process_request /usr/local/lib/python3.8/dist-packages/keystonemiddleware/auth_token/__init__.py:407}}
May 31 20:38:37.307949 dv-cinder-839793-16-smb devstack@keystone.service[87216]: DEBUG keystone.server.flask.request_processing.middleware.auth_context [None req-fedd236a-4f6c-46f5-9272-ece289df2fb7 None admin] RBAC: auth_context: {'token': , 'domain_id': None, 'trust_id': None, 'trustor_id': None, 'trustee_id': None, 'domain_name': None, 'group_ids': [], 'user_id': 'd4d342095f994d388541563ef9df90e3', 'user_domain_id': 'default', 'system_scope': 'all', 'project_id': None, 'project_domain_id': None, 'roles': ['admin', 'member', 'reader'], 'is_admin_project': True, 'service_user_id': None, 'service_user_domain_id': None, 'service_project_id': None, 'service_project_domain_id': None, 'service_roles': []} {{(pid=87216) fill_context /opt/stack/keystone/keystone/server/flask/request_processing/middleware/auth_context.py:478}}
May 31 20:38:37.308756 dv-cinder-839793-16-smb devstack@keystone.service[87216]: DEBUG keystone.server.flask.request_processing.req_logging [None req-fedd236a-4f6c-46f5-9272-ece289df2fb7 None admin] REQUEST_METHOD: `GET` {{(pid=87216) log_request_info /opt/stack/keystone/keystone/server/flask/request_processing/req_logging.py:27}}
May 31 20:38:37.309039 dv-cinder-839793-16-smb devstack@keystone.service[87216]: DEBUG keystone.server.flask.request_processing.req_logging [None req-fedd236a-4f6c-46f5-9272-ece289df2fb7 None admin] SCRIPT_NAME: `/identity` {{(pid=87216) log_request_info /opt/stack/keystone/keystone/server/flask/request_processing/req_logging.py:28}}
May 31 20:38:37.309316 dv-cinder-839793-16-smb devstack@keystone.service[87216]: DEBUG keystone.server.flask.request_processing.req_logging [None req-fedd236a-4f6c-46f5-9272-ece289df2fb7 None admin] PATH_INFO: `/v3/domains/default` {{(pid=87216) log_request_info /opt/stack/keystone/keystone/server/flask/request_processing/req_logging.py:29}}
May 31 20:38:37.310532 dv-cinder-839793-16-smb devstack@keystone.service[87216]: DEBUG keystone.common.rbac_enforcer.enforcer [None req-fedd236a-4f6c-46f5-9272-ece289df2fb7 None admin] RBAC: Authorizing `identity:get_domain(domain_id=default)` {{(pid=87216) enforce_call /opt/stack/keystone/keystone/common/rbac_enforcer/enforcer.py:449}}
May 31 20:38:37.311986 dv-cinder-839793-16-smb devstack@keystone.service[87216]: DEBUG keystone.common.rbac_enforcer.enforcer [None req-fedd236a-4f6c-46f5-9272-ece289df2fb7 None admin] RBAC: Authorization granted {{(pid=87216) enforce_call /opt/stack/keystone/keystone/common/rbac_enforcer/enforcer.py:457}}
May 31 20:38:37.314346 dv-cinder-839793-16-smb devstack@keystone.service[87216]: [pid: 87216|app: 0|req: 93/192] 10.222.0.39 () {56 vars in 1108 bytes} [Tue May 31 20:38:37 2022] GET /identity/v3/domains/default => generated 199 bytes in 165 msecs (HTTP/1.1 200) 5 headers in 177 bytes (1 switches on core 0)
May 31 20:38:37.316094 dv-cinder-839793-16-smb devstack@keystone.service[87216]: DEBUG keystone.server.flask.request_processing.middleware.auth_context [None req-fedd236a-4f6c-46f5-9272-ece289df2fb7 None admin] Authenticating user token {{(pid=87216) process_request /usr/local/lib/python3.8/dist-packages/keystonemiddleware/auth_token/__init__.py:407}}
May 31 20:38:37.393185 dv-cinder-839793-16-smb devstack@keystone.service[87215]: DEBUG dbcounter [-] [87215] Writing DB stats keystone:SELECT=100 {{(pid=87215) stat_writer /usr/local/lib/python3.8/dist-packages/dbcounter.py:114}}
May 31 20:38:37.399296 dv-cinder-839793-16-smb devstack@keystone.service[87215]: DEBUG keystone.server.flask.request_processing.middleware.auth_context [None req-abfd6531-97e0-42fc-a32c-d03655d8f814 None admin] Validating token access rules against request {{(pid=87215) validate_allowed_request /usr/local/lib/python3.8/dist-packages/keystonemiddleware/auth_token/__init__.py:545}}
May 31 20:38:37.429433 dv-cinder-839793-16-smb devstack@keystone.service[87216]: DEBUG keystone.server.flask.request_processing.middleware.auth_context [None req-fedd236a-4f6c-46f5-9272-ece289df2fb7 None admin] Validating token access rules against request {{(pid=87216) validate_allowed_request /usr/local/lib/python3.8/dist-packages/keystonemiddleware/auth_token/__init__.py:545}}
May 31 20:38:37.440298 dv-cinder-839793-16-smb devstack@keystone.service[87215]: DEBUG keystone.server.flask.request_processing.middleware.auth_context [None req-e12a44bd-02d8-4800-8b16-80f054702d81 None admin] RBAC: auth_context: {'token': , 'domain_id': None, 'trust_id': None, 'trustor_id': None, 'trustee_id': None, 'domain_name': None, 'group_ids': [], 'user_id': 'd4d342095f994d388541563ef9df90e3', 'user_domain_id': 'default', 'system_scope': 'all', 'project_id': None, 'project_domain_id': None, 'roles': ['admin', 'member', 'reader'], 'is_admin_project': True, 'service_user_id': None, 'service_user_domain_id': None, 'service_project_id': None, 'service_project_domain_id': None, 'service_roles': []} {{(pid=87215) fill_context /opt/stack/keystone/keystone/server/flask/request_processing/middleware/auth_context.py:478}}
May 31 20:38:37.440958 dv-cinder-839793-16-smb devstack@keystone.service[87215]: DEBUG keystone.server.flask.request_processing.req_logging [None req-e12a44bd-02d8-4800-8b16-80f054702d81 None admin] REQUEST_METHOD: `GET` {{(pid=87215) log_request_info /opt/stack/keystone/keystone/server/flask/request_processing/req_logging.py:27}}
May 31 20:38:37.441241 dv-cinder-839793-16-smb devstack@keystone.service[87215]: DEBUG keystone.server.flask.request_processing.req_logging [None req-e12a44bd-02d8-4800-8b16-80f054702d81 None admin] SCRIPT_NAME: `/identity` {{(pid=87215) log_request_info /opt/stack/keystone/keystone/server/flask/request_processing/req_logging.py:28}}
May 31 20:38:37.441549 dv-cinder-839793-16-smb devstack@keystone.service[87215]: DEBUG keystone.server.flask.request_processing.req_logging [None req-e12a44bd-02d8-4800-8b16-80f054702d81 None admin] PATH_INFO: `/v3/auth/tokens` {{(pid=87215) log_request_info /opt/stack/keystone/keystone/server/flask/request_processing/req_logging.py:29}}
May 31 20:38:37.468516 dv-cinder-839793-16-smb devstack@keystone.service[87216]: DEBUG keystone.server.flask.request_processing.middleware.auth_context [None req-0fa1c7c3-61ce-42b3-90f0-7747356f745e None admin] RBAC: auth_context: {'token': , 'domain_id': None, 'trust_id': None, 'trustor_id': None, 'trustee_id': None, 'domain_name': None, 'group_ids': [], 'user_id': 'd4d342095f994d388541563ef9df90e3', 'user_domain_id': 'default', 'system_scope': 'all', 'project_id': None, 'project_domain_id': None, 'roles': ['admin', 'member', 'reader'], 'is_admin_project': True, 'service_user_id': None, 'service_user_domain_id': None, 'service_project_id': None, 'service_project_domain_id': None, 'service_roles': []} {{(pid=87216) fill_context /opt/stack/keystone/keystone/server/flask/request_processing/middleware/auth_context.py:478}}
May 31 20:38:37.469178 dv-cinder-839793-16-smb devstack@keystone.service[87216]: DEBUG keystone.server.flask.request_processing.req_logging [None req-0fa1c7c3-61ce-42b3-90f0-7747356f745e None admin] REQUEST_METHOD: `GET` {{(pid=87216) log_request_info /opt/stack/keystone/keystone/server/flask/request_processing/req_logging.py:27}}
May 31 20:38:37.469503 dv-cinder-839793-16-smb devstack@keystone.service[87216]: DEBUG keystone.server.flask.request_processing.req_logging [None req-0fa1c7c3-61ce-42b3-90f0-7747356f745e None admin] SCRIPT_NAME: `/identity` {{(pid=87216) log_request_info /opt/stack/keystone/keystone/server/flask/request_processing/req_logging.py:28}}
May 31 20:38:37.470495 dv-cinder-839793-16-smb devstack@keystone.service[87216]: DEBUG keystone.server.flask.request_processing.req_logging [None req-0fa1c7c3-61ce-42b3-90f0-7747356f745e None admin] PATH_INFO: `/v3/roles` {{(pid=87216) log_request_info /opt/stack/keystone/keystone/server/flask/request_processing/req_logging.py:29}}
May 31 20:38:37.471251 dv-cinder-839793-16-smb devstack@keystone.service[87216]: DEBUG keystone.common.rbac_enforcer.enforcer [None req-0fa1c7c3-61ce-42b3-90f0-7747356f745e None admin] RBAC: Adding query filter params (name=reader) {{(pid=87216) _extract_filter_values /opt/stack/keystone/keystone/common/rbac_enforcer/enforcer.py:167}}
May 31 20:38:37.471580 dv-cinder-839793-16-smb devstack@keystone.service[87216]: DEBUG keystone.common.rbac_enforcer.enforcer [None req-0fa1c7c3-61ce-42b3-90f0-7747356f745e None admin] RBAC: Authorizing `identity:list_roles()` {{(pid=87216) enforce_call /opt/stack/keystone/keystone/common/rbac_enforcer/enforcer.py:449}}
May 31 20:38:37.472982 dv-cinder-839793-16-smb devstack@keystone.service[87216]: DEBUG keystone.common.rbac_enforcer.enforcer [None req-0fa1c7c3-61ce-42b3-90f0-7747356f745e None admin] RBAC: Authorization granted {{(pid=87216) enforce_call /opt/stack/keystone/keystone/common/rbac_enforcer/enforcer.py:457}}
May 31 20:38:37.482226 dv-cinder-839793-16-smb devstack@keystone.service[87216]: [pid: 87216|app: 0|req: 94/193] 10.222.0.39 () {56 vars in 1101 bytes} [Tue May 31 20:38:37 2022] GET /identity/v3/roles?name=reader => generated 341 bytes in 167 msecs (HTTP/1.1 200) 5 headers in 177 bytes (1 switches on core 0)
May 31 20:38:37.482781 dv-cinder-839793-16-smb devstack@keystone.service[87216]: DEBUG keystone.server.flask.request_processing.middleware.auth_context [None req-0fa1c7c3-61ce-42b3-90f0-7747356f745e None admin] Authenticating user token {{(pid=87216) process_request /usr/local/lib/python3.8/dist-packages/keystonemiddleware/auth_token/__init__.py:407}}
May 31 20:38:37.516997 dv-cinder-839793-16-smb devstack@keystone.service[87215]: DEBUG keystone.common.rbac_enforcer.enforcer [None req-e12a44bd-02d8-4800-8b16-80f054702d81 None admin] RBAC: Authorizing `identity:validate_token()` {{(pid=87215) enforce_call /opt/stack/keystone/keystone/common/rbac_enforcer/enforcer.py:449}}
May 31 20:38:37.518435 dv-cinder-839793-16-smb devstack@keystone.service[87215]: DEBUG keystone.common.rbac_enforcer.enforcer [None req-e12a44bd-02d8-4800-8b16-80f054702d81 None admin] RBAC: Authorization granted {{(pid=87215) enforce_call /opt/stack/keystone/keystone/common/rbac_enforcer/enforcer.py:457}}
May 31 20:38:37.536188 dv-cinder-839793-16-smb devstack@keystone.service[87216]: DEBUG dbcounter [-] [87216] Writing DB stats keystone:SELECT=100 {{(pid=87216) stat_writer /usr/local/lib/python3.8/dist-packages/dbcounter.py:114}}
May 31 20:38:37.593293 dv-cinder-839793-16-smb devstack@keystone.service[87216]: DEBUG keystone.server.flask.request_processing.middleware.auth_context [None req-0fa1c7c3-61ce-42b3-90f0-7747356f745e None admin] Validating token access rules against request {{(pid=87216) validate_allowed_request /usr/local/lib/python3.8/dist-packages/keystonemiddleware/auth_token/__init__.py:545}}
May 31 20:38:37.624408 dv-cinder-839793-16-smb devstack@keystone.service[87215]: DEBUG dbcounter [-] [87215] Writing DB stats keystone:SELECT=100 {{(pid=87215) stat_writer /usr/local/lib/python3.8/dist-packages/dbcounter.py:114}}
May 31 20:38:37.627473 dv-cinder-839793-16-smb devstack@keystone.service[87216]: DEBUG keystone.server.flask.request_processing.middleware.auth_context [None req-04ce623f-dfa0-4a7c-8b2e-85789b0397ad None admin] RBAC: auth_context: {'token': , 'domain_id': None, 'trust_id': None, 'trustor_id': None, 'trustee_id': None, 'domain_name': None, 'group_ids': [], 'user_id': 'd4d342095f994d388541563ef9df90e3', 'user_domain_id': 'default', 'system_scope': 'all', 'project_id': None, 'project_domain_id': None, 'roles': ['admin', 'member', 'reader'], 'is_admin_project': True, 'service_user_id': None, 'service_user_domain_id': None, 'service_project_id': None, 'service_project_domain_id': None, 'service_roles': []} {{(pid=87216) fill_context /opt/stack/keystone/keystone/server/flask/request_processing/middleware/auth_context.py:478}}
May 31 20:38:37.628136 dv-cinder-839793-16-smb devstack@keystone.service[87216]: DEBUG keystone.server.flask.request_processing.req_logging [None req-04ce623f-dfa0-4a7c-8b2e-85789b0397ad None admin] REQUEST_METHOD: `GET` {{(pid=87216) log_request_info /opt/stack/keystone/keystone/server/flask/request_processing/req_logging.py:27}}
May 31 20:38:37.628419 dv-cinder-839793-16-smb devstack@keystone.service[87216]: DEBUG keystone.server.flask.request_processing.req_logging [None req-04ce623f-dfa0-4a7c-8b2e-85789b0397ad None admin] SCRIPT_NAME: `/identity` {{(pid=87216) log_request_info /opt/stack/keystone/keystone/server/flask/request_processing/req_logging.py:28}}
May 31 20:38:37.628692 dv-cinder-839793-16-smb devstack@keystone.service[87216]: DEBUG keystone.server.flask.request_processing.req_logging [None req-04ce623f-dfa0-4a7c-8b2e-85789b0397ad None admin] PATH_INFO: `/v3/roles` {{(pid=87216) log_request_info /opt/stack/keystone/keystone/server/flask/request_processing/req_logging.py:29}}
May 31 20:38:37.629040 dv-cinder-839793-16-smb devstack@keystone.service[87215]: [pid: 87215|app: 0|req: 100/194] 10.222.0.39 () {58 vars in 1282 bytes} [Tue May 31 20:38:37 2022] GET /identity/v3/auth/tokens => generated 799 bytes in 345 msecs (HTTP/1.1 200) 6 headers in 358 bytes (1 switches on core 0)
May 31 20:38:37.629468 dv-cinder-839793-16-smb devstack@keystone.service[87216]: DEBUG keystone.common.rbac_enforcer.enforcer [None req-04ce623f-dfa0-4a7c-8b2e-85789b0397ad None admin] RBAC: Adding query filter params (name=anotherrole) {{(pid=87216) _extract_filter_values /opt/stack/keystone/keystone/common/rbac_enforcer/enforcer.py:167}}
May 31 20:38:37.629779 dv-cinder-839793-16-smb devstack@keystone.service[87216]: DEBUG keystone.common.rbac_enforcer.enforcer [None req-04ce623f-dfa0-4a7c-8b2e-85789b0397ad None admin] RBAC: Authorizing `identity:list_roles()` {{(pid=87216) enforce_call /opt/stack/keystone/keystone/common/rbac_enforcer/enforcer.py:449}}
May 31 20:38:37.629892 dv-cinder-839793-16-smb devstack@keystone.service[87215]: DEBUG keystone.server.flask.request_processing.middleware.auth_context [None req-e12a44bd-02d8-4800-8b16-80f054702d81 None admin] Authenticating user token {{(pid=87215) process_request /usr/local/lib/python3.8/dist-packages/keystonemiddleware/auth_token/__init__.py:407}}
May 31 20:38:37.631163 dv-cinder-839793-16-smb devstack@keystone.service[87216]: DEBUG keystone.common.rbac_enforcer.enforcer [None req-04ce623f-dfa0-4a7c-8b2e-85789b0397ad None admin] RBAC: Authorization granted {{(pid=87216) enforce_call /opt/stack/keystone/keystone/common/rbac_enforcer/enforcer.py:457}}
May 31 20:38:37.641095 dv-cinder-839793-16-smb devstack@keystone.service[87216]: [pid: 87216|app: 0|req: 95/195] 10.222.0.39 () {56 vars in 1111 bytes} [Tue May 31 20:38:37 2022] GET /identity/v3/roles?name=anotherrole => generated 334 bytes in 159 msecs (HTTP/1.1 200) 5 headers in 177 bytes (1 switches on core 0)
May 31 20:38:37.642483 dv-cinder-839793-16-smb devstack@keystone.service[87216]: DEBUG keystone.server.flask.request_processing.middleware.auth_context [None req-04ce623f-dfa0-4a7c-8b2e-85789b0397ad None admin] Authenticating user token {{(pid=87216) process_request /usr/local/lib/python3.8/dist-packages/keystonemiddleware/auth_token/__init__.py:407}}
May 31 20:38:37.729467 dv-cinder-839793-16-smb devstack@keystone.service[87215]: DEBUG keystone.server.flask.request_processing.middleware.auth_context [None req-e12a44bd-02d8-4800-8b16-80f054702d81 None admin] Validating token access rules against request {{(pid=87215) validate_allowed_request /usr/local/lib/python3.8/dist-packages/keystonemiddleware/auth_token/__init__.py:545}}
May 31 20:38:37.744319 dv-cinder-839793-16-smb devstack@keystone.service[87216]: DEBUG keystone.server.flask.request_processing.middleware.auth_context [None req-04ce623f-dfa0-4a7c-8b2e-85789b0397ad None admin] Validating token access rules against request {{(pid=87216) validate_allowed_request /usr/local/lib/python3.8/dist-packages/keystonemiddleware/auth_token/__init__.py:545}}
May 31 20:38:37.752357 dv-cinder-839793-16-smb devstack@keystone.service[87216]: DEBUG dbcounter [-] [87216] Writing DB stats keystone:SELECT=100 {{(pid=87216) stat_writer /usr/local/lib/python3.8/dist-packages/dbcounter.py:114}}
May 31 20:38:37.762440 dv-cinder-839793-16-smb devstack@keystone.service[87215]: DEBUG keystone.server.flask.request_processing.middleware.auth_context [None req-bb563418-78fd-4111-a98d-19075797a5b3 None admin] RBAC: auth_context: {'token': , 'domain_id': None, 'trust_id': None, 'trustor_id': None, 'trustee_id': None, 'domain_name': None, 'group_ids': [], 'user_id': 'd4d342095f994d388541563ef9df90e3', 'user_domain_id': 'default', 'system_scope': 'all', 'project_id': None, 'project_domain_id': None, 'roles': ['admin', 'member', 'reader'], 'is_admin_project': True, 'service_user_id': None, 'service_user_domain_id': None, 'service_project_id': None, 'service_project_domain_id': None, 'service_roles': []} {{(pid=87215) fill_context /opt/stack/keystone/keystone/server/flask/request_processing/middleware/auth_context.py:478}}
May 31 20:38:37.763288 dv-cinder-839793-16-smb devstack@keystone.service[87215]: DEBUG keystone.server.flask.request_processing.req_logging [None req-bb563418-78fd-4111-a98d-19075797a5b3 None admin] REQUEST_METHOD: `GET` {{(pid=87215) log_request_info /opt/stack/keystone/keystone/server/flask/request_processing/req_logging.py:27}}
May 31 20:38:37.763563 dv-cinder-839793-16-smb devstack@keystone.service[87215]: DEBUG keystone.server.flask.request_processing.req_logging [None req-bb563418-78fd-4111-a98d-19075797a5b3 None admin] SCRIPT_NAME: `/identity` {{(pid=87215) log_request_info /opt/stack/keystone/keystone/server/flask/request_processing/req_logging.py:28}}
May 31 20:38:37.763834 dv-cinder-839793-16-smb devstack@keystone.service[87215]: DEBUG keystone.server.flask.request_processing.req_logging [None req-bb563418-78fd-4111-a98d-19075797a5b3 None admin] PATH_INFO: `/v3/projects/97b09e1d27844288ae3c4df4e4e4a721` {{(pid=87215) log_request_info /opt/stack/keystone/keystone/server/flask/request_processing/req_logging.py:29}}
May 31 20:38:37.764998 dv-cinder-839793-16-smb devstack@keystone.service[87215]: DEBUG keystone.common.rbac_enforcer.enforcer [None req-bb563418-78fd-4111-a98d-19075797a5b3 None admin] RBAC: Authorizing `identity:get_project(project_id=97b09e1d27844288ae3c4df4e4e4a721)` {{(pid=87215) enforce_call /opt/stack/keystone/keystone/common/rbac_enforcer/enforcer.py:449}}
May 31 20:38:37.766483 dv-cinder-839793-16-smb devstack@keystone.service[87215]: DEBUG keystone.common.rbac_enforcer.enforcer [None req-bb563418-78fd-4111-a98d-19075797a5b3 None admin] RBAC: Authorization granted {{(pid=87215) enforce_call /opt/stack/keystone/keystone/common/rbac_enforcer/enforcer.py:457}}
May 31 20:38:37.768747 dv-cinder-839793-16-smb devstack@keystone.service[87215]: [pid: 87215|app: 0|req: 101/196] 10.222.0.39 () {56 vars in 1186 bytes} [Tue May 31 20:38:37 2022] GET /identity/v3/projects/97b09e1d27844288ae3c4df4e4e4a721 => generated 312 bytes in 139 msecs (HTTP/1.1 200) 5 headers in 177 bytes (1 switches on core 0)
May 31 20:38:37.769469 dv-cinder-839793-16-smb devstack@keystone.service[87215]: DEBUG keystone.server.flask.request_processing.middleware.auth_context [None req-bb563418-78fd-4111-a98d-19075797a5b3 None admin] Authenticating user token {{(pid=87215) process_request /usr/local/lib/python3.8/dist-packages/keystonemiddleware/auth_token/__init__.py:407}}
May 31 20:38:37.779610 dv-cinder-839793-16-smb devstack@keystone.service[87216]: DEBUG keystone.server.flask.request_processing.middleware.auth_context [None req-d04f7565-5655-4dfd-b382-c880d273187e None admin] RBAC: auth_context: {'token': , 'domain_id': None, 'trust_id': None, 'trustor_id': None, 'trustee_id': None, 'domain_name': None, 'group_ids': [], 'user_id': 'd4d342095f994d388541563ef9df90e3', 'user_domain_id': 'default', 'system_scope': 'all', 'project_id': None, 'project_domain_id': None, 'roles': ['admin', 'member', 'reader'], 'is_admin_project': True, 'service_user_id': None, 'service_user_domain_id': None, 'service_project_id': None, 'service_project_domain_id': None, 'service_roles': []} {{(pid=87216) fill_context /opt/stack/keystone/keystone/server/flask/request_processing/middleware/auth_context.py:478}}
May 31 20:38:37.780309 dv-cinder-839793-16-smb devstack@keystone.service[87216]: DEBUG keystone.server.flask.request_processing.req_logging [None req-d04f7565-5655-4dfd-b382-c880d273187e None admin] REQUEST_METHOD: `POST` {{(pid=87216) log_request_info /opt/stack/keystone/keystone/server/flask/request_processing/req_logging.py:27}}
May 31 20:38:37.780594 dv-cinder-839793-16-smb devstack@keystone.service[87216]: DEBUG keystone.server.flask.request_processing.req_logging [None req-d04f7565-5655-4dfd-b382-c880d273187e None admin] SCRIPT_NAME: `/identity` {{(pid=87216) log_request_info /opt/stack/keystone/keystone/server/flask/request_processing/req_logging.py:28}}
May 31 20:38:37.780870 dv-cinder-839793-16-smb devstack@keystone.service[87216]: DEBUG keystone.server.flask.request_processing.req_logging [None req-d04f7565-5655-4dfd-b382-c880d273187e None admin] PATH_INFO: `/v3/users` {{(pid=87216) log_request_info /opt/stack/keystone/keystone/server/flask/request_processing/req_logging.py:29}}
May 31 20:38:37.781621 dv-cinder-839793-16-smb devstack@keystone.service[87216]: DEBUG keystone.common.rbac_enforcer.enforcer [None req-d04f7565-5655-4dfd-b382-c880d273187e None admin] RBAC: Authorizing `identity:create_user()` {{(pid=87216) enforce_call /opt/stack/keystone/keystone/common/rbac_enforcer/enforcer.py:449}}
May 31 20:38:37.784015 dv-cinder-839793-16-smb devstack@keystone.service[87216]: DEBUG keystone.common.rbac_enforcer.enforcer [None req-d04f7565-5655-4dfd-b382-c880d273187e None admin] RBAC: Authorization granted {{(pid=87216) enforce_call /opt/stack/keystone/keystone/common/rbac_enforcer/enforcer.py:457}}
May 31 20:38:37.834945 dv-cinder-839793-16-smb devstack@keystone.service[87215]: DEBUG dbcounter [-] [87215] Writing DB stats keystone:SELECT=100 {{(pid=87215) stat_writer /usr/local/lib/python3.8/dist-packages/dbcounter.py:114}}
May 31 20:38:37.866685 dv-cinder-839793-16-smb devstack@keystone.service[87215]: DEBUG keystone.server.flask.request_processing.middleware.auth_context [None req-bb563418-78fd-4111-a98d-19075797a5b3 None admin] Validating token access rules against request {{(pid=87215) validate_allowed_request /usr/local/lib/python3.8/dist-packages/keystonemiddleware/auth_token/__init__.py:545}}
May 31 20:38:37.898757 dv-cinder-839793-16-smb devstack@keystone.service[87215]: DEBUG keystone.server.flask.request_processing.middleware.auth_context [None req-0fc5b7d2-753b-4396-8783-6b928775cab5 None admin] RBAC: auth_context: {'token': , 'domain_id': None, 'trust_id': None, 'trustor_id': None, 'trustee_id': None, 'domain_name': None, 'group_ids': [], 'user_id': 'd4d342095f994d388541563ef9df90e3', 'user_domain_id': 'default', 'system_scope': 'all', 'project_id': None, 'project_domain_id': None, 'roles': ['admin', 'member', 'reader'], 'is_admin_project': True, 'service_user_id': None, 'service_user_domain_id': None, 'service_project_id': None, 'service_project_domain_id': None, 'service_roles': []} {{(pid=87215) fill_context /opt/stack/keystone/keystone/server/flask/request_processing/middleware/auth_context.py:478}}
May 31 20:38:37.899607 dv-cinder-839793-16-smb devstack@keystone.service[87215]: DEBUG keystone.server.flask.request_processing.req_logging [None req-0fc5b7d2-753b-4396-8783-6b928775cab5 None admin] REQUEST_METHOD: `GET` {{(pid=87215) log_request_info /opt/stack/keystone/keystone/server/flask/request_processing/req_logging.py:27}}
May 31 20:38:37.899934 dv-cinder-839793-16-smb devstack@keystone.service[87215]: DEBUG keystone.server.flask.request_processing.req_logging [None req-0fc5b7d2-753b-4396-8783-6b928775cab5 None admin] SCRIPT_NAME: `/identity` {{(pid=87215) log_request_info /opt/stack/keystone/keystone/server/flask/request_processing/req_logging.py:28}}
May 31 20:38:37.900203 dv-cinder-839793-16-smb devstack@keystone.service[87215]: DEBUG keystone.server.flask.request_processing.req_logging [None req-0fc5b7d2-753b-4396-8783-6b928775cab5 None admin] PATH_INFO: `/v3/users/d0da1d125d574419bd4df682c853c871` {{(pid=87215) log_request_info /opt/stack/keystone/keystone/server/flask/request_processing/req_logging.py:29}}
May 31 20:38:37.901371 dv-cinder-839793-16-smb devstack@keystone.service[87215]: DEBUG keystone.common.rbac_enforcer.enforcer [None req-0fc5b7d2-753b-4396-8783-6b928775cab5 None admin] RBAC: Authorizing `identity:get_user(user_id=d0da1d125d574419bd4df682c853c871)` {{(pid=87215) enforce_call /opt/stack/keystone/keystone/common/rbac_enforcer/enforcer.py:449}}
May 31 20:38:37.902832 dv-cinder-839793-16-smb devstack@keystone.service[87215]: DEBUG keystone.common.rbac_enforcer.enforcer [None req-0fc5b7d2-753b-4396-8783-6b928775cab5 None admin] RBAC: Authorization granted {{(pid=87215) enforce_call /opt/stack/keystone/keystone/common/rbac_enforcer/enforcer.py:457}}
May 31 20:38:37.904433 dv-cinder-839793-16-smb devstack@keystone.service[87215]: [pid: 87215|app: 0|req: 102/197] 10.222.0.39 () {56 vars in 1177 bytes} [Tue May 31 20:38:37 2022] GET /identity/v3/users/d0da1d125d574419bd4df682c853c871 => generated 289 bytes in 135 msecs (HTTP/1.1 200) 5 headers in 177 bytes (1 switches on core 0)
May 31 20:38:37.905178 dv-cinder-839793-16-smb devstack@keystone.service[87215]: DEBUG keystone.server.flask.request_processing.middleware.auth_context [None req-0fc5b7d2-753b-4396-8783-6b928775cab5 None admin] Authenticating user token {{(pid=87215) process_request /usr/local/lib/python3.8/dist-packages/keystonemiddleware/auth_token/__init__.py:407}}
May 31 20:38:37.913825 dv-cinder-839793-16-smb devstack@keystone.service[87216]: [pid: 87216|app: 0|req: 96/198] 10.222.0.39 () {60 vars in 1132 bytes} [Tue May 31 20:38:37 2022] POST /identity/v3/users => generated 297 bytes in 272 msecs (HTTP/1.1 201) 5 headers in 182 bytes (1 switches on core 0)
May 31 20:38:37.914856 dv-cinder-839793-16-smb devstack@keystone.service[87216]: DEBUG keystone.server.flask.request_processing.middleware.auth_context [None req-d04f7565-5655-4dfd-b382-c880d273187e None admin] Authenticating user token {{(pid=87216) process_request /usr/local/lib/python3.8/dist-packages/keystonemiddleware/auth_token/__init__.py:407}}
May 31 20:38:38.019834 dv-cinder-839793-16-smb devstack@keystone.service[87215]: DEBUG keystone.server.flask.request_processing.middleware.auth_context [None req-0fc5b7d2-753b-4396-8783-6b928775cab5 None admin] Validating token access rules against request {{(pid=87215) validate_allowed_request /usr/local/lib/python3.8/dist-packages/keystonemiddleware/auth_token/__init__.py:545}}
May 31 20:38:38.034324 dv-cinder-839793-16-smb devstack@keystone.service[87216]: DEBUG keystone.server.flask.request_processing.middleware.auth_context [None req-d04f7565-5655-4dfd-b382-c880d273187e None admin] Validating token access rules against request {{(pid=87216) validate_allowed_request /usr/local/lib/python3.8/dist-packages/keystonemiddleware/auth_token/__init__.py:545}}
May 31 20:38:38.058258 dv-cinder-839793-16-smb devstack@keystone.service[87215]: DEBUG keystone.server.flask.request_processing.middleware.auth_context [None req-019a0594-1561-48c6-9d33-d79fe0d63560 None admin] RBAC: auth_context: {'token': , 'domain_id': None, 'trust_id': None, 'trustor_id': None, 'trustee_id': None, 'domain_name': None, 'group_ids': [], 'user_id': 'd4d342095f994d388541563ef9df90e3', 'user_domain_id': 'default', 'system_scope': 'all', 'project_id': None, 'project_domain_id': None, 'roles': ['admin', 'member', 'reader'], 'is_admin_project': True, 'service_user_id': None, 'service_user_domain_id': None, 'service_project_id': None, 'service_project_domain_id': None, 'service_roles': []} {{(pid=87215) fill_context /opt/stack/keystone/keystone/server/flask/request_processing/middleware/auth_context.py:478}}
May 31 20:38:38.059189 dv-cinder-839793-16-smb devstack@keystone.service[87215]: DEBUG keystone.server.flask.request_processing.req_logging [None req-019a0594-1561-48c6-9d33-d79fe0d63560 None admin] REQUEST_METHOD: `GET` {{(pid=87215) log_request_info /opt/stack/keystone/keystone/server/flask/request_processing/req_logging.py:27}}
May 31 20:38:38.059475 dv-cinder-839793-16-smb devstack@keystone.service[87215]: DEBUG keystone.server.flask.request_processing.req_logging [None req-019a0594-1561-48c6-9d33-d79fe0d63560 None admin] SCRIPT_NAME: `/identity` {{(pid=87215) log_request_info /opt/stack/keystone/keystone/server/flask/request_processing/req_logging.py:28}}
May 31 20:38:38.059753 dv-cinder-839793-16-smb devstack@keystone.service[87215]: DEBUG keystone.server.flask.request_processing.req_logging [None req-019a0594-1561-48c6-9d33-d79fe0d63560 None admin] PATH_INFO: `/v3/projects/3b81e28b94aa40e9a9ab61284d4c0978` {{(pid=87215) log_request_info /opt/stack/keystone/keystone/server/flask/request_processing/req_logging.py:29}}
May 31 20:38:38.061170 dv-cinder-839793-16-smb devstack@keystone.service[87215]: DEBUG keystone.common.rbac_enforcer.enforcer [None req-019a0594-1561-48c6-9d33-d79fe0d63560 None admin] RBAC: Authorizing `identity:get_project(project_id=3b81e28b94aa40e9a9ab61284d4c0978)` {{(pid=87215) enforce_call /opt/stack/keystone/keystone/common/rbac_enforcer/enforcer.py:449}}
May 31 20:38:38.062764 dv-cinder-839793-16-smb devstack@keystone.service[87215]: DEBUG keystone.common.rbac_enforcer.enforcer [None req-019a0594-1561-48c6-9d33-d79fe0d63560 None admin] RBAC: Authorization granted {{(pid=87215) enforce_call /opt/stack/keystone/keystone/common/rbac_enforcer/enforcer.py:457}}
May 31 20:38:38.065412 dv-cinder-839793-16-smb devstack@keystone.service[87215]: [pid: 87215|app: 0|req: 103/199] 10.222.0.39 () {56 vars in 1186 bytes} [Tue May 31 20:38:37 2022] GET /identity/v3/projects/3b81e28b94aa40e9a9ab61284d4c0978 => generated 302 bytes in 160 msecs (HTTP/1.1 200) 5 headers in 177 bytes (1 switches on core 0)
May 31 20:38:38.066280 dv-cinder-839793-16-smb devstack@keystone.service[87215]: DEBUG keystone.server.flask.request_processing.middleware.auth_context [None req-019a0594-1561-48c6-9d33-d79fe0d63560 None admin] Authenticating user token {{(pid=87215) process_request /usr/local/lib/python3.8/dist-packages/keystonemiddleware/auth_token/__init__.py:407}}
May 31 20:38:38.069209 dv-cinder-839793-16-smb devstack@keystone.service[87215]: DEBUG dbcounter [-] [87215] Writing DB stats keystone:SELECT=100 {{(pid=87215) stat_writer /usr/local/lib/python3.8/dist-packages/dbcounter.py:114}}
