May 31 18:27:37.660943 dv-cinder-839793-15-smb devstack@c-api.service[110617]: DEBUG cinder.api.openstack.wsgi [None req-60784378-5443-4590-9e97-651265bb9b21 tempest-VolumesGetTest-446186756 tempest-VolumesGetTest-446186756-project] Action: 'update', calling method: update, body: {"volume": {"name": "tempest-VolumesGetTest-Volume-1697193295", "description": null}} {{(pid=110617) _process_stack /opt/stack/cinder/cinder/api/openstack/wsgi.py:866}}
May 31 18:27:37.662003 dv-cinder-839793-15-smb devstack@c-api.service[110616]: INFO cinder.volume.api [None req-3a098ce8-0299-4d9e-bd4c-e668b7257043 tempest-VolumesListTestJSON-858355922 tempest-VolumesListTestJSON-858355922-project] Get all volumes completed successfully.
May 31 18:27:37.667044 dv-cinder-839793-15-smb devstack@c-api.service[110616]: INFO cinder.api.openstack.wsgi [None req-3a098ce8-0299-4d9e-bd4c-e668b7257043 tempest-VolumesListTestJSON-858355922 tempest-VolumesListTestJSON-858355922-project] http://10.222.0.33/volume/v3/eaf5a0d25a024881b2b39d1652c6ac79/volumes/detail?limit=1&marker=2d9272e9-bf1c-446d-976f-25f45fa7f8b0 returned with HTTP 200
May 31 18:27:37.673046 dv-cinder-839793-15-smb devstack@c-api.service[110616]: [pid: 110616|app: 0|req: 189/396] 10.222.0.33 () {58 vars in 1337 bytes} [Tue May 31 18:27:37 2022] GET /volume/v3/eaf5a0d25a024881b2b39d1652c6ac79/volumes/detail?limit=1&marker=2d9272e9-bf1c-446d-976f-25f45fa7f8b0 => generated 15 bytes in 147 msecs (HTTP/1.1 200) 7 headers in 284 bytes (2 switches on core 0)
May 31 18:27:37.684797 dv-cinder-839793-15-smb devstack@c-api.service[110616]: DEBUG cinder.api.middleware.request_id [None req-a84f89b6-2209-4bd7-bebf-fbea0469de42 None None] RequestId filter calling following filter/app {{(pid=110616) _context_setter /opt/stack/cinder/cinder/api/middleware/request_id.py:62}}
May 31 18:27:37.688930 dv-cinder-839793-15-smb devstack@c-api.service[110616]: INFO cinder.api.openstack.wsgi [None req-a84f89b6-2209-4bd7-bebf-fbea0469de42 tempest-VolumesListTestJSON-858355922 tempest-VolumesListTestJSON-858355922-project] GET http://10.222.0.33/volume/v3/eaf5a0d25a024881b2b39d1652c6ac79/volumes/detail?limit=2&status=available&sort_dir=asc&sort_key=id
May 31 18:27:37.690299 dv-cinder-839793-15-smb devstack@c-api.service[110616]: DEBUG cinder.api.openstack.wsgi [None req-a84f89b6-2209-4bd7-bebf-fbea0469de42 tempest-VolumesListTestJSON-858355922 tempest-VolumesListTestJSON-858355922-project] Empty body provided in request {{(pid=110616) get_body /opt/stack/cinder/cinder/api/openstack/wsgi.py:715}}
May 31 18:27:37.690756 dv-cinder-839793-15-smb devstack@c-api.service[110616]: DEBUG cinder.api.openstack.wsgi [None req-a84f89b6-2209-4bd7-bebf-fbea0469de42 tempest-VolumesListTestJSON-858355922 tempest-VolumesListTestJSON-858355922-project] Calling method 'detail' {{(pid=110616) _process_stack /opt/stack/cinder/cinder/api/openstack/wsgi.py:868}}
May 31 18:27:37.691381 dv-cinder-839793-15-smb devstack@c-api.service[110616]: DEBUG cinder.api.api_utils [None req-a84f89b6-2209-4bd7-bebf-fbea0469de42 tempest-VolumesListTestJSON-858355922 tempest-VolumesListTestJSON-858355922-project] Removing options '' from query. {{(pid=110616) remove_invalid_filter_options /opt/stack/cinder/cinder/api/api_utils.py:73}}
May 31 18:27:37.691896 dv-cinder-839793-15-smb devstack@c-api.service[110616]: DEBUG cinder.volume.api [None req-a84f89b6-2209-4bd7-bebf-fbea0469de42 tempest-VolumesListTestJSON-858355922 tempest-VolumesListTestJSON-858355922-project] Could not evaluate value available, assuming string {{(pid=110616) check_volume_filters /opt/stack/cinder/cinder/volume/api.py:2305}}
May 31 18:27:37.693525 dv-cinder-839793-15-smb devstack@c-api.service[110616]: DEBUG cinder.volume.api [None req-a84f89b6-2209-4bd7-bebf-fbea0469de42 tempest-VolumesListTestJSON-858355922 tempest-VolumesListTestJSON-858355922-project] Searching by: MultiDict([('status', 'available'), ('no_migration_targets', True)]). {{(pid=110616) get_all /opt/stack/cinder/cinder/volume/api.py:664}}
May 31 18:27:37.700634 dv-cinder-839793-15-smb devstack@c-api.service[110617]: /usr/local/lib/python3.8/dist-packages/oslo_context/context.py:100: DeprecationWarning: Policy enforcement is depending on the value of is_admin. This key is deprecated. Please update your policy file to use the standard policy values.
May 31 18:27:37.700634 dv-cinder-839793-15-smb devstack@c-api.service[110617]: warnings.warn('Policy enforcement is depending on the value of '
May 31 18:27:37.717072 dv-cinder-839793-15-smb devstack@c-api.service[110617]: INFO cinder.volume.api [None req-60784378-5443-4590-9e97-651265bb9b21 tempest-VolumesGetTest-446186756 tempest-VolumesGetTest-446186756-project] Volume info retrieved successfully.
May 31 18:27:37.735336 dv-cinder-839793-15-smb devstack@c-api.service[110617]: INFO cinder.volume.api [None req-60784378-5443-4590-9e97-651265bb9b21 tempest-VolumesGetTest-446186756 tempest-VolumesGetTest-446186756-project] Volume updated successfully.
May 31 18:27:37.738539 dv-cinder-839793-15-smb devstack@c-api.service[110617]: INFO cinder.api.openstack.wsgi [None req-60784378-5443-4590-9e97-651265bb9b21 tempest-VolumesGetTest-446186756 tempest-VolumesGetTest-446186756-project] http://10.222.0.33/volume/v3/da71a44635424b4fa2d6c86899067fa9/volumes/88ecb26c-cc7d-4813-8e6b-ac7a6fcb900a returned with HTTP 200
May 31 18:27:37.743777 dv-cinder-839793-15-smb devstack@c-api.service[110617]: [pid: 110617|app: 0|req: 208/397] 10.222.0.33 () {60 vars in 1344 bytes} [Tue May 31 18:27:37 2022] PUT /volume/v3/da71a44635424b4fa2d6c86899067fa9/volumes/88ecb26c-cc7d-4813-8e6b-ac7a6fcb900a => generated 839 bytes in 88 msecs (HTTP/1.1 200) 7 headers in 285 bytes (2 switches on core 0)
May 31 18:27:37.755936 dv-cinder-839793-15-smb devstack@c-api.service[110617]: DEBUG cinder.api.middleware.request_id [None req-96c5facd-e7a7-4829-9c2a-ac43ba71a0fc None None] RequestId filter calling following filter/app {{(pid=110617) _context_setter /opt/stack/cinder/cinder/api/middleware/request_id.py:62}}
May 31 18:27:37.760574 dv-cinder-839793-15-smb devstack@c-api.service[110617]: INFO cinder.api.openstack.wsgi [None req-96c5facd-e7a7-4829-9c2a-ac43ba71a0fc tempest-VolumesGetTest-446186756 tempest-VolumesGetTest-446186756-project] DELETE http://10.222.0.33/volume/v3/da71a44635424b4fa2d6c86899067fa9/volumes/88ecb26c-cc7d-4813-8e6b-ac7a6fcb900a
May 31 18:27:37.762121 dv-cinder-839793-15-smb devstack@c-api.service[110617]: DEBUG cinder.api.openstack.wsgi [None req-96c5facd-e7a7-4829-9c2a-ac43ba71a0fc tempest-VolumesGetTest-446186756 tempest-VolumesGetTest-446186756-project] Empty body provided in request {{(pid=110617) get_body /opt/stack/cinder/cinder/api/openstack/wsgi.py:715}}
May 31 18:27:37.762760 dv-cinder-839793-15-smb devstack@c-api.service[110617]: DEBUG cinder.api.openstack.wsgi [None req-96c5facd-e7a7-4829-9c2a-ac43ba71a0fc tempest-VolumesGetTest-446186756 tempest-VolumesGetTest-446186756-project] Calling method 'delete' {{(pid=110617) _process_stack /opt/stack/cinder/cinder/api/openstack/wsgi.py:868}}
May 31 18:27:37.763384 dv-cinder-839793-15-smb devstack@c-api.service[110617]: INFO cinder.api.v3.volumes [None req-96c5facd-e7a7-4829-9c2a-ac43ba71a0fc tempest-VolumesGetTest-446186756 tempest-VolumesGetTest-446186756-project] Delete volume with id: 88ecb26c-cc7d-4813-8e6b-ac7a6fcb900a
May 31 18:27:37.789832 dv-cinder-839793-15-smb devstack@c-api.service[110616]: INFO cinder.volume.api [None req-a84f89b6-2209-4bd7-bebf-fbea0469de42 tempest-VolumesListTestJSON-858355922 tempest-VolumesListTestJSON-858355922-project] Get all volumes completed successfully.
May 31 18:27:37.796639 dv-cinder-839793-15-smb devstack@c-api.service[110616]: /usr/local/lib/python3.8/dist-packages/oslo_context/context.py:100: DeprecationWarning: Policy enforcement is depending on the value of is_admin. This key is deprecated. Please update your policy file to use the standard policy values.
May 31 18:27:37.796639 dv-cinder-839793-15-smb devstack@c-api.service[110616]: warnings.warn('Policy enforcement is depending on the value of '
May 31 18:27:37.810008 dv-cinder-839793-15-smb devstack@c-api.service[110617]: /usr/local/lib/python3.8/dist-packages/oslo_context/context.py:100: DeprecationWarning: Policy enforcement is depending on the value of is_admin. This key is deprecated. Please update your policy file to use the standard policy values.
May 31 18:27:37.810008 dv-cinder-839793-15-smb devstack@c-api.service[110617]: warnings.warn('Policy enforcement is depending on the value of '
May 31 18:27:37.815944 dv-cinder-839793-15-smb devstack@c-api.service[110617]: INFO cinder.volume.api [None req-96c5facd-e7a7-4829-9c2a-ac43ba71a0fc tempest-VolumesGetTest-446186756 tempest-VolumesGetTest-446186756-project] Volume info retrieved successfully.
May 31 18:27:37.849798 dv-cinder-839793-15-smb devstack@c-api.service[110616]: INFO cinder.api.openstack.wsgi [None req-a84f89b6-2209-4bd7-bebf-fbea0469de42 tempest-VolumesListTestJSON-858355922 tempest-VolumesListTestJSON-858355922-project] http://10.222.0.33/volume/v3/eaf5a0d25a024881b2b39d1652c6ac79/volumes/detail?limit=2&status=available&sort_dir=asc&sort_key=id returned with HTTP 200
May 31 18:27:37.862952 dv-cinder-839793-15-smb devstack@c-api.service[110616]: [pid: 110616|app: 0|req: 190/398] 10.222.0.33 () {58 vars in 1333 bytes} [Tue May 31 18:27:37 2022] GET /volume/v3/eaf5a0d25a024881b2b39d1652c6ac79/volumes/detail?limit=2&status=available&sort_dir=asc&sort_key=id => generated 2062 bytes in 179 msecs (HTTP/1.1 200) 7 headers in 286 bytes (1 switches on core 0)
May 31 18:27:37.868205 dv-cinder-839793-15-smb devstack@c-api.service[110616]: DEBUG cinder.api.middleware.request_id [None req-0389b1fe-a121-4c8c-9370-33fcf5ecd9ad None None] RequestId filter calling following filter/app {{(pid=110616) _context_setter /opt/stack/cinder/cinder/api/middleware/request_id.py:62}}
May 31 18:27:37.873060 dv-cinder-839793-15-smb devstack@c-api.service[110616]: INFO cinder.api.openstack.wsgi [None req-0389b1fe-a121-4c8c-9370-33fcf5ecd9ad tempest-VolumesListTestJSON-858355922 tempest-VolumesListTestJSON-858355922-project] GET http://10.222.0.33/volume/v3/eaf5a0d25a024881b2b39d1652c6ac79/volumes/detail?limit=2&status=available&sort_dir=desc&sort_key=id
May 31 18:27:37.874109 dv-cinder-839793-15-smb devstack@c-api.service[110616]: DEBUG cinder.api.openstack.wsgi [None req-0389b1fe-a121-4c8c-9370-33fcf5ecd9ad tempest-VolumesListTestJSON-858355922 tempest-VolumesListTestJSON-858355922-project] Empty body provided in request {{(pid=110616) get_body /opt/stack/cinder/cinder/api/openstack/wsgi.py:715}}
May 31 18:27:37.875112 dv-cinder-839793-15-smb devstack@c-api.service[110616]: DEBUG cinder.api.openstack.wsgi [None req-0389b1fe-a121-4c8c-9370-33fcf5ecd9ad tempest-VolumesListTestJSON-858355922 tempest-VolumesListTestJSON-858355922-project] Calling method 'detail' {{(pid=110616) _process_stack /opt/stack/cinder/cinder/api/openstack/wsgi.py:868}}
May 31 18:27:37.876157 dv-cinder-839793-15-smb devstack@c-api.service[110616]: DEBUG cinder.api.api_utils [None req-0389b1fe-a121-4c8c-9370-33fcf5ecd9ad tempest-VolumesListTestJSON-858355922 tempest-VolumesListTestJSON-858355922-project] Removing options '' from query. {{(pid=110616) remove_invalid_filter_options /opt/stack/cinder/cinder/api/api_utils.py:73}}
May 31 18:27:37.877181 dv-cinder-839793-15-smb devstack@c-api.service[110616]: DEBUG cinder.volume.api [None req-0389b1fe-a121-4c8c-9370-33fcf5ecd9ad tempest-VolumesListTestJSON-858355922 tempest-VolumesListTestJSON-858355922-project] Could not evaluate value available, assuming string {{(pid=110616) check_volume_filters /opt/stack/cinder/cinder/volume/api.py:2305}}
May 31 18:27:37.879337 dv-cinder-839793-15-smb devstack@c-api.service[110616]: DEBUG cinder.volume.api [None req-0389b1fe-a121-4c8c-9370-33fcf5ecd9ad tempest-VolumesListTestJSON-858355922 tempest-VolumesListTestJSON-858355922-project] Searching by: MultiDict([('status', 'available'), ('no_migration_targets', True)]). {{(pid=110616) get_all /opt/stack/cinder/cinder/volume/api.py:664}}
May 31 18:27:37.888086 dv-cinder-839793-15-smb devstack@c-api.service[110617]: INFO cinder.volume.api [None req-96c5facd-e7a7-4829-9c2a-ac43ba71a0fc tempest-VolumesGetTest-446186756 tempest-VolumesGetTest-446186756-project] Delete volume request issued successfully.
May 31 18:27:37.889151 dv-cinder-839793-15-smb devstack@c-api.service[110617]: INFO cinder.api.openstack.wsgi [None req-96c5facd-e7a7-4829-9c2a-ac43ba71a0fc tempest-VolumesGetTest-446186756 tempest-VolumesGetTest-446186756-project] http://10.222.0.33/volume/v3/da71a44635424b4fa2d6c86899067fa9/volumes/88ecb26c-cc7d-4813-8e6b-ac7a6fcb900a returned with HTTP 202
May 31 18:27:37.891807 dv-cinder-839793-15-smb devstack@c-api.service[110617]: [pid: 110617|app: 0|req: 209/399] 10.222.0.33 () {58 vars in 1327 bytes} [Tue May 31 18:27:37 2022] DELETE /volume/v3/da71a44635424b4fa2d6c86899067fa9/volumes/88ecb26c-cc7d-4813-8e6b-ac7a6fcb900a => generated 0 bytes in 139 msecs (HTTP/1.1 202) 6 headers in 233 bytes (2 switches on core 0)
May 31 18:27:37.897345 dv-cinder-839793-15-smb devstack@c-api.service[110617]: DEBUG cinder.api.middleware.request_id [None req-ddda594e-babd-4173-a500-3f666bd3c111 None None] RequestId filter calling following filter/app {{(pid=110617) _context_setter /opt/stack/cinder/cinder/api/middleware/request_id.py:62}}
May 31 18:27:37.908106 dv-cinder-839793-15-smb devstack@c-api.service[110617]: INFO cinder.api.openstack.wsgi [None req-ddda594e-babd-4173-a500-3f666bd3c111 tempest-VolumesGetTest-446186756 tempest-VolumesGetTest-446186756-project] GET http://10.222.0.33/volume/v3/da71a44635424b4fa2d6c86899067fa9/volumes/88ecb26c-cc7d-4813-8e6b-ac7a6fcb900a
May 31 18:27:37.909023 dv-cinder-839793-15-smb devstack@c-api.service[110617]: DEBUG cinder.api.openstack.wsgi [None req-ddda594e-babd-4173-a500-3f666bd3c111 tempest-VolumesGetTest-446186756 tempest-VolumesGetTest-446186756-project] Empty body provided in request {{(pid=110617) get_body /opt/stack/cinder/cinder/api/openstack/wsgi.py:715}}
May 31 18:27:37.910813 dv-cinder-839793-15-smb devstack@c-api.service[110617]: DEBUG cinder.api.openstack.wsgi [None req-ddda594e-babd-4173-a500-3f666bd3c111 tempest-VolumesGetTest-446186756 tempest-VolumesGetTest-446186756-project] Calling method 'show' {{(pid=110617) _process_stack /opt/stack/cinder/cinder/api/openstack/wsgi.py:868}}
May 31 18:27:37.945707 dv-cinder-839793-15-smb devstack@c-api.service[110617]: /usr/local/lib/python3.8/dist-packages/oslo_context/context.py:100: DeprecationWarning: Policy enforcement is depending on the value of is_admin. This key is deprecated. Please update your policy file to use the standard policy values.
May 31 18:27:37.945707 dv-cinder-839793-15-smb devstack@c-api.service[110617]: warnings.warn('Policy enforcement is depending on the value of '
May 31 18:27:37.957647 dv-cinder-839793-15-smb devstack@c-api.service[110616]: INFO cinder.volume.api [None req-0389b1fe-a121-4c8c-9370-33fcf5ecd9ad tempest-VolumesListTestJSON-858355922 tempest-VolumesListTestJSON-858355922-project] Get all volumes completed successfully.
May 31 18:27:37.960709 dv-cinder-839793-15-smb devstack@c-api.service[110616]: /usr/local/lib/python3.8/dist-packages/oslo_context/context.py:100: DeprecationWarning: Policy enforcement is depending on the value of is_admin. This key is deprecated. Please update your policy file to use the standard policy values.
May 31 18:27:37.960709 dv-cinder-839793-15-smb devstack@c-api.service[110616]: warnings.warn('Policy enforcement is depending on the value of '
May 31 18:27:37.963885 dv-cinder-839793-15-smb devstack@c-api.service[110617]: INFO cinder.volume.api [None req-ddda594e-babd-4173-a500-3f666bd3c111 tempest-VolumesGetTest-446186756 tempest-VolumesGetTest-446186756-project] Volume info retrieved successfully.
May 31 18:27:37.975615 dv-cinder-839793-15-smb devstack@c-api.service[110616]: INFO cinder.api.openstack.wsgi [None req-0389b1fe-a121-4c8c-9370-33fcf5ecd9ad tempest-VolumesListTestJSON-858355922 tempest-VolumesListTestJSON-858355922-project] http://10.222.0.33/volume/v3/eaf5a0d25a024881b2b39d1652c6ac79/volumes/detail?limit=2&status=available&sort_dir=desc&sort_key=id returned with HTTP 200
May 31 18:27:37.978352 dv-cinder-839793-15-smb devstack@c-api.service[110617]: INFO cinder.api.openstack.wsgi [None req-ddda594e-babd-4173-a500-3f666bd3c111 tempest-VolumesGetTest-446186756 tempest-VolumesGetTest-446186756-project] http://10.222.0.33/volume/v3/da71a44635424b4fa2d6c86899067fa9/volumes/88ecb26c-cc7d-4813-8e6b-ac7a6fcb900a returned with HTTP 200
May 31 18:27:37.980279 dv-cinder-839793-15-smb devstack@c-api.service[110617]: [pid: 110617|app: 0|req: 210/400] 10.222.0.33 () {58 vars in 1324 bytes} [Tue May 31 18:27:37 2022] GET /volume/v3/da71a44635424b4fa2d6c86899067fa9/volumes/88ecb26c-cc7d-4813-8e6b-ac7a6fcb900a => generated 906 bytes in 85 msecs (HTTP/1.1 200) 7 headers in 285 bytes (1 switches on core 0)
May 31 18:27:37.981738 dv-cinder-839793-15-smb devstack@c-api.service[110617]: DEBUG cinder.api.middleware.request_id [None req-8df8e160-5ec1-403a-97d1-cbc7981c5e1e None None] RequestId filter calling following filter/app {{(pid=110617) _context_setter /opt/stack/cinder/cinder/api/middleware/request_id.py:62}}
May 31 18:27:37.990539 dv-cinder-839793-15-smb devstack@c-api.service[110616]: [pid: 110616|app: 0|req: 191/401] 10.222.0.33 () {58 vars in 1335 bytes} [Tue May 31 18:27:37 2022] GET /volume/v3/eaf5a0d25a024881b2b39d1652c6ac79/volumes/detail?limit=2&status=available&sort_dir=desc&sort_key=id => generated 2064 bytes in 124 msecs (HTTP/1.1 200) 7 headers in 286 bytes (1 switches on core 0)
May 31 18:27:37.993226 dv-cinder-839793-15-smb devstack@c-api.service[110616]: DEBUG cinder.api.middleware.request_id [None req-0333d169-098e-4652-9301-ae00ef5330d2 None None] RequestId filter calling following filter/app {{(pid=110616) _context_setter /opt/stack/cinder/cinder/api/middleware/request_id.py:62}}
May 31 18:27:37.997962 dv-cinder-839793-15-smb devstack@c-api.service[110616]: INFO cinder.api.openstack.wsgi [None req-0333d169-098e-4652-9301-ae00ef5330d2 tempest-VolumesListTestJSON-858355922 tempest-VolumesListTestJSON-858355922-project] GET http://10.222.0.33/volume/v3/eaf5a0d25a024881b2b39d1652c6ac79/volumes?limit=1
May 31 18:27:37.998733 dv-cinder-839793-15-smb devstack@c-api.service[110616]: DEBUG cinder.api.openstack.wsgi [None req-0333d169-098e-4652-9301-ae00ef5330d2 tempest-VolumesListTestJSON-858355922 tempest-VolumesListTestJSON-858355922-project] Empty body provided in request {{(pid=110616) get_body /opt/stack/cinder/cinder/api/openstack/wsgi.py:715}}
May 31 18:27:37.999874 dv-cinder-839793-15-smb devstack@c-api.service[110616]: DEBUG cinder.api.openstack.wsgi [None req-0333d169-098e-4652-9301-ae00ef5330d2 tempest-VolumesListTestJSON-858355922 tempest-VolumesListTestJSON-858355922-project] Calling method 'index' {{(pid=110616) _process_stack /opt/stack/cinder/cinder/api/openstack/wsgi.py:868}}
May 31 18:27:38.000712 dv-cinder-839793-15-smb devstack@c-api.service[110616]: DEBUG cinder.api.api_utils [None req-0333d169-098e-4652-9301-ae00ef5330d2 tempest-VolumesListTestJSON-858355922 tempest-VolumesListTestJSON-858355922-project] Removing options '' from query. {{(pid=110616) remove_invalid_filter_options /opt/stack/cinder/cinder/api/api_utils.py:73}}
May 31 18:27:38.003373 dv-cinder-839793-15-smb devstack@c-api.service[110616]: DEBUG cinder.volume.api [None req-0333d169-098e-4652-9301-ae00ef5330d2 tempest-VolumesListTestJSON-858355922 tempest-VolumesListTestJSON-858355922-project] Searching by: MultiDict([('no_migration_targets', True)]). {{(pid=110616) get_all /opt/stack/cinder/cinder/volume/api.py:664}}
May 31 18:27:38.065230 dv-cinder-839793-15-smb devstack@c-api.service[110616]: INFO cinder.volume.api [None req-0333d169-098e-4652-9301-ae00ef5330d2 tempest-VolumesListTestJSON-858355922 tempest-VolumesListTestJSON-858355922-project] Get all volumes completed successfully.
May 31 18:27:38.066539 dv-cinder-839793-15-smb devstack@c-api.service[110616]: INFO cinder.api.openstack.wsgi [None req-0333d169-098e-4652-9301-ae00ef5330d2 tempest-VolumesListTestJSON-858355922 tempest-VolumesListTestJSON-858355922-project] http://10.222.0.33/volume/v3/eaf5a0d25a024881b2b39d1652c6ac79/volumes?limit=1 returned with HTTP 200
May 31 18:27:38.067375 dv-cinder-839793-15-smb devstack@c-api.service[110616]: [pid: 110616|app: 0|req: 192/402] 10.222.0.33 () {58 vars in 1228 bytes} [Tue May 31 18:27:37 2022] GET /volume/v3/eaf5a0d25a024881b2b39d1652c6ac79/volumes?limit=1 => generated 569 bytes in 76 msecs (HTTP/1.1 200) 7 headers in 285 bytes (1 switches on core 0)
May 31 18:27:38.074523 dv-cinder-839793-15-smb devstack@c-api.service[110616]: DEBUG cinder.api.middleware.request_id [None req-7f1f3b83-ddc3-4225-a938-03cd05a6a779 None None] RequestId filter calling following filter/app {{(pid=110616) _context_setter /opt/stack/cinder/cinder/api/middleware/request_id.py:62}}
May 31 18:27:38.079631 dv-cinder-839793-15-smb devstack@c-api.service[110616]: INFO cinder.api.openstack.wsgi [None req-7f1f3b83-ddc3-4225-a938-03cd05a6a779 tempest-VolumesListTestJSON-858355922 tempest-VolumesListTestJSON-858355922-project] GET http://10.222.0.33/volume/v3/eaf5a0d25a024881b2b39d1652c6ac79/volumes?limit=1&marker=d5de6edd-3830-490a-9fe3-176f0f729440
May 31 18:27:38.080381 dv-cinder-839793-15-smb devstack@c-api.service[110616]: DEBUG cinder.api.openstack.wsgi [None req-7f1f3b83-ddc3-4225-a938-03cd05a6a779 tempest-VolumesListTestJSON-858355922 tempest-VolumesListTestJSON-858355922-project] Empty body provided in request {{(pid=110616) get_body /opt/stack/cinder/cinder/api/openstack/wsgi.py:715}}
May 31 18:27:38.080981 dv-cinder-839793-15-smb devstack@c-api.service[110616]: DEBUG cinder.api.openstack.wsgi [None req-7f1f3b83-ddc3-4225-a938-03cd05a6a779 tempest-VolumesListTestJSON-858355922 tempest-VolumesListTestJSON-858355922-project] Calling method 'index' {{(pid=110616) _process_stack /opt/stack/cinder/cinder/api/openstack/wsgi.py:868}}
May 31 18:27:38.081802 dv-cinder-839793-15-smb devstack@c-api.service[110616]: DEBUG cinder.api.api_utils [None req-7f1f3b83-ddc3-4225-a938-03cd05a6a779 tempest-VolumesListTestJSON-858355922 tempest-VolumesListTestJSON-858355922-project] Removing options '' from query. {{(pid=110616) remove_invalid_filter_options /opt/stack/cinder/cinder/api/api_utils.py:73}}
May 31 18:27:38.082948 dv-cinder-839793-15-smb devstack@c-api.service[110616]: /usr/local/lib/python3.8/dist-packages/oslo_context/context.py:100: DeprecationWarning: Policy enforcement is depending on the value of is_admin. This key is deprecated. Please update your policy file to use the standard policy values.
May 31 18:27:38.082948 dv-cinder-839793-15-smb devstack@c-api.service[110616]: warnings.warn('Policy enforcement is depending on the value of '
May 31 18:27:38.084435 dv-cinder-839793-15-smb devstack@c-api.service[110616]: DEBUG cinder.volume.api [None req-7f1f3b83-ddc3-4225-a938-03cd05a6a779 tempest-VolumesListTestJSON-858355922 tempest-VolumesListTestJSON-858355922-project] Searching by: MultiDict([('no_migration_targets', True)]). {{(pid=110616) get_all /opt/stack/cinder/cinder/volume/api.py:664}}
May 31 18:27:38.135632 dv-cinder-839793-15-smb devstack@c-api.service[110616]: DEBUG dbcounter [-] [110616] Writing DB stats cinder:SELECT=81,cinder:UPDATE=13,cinder:INSERT=6 {{(pid=110616) stat_writer /usr/local/lib/python3.8/dist-packages/dbcounter.py:114}}
May 31 18:27:38.166842 dv-cinder-839793-15-smb devstack@c-api.service[110616]: INFO cinder.volume.api [None req-7f1f3b83-ddc3-4225-a938-03cd05a6a779 tempest-VolumesListTestJSON-858355922 tempest-VolumesListTestJSON-858355922-project] Get all volumes completed successfully.
May 31 18:27:38.168341 dv-cinder-839793-15-smb devstack@c-api.service[110616]: INFO cinder.api.openstack.wsgi [None req-7f1f3b83-ddc3-4225-a938-03cd05a6a779 tempest-VolumesListTestJSON-858355922 tempest-VolumesListTestJSON-858355922-project] http://10.222.0.33/volume/v3/eaf5a0d25a024881b2b39d1652c6ac79/volumes?limit=1&marker=d5de6edd-3830-490a-9fe3-176f0f729440 returned with HTTP 200
May 31 18:27:38.174897 dv-cinder-839793-15-smb devstack@c-api.service[110616]: [pid: 110616|app: 0|req: 193/403] 10.222.0.33 () {58 vars in 1316 bytes} [Tue May 31 18:27:38 2022] GET /volume/v3/eaf5a0d25a024881b2b39d1652c6ac79/volumes?limit=1&marker=d5de6edd-3830-490a-9fe3-176f0f729440 => generated 568 bytes in 101 msecs (HTTP/1.1 200) 7 headers in 285 bytes (1 switches on core 0)
May 31 18:27:38.177069 dv-cinder-839793-15-smb devstack@c-api.service[110616]: DEBUG cinder.api.middleware.request_id [None req-1122815f-8c61-42e4-8584-9aadb7c2783d None None] RequestId filter calling following filter/app {{(pid=110616) _context_setter /opt/stack/cinder/cinder/api/middleware/request_id.py:62}}
May 31 18:27:38.181214 dv-cinder-839793-15-smb devstack@c-api.service[110616]: INFO cinder.api.openstack.wsgi [None req-1122815f-8c61-42e4-8584-9aadb7c2783d tempest-VolumesListTestJSON-858355922 tempest-VolumesListTestJSON-858355922-project] GET http://10.222.0.33/volume/v3/eaf5a0d25a024881b2b39d1652c6ac79/volumes?limit=1&marker=26edd5cf-c945-4ae4-854a-c451da402e2f
May 31 18:27:38.181656 dv-cinder-839793-15-smb devstack@c-api.service[110616]: DEBUG cinder.api.openstack.wsgi [None req-1122815f-8c61-42e4-8584-9aadb7c2783d tempest-VolumesListTestJSON-858355922 tempest-VolumesListTestJSON-858355922-project] Empty body provided in request {{(pid=110616) get_body /opt/stack/cinder/cinder/api/openstack/wsgi.py:715}}
May 31 18:27:38.182143 dv-cinder-839793-15-smb devstack@c-api.service[110616]: DEBUG cinder.api.openstack.wsgi [None req-1122815f-8c61-42e4-8584-9aadb7c2783d tempest-VolumesListTestJSON-858355922 tempest-VolumesListTestJSON-858355922-project] Calling method 'index' {{(pid=110616) _process_stack /opt/stack/cinder/cinder/api/openstack/wsgi.py:868}}
May 31 18:27:38.182713 dv-cinder-839793-15-smb devstack@c-api.service[110616]: DEBUG cinder.api.api_utils [None req-1122815f-8c61-42e4-8584-9aadb7c2783d tempest-VolumesListTestJSON-858355922 tempest-VolumesListTestJSON-858355922-project] Removing options '' from query. {{(pid=110616) remove_invalid_filter_options /opt/stack/cinder/cinder/api/api_utils.py:73}}
May 31 18:27:38.183910 dv-cinder-839793-15-smb devstack@c-api.service[110616]: /usr/local/lib/python3.8/dist-packages/oslo_context/context.py:100: DeprecationWarning: Policy enforcement is depending on the value of is_admin. This key is deprecated. Please update your policy file to use the standard policy values.
May 31 18:27:38.183910 dv-cinder-839793-15-smb devstack@c-api.service[110616]: warnings.warn('Policy enforcement is depending on the value of '
May 31 18:27:38.184886 dv-cinder-839793-15-smb devstack@c-api.service[110616]: DEBUG cinder.volume.api [None req-1122815f-8c61-42e4-8584-9aadb7c2783d tempest-VolumesListTestJSON-858355922 tempest-VolumesListTestJSON-858355922-project] Searching by: MultiDict([('no_migration_targets', True)]). {{(pid=110616) get_all /opt/stack/cinder/cinder/volume/api.py:664}}
May 31 18:27:38.214448 dv-cinder-839793-15-smb devstack@c-api.service[110617]: INFO cinder.api.openstack.wsgi [None req-8df8e160-5ec1-403a-97d1-cbc7981c5e1e tempest-ExtraSpecsNegativeTest-739767165 tempest-ExtraSpecsNegativeTest-739767165-project-admin] POST http://10.222.0.33/volume/v3/c51c9cd9304047daa4c199244fe0cad9/types
May 31 18:27:38.215274 dv-cinder-839793-15-smb devstack@c-api.service[110617]: DEBUG cinder.api.openstack.wsgi [None req-8df8e160-5ec1-403a-97d1-cbc7981c5e1e tempest-ExtraSpecsNegativeTest-739767165 tempest-ExtraSpecsNegativeTest-739767165-project-admin] Action: 'create', calling method: _create, body: {"volume_type": {"name": "tempest-ExtraSpecsNegativeTest-volume-type-2020768367", "extra_specs": {"spec1": "val1"}}} {{(pid=110617) _process_stack /opt/stack/cinder/cinder/api/openstack/wsgi.py:866}}
May 31 18:27:38.240784 dv-cinder-839793-15-smb devstack@c-api.service[110617]: INFO cinder.api.openstack.wsgi [None req-8df8e160-5ec1-403a-97d1-cbc7981c5e1e tempest-ExtraSpecsNegativeTest-739767165 tempest-ExtraSpecsNegativeTest-739767165-project-admin] http://10.222.0.33/volume/v3/c51c9cd9304047daa4c199244fe0cad9/types returned with HTTP 200
May 31 18:27:38.242270 dv-cinder-839793-15-smb devstack@c-api.service[110617]: [pid: 110617|app: 0|req: 211/404] 10.222.0.33 () {60 vars in 1229 bytes} [Tue May 31 18:27:37 2022] POST /volume/v3/c51c9cd9304047daa4c199244fe0cad9/types => generated 243 bytes in 261 msecs (HTTP/1.1 200) 7 headers in 285 bytes (1 switches on core 0)
May 31 18:27:38.249599 dv-cinder-839793-15-smb devstack@c-api.service[110616]: INFO cinder.volume.api [None req-1122815f-8c61-42e4-8584-9aadb7c2783d tempest-VolumesListTestJSON-858355922 tempest-VolumesListTestJSON-858355922-project] Get all volumes completed successfully.
May 31 18:27:38.249947 dv-cinder-839793-15-smb devstack@c-api.service[110617]: DEBUG cinder.api.middleware.request_id [None req-247cc0f9-c219-4d21-8bd3-b0290005a17f None None] RequestId filter calling following filter/app {{(pid=110617) _context_setter /opt/stack/cinder/cinder/api/middleware/request_id.py:62}}
May 31 18:27:38.250935 dv-cinder-839793-15-smb devstack@c-api.service[110616]: INFO cinder.api.openstack.wsgi [None req-1122815f-8c61-42e4-8584-9aadb7c2783d tempest-VolumesListTestJSON-858355922 tempest-VolumesListTestJSON-858355922-project] http://10.222.0.33/volume/v3/eaf5a0d25a024881b2b39d1652c6ac79/volumes?limit=1&marker=26edd5cf-c945-4ae4-854a-c451da402e2f returned with HTTP 200
May 31 18:27:38.251677 dv-cinder-839793-15-smb devstack@c-api.service[110616]: [pid: 110616|app: 0|req: 194/405] 10.222.0.33 () {58 vars in 1316 bytes} [Tue May 31 18:27:38 2022] GET /volume/v3/eaf5a0d25a024881b2b39d1652c6ac79/volumes?limit=1&marker=26edd5cf-c945-4ae4-854a-c451da402e2f => generated 569 bytes in 76 msecs (HTTP/1.1 200) 7 headers in 285 bytes (2 switches on core 0)
May 31 18:27:38.256229 dv-cinder-839793-15-smb devstack@c-api.service[110617]: INFO cinder.api.openstack.wsgi [None req-247cc0f9-c219-4d21-8bd3-b0290005a17f tempest-ExtraSpecsNegativeTest-739767165 tempest-ExtraSpecsNegativeTest-739767165-project-admin] POST http://10.222.0.33/volume/v3/c51c9cd9304047daa4c199244fe0cad9/types/3750cb73-1a84-4b0d-b11f-d427d314abdd/extra_specs
May 31 18:27:38.256978 dv-cinder-839793-15-smb devstack@c-api.service[110617]: DEBUG cinder.api.openstack.wsgi [None req-247cc0f9-c219-4d21-8bd3-b0290005a17f tempest-ExtraSpecsNegativeTest-739767165 tempest-ExtraSpecsNegativeTest-739767165-project-admin] Action: 'create', calling method: create, body: {"extra_specs": ["invalid"]} {{(pid=110617) _process_stack /opt/stack/cinder/cinder/api/openstack/wsgi.py:866}}
May 31 18:27:38.258290 dv-cinder-839793-15-smb devstack@c-api.service[110617]: INFO cinder.api.openstack.wsgi [None req-247cc0f9-c219-4d21-8bd3-b0290005a17f tempest-ExtraSpecsNegativeTest-739767165 tempest-ExtraSpecsNegativeTest-739767165-project-admin] http://10.222.0.33/volume/v3/c51c9cd9304047daa4c199244fe0cad9/types/3750cb73-1a84-4b0d-b11f-d427d314abdd/extra_specs returned with HTTP 400
May 31 18:27:38.259026 dv-cinder-839793-15-smb devstack@c-api.service[110616]: DEBUG cinder.api.middleware.request_id [None req-16f63bf1-1a06-414a-a0fd-0a90e222d6ad None None] RequestId filter calling following filter/app {{(pid=110616) _context_setter /opt/stack/cinder/cinder/api/middleware/request_id.py:62}}
May 31 18:27:38.263903 dv-cinder-839793-15-smb devstack@c-api.service[110617]: [pid: 110617|app: 0|req: 212/406] 10.222.0.33 () {60 vars in 1375 bytes} [Tue May 31 18:27:38 2022] POST /volume/v3/c51c9cd9304047daa4c199244fe0cad9/types/3750cb73-1a84-4b0d-b11f-d427d314abdd/extra_specs => generated 146 bytes in 11 msecs (HTTP/1.1 400) 7 headers in 294 bytes (1 switches on core 0)
May 31 18:27:38.264036 dv-cinder-839793-15-smb devstack@c-api.service[110616]: INFO cinder.api.openstack.wsgi [None req-16f63bf1-1a06-414a-a0fd-0a90e222d6ad tempest-VolumesListTestJSON-858355922 tempest-VolumesListTestJSON-858355922-project] GET http://10.222.0.33/volume/v3/eaf5a0d25a024881b2b39d1652c6ac79/volumes?limit=1&marker=2d9272e9-bf1c-446d-976f-25f45fa7f8b0
May 31 18:27:38.264394 dv-cinder-839793-15-smb devstack@c-api.service[110616]: DEBUG cinder.api.openstack.wsgi [None req-16f63bf1-1a06-414a-a0fd-0a90e222d6ad tempest-VolumesListTestJSON-858355922 tempest-VolumesListTestJSON-858355922-project] Empty body provided in request {{(pid=110616) get_body /opt/stack/cinder/cinder/api/openstack/wsgi.py:715}}
May 31 18:27:38.264674 dv-cinder-839793-15-smb devstack@c-api.service[110616]: DEBUG cinder.api.openstack.wsgi [None req-16f63bf1-1a06-414a-a0fd-0a90e222d6ad tempest-VolumesListTestJSON-858355922 tempest-VolumesListTestJSON-858355922-project] Calling method 'index' {{(pid=110616) _process_stack /opt/stack/cinder/cinder/api/openstack/wsgi.py:868}}
May 31 18:27:38.265459 dv-cinder-839793-15-smb devstack@c-api.service[110616]: DEBUG cinder.api.api_utils [None req-16f63bf1-1a06-414a-a0fd-0a90e222d6ad tempest-VolumesListTestJSON-858355922 tempest-VolumesListTestJSON-858355922-project] Removing options '' from query. {{(pid=110616) remove_invalid_filter_options /opt/stack/cinder/cinder/api/api_utils.py:73}}
May 31 18:27:38.267001 dv-cinder-839793-15-smb devstack@c-api.service[110616]: /usr/local/lib/python3.8/dist-packages/oslo_context/context.py:100: DeprecationWarning: Policy enforcement is depending on the value of is_admin. This key is deprecated. Please update your policy file to use the standard policy values.
May 31 18:27:38.267001 dv-cinder-839793-15-smb devstack@c-api.service[110616]: warnings.warn('Policy enforcement is depending on the value of '
May 31 18:27:38.267170 dv-cinder-839793-15-smb devstack@c-api.service[110617]: DEBUG cinder.api.middleware.request_id [None req-191138d0-2261-4167-ba55-6ed1b7d23d96 None None] RequestId filter calling following filter/app {{(pid=110617) _context_setter /opt/stack/cinder/cinder/api/middleware/request_id.py:62}}
May 31 18:27:38.267353 dv-cinder-839793-15-smb devstack@c-api.service[110616]: DEBUG cinder.volume.api [None req-16f63bf1-1a06-414a-a0fd-0a90e222d6ad tempest-VolumesListTestJSON-858355922 tempest-VolumesListTestJSON-858355922-project] Searching by: MultiDict([('no_migration_targets', True)]). {{(pid=110616) get_all /opt/stack/cinder/cinder/volume/api.py:664}}
May 31 18:27:38.273187 dv-cinder-839793-15-smb devstack@c-api.service[110617]: INFO cinder.api.openstack.wsgi [None req-191138d0-2261-4167-ba55-6ed1b7d23d96 tempest-ExtraSpecsNegativeTest-739767165 tempest-ExtraSpecsNegativeTest-739767165-project-admin] POST http://10.222.0.33/volume/v3/c51c9cd9304047daa4c199244fe0cad9/types/3750cb73-1a84-4b0d-b11f-d427d314abdd/extra_specs
May 31 18:27:38.273890 dv-cinder-839793-15-smb devstack@c-api.service[110617]: DEBUG cinder.api.openstack.wsgi [None req-191138d0-2261-4167-ba55-6ed1b7d23d96 tempest-ExtraSpecsNegativeTest-739767165 tempest-ExtraSpecsNegativeTest-739767165-project-admin] Action: 'create', calling method: create, body: {"extra_specs": null} {{(pid=110617) _process_stack /opt/stack/cinder/cinder/api/openstack/wsgi.py:866}}
May 31 18:27:38.275295 dv-cinder-839793-15-smb devstack@c-api.service[110617]: INFO cinder.api.openstack.wsgi [None req-191138d0-2261-4167-ba55-6ed1b7d23d96 tempest-ExtraSpecsNegativeTest-739767165 tempest-ExtraSpecsNegativeTest-739767165-project-admin] http://10.222.0.33/volume/v3/c51c9cd9304047daa4c199244fe0cad9/types/3750cb73-1a84-4b0d-b11f-d427d314abdd/extra_specs returned with HTTP 400
May 31 18:27:38.281127 dv-cinder-839793-15-smb devstack@c-api.service[110617]: [pid: 110617|app: 0|req: 213/407] 10.222.0.33 () {60 vars in 1375 bytes} [Tue May 31 18:27:38 2022] POST /volume/v3/c51c9cd9304047daa4c199244fe0cad9/types/3750cb73-1a84-4b0d-b11f-d427d314abdd/extra_specs => generated 132 bytes in 11 msecs (HTTP/1.1 400) 7 headers in 294 bytes (1 switches on core 0)
May 31 18:27:38.282579 dv-cinder-839793-15-smb devstack@c-api.service[110617]: DEBUG cinder.api.middleware.request_id [None req-ca17cb48-fca5-423b-bb31-e79e232aaa6a None None] RequestId filter calling following filter/app {{(pid=110617) _context_setter /opt/stack/cinder/cinder/api/middleware/request_id.py:62}}
May 31 18:27:38.289748 dv-cinder-839793-15-smb devstack@c-api.service[110617]: INFO cinder.api.openstack.wsgi [None req-ca17cb48-fca5-423b-bb31-e79e232aaa6a tempest-ExtraSpecsNegativeTest-739767165 tempest-ExtraSpecsNegativeTest-739767165-project-admin] POST http://10.222.0.33/volume/v3/c51c9cd9304047daa4c199244fe0cad9/types/943cc82f-57a8-4e4a-bcc2-680317b1ae2e/extra_specs
May 31 18:27:38.290668 dv-cinder-839793-15-smb devstack@c-api.service[110617]: DEBUG cinder.api.openstack.wsgi [None req-ca17cb48-fca5-423b-bb31-e79e232aaa6a tempest-ExtraSpecsNegativeTest-739767165 tempest-ExtraSpecsNegativeTest-739767165-project-admin] Action: 'create', calling method: create, body: {"extra_specs": {"spec2": "val1"}} {{(pid=110617) _process_stack /opt/stack/cinder/cinder/api/openstack/wsgi.py:866}}
May 31 18:27:38.311698 dv-cinder-839793-15-smb devstack@c-api.service[110617]: INFO cinder.api.openstack.wsgi [None req-ca17cb48-fca5-423b-bb31-e79e232aaa6a tempest-ExtraSpecsNegativeTest-739767165 tempest-ExtraSpecsNegativeTest-739767165-project-admin] http://10.222.0.33/volume/v3/c51c9cd9304047daa4c199244fe0cad9/types/943cc82f-57a8-4e4a-bcc2-680317b1ae2e/extra_specs returned with HTTP 404
May 31 18:27:38.318158 dv-cinder-839793-15-smb devstack@c-api.service[110617]: [pid: 110617|app: 0|req: 214/408] 10.222.0.33 () {60 vars in 1375 bytes} [Tue May 31 18:27:38 2022] POST /volume/v3/c51c9cd9304047daa4c199244fe0cad9/types/943cc82f-57a8-4e4a-bcc2-680317b1ae2e/extra_specs => generated 114 bytes in 33 msecs (HTTP/1.1 404) 7 headers in 292 bytes (1 switches on core 0)
May 31 18:27:38.321393 dv-cinder-839793-15-smb devstack@c-api.service[110617]: DEBUG cinder.api.middleware.request_id [None req-6b024ec1-d608-4637-a5ab-9f4e99d62314 None None] RequestId filter calling following filter/app {{(pid=110617) _context_setter /opt/stack/cinder/cinder/api/middleware/request_id.py:62}}
May 31 18:27:38.328157 dv-cinder-839793-15-smb devstack@c-api.service[110616]: INFO cinder.volume.api [None req-16f63bf1-1a06-414a-a0fd-0a90e222d6ad tempest-VolumesListTestJSON-858355922 tempest-VolumesListTestJSON-858355922-project] Get all volumes completed successfully.
May 31 18:27:38.329022 dv-cinder-839793-15-smb devstack@c-api.service[110616]: INFO cinder.api.openstack.wsgi [None req-16f63bf1-1a06-414a-a0fd-0a90e222d6ad tempest-VolumesListTestJSON-858355922 tempest-VolumesListTestJSON-858355922-project] http://10.222.0.33/volume/v3/eaf5a0d25a024881b2b39d1652c6ac79/volumes?limit=1&marker=2d9272e9-bf1c-446d-976f-25f45fa7f8b0 returned with HTTP 200
May 31 18:27:38.329721 dv-cinder-839793-15-smb devstack@c-api.service[110617]: INFO cinder.api.openstack.wsgi [None req-6b024ec1-d608-4637-a5ab-9f4e99d62314 tempest-ExtraSpecsNegativeTest-739767165 tempest-ExtraSpecsNegativeTest-739767165-project-admin] DELETE http://10.222.0.33/volume/v3/c51c9cd9304047daa4c199244fe0cad9/types/d5198265-ed13-4cb6-bf60-5683d948ff47/extra_specs/spec1
May 31 18:27:38.330266 dv-cinder-839793-15-smb devstack@c-api.service[110616]: [pid: 110616|app: 0|req: 195/409] 10.222.0.33 () {58 vars in 1316 bytes} [Tue May 31 18:27:38 2022] GET /volume/v3/eaf5a0d25a024881b2b39d1652c6ac79/volumes?limit=1&marker=2d9272e9-bf1c-446d-976f-25f45fa7f8b0 => generated 15 bytes in 72 msecs (HTTP/1.1 200) 7 headers in 284 bytes (2 switches on core 0)
May 31 18:27:38.334227 dv-cinder-839793-15-smb devstack@c-api.service[110617]: DEBUG cinder.api.openstack.wsgi [None req-6b024ec1-d608-4637-a5ab-9f4e99d62314 tempest-ExtraSpecsNegativeTest-739767165 tempest-ExtraSpecsNegativeTest-739767165-project-admin] Empty body provided in request {{(pid=110617) get_body /opt/stack/cinder/cinder/api/openstack/wsgi.py:715}}
May 31 18:27:38.334811 dv-cinder-839793-15-smb devstack@c-api.service[110617]: DEBUG cinder.api.openstack.wsgi [None req-6b024ec1-d608-4637-a5ab-9f4e99d62314 tempest-ExtraSpecsNegativeTest-739767165 tempest-ExtraSpecsNegativeTest-739767165-project-admin] Calling method 'delete' {{(pid=110617) _process_stack /opt/stack/cinder/cinder/api/openstack/wsgi.py:868}}
May 31 18:27:38.336902 dv-cinder-839793-15-smb devstack@c-api.service[110617]: DEBUG dbcounter [-] [110617] Writing DB stats cinder:SELECT=85,cinder:UPDATE=11,cinder:INSERT=4 {{(pid=110617) stat_writer /usr/local/lib/python3.8/dist-packages/dbcounter.py:114}}
May 31 18:27:38.340156 dv-cinder-839793-15-smb devstack@c-api.service[110616]: DEBUG cinder.api.middleware.request_id [None req-80a3d771-89be-45e6-bcb2-bae7b40d3dd6 None None] RequestId filter calling following filter/app {{(pid=110616) _context_setter /opt/stack/cinder/cinder/api/middleware/request_id.py:62}}
May 31 18:27:38.342725 dv-cinder-839793-15-smb devstack@c-api.service[110617]: INFO cinder.api.openstack.wsgi [None req-6b024ec1-d608-4637-a5ab-9f4e99d62314 tempest-ExtraSpecsNegativeTest-739767165 tempest-ExtraSpecsNegativeTest-739767165-project-admin] http://10.222.0.33/volume/v3/c51c9cd9304047daa4c199244fe0cad9/types/d5198265-ed13-4cb6-bf60-5683d948ff47/extra_specs/spec1 returned with HTTP 404
May 31 18:27:38.344348 dv-cinder-839793-15-smb devstack@c-api.service[110617]: [pid: 110617|app: 0|req: 215/410] 10.222.0.33 () {58 vars in 1375 bytes} [Tue May 31 18:27:38 2022] DELETE /volume/v3/c51c9cd9304047daa4c199244fe0cad9/types/d5198265-ed13-4cb6-bf60-5683d948ff47/extra_specs/spec1 => generated 114 bytes in 24 msecs (HTTP/1.1 404) 7 headers in 292 bytes (2 switches on core 0)
May 31 18:27:38.344591 dv-cinder-839793-15-smb devstack@c-api.service[110616]: INFO cinder.api.openstack.wsgi [None req-80a3d771-89be-45e6-bcb2-bae7b40d3dd6 tempest-VolumesListTestJSON-858355922 tempest-VolumesListTestJSON-858355922-project] GET http://10.222.0.33/volume/v3/eaf5a0d25a024881b2b39d1652c6ac79/volumes?name=tempest-VolumesListTestJSON-Volume-330663117&status=available
May 31 18:27:38.345064 dv-cinder-839793-15-smb devstack@c-api.service[110616]: DEBUG cinder.api.openstack.wsgi [None req-80a3d771-89be-45e6-bcb2-bae7b40d3dd6 tempest-VolumesListTestJSON-858355922 tempest-VolumesListTestJSON-858355922-project] Empty body provided in request {{(pid=110616) get_body /opt/stack/cinder/cinder/api/openstack/wsgi.py:715}}
May 31 18:27:38.345519 dv-cinder-839793-15-smb devstack@c-api.service[110616]: DEBUG cinder.api.openstack.wsgi [None req-80a3d771-89be-45e6-bcb2-bae7b40d3dd6 tempest-VolumesListTestJSON-858355922 tempest-VolumesListTestJSON-858355922-project] Calling method 'index' {{(pid=110616) _process_stack /opt/stack/cinder/cinder/api/openstack/wsgi.py:868}}
May 31 18:27:38.346134 dv-cinder-839793-15-smb devstack@c-api.service[110616]: DEBUG cinder.api.api_utils [None req-80a3d771-89be-45e6-bcb2-bae7b40d3dd6 tempest-VolumesListTestJSON-858355922 tempest-VolumesListTestJSON-858355922-project] Removing options '' from query. {{(pid=110616) remove_invalid_filter_options /opt/stack/cinder/cinder/api/api_utils.py:73}}
May 31 18:27:38.347825 dv-cinder-839793-15-smb devstack@c-api.service[110616]: DEBUG cinder.volume.api [None req-80a3d771-89be-45e6-bcb2-bae7b40d3dd6 tempest-VolumesListTestJSON-858355922 tempest-VolumesListTestJSON-858355922-project] Could not evaluate value available, assuming string {{(pid=110616) check_volume_filters /opt/stack/cinder/cinder/volume/api.py:2305}}
May 31 18:27:38.348176 dv-cinder-839793-15-smb devstack@c-api.service[110616]: DEBUG cinder.volume.api [None req-80a3d771-89be-45e6-bcb2-bae7b40d3dd6 tempest-VolumesListTestJSON-858355922 tempest-VolumesListTestJSON-858355922-project] Searching by: MultiDict([('status', 'available'), ('display_name', 'tempest-VolumesListTestJSON-Volume-330663117'), ('no_migration_targets', True)]). {{(pid=110616) get_all /opt/stack/cinder/cinder/volume/api.py:664}}
May 31 18:27:38.350427 dv-cinder-839793-15-smb devstack@c-api.service[110617]: DEBUG cinder.api.middleware.request_id [None req-f857dcae-4a9a-4a28-bdcf-171e2bebe505 None None] RequestId filter calling following filter/app {{(pid=110617) _context_setter /opt/stack/cinder/cinder/api/middleware/request_id.py:62}}
May 31 18:27:38.356237 dv-cinder-839793-15-smb devstack@c-api.service[110617]: INFO cinder.api.openstack.wsgi [None req-f857dcae-4a9a-4a28-bdcf-171e2bebe505 tempest-ExtraSpecsNegativeTest-739767165 tempest-ExtraSpecsNegativeTest-739767165-project-admin] GET http://10.222.0.33/volume/v3/c51c9cd9304047daa4c199244fe0cad9/types/3750cb73-1a84-4b0d-b11f-d427d314abdd/extra_specs/nonexistent_extra_spec_name
May 31 18:27:38.357430 dv-cinder-839793-15-smb devstack@c-api.service[110617]: DEBUG cinder.api.openstack.wsgi [None req-f857dcae-4a9a-4a28-bdcf-171e2bebe505 tempest-ExtraSpecsNegativeTest-739767165 tempest-ExtraSpecsNegativeTest-739767165-project-admin] Empty body provided in request {{(pid=110617) get_body /opt/stack/cinder/cinder/api/openstack/wsgi.py:715}}
May 31 18:27:38.358133 dv-cinder-839793-15-smb devstack@c-api.service[110617]: DEBUG cinder.api.openstack.wsgi [None req-f857dcae-4a9a-4a28-bdcf-171e2bebe505 tempest-ExtraSpecsNegativeTest-739767165 tempest-ExtraSpecsNegativeTest-739767165-project-admin] Calling method 'show' {{(pid=110617) _process_stack /opt/stack/cinder/cinder/api/openstack/wsgi.py:868}}
May 31 18:27:38.371116 dv-cinder-839793-15-smb devstack@c-api.service[110617]: INFO cinder.api.openstack.wsgi [None req-f857dcae-4a9a-4a28-bdcf-171e2bebe505 tempest-ExtraSpecsNegativeTest-739767165 tempest-ExtraSpecsNegativeTest-739767165-project-admin] http://10.222.0.33/volume/v3/c51c9cd9304047daa4c199244fe0cad9/types/3750cb73-1a84-4b0d-b11f-d427d314abdd/extra_specs/nonexistent_extra_spec_name returned with HTTP 404
May 31 18:27:38.372374 dv-cinder-839793-15-smb devstack@c-api.service[110617]: [pid: 110617|app: 0|req: 216/411] 10.222.0.33 () {58 vars in 1438 bytes} [Tue May 31 18:27:38 2022] GET /volume/v3/c51c9cd9304047daa4c199244fe0cad9/types/3750cb73-1a84-4b0d-b11f-d427d314abdd/extra_specs/nonexistent_extra_spec_name => generated 151 bytes in 23 msecs (HTTP/1.1 404) 7 headers in 292 bytes (1 switches on core 0)
May 31 18:27:38.378432 dv-cinder-839793-15-smb devstack@c-api.service[110617]: DEBUG cinder.api.middleware.request_id [None req-a761625b-28bf-411a-84c6-9170e0d7f08a None None] RequestId filter calling following filter/app {{(pid=110617) _context_setter /opt/stack/cinder/cinder/api/middleware/request_id.py:62}}
May 31 18:27:38.384086 dv-cinder-839793-15-smb devstack@c-api.service[110617]: INFO cinder.api.openstack.wsgi [None req-a761625b-28bf-411a-84c6-9170e0d7f08a tempest-ExtraSpecsNegativeTest-739767165 tempest-ExtraSpecsNegativeTest-739767165-project-admin] GET http://10.222.0.33/volume/v3/c51c9cd9304047daa4c199244fe0cad9/types/420edf8c-42c0-4a9e-8faa-82e4577a150a/extra_specs/spec1
May 31 18:27:38.384526 dv-cinder-839793-15-smb devstack@c-api.service[110617]: DEBUG cinder.api.openstack.wsgi [None req-a761625b-28bf-411a-84c6-9170e0d7f08a tempest-ExtraSpecsNegativeTest-739767165 tempest-ExtraSpecsNegativeTest-739767165-project-admin] Empty body provided in request {{(pid=110617) get_body /opt/stack/cinder/cinder/api/openstack/wsgi.py:715}}
May 31 18:27:38.385034 dv-cinder-839793-15-smb devstack@c-api.service[110617]: DEBUG cinder.api.openstack.wsgi [None req-a761625b-28bf-411a-84c6-9170e0d7f08a tempest-ExtraSpecsNegativeTest-739767165 tempest-ExtraSpecsNegativeTest-739767165-project-admin] Calling method 'show' {{(pid=110617) _process_stack /opt/stack/cinder/cinder/api/openstack/wsgi.py:868}}
May 31 18:27:38.392528 dv-cinder-839793-15-smb devstack@c-api.service[110617]: INFO cinder.api.openstack.wsgi [None req-a761625b-28bf-411a-84c6-9170e0d7f08a tempest-ExtraSpecsNegativeTest-739767165 tempest-ExtraSpecsNegativeTest-739767165-project-admin] http://10.222.0.33/volume/v3/c51c9cd9304047daa4c199244fe0cad9/types/420edf8c-42c0-4a9e-8faa-82e4577a150a/extra_specs/spec1 returned with HTTP 404
May 31 18:27:38.393581 dv-cinder-839793-15-smb devstack@c-api.service[110617]: [pid: 110617|app: 0|req: 217/412] 10.222.0.33 () {58 vars in 1372 bytes} [Tue May 31 18:27:38 2022] GET /volume/v3/c51c9cd9304047daa4c199244fe0cad9/types/420edf8c-42c0-4a9e-8faa-82e4577a150a/extra_specs/spec1 => generated 114 bytes in 16 msecs (HTTP/1.1 404) 7 headers in 292 bytes (2 switches on core 0)
May 31 18:27:38.398786 dv-cinder-839793-15-smb devstack@c-api.service[110617]: DEBUG cinder.api.middleware.request_id [None req-df472efa-6300-4474-ae67-5502517856fe None None] RequestId filter calling following filter/app {{(pid=110617) _context_setter /opt/stack/cinder/cinder/api/middleware/request_id.py:62}}
May 31 18:27:38.401083 dv-cinder-839793-15-smb devstack@c-api.service[110616]: INFO cinder.volume.api [None req-80a3d771-89be-45e6-bcb2-bae7b40d3dd6 tempest-VolumesListTestJSON-858355922 tempest-VolumesListTestJSON-858355922-project] Get all volumes completed successfully.
May 31 18:27:38.402166 dv-cinder-839793-15-smb devstack@c-api.service[110616]: INFO cinder.api.openstack.wsgi [None req-80a3d771-89be-45e6-bcb2-bae7b40d3dd6 tempest-VolumesListTestJSON-858355922 tempest-VolumesListTestJSON-858355922-project] http://10.222.0.33/volume/v3/eaf5a0d25a024881b2b39d1652c6ac79/volumes?name=tempest-VolumesListTestJSON-Volume-330663117&status=available returned with HTTP 200
May 31 18:27:38.403151 dv-cinder-839793-15-smb devstack@c-api.service[110616]: [pid: 110616|app: 0|req: 196/413] 10.222.0.33 () {58 vars in 1346 bytes} [Tue May 31 18:27:38 2022] GET /volume/v3/eaf5a0d25a024881b2b39d1652c6ac79/volumes?name=tempest-VolumesListTestJSON-Volume-330663117&status=available => generated 399 bytes in 64 msecs (HTTP/1.1 200) 7 headers in 285 bytes (1 switches on core 0)
