May 30 11:52:12.202265 dv-cinder-839793-13-iscsi devstack@keystone.service[80189]: DEBUG keystone.server.flask.request_processing.middleware.auth_context [None req-ac6c2c37-1ac5-4e13-a2f3-9bae205fd38e None admin] Validating token access rules against request {{(pid=80189) validate_allowed_request /usr/local/lib/python3.8/dist-packages/keystonemiddleware/auth_token/__init__.py:545}}
May 30 11:52:12.230845 dv-cinder-839793-13-iscsi devstack@keystone.service[80190]: DEBUG keystone.auth.core [None req-6217e162-6475-440e-96ec-e20729e62632 None None] MFA Rules not processed for user `6a1c89e7dfbe47f0b169c936907738b0`. Rule list: `[]` (Enabled: `True`). {{(pid=80190) check_auth_methods_against_rules /opt/stack/keystone/keystone/auth/core.py:438}}
May 30 11:52:12.232221 dv-cinder-839793-13-iscsi devstack@keystone.service[80190]: DEBUG keystone.common.fernet_utils [None req-6217e162-6475-440e-96ec-e20729e62632 None None] Loaded 2 Fernet keys from /etc/keystone/fernet-keys/, but `[fernet_tokens] max_active_keys = 3`; perhaps there have not been enough key rotations to reach `max_active_keys` yet? {{(pid=80190) load_keys /opt/stack/keystone/keystone/common/fernet_utils.py:286}}
May 30 11:52:12.268228 dv-cinder-839793-13-iscsi devstack@keystone.service[80189]: DEBUG keystone.server.flask.request_processing.middleware.auth_context [None req-216d7d02-9355-43f2-9532-49695c358f1c None admin] RBAC: auth_context: {'token': , 'domain_id': None, 'trust_id': None, 'trustor_id': None, 'trustee_id': None, 'domain_name': None, 'group_ids': [], 'user_id': '6a1c89e7dfbe47f0b169c936907738b0', 'user_domain_id': 'default', 'system_scope': 'all', 'project_id': None, 'project_domain_id': None, 'roles': ['admin', 'member', 'reader'], 'is_admin_project': True, 'service_user_id': None, 'service_user_domain_id': None, 'service_project_id': None, 'service_project_domain_id': None, 'service_roles': []} {{(pid=80189) fill_context /opt/stack/keystone/keystone/server/flask/request_processing/middleware/auth_context.py:478}}
May 30 11:52:12.269500 dv-cinder-839793-13-iscsi devstack@keystone.service[80189]: DEBUG keystone.server.flask.request_processing.req_logging [None req-216d7d02-9355-43f2-9532-49695c358f1c None admin] REQUEST_METHOD: `POST` {{(pid=80189) log_request_info /opt/stack/keystone/keystone/server/flask/request_processing/req_logging.py:27}}
May 30 11:52:12.269987 dv-cinder-839793-13-iscsi devstack@keystone.service[80189]: DEBUG keystone.server.flask.request_processing.req_logging [None req-216d7d02-9355-43f2-9532-49695c358f1c None admin] SCRIPT_NAME: `/identity` {{(pid=80189) log_request_info /opt/stack/keystone/keystone/server/flask/request_processing/req_logging.py:28}}
May 30 11:52:12.270591 dv-cinder-839793-13-iscsi devstack@keystone.service[80189]: DEBUG keystone.server.flask.request_processing.req_logging [None req-216d7d02-9355-43f2-9532-49695c358f1c None admin] PATH_INFO: `/v3/projects` {{(pid=80189) log_request_info /opt/stack/keystone/keystone/server/flask/request_processing/req_logging.py:29}}
May 30 11:52:12.271725 dv-cinder-839793-13-iscsi devstack@keystone.service[80189]: DEBUG keystone.common.rbac_enforcer.enforcer [None req-216d7d02-9355-43f2-9532-49695c358f1c None admin] RBAC: Authorizing `identity:create_project()` {{(pid=80189) enforce_call /opt/stack/keystone/keystone/common/rbac_enforcer/enforcer.py:449}}
May 30 11:52:12.273669 dv-cinder-839793-13-iscsi devstack@keystone.service[80189]: DEBUG keystone.common.rbac_enforcer.enforcer [None req-216d7d02-9355-43f2-9532-49695c358f1c None admin] RBAC: Authorization granted {{(pid=80189) enforce_call /opt/stack/keystone/keystone/common/rbac_enforcer/enforcer.py:457}}
May 30 11:52:12.316210 dv-cinder-839793-13-iscsi devstack@keystone.service[80189]: [pid: 80189|app: 0|req: 22/40] 10.222.0.41 () {60 vars in 1141 bytes} [Mon May 30 11:52:12 2022] POST /identity/v3/projects => generated 301 bytes in 271 msecs (HTTP/1.1 201) 5 headers in 182 bytes (1 switches on core 0)
May 30 11:52:12.318012 dv-cinder-839793-13-iscsi devstack@keystone.service[80189]: DEBUG keystone.server.flask.request_processing.req_logging [None req-2f2b7e40-0874-46b0-840d-e1d310197d57 None None] REQUEST_METHOD: `GET` {{(pid=80189) log_request_info /opt/stack/keystone/keystone/server/flask/request_processing/req_logging.py:27}}
May 30 11:52:12.319197 dv-cinder-839793-13-iscsi devstack@keystone.service[80189]: DEBUG keystone.server.flask.request_processing.req_logging [None req-2f2b7e40-0874-46b0-840d-e1d310197d57 None None] SCRIPT_NAME: `/identity` {{(pid=80189) log_request_info /opt/stack/keystone/keystone/server/flask/request_processing/req_logging.py:28}}
May 30 11:52:12.319577 dv-cinder-839793-13-iscsi devstack@keystone.service[80189]: DEBUG keystone.server.flask.request_processing.req_logging [None req-2f2b7e40-0874-46b0-840d-e1d310197d57 None None] PATH_INFO: `/` {{(pid=80189) log_request_info /opt/stack/keystone/keystone/server/flask/request_processing/req_logging.py:29}}
May 30 11:52:12.321203 dv-cinder-839793-13-iscsi devstack@keystone.service[80189]: [pid: 80189|app: 0|req: 23/41] 10.222.0.41 () {54 vars in 926 bytes} [Mon May 30 11:52:12 2022] GET /identity => generated 270 bytes in 4 msecs (HTTP/1.1 300) 6 headers in 234 bytes (1 switches on core 0)
May 30 11:52:12.325369 dv-cinder-839793-13-iscsi devstack@keystone.service[80190]: [pid: 80190|app: 0|req: 19/42] 10.222.0.41 () {58 vars in 1023 bytes} [Mon May 30 11:52:12 2022] POST /identity/v3/auth/tokens => generated 799 bytes in 133 msecs (HTTP/1.1 201) 6 headers in 363 bytes (1 switches on core 0)
May 30 11:52:12.330627 dv-cinder-839793-13-iscsi devstack@keystone.service[80189]: DEBUG keystone.server.flask.request_processing.req_logging [None req-7076fd14-03ee-4028-b37c-cdbf16513f14 None None] REQUEST_METHOD: `POST` {{(pid=80189) log_request_info /opt/stack/keystone/keystone/server/flask/request_processing/req_logging.py:27}}
May 30 11:52:12.331016 dv-cinder-839793-13-iscsi devstack@keystone.service[80189]: DEBUG keystone.server.flask.request_processing.req_logging [None req-7076fd14-03ee-4028-b37c-cdbf16513f14 None None] SCRIPT_NAME: `/identity` {{(pid=80189) log_request_info /opt/stack/keystone/keystone/server/flask/request_processing/req_logging.py:28}}
May 30 11:52:12.331377 dv-cinder-839793-13-iscsi devstack@keystone.service[80189]: DEBUG keystone.server.flask.request_processing.req_logging [None req-7076fd14-03ee-4028-b37c-cdbf16513f14 None None] PATH_INFO: `/v3/auth/tokens` {{(pid=80189) log_request_info /opt/stack/keystone/keystone/server/flask/request_processing/req_logging.py:29}}
May 30 11:52:12.351616 dv-cinder-839793-13-iscsi devstack@keystone.service[80190]: DEBUG keystone.server.flask.request_processing.middleware.auth_context [None req-6217e162-6475-440e-96ec-e20729e62632 None None] Authenticating user token {{(pid=80190) process_request /usr/local/lib/python3.8/dist-packages/keystonemiddleware/auth_token/__init__.py:407}}
May 30 11:52:12.353038 dv-cinder-839793-13-iscsi devstack@keystone.service[80189]: DEBUG keystone.auth.core [None req-7076fd14-03ee-4028-b37c-cdbf16513f14 None None] MFA Rules not processed for user `6a1c89e7dfbe47f0b169c936907738b0`. Rule list: `[]` (Enabled: `True`). {{(pid=80189) check_auth_methods_against_rules /opt/stack/keystone/keystone/auth/core.py:438}}
May 30 11:52:12.354932 dv-cinder-839793-13-iscsi devstack@keystone.service[80189]: DEBUG keystone.common.fernet_utils [None req-7076fd14-03ee-4028-b37c-cdbf16513f14 None None] Loaded 2 Fernet keys from /etc/keystone/fernet-keys/, but `[fernet_tokens] max_active_keys = 3`; perhaps there have not been enough key rotations to reach `max_active_keys` yet? {{(pid=80189) load_keys /opt/stack/keystone/keystone/common/fernet_utils.py:286}}
May 30 11:52:12.386832 dv-cinder-839793-13-iscsi devstack@keystone.service[80189]: DEBUG dbcounter [-] [80189] Writing DB stats keystone:SELECT=98,keystone:INSERT=2 {{(pid=80189) stat_writer /usr/local/lib/python3.8/dist-packages/dbcounter.py:114}}
May 30 11:52:12.442083 dv-cinder-839793-13-iscsi devstack@keystone.service[80189]: [pid: 80189|app: 0|req: 24/43] 10.222.0.41 () {58 vars in 1023 bytes} [Mon May 30 11:52:12 2022] POST /identity/v3/auth/tokens => generated 799 bytes in 113 msecs (HTTP/1.1 201) 6 headers in 363 bytes (1 switches on core 0)
May 30 11:52:12.458392 dv-cinder-839793-13-iscsi devstack@keystone.service[80190]: DEBUG dbcounter [-] [80190] Writing DB stats keystone:SELECT=99,keystone:INSERT=1 {{(pid=80190) stat_writer /usr/local/lib/python3.8/dist-packages/dbcounter.py:114}}
May 30 11:52:12.468993 dv-cinder-839793-13-iscsi devstack@keystone.service[80189]: DEBUG keystone.server.flask.request_processing.middleware.auth_context [None req-7076fd14-03ee-4028-b37c-cdbf16513f14 None None] Authenticating user token {{(pid=80189) process_request /usr/local/lib/python3.8/dist-packages/keystonemiddleware/auth_token/__init__.py:407}}
May 30 11:52:12.483524 dv-cinder-839793-13-iscsi devstack@keystone.service[80190]: DEBUG keystone.server.flask.request_processing.middleware.auth_context [None req-6217e162-6475-440e-96ec-e20729e62632 None None] Validating token access rules against request {{(pid=80190) validate_allowed_request /usr/local/lib/python3.8/dist-packages/keystonemiddleware/auth_token/__init__.py:545}}
May 30 11:52:12.526972 dv-cinder-839793-13-iscsi devstack@keystone.service[80190]: DEBUG keystone.server.flask.request_processing.middleware.auth_context [None req-ea0a2889-ffb6-4a40-8cae-97c947f0ba7d None admin] RBAC: auth_context: {'token': , 'domain_id': None, 'trust_id': None, 'trustor_id': None, 'trustee_id': None, 'domain_name': None, 'group_ids': [], 'user_id': '6a1c89e7dfbe47f0b169c936907738b0', 'user_domain_id': 'default', 'system_scope': 'all', 'project_id': None, 'project_domain_id': None, 'roles': ['admin', 'member', 'reader'], 'is_admin_project': True, 'service_user_id': None, 'service_user_domain_id': None, 'service_project_id': None, 'service_project_domain_id': None, 'service_roles': []} {{(pid=80190) fill_context /opt/stack/keystone/keystone/server/flask/request_processing/middleware/auth_context.py:478}}
May 30 11:52:12.528060 dv-cinder-839793-13-iscsi devstack@keystone.service[80190]: DEBUG keystone.server.flask.request_processing.req_logging [None req-ea0a2889-ffb6-4a40-8cae-97c947f0ba7d None admin] REQUEST_METHOD: `POST` {{(pid=80190) log_request_info /opt/stack/keystone/keystone/server/flask/request_processing/req_logging.py:27}}
May 30 11:52:12.528521 dv-cinder-839793-13-iscsi devstack@keystone.service[80190]: DEBUG keystone.server.flask.request_processing.req_logging [None req-ea0a2889-ffb6-4a40-8cae-97c947f0ba7d None admin] SCRIPT_NAME: `/identity` {{(pid=80190) log_request_info /opt/stack/keystone/keystone/server/flask/request_processing/req_logging.py:28}}
May 30 11:52:12.528823 dv-cinder-839793-13-iscsi devstack@keystone.service[80190]: DEBUG keystone.server.flask.request_processing.req_logging [None req-ea0a2889-ffb6-4a40-8cae-97c947f0ba7d None admin] PATH_INFO: `/v3/roles` {{(pid=80190) log_request_info /opt/stack/keystone/keystone/server/flask/request_processing/req_logging.py:29}}
May 30 11:52:12.530063 dv-cinder-839793-13-iscsi devstack@keystone.service[80190]: DEBUG keystone.common.rbac_enforcer.enforcer [None req-ea0a2889-ffb6-4a40-8cae-97c947f0ba7d None admin] RBAC: Authorizing `identity:create_role()` {{(pid=80190) enforce_call /opt/stack/keystone/keystone/common/rbac_enforcer/enforcer.py:449}}
May 30 11:52:12.531504 dv-cinder-839793-13-iscsi devstack@keystone.service[80190]: DEBUG keystone.common.rbac_enforcer.enforcer [None req-ea0a2889-ffb6-4a40-8cae-97c947f0ba7d None admin] RBAC: Authorization granted {{(pid=80190) enforce_call /opt/stack/keystone/keystone/common/rbac_enforcer/enforcer.py:457}}
May 30 11:52:12.556763 dv-cinder-839793-13-iscsi devstack@keystone.service[80190]: [pid: 80190|app: 0|req: 20/44] 10.222.0.41 () {60 vars in 1131 bytes} [Mon May 30 11:52:12 2022] POST /identity/v3/roles => generated 223 bytes in 206 msecs (HTTP/1.1 201) 5 headers in 182 bytes (1 switches on core 0)
May 30 11:52:12.613973 dv-cinder-839793-13-iscsi devstack@keystone.service[80189]: DEBUG keystone.server.flask.request_processing.middleware.auth_context [None req-7076fd14-03ee-4028-b37c-cdbf16513f14 None None] Validating token access rules against request {{(pid=80189) validate_allowed_request /usr/local/lib/python3.8/dist-packages/keystonemiddleware/auth_token/__init__.py:545}}
May 30 11:52:12.657420 dv-cinder-839793-13-iscsi devstack@keystone.service[80189]: DEBUG keystone.server.flask.request_processing.middleware.auth_context [None req-8ce27fed-189f-4de2-8dc2-106498cb74e7 None admin] RBAC: auth_context: {'token': , 'domain_id': None, 'trust_id': None, 'trustor_id': None, 'trustee_id': None, 'domain_name': None, 'group_ids': [], 'user_id': '6a1c89e7dfbe47f0b169c936907738b0', 'user_domain_id': 'default', 'system_scope': 'all', 'project_id': None, 'project_domain_id': None, 'roles': ['admin', 'member', 'reader'], 'is_admin_project': True, 'service_user_id': None, 'service_user_domain_id': None, 'service_project_id': None, 'service_project_domain_id': None, 'service_roles': []} {{(pid=80189) fill_context /opt/stack/keystone/keystone/server/flask/request_processing/middleware/auth_context.py:478}}
May 30 11:52:12.659192 dv-cinder-839793-13-iscsi devstack@keystone.service[80189]: DEBUG keystone.server.flask.request_processing.req_logging [None req-8ce27fed-189f-4de2-8dc2-106498cb74e7 None admin] REQUEST_METHOD: `GET` {{(pid=80189) log_request_info /opt/stack/keystone/keystone/server/flask/request_processing/req_logging.py:27}}
May 30 11:52:12.659693 dv-cinder-839793-13-iscsi devstack@keystone.service[80189]: DEBUG keystone.server.flask.request_processing.req_logging [None req-8ce27fed-189f-4de2-8dc2-106498cb74e7 None admin] SCRIPT_NAME: `/identity` {{(pid=80189) log_request_info /opt/stack/keystone/keystone/server/flask/request_processing/req_logging.py:28}}
May 30 11:52:12.660217 dv-cinder-839793-13-iscsi devstack@keystone.service[80189]: DEBUG keystone.server.flask.request_processing.req_logging [None req-8ce27fed-189f-4de2-8dc2-106498cb74e7 None admin] PATH_INFO: `/v3/domains/default` {{(pid=80189) log_request_info /opt/stack/keystone/keystone/server/flask/request_processing/req_logging.py:29}}
May 30 11:52:12.661876 dv-cinder-839793-13-iscsi devstack@keystone.service[80189]: DEBUG keystone.common.rbac_enforcer.enforcer [None req-8ce27fed-189f-4de2-8dc2-106498cb74e7 None admin] RBAC: Authorizing `identity:get_domain(domain_id=default)` {{(pid=80189) enforce_call /opt/stack/keystone/keystone/common/rbac_enforcer/enforcer.py:449}}
May 30 11:52:12.663730 dv-cinder-839793-13-iscsi devstack@keystone.service[80189]: DEBUG keystone.common.rbac_enforcer.enforcer [None req-8ce27fed-189f-4de2-8dc2-106498cb74e7 None admin] RBAC: Authorization granted {{(pid=80189) enforce_call /opt/stack/keystone/keystone/common/rbac_enforcer/enforcer.py:457}}
May 30 11:52:12.665866 dv-cinder-839793-13-iscsi devstack@keystone.service[80189]: [pid: 80189|app: 0|req: 25/45] 10.222.0.41 () {56 vars in 1108 bytes} [Mon May 30 11:52:12 2022] GET /identity/v3/domains/default => generated 199 bytes in 198 msecs (HTTP/1.1 200) 5 headers in 177 bytes (1 switches on core 0)
May 30 11:52:12.671954 dv-cinder-839793-13-iscsi devstack@keystone.service[80190]: DEBUG keystone.server.flask.request_processing.middleware.auth_context [None req-ea0a2889-ffb6-4a40-8cae-97c947f0ba7d None admin] Authenticating user token {{(pid=80190) process_request /usr/local/lib/python3.8/dist-packages/keystonemiddleware/auth_token/__init__.py:407}}
May 30 11:52:12.789331 dv-cinder-839793-13-iscsi devstack@keystone.service[80190]: DEBUG keystone.server.flask.request_processing.middleware.auth_context [None req-ea0a2889-ffb6-4a40-8cae-97c947f0ba7d None admin] Validating token access rules against request {{(pid=80190) validate_allowed_request /usr/local/lib/python3.8/dist-packages/keystonemiddleware/auth_token/__init__.py:545}}
May 30 11:52:12.823720 dv-cinder-839793-13-iscsi devstack@keystone.service[80190]: DEBUG keystone.server.flask.request_processing.middleware.auth_context [None req-99dda7ab-fe5d-4abc-860d-39c1339ce5e2 None admin] RBAC: auth_context: {'token': , 'domain_id': None, 'trust_id': None, 'trustor_id': None, 'trustee_id': None, 'domain_name': None, 'group_ids': [], 'user_id': '6a1c89e7dfbe47f0b169c936907738b0', 'user_domain_id': 'default', 'system_scope': 'all', 'project_id': None, 'project_domain_id': None, 'roles': ['admin', 'member', 'reader'], 'is_admin_project': True, 'service_user_id': None, 'service_user_domain_id': None, 'service_project_id': None, 'service_project_domain_id': None, 'service_roles': []} {{(pid=80190) fill_context /opt/stack/keystone/keystone/server/flask/request_processing/middleware/auth_context.py:478}}
May 30 11:52:12.824414 dv-cinder-839793-13-iscsi devstack@keystone.service[80190]: DEBUG keystone.server.flask.request_processing.req_logging [None req-99dda7ab-fe5d-4abc-860d-39c1339ce5e2 None admin] REQUEST_METHOD: `POST` {{(pid=80190) log_request_info /opt/stack/keystone/keystone/server/flask/request_processing/req_logging.py:27}}
May 30 11:52:12.824700 dv-cinder-839793-13-iscsi devstack@keystone.service[80190]: DEBUG keystone.server.flask.request_processing.req_logging [None req-99dda7ab-fe5d-4abc-860d-39c1339ce5e2 None admin] SCRIPT_NAME: `/identity` {{(pid=80190) log_request_info /opt/stack/keystone/keystone/server/flask/request_processing/req_logging.py:28}}
May 30 11:52:12.824979 dv-cinder-839793-13-iscsi devstack@keystone.service[80190]: DEBUG keystone.server.flask.request_processing.req_logging [None req-99dda7ab-fe5d-4abc-860d-39c1339ce5e2 None admin] PATH_INFO: `/v3/projects` {{(pid=80190) log_request_info /opt/stack/keystone/keystone/server/flask/request_processing/req_logging.py:29}}
May 30 11:52:12.825695 dv-cinder-839793-13-iscsi devstack@keystone.service[80190]: DEBUG keystone.common.rbac_enforcer.enforcer [None req-99dda7ab-fe5d-4abc-860d-39c1339ce5e2 None admin] RBAC: Authorizing `identity:create_project()` {{(pid=80190) enforce_call /opt/stack/keystone/keystone/common/rbac_enforcer/enforcer.py:449}}
May 30 11:52:12.827162 dv-cinder-839793-13-iscsi devstack@keystone.service[80190]: DEBUG keystone.common.rbac_enforcer.enforcer [None req-99dda7ab-fe5d-4abc-860d-39c1339ce5e2 None admin] RBAC: Authorization granted {{(pid=80190) enforce_call /opt/stack/keystone/keystone/common/rbac_enforcer/enforcer.py:457}}
May 30 11:52:12.844676 dv-cinder-839793-13-iscsi devstack@keystone.service[80190]: DEBUG dbcounter [-] [80190] Writing DB stats keystone:SELECT=98,keystone:INSERT=2 {{(pid=80190) stat_writer /usr/local/lib/python3.8/dist-packages/dbcounter.py:114}}
May 30 11:52:12.857831 dv-cinder-839793-13-iscsi devstack@keystone.service[80190]: [pid: 80190|app: 0|req: 21/46] 10.222.0.41 () {60 vars in 1141 bytes} [Mon May 30 11:52:12 2022] POST /identity/v3/projects => generated 312 bytes in 186 msecs (HTTP/1.1 201) 5 headers in 182 bytes (2 switches on core 0)
May 30 11:52:14.609502 dv-cinder-839793-13-iscsi devstack@keystone.service[80189]: DEBUG keystone.server.flask.request_processing.req_logging [None req-e4eae9a5-51eb-4cbc-ab9e-71214a1c25c9 None None] REQUEST_METHOD: `GET` {{(pid=80189) log_request_info /opt/stack/keystone/keystone/server/flask/request_processing/req_logging.py:27}}
May 30 11:52:14.610044 dv-cinder-839793-13-iscsi devstack@keystone.service[80189]: DEBUG keystone.server.flask.request_processing.req_logging [None req-e4eae9a5-51eb-4cbc-ab9e-71214a1c25c9 None None] SCRIPT_NAME: `/identity` {{(pid=80189) log_request_info /opt/stack/keystone/keystone/server/flask/request_processing/req_logging.py:28}}
May 30 11:52:14.610044 dv-cinder-839793-13-iscsi devstack@keystone.service[80189]: DEBUG keystone.server.flask.request_processing.req_logging [None req-e4eae9a5-51eb-4cbc-ab9e-71214a1c25c9 None None] PATH_INFO: `/` {{(pid=80189) log_request_info /opt/stack/keystone/keystone/server/flask/request_processing/req_logging.py:29}}
May 30 11:52:14.612050 dv-cinder-839793-13-iscsi devstack@keystone.service[80189]: [pid: 80189|app: 0|req: 26/47] 10.222.0.41 () {54 vars in 926 bytes} [Mon May 30 11:52:14 2022] GET /identity => generated 270 bytes in 4 msecs (HTTP/1.1 300) 6 headers in 234 bytes (1 switches on core 0)
May 30 11:52:14.617327 dv-cinder-839793-13-iscsi devstack@keystone.service[80190]: DEBUG keystone.server.flask.request_processing.req_logging [None req-122d551b-922f-43a4-b2de-0bf6379b627b None None] REQUEST_METHOD: `POST` {{(pid=80190) log_request_info /opt/stack/keystone/keystone/server/flask/request_processing/req_logging.py:27}}
May 30 11:52:14.617714 dv-cinder-839793-13-iscsi devstack@keystone.service[80190]: DEBUG keystone.server.flask.request_processing.req_logging [None req-122d551b-922f-43a4-b2de-0bf6379b627b None None] SCRIPT_NAME: `/identity` {{(pid=80190) log_request_info /opt/stack/keystone/keystone/server/flask/request_processing/req_logging.py:28}}
May 30 11:52:14.617900 dv-cinder-839793-13-iscsi devstack@keystone.service[80190]: DEBUG keystone.server.flask.request_processing.req_logging [None req-122d551b-922f-43a4-b2de-0bf6379b627b None None] PATH_INFO: `/v3/auth/tokens` {{(pid=80190) log_request_info /opt/stack/keystone/keystone/server/flask/request_processing/req_logging.py:29}}
May 30 11:52:14.634577 dv-cinder-839793-13-iscsi devstack@keystone.service[80190]: DEBUG keystone.auth.core [None req-122d551b-922f-43a4-b2de-0bf6379b627b None None] MFA Rules not processed for user `6a1c89e7dfbe47f0b169c936907738b0`. Rule list: `[]` (Enabled: `True`). {{(pid=80190) check_auth_methods_against_rules /opt/stack/keystone/keystone/auth/core.py:438}}
May 30 11:52:14.635775 dv-cinder-839793-13-iscsi devstack@keystone.service[80190]: DEBUG keystone.common.fernet_utils [None req-122d551b-922f-43a4-b2de-0bf6379b627b None None] Loaded 2 Fernet keys from /etc/keystone/fernet-keys/, but `[fernet_tokens] max_active_keys = 3`; perhaps there have not been enough key rotations to reach `max_active_keys` yet? {{(pid=80190) load_keys /opt/stack/keystone/keystone/common/fernet_utils.py:286}}
May 30 11:52:14.701613 dv-cinder-839793-13-iscsi devstack@keystone.service[80190]: [pid: 80190|app: 0|req: 22/48] 10.222.0.41 () {58 vars in 1023 bytes} [Mon May 30 11:52:14 2022] POST /identity/v3/auth/tokens => generated 799 bytes in 85 msecs (HTTP/1.1 201) 6 headers in 363 bytes (1 switches on core 0)
May 30 11:52:14.725032 dv-cinder-839793-13-iscsi devstack@keystone.service[80189]: DEBUG keystone.server.flask.request_processing.middleware.auth_context [None req-e4eae9a5-51eb-4cbc-ab9e-71214a1c25c9 None None] Authenticating user token {{(pid=80189) process_request /usr/local/lib/python3.8/dist-packages/keystonemiddleware/auth_token/__init__.py:407}}
May 30 11:52:14.753473 dv-cinder-839793-13-iscsi devstack@keystone.service[80189]: DEBUG dbcounter [-] [80189] Writing DB stats keystone:SELECT=100 {{(pid=80189) stat_writer /usr/local/lib/python3.8/dist-packages/dbcounter.py:114}}
May 30 11:52:14.834157 dv-cinder-839793-13-iscsi devstack@keystone.service[80189]: DEBUG keystone.server.flask.request_processing.middleware.auth_context [None req-e4eae9a5-51eb-4cbc-ab9e-71214a1c25c9 None None] Validating token access rules against request {{(pid=80189) validate_allowed_request /usr/local/lib/python3.8/dist-packages/keystonemiddleware/auth_token/__init__.py:545}}
May 30 11:52:14.868276 dv-cinder-839793-13-iscsi devstack@keystone.service[80189]: DEBUG keystone.server.flask.request_processing.middleware.auth_context [None req-dfff5d12-0d22-4265-8bab-d3891be879c0 None admin] RBAC: auth_context: {'token': , 'domain_id': None, 'trust_id': None, 'trustor_id': None, 'trustee_id': None, 'domain_name': None, 'group_ids': [], 'user_id': '6a1c89e7dfbe47f0b169c936907738b0', 'user_domain_id': 'default', 'system_scope': 'all', 'project_id': None, 'project_domain_id': None, 'roles': ['admin', 'member', 'reader'], 'is_admin_project': True, 'service_user_id': None, 'service_user_domain_id': None, 'service_project_id': None, 'service_project_domain_id': None, 'service_roles': []} {{(pid=80189) fill_context /opt/stack/keystone/keystone/server/flask/request_processing/middleware/auth_context.py:478}}
May 30 11:52:14.868998 dv-cinder-839793-13-iscsi devstack@keystone.service[80189]: DEBUG keystone.server.flask.request_processing.req_logging [None req-dfff5d12-0d22-4265-8bab-d3891be879c0 None admin] REQUEST_METHOD: `GET` {{(pid=80189) log_request_info /opt/stack/keystone/keystone/server/flask/request_processing/req_logging.py:27}}
May 30 11:52:14.869286 dv-cinder-839793-13-iscsi devstack@keystone.service[80189]: DEBUG keystone.server.flask.request_processing.req_logging [None req-dfff5d12-0d22-4265-8bab-d3891be879c0 None admin] SCRIPT_NAME: `/identity` {{(pid=80189) log_request_info /opt/stack/keystone/keystone/server/flask/request_processing/req_logging.py:28}}
May 30 11:52:14.869568 dv-cinder-839793-13-iscsi devstack@keystone.service[80189]: DEBUG keystone.server.flask.request_processing.req_logging [None req-dfff5d12-0d22-4265-8bab-d3891be879c0 None admin] PATH_INFO: `/v3/roles/admin` {{(pid=80189) log_request_info /opt/stack/keystone/keystone/server/flask/request_processing/req_logging.py:29}}
May 30 11:52:14.880068 dv-cinder-839793-13-iscsi devstack@keystone.service[80189]: DEBUG keystone.common.rbac_enforcer.enforcer [None req-dfff5d12-0d22-4265-8bab-d3891be879c0 None admin] Extracting inferred target data resulted in "NOT FOUND (404)". {{(pid=80189) enforce_call /opt/stack/keystone/keystone/common/rbac_enforcer/enforcer.py:409}}
May 30 11:52:14.887618 dv-cinder-839793-13-iscsi devstack@keystone.service[80189]: ERROR keystone.server.flask.application [None req-dfff5d12-0d22-4265-8bab-d3891be879c0 None admin] Could not find role: admin.: keystone.exception.RoleNotFound: Could not find role: admin.
May 30 11:52:14.887618 dv-cinder-839793-13-iscsi devstack@keystone.service[80189]: ERROR keystone.server.flask.application
Traceback (most recent call last):
May 30 11:52:14.887618 dv-cinder-839793-13-iscsi devstack@keystone.service[80189]: ERROR keystone.server.flask.application
File "/usr/local/lib/python3.8/dist-packages/flask/app.py", line 1523, in full_dispatch_request
May 30 11:52:14.887618 dv-cinder-839793-13-iscsi devstack@keystone.service[80189]: ERROR keystone.server.flask.application rv = self.dispatch_request()
May 30 11:52:14.887618 dv-cinder-839793-13-iscsi devstack@keystone.service[80189]: ERROR keystone.server.flask.application
File "/usr/local/lib/python3.8/dist-packages/flask/app.py", line 1509, in dispatch_request
May 30 11:52:14.887618 dv-cinder-839793-13-iscsi devstack@keystone.service[80189]: ERROR keystone.server.flask.application return self.ensure_sync(self.view_functions[rule.endpoint])(**req.view_args)
May 30 11:52:14.887618 dv-cinder-839793-13-iscsi devstack@keystone.service[80189]: ERROR keystone.server.flask.application
File "/usr/local/lib/python3.8/dist-packages/flask_restful/__init__.py", line 467, in wrapper
May 30 11:52:14.887618 dv-cinder-839793-13-iscsi devstack@keystone.service[80189]: ERROR keystone.server.flask.application resp = resource(*args, **kwargs)
May 30 11:52:14.887618 dv-cinder-839793-13-iscsi devstack@keystone.service[80189]: ERROR keystone.server.flask.application
File "/usr/local/lib/python3.8/dist-packages/flask/views.py", line 84, in view
May 30 11:52:14.887618 dv-cinder-839793-13-iscsi devstack@keystone.service[80189]: ERROR keystone.server.flask.application return current_app.ensure_sync(self.dispatch_request)(*args, **kwargs)
May 30 11:52:14.887618 dv-cinder-839793-13-iscsi devstack@keystone.service[80189]: ERROR keystone.server.flask.application
File "/usr/local/lib/python3.8/dist-packages/flask_restful/__init__.py", line 582, in dispatch_request
May 30 11:52:14.887618 dv-cinder-839793-13-iscsi devstack@keystone.service[80189]: ERROR keystone.server.flask.application resp = meth(*args, **kwargs)
May 30 11:52:14.887618 dv-cinder-839793-13-iscsi devstack@keystone.service[80189]: ERROR keystone.server.flask.application
File "/opt/stack/keystone/keystone/api/roles.py", line 50, in get
May 30 11:52:14.887618 dv-cinder-839793-13-iscsi devstack@keystone.service[80189]: ERROR keystone.server.flask.application return self._get_role(role_id)
May 30 11:52:14.887618 dv-cinder-839793-13-iscsi devstack@keystone.service[80189]: ERROR keystone.server.flask.application
File "/opt/stack/keystone/keystone/api/roles.py", line 70, in _get_role
May 30 11:52:14.887618 dv-cinder-839793-13-iscsi devstack@keystone.service[80189]: ERROR keystone.server.flask.application ENFORCER.enforce_call(action='identity:get_role')
May 30 11:52:14.888460 dv-cinder-839793-13-iscsi devstack@keystone.service[80189]: ERROR keystone.server.flask.application
File "/opt/stack/keystone/keystone/common/rbac_enforcer/enforcer.py", line 402, in enforce_call
May 30 11:52:14.888460 dv-cinder-839793-13-iscsi devstack@keystone.service[80189]: ERROR keystone.server.flask.application policy_dict.update(cls._extract_member_target_data(
May 30 11:52:14.888460 dv-cinder-839793-13-iscsi devstack@keystone.service[80189]: ERROR keystone.server.flask.application
File "/opt/stack/keystone/keystone/common/rbac_enforcer/enforcer.py", line 234, in _extract_member_target_data
May 30 11:52:14.888460 dv-cinder-839793-13-iscsi devstack@keystone.service[80189]: ERROR keystone.server.flask.application member_name: func(flask.request.view_args[key])
May 30 11:52:14.888460 dv-cinder-839793-13-iscsi devstack@keystone.service[80189]: ERROR keystone.server.flask.application
File "/opt/stack/keystone/keystone/common/manager.py", line 115, in wrapped
May 30 11:52:14.888460 dv-cinder-839793-13-iscsi devstack@keystone.service[80189]: ERROR keystone.server.flask.application __ret_val = __f(*args, **kwargs)
May 30 11:52:14.888460 dv-cinder-839793-13-iscsi devstack@keystone.service[80189]: ERROR keystone.server.flask.application
File "/usr/local/lib/python3.8/dist-packages/decorator.py", line 232, in fun
May 30 11:52:14.888460 dv-cinder-839793-13-iscsi devstack@keystone.service[80189]: ERROR keystone.server.flask.application return caller(func, *(extras + args), **kw)
May 30 11:52:14.888460 dv-cinder-839793-13-iscsi devstack@keystone.service[80189]: ERROR keystone.server.flask.application
File "/usr/local/lib/python3.8/dist-packages/dogpile/cache/region.py", line 1577, in get_or_create_for_user_func
May 30 11:52:14.888460 dv-cinder-839793-13-iscsi devstack@keystone.service[80189]: ERROR keystone.server.flask.application return self.get_or_create(
May 30 11:52:14.888460 dv-cinder-839793-13-iscsi devstack@keystone.service[80189]: ERROR keystone.server.flask.application
File "/usr/local/lib/python3.8/dist-packages/dogpile/cache/region.py", line 1042, in get_or_create
May 30 11:52:14.888460 dv-cinder-839793-13-iscsi devstack@keystone.service[80189]: ERROR keystone.server.flask.application with Lock(
May 30 11:52:14.888460 dv-cinder-839793-13-iscsi devstack@keystone.service[80189]: ERROR keystone.server.flask.application
File "/usr/local/lib/python3.8/dist-packages/dogpile/lock.py", line 185, in __enter__
May 30 11:52:14.888460 dv-cinder-839793-13-iscsi devstack@keystone.service[80189]: ERROR keystone.server.flask.application return self._enter()
May 30 11:52:14.888460 dv-cinder-839793-13-iscsi devstack@keystone.service[80189]: ERROR keystone.server.flask.application
File "/usr/local/lib/python3.8/dist-packages/dogpile/lock.py", line 94, in _enter
May 30 11:52:14.888460 dv-cinder-839793-13-iscsi devstack@keystone.service[80189]: ERROR keystone.server.flask.application generated = self._enter_create(value, createdtime)
May 30 11:52:14.889425 dv-cinder-839793-13-iscsi devstack@keystone.service[80189]: ERROR keystone.server.flask.application
File "/usr/local/lib/python3.8/dist-packages/dogpile/lock.py", line 178, in _enter_create
May 30 11:52:14.889425 dv-cinder-839793-13-iscsi devstack@keystone.service[80189]: ERROR keystone.server.flask.application return self.creator()
May 30 11:52:14.889425 dv-cinder-839793-13-iscsi devstack@keystone.service[80189]: ERROR keystone.server.flask.application
File "/usr/local/lib/python3.8/dist-packages/dogpile/cache/region.py", line 995, in gen_value
May 30 11:52:14.889425 dv-cinder-839793-13-iscsi devstack@keystone.service[80189]: ERROR keystone.server.flask.application created_value = creator(
May 30 11:52:14.889425 dv-cinder-839793-13-iscsi devstack@keystone.service[80189]: ERROR keystone.server.flask.application
File "/opt/stack/keystone/keystone/assignment/core.py", line 1276, in get_role
May 30 11:52:14.889425 dv-cinder-839793-13-iscsi devstack@keystone.service[80189]: ERROR keystone.server.flask.application return self.driver.get_role(role_id)
May 30 11:52:14.889425 dv-cinder-839793-13-iscsi devstack@keystone.service[80189]: ERROR keystone.server.flask.application
File "/opt/stack/keystone/keystone/assignment/role_backends/sql.py", line 70, in get_role
May 30 11:52:14.889425 dv-cinder-839793-13-iscsi devstack@keystone.service[80189]: ERROR keystone.server.flask.application return self._get_role(session, role_id).to_dict()
May 30 11:52:14.889425 dv-cinder-839793-13-iscsi devstack@keystone.service[80189]: ERROR keystone.server.flask.application
File "/opt/stack/keystone/keystone/assignment/role_backends/sql.py", line 65, in _get_role
May 30 11:52:14.889425 dv-cinder-839793-13-iscsi devstack@keystone.service[80189]: ERROR keystone.server.flask.application raise exception.RoleNotFound(role_id=role_id)
May 30 11:52:14.889425 dv-cinder-839793-13-iscsi devstack@keystone.service[80189]: ERROR keystone.server.flask.application keystone.exception.RoleNotFound: Could not find role: admin.
May 30 11:52:14.889425 dv-cinder-839793-13-iscsi devstack@keystone.service[80189]: ERROR keystone.server.flask.application
May 30 11:52:14.889425 dv-cinder-839793-13-iscsi devstack@keystone.service[80189]: [pid: 80189|app: 0|req: 27/49] 10.222.0.41 () {56 vars in 1096 bytes} [Mon May 30 11:52:14 2022] GET /identity/v3/roles/admin => generated 83 bytes in 164 msecs (HTTP/1.1 404) 5 headers in 183 bytes (1 switches on core 0)
May 30 11:52:14.895210 dv-cinder-839793-13-iscsi devstack@keystone.service[80190]: DEBUG keystone.server.flask.request_processing.middleware.auth_context [None req-122d551b-922f-43a4-b2de-0bf6379b627b None None] Authenticating user token {{(pid=80190) process_request /usr/local/lib/python3.8/dist-packages/keystonemiddleware/auth_token/__init__.py:407}}
May 30 11:52:14.994485 dv-cinder-839793-13-iscsi devstack@keystone.service[80190]: DEBUG keystone.server.flask.request_processing.middleware.auth_context [None req-122d551b-922f-43a4-b2de-0bf6379b627b None None] Validating token access rules against request {{(pid=80190) validate_allowed_request /usr/local/lib/python3.8/dist-packages/keystonemiddleware/auth_token/__init__.py:545}}
May 30 11:52:15.020498 dv-cinder-839793-13-iscsi devstack@keystone.service[80190]: DEBUG dbcounter [-] [80190] Writing DB stats keystone:SELECT=100 {{(pid=80190) stat_writer /usr/local/lib/python3.8/dist-packages/dbcounter.py:114}}
May 30 11:52:15.029174 dv-cinder-839793-13-iscsi devstack@keystone.service[80190]: DEBUG keystone.server.flask.request_processing.middleware.auth_context [None req-1a260431-78d2-4577-b5cd-6b7de59c9699 None admin] RBAC: auth_context: {'token': , 'domain_id': None, 'trust_id': None, 'trustor_id': None, 'trustee_id': None, 'domain_name': None, 'group_ids': [], 'user_id': '6a1c89e7dfbe47f0b169c936907738b0', 'user_domain_id': 'default', 'system_scope': 'all', 'project_id': None, 'project_domain_id': None, 'roles': ['admin', 'member', 'reader'], 'is_admin_project': True, 'service_user_id': None, 'service_user_domain_id': None, 'service_project_id': None, 'service_project_domain_id': None, 'service_roles': []} {{(pid=80190) fill_context /opt/stack/keystone/keystone/server/flask/request_processing/middleware/auth_context.py:478}}
May 30 11:52:15.029850 dv-cinder-839793-13-iscsi devstack@keystone.service[80190]: DEBUG keystone.server.flask.request_processing.req_logging [None req-1a260431-78d2-4577-b5cd-6b7de59c9699 None admin] REQUEST_METHOD: `GET` {{(pid=80190) log_request_info /opt/stack/keystone/keystone/server/flask/request_processing/req_logging.py:27}}
May 30 11:52:15.030144 dv-cinder-839793-13-iscsi devstack@keystone.service[80190]: DEBUG keystone.server.flask.request_processing.req_logging [None req-1a260431-78d2-4577-b5cd-6b7de59c9699 None admin] SCRIPT_NAME: `/identity` {{(pid=80190) log_request_info /opt/stack/keystone/keystone/server/flask/request_processing/req_logging.py:28}}
May 30 11:52:15.030431 dv-cinder-839793-13-iscsi devstack@keystone.service[80190]: DEBUG keystone.server.flask.request_processing.req_logging [None req-1a260431-78d2-4577-b5cd-6b7de59c9699 None admin] PATH_INFO: `/v3/roles` {{(pid=80190) log_request_info /opt/stack/keystone/keystone/server/flask/request_processing/req_logging.py:29}}
May 30 11:52:15.031190 dv-cinder-839793-13-iscsi devstack@keystone.service[80190]: DEBUG keystone.common.rbac_enforcer.enforcer [None req-1a260431-78d2-4577-b5cd-6b7de59c9699 None admin] RBAC: Adding query filter params (name=admin) {{(pid=80190) _extract_filter_values /opt/stack/keystone/keystone/common/rbac_enforcer/enforcer.py:167}}
May 30 11:52:15.031504 dv-cinder-839793-13-iscsi devstack@keystone.service[80190]: DEBUG keystone.common.rbac_enforcer.enforcer [None req-1a260431-78d2-4577-b5cd-6b7de59c9699 None admin] RBAC: Authorizing `identity:list_roles()` {{(pid=80190) enforce_call /opt/stack/keystone/keystone/common/rbac_enforcer/enforcer.py:449}}
May 30 11:52:15.033769 dv-cinder-839793-13-iscsi devstack@keystone.service[80190]: DEBUG keystone.common.rbac_enforcer.enforcer [None req-1a260431-78d2-4577-b5cd-6b7de59c9699 None admin] RBAC: Authorization granted {{(pid=80190) enforce_call /opt/stack/keystone/keystone/common/rbac_enforcer/enforcer.py:457}}
May 30 11:52:15.045202 dv-cinder-839793-13-iscsi devstack@keystone.service[80190]: [pid: 80190|app: 0|req: 23/50] 10.222.0.41 () {56 vars in 1099 bytes} [Mon May 30 11:52:14 2022] GET /identity/v3/roles?name=admin => generated 339 bytes in 150 msecs (HTTP/1.1 200) 5 headers in 177 bytes (1 switches on core 0)
May 30 11:52:15.051214 dv-cinder-839793-13-iscsi devstack@keystone.service[80189]: DEBUG keystone.server.flask.request_processing.middleware.auth_context [None req-dfff5d12-0d22-4265-8bab-d3891be879c0 None admin] Authenticating user token {{(pid=80189) process_request /usr/local/lib/python3.8/dist-packages/keystonemiddleware/auth_token/__init__.py:407}}
May 30 11:52:15.099727 dv-cinder-839793-13-iscsi devstack@keystone.service[80190]: DEBUG keystone.server.flask.request_processing.req_logging [None req-203ee69c-c55d-4eae-86ee-fd56d524bf21 None None] REQUEST_METHOD: `GET` {{(pid=80190) log_request_info /opt/stack/keystone/keystone/server/flask/request_processing/req_logging.py:27}}
May 30 11:52:15.100048 dv-cinder-839793-13-iscsi devstack@keystone.service[80190]: DEBUG keystone.server.flask.request_processing.req_logging [None req-203ee69c-c55d-4eae-86ee-fd56d524bf21 None None] SCRIPT_NAME: `/identity` {{(pid=80190) log_request_info /opt/stack/keystone/keystone/server/flask/request_processing/req_logging.py:28}}
May 30 11:52:15.100336 dv-cinder-839793-13-iscsi devstack@keystone.service[80190]: DEBUG keystone.server.flask.request_processing.req_logging [None req-203ee69c-c55d-4eae-86ee-fd56d524bf21 None None] PATH_INFO: `/` {{(pid=80190) log_request_info /opt/stack/keystone/keystone/server/flask/request_processing/req_logging.py:29}}
May 30 11:52:15.101699 dv-cinder-839793-13-iscsi devstack@keystone.service[80190]: [pid: 80190|app: 0|req: 24/51] 10.222.0.41 () {54 vars in 926 bytes} [Mon May 30 11:52:15 2022] GET /identity => generated 270 bytes in 3 msecs (HTTP/1.1 300) 6 headers in 234 bytes (2 switches on core 0)
May 30 11:52:15.106526 dv-cinder-839793-13-iscsi devstack@keystone.service[80190]: DEBUG keystone.server.flask.request_processing.req_logging [None req-d63621b4-dde2-493e-86b6-65f0449f7eba None None] REQUEST_METHOD: `POST` {{(pid=80190) log_request_info /opt/stack/keystone/keystone/server/flask/request_processing/req_logging.py:27}}
May 30 11:52:15.106824 dv-cinder-839793-13-iscsi devstack@keystone.service[80190]: DEBUG keystone.server.flask.request_processing.req_logging [None req-d63621b4-dde2-493e-86b6-65f0449f7eba None None] SCRIPT_NAME: `/identity` {{(pid=80190) log_request_info /opt/stack/keystone/keystone/server/flask/request_processing/req_logging.py:28}}
May 30 11:52:15.107106 dv-cinder-839793-13-iscsi devstack@keystone.service[80190]: DEBUG keystone.server.flask.request_processing.req_logging [None req-d63621b4-dde2-493e-86b6-65f0449f7eba None None] PATH_INFO: `/v3/auth/tokens` {{(pid=80190) log_request_info /opt/stack/keystone/keystone/server/flask/request_processing/req_logging.py:29}}
May 30 11:52:15.123904 dv-cinder-839793-13-iscsi devstack@keystone.service[80190]: DEBUG keystone.auth.core [None req-d63621b4-dde2-493e-86b6-65f0449f7eba None None] MFA Rules not processed for user `6a1c89e7dfbe47f0b169c936907738b0`. Rule list: `[]` (Enabled: `True`). {{(pid=80190) check_auth_methods_against_rules /opt/stack/keystone/keystone/auth/core.py:438}}
May 30 11:52:15.125021 dv-cinder-839793-13-iscsi devstack@keystone.service[80190]: DEBUG keystone.common.fernet_utils [None req-d63621b4-dde2-493e-86b6-65f0449f7eba None None] Loaded 2 Fernet keys from /etc/keystone/fernet-keys/, but `[fernet_tokens] max_active_keys = 3`; perhaps there have not been enough key rotations to reach `max_active_keys` yet? {{(pid=80190) load_keys /opt/stack/keystone/keystone/common/fernet_utils.py:286}}
May 30 11:52:15.136823 dv-cinder-839793-13-iscsi devstack@keystone.service[80189]: DEBUG dbcounter [-] [80189] Writing DB stats keystone:SELECT=100 {{(pid=80189) stat_writer /usr/local/lib/python3.8/dist-packages/dbcounter.py:114}}
May 30 11:52:15.152980 dv-cinder-839793-13-iscsi devstack@keystone.service[80189]: DEBUG keystone.server.flask.request_processing.middleware.auth_context [None req-dfff5d12-0d22-4265-8bab-d3891be879c0 None admin] Validating token access rules against request {{(pid=80189) validate_allowed_request /usr/local/lib/python3.8/dist-packages/keystonemiddleware/auth_token/__init__.py:545}}
May 30 11:52:15.187076 dv-cinder-839793-13-iscsi devstack@keystone.service[80189]: DEBUG keystone.server.flask.request_processing.middleware.auth_context [None req-84c2a5ce-8427-49bf-81a5-c2531efd1c9d None admin] RBAC: auth_context: {'token': , 'domain_id': None, 'trust_id': None, 'trustor_id': None, 'trustee_id': None, 'domain_name': None, 'group_ids': [], 'user_id': '6a1c89e7dfbe47f0b169c936907738b0', 'user_domain_id': 'default', 'system_scope': 'all', 'project_id': None, 'project_domain_id': None, 'roles': ['admin', 'member', 'reader'], 'is_admin_project': True, 'service_user_id': None, 'service_user_domain_id': None, 'service_project_id': None, 'service_project_domain_id': None, 'service_roles': []} {{(pid=80189) fill_context /opt/stack/keystone/keystone/server/flask/request_processing/middleware/auth_context.py:478}}
May 30 11:52:15.187980 dv-cinder-839793-13-iscsi devstack@keystone.service[80189]: DEBUG keystone.server.flask.request_processing.req_logging [None req-84c2a5ce-8427-49bf-81a5-c2531efd1c9d None admin] REQUEST_METHOD: `GET` {{(pid=80189) log_request_info /opt/stack/keystone/keystone/server/flask/request_processing/req_logging.py:27}}
May 30 11:52:15.188267 dv-cinder-839793-13-iscsi devstack@keystone.service[80189]: DEBUG keystone.server.flask.request_processing.req_logging [None req-84c2a5ce-8427-49bf-81a5-c2531efd1c9d None admin] SCRIPT_NAME: `/identity` {{(pid=80189) log_request_info /opt/stack/keystone/keystone/server/flask/request_processing/req_logging.py:28}}
May 30 11:52:15.189090 dv-cinder-839793-13-iscsi devstack@keystone.service[80189]: DEBUG keystone.server.flask.request_processing.req_logging [None req-84c2a5ce-8427-49bf-81a5-c2531efd1c9d None admin] PATH_INFO: `/v3/users/6a1c89e7dfbe47f0b169c936907738b0` {{(pid=80189) log_request_info /opt/stack/keystone/keystone/server/flask/request_processing/req_logging.py:29}}
May 30 11:52:15.190759 dv-cinder-839793-13-iscsi devstack@keystone.service[80189]: DEBUG keystone.common.rbac_enforcer.enforcer [None req-84c2a5ce-8427-49bf-81a5-c2531efd1c9d None admin] RBAC: Authorizing `identity:get_user(user_id=6a1c89e7dfbe47f0b169c936907738b0)` {{(pid=80189) enforce_call /opt/stack/keystone/keystone/common/rbac_enforcer/enforcer.py:449}}
May 30 11:52:15.192270 dv-cinder-839793-13-iscsi devstack@keystone.service[80189]: DEBUG keystone.common.rbac_enforcer.enforcer [None req-84c2a5ce-8427-49bf-81a5-c2531efd1c9d None admin] RBAC: Authorization granted {{(pid=80189) enforce_call /opt/stack/keystone/keystone/common/rbac_enforcer/enforcer.py:457}}
May 30 11:52:15.193335 dv-cinder-839793-13-iscsi devstack@keystone.service[80190]: [pid: 80190|app: 0|req: 25/52] 10.222.0.41 () {58 vars in 1023 bytes} [Mon May 30 11:52:15 2022] POST /identity/v3/auth/tokens => generated 799 bytes in 87 msecs (HTTP/1.1 201) 6 headers in 363 bytes (1 switches on core 0)
May 30 11:52:15.193872 dv-cinder-839793-13-iscsi devstack@keystone.service[80189]: [pid: 80189|app: 0|req: 28/53] 10.222.0.41 () {56 vars in 1177 bytes} [Mon May 30 11:52:15 2022] GET /identity/v3/users/6a1c89e7dfbe47f0b169c936907738b0 => generated 247 bytes in 143 msecs (HTTP/1.1 200) 5 headers in 177 bytes (1 switches on core 0)
May 30 11:52:15.199175 dv-cinder-839793-13-iscsi devstack@keystone.service[80190]: DEBUG keystone.server.flask.request_processing.middleware.auth_context [None req-d63621b4-dde2-493e-86b6-65f0449f7eba None None] Authenticating user token {{(pid=80190) process_request /usr/local/lib/python3.8/dist-packages/keystonemiddleware/auth_token/__init__.py:407}}
May 30 11:52:15.216634 dv-cinder-839793-13-iscsi devstack@keystone.service[80189]: DEBUG keystone.server.flask.request_processing.middleware.auth_context [None req-84c2a5ce-8427-49bf-81a5-c2531efd1c9d None admin] Authenticating user token {{(pid=80189) process_request /usr/local/lib/python3.8/dist-packages/keystonemiddleware/auth_token/__init__.py:407}}
May 30 11:52:15.300084 dv-cinder-839793-13-iscsi devstack@keystone.service[80190]: DEBUG keystone.server.flask.request_processing.middleware.auth_context [None req-d63621b4-dde2-493e-86b6-65f0449f7eba None None] Validating token access rules against request {{(pid=80190) validate_allowed_request /usr/local/lib/python3.8/dist-packages/keystonemiddleware/auth_token/__init__.py:545}}
May 30 11:52:15.317539 dv-cinder-839793-13-iscsi devstack@keystone.service[80189]: DEBUG keystone.server.flask.request_processing.middleware.auth_context [None req-84c2a5ce-8427-49bf-81a5-c2531efd1c9d None admin] Validating token access rules against request {{(pid=80189) validate_allowed_request /usr/local/lib/python3.8/dist-packages/keystonemiddleware/auth_token/__init__.py:545}}
May 30 11:52:15.318319 dv-cinder-839793-13-iscsi devstack@keystone.service[80190]: DEBUG dbcounter [-] [80190] Writing DB stats keystone:SELECT=100 {{(pid=80190) stat_writer /usr/local/lib/python3.8/dist-packages/dbcounter.py:114}}
May 30 11:52:15.336508 dv-cinder-839793-13-iscsi devstack@keystone.service[80190]: DEBUG keystone.server.flask.request_processing.middleware.auth_context [None req-cfdc4f75-6990-49ce-8b93-201cae9e1961 None admin] RBAC: auth_context: {'token': , 'domain_id': None, 'trust_id': None, 'trustor_id': None, 'trustee_id': None, 'domain_name': None, 'group_ids': [], 'user_id': '6a1c89e7dfbe47f0b169c936907738b0', 'user_domain_id': 'default', 'system_scope': 'all', 'project_id': None, 'project_domain_id': None, 'roles': ['admin', 'member', 'reader'], 'is_admin_project': True, 'service_user_id': None, 'service_user_domain_id': None, 'service_project_id': None, 'service_project_domain_id': None, 'service_roles': []} {{(pid=80190) fill_context /opt/stack/keystone/keystone/server/flask/request_processing/middleware/auth_context.py:478}}
May 30 11:52:15.337307 dv-cinder-839793-13-iscsi devstack@keystone.service[80190]: DEBUG keystone.server.flask.request_processing.req_logging [None req-cfdc4f75-6990-49ce-8b93-201cae9e1961 None admin] REQUEST_METHOD: `GET` {{(pid=80190) log_request_info /opt/stack/keystone/keystone/server/flask/request_processing/req_logging.py:27}}
May 30 11:52:15.337593 dv-cinder-839793-13-iscsi devstack@keystone.service[80190]: DEBUG keystone.server.flask.request_processing.req_logging [None req-cfdc4f75-6990-49ce-8b93-201cae9e1961 None admin] SCRIPT_NAME: `/identity` {{(pid=80190) log_request_info /opt/stack/keystone/keystone/server/flask/request_processing/req_logging.py:28}}
May 30 11:52:15.337880 dv-cinder-839793-13-iscsi devstack@keystone.service[80190]: DEBUG keystone.server.flask.request_processing.req_logging [None req-cfdc4f75-6990-49ce-8b93-201cae9e1961 None admin] PATH_INFO: `/v3/domains/default` {{(pid=80190) log_request_info /opt/stack/keystone/keystone/server/flask/request_processing/req_logging.py:29}}
May 30 11:52:15.339068 dv-cinder-839793-13-iscsi devstack@keystone.service[80190]: DEBUG keystone.common.rbac_enforcer.enforcer [None req-cfdc4f75-6990-49ce-8b93-201cae9e1961 None admin] RBAC: Authorizing `identity:get_domain(domain_id=default)` {{(pid=80190) enforce_call /opt/stack/keystone/keystone/common/rbac_enforcer/enforcer.py:449}}
May 30 11:52:15.340570 dv-cinder-839793-13-iscsi devstack@keystone.service[80190]: DEBUG keystone.common.rbac_enforcer.enforcer [None req-cfdc4f75-6990-49ce-8b93-201cae9e1961 None admin] RBAC: Authorization granted {{(pid=80190) enforce_call /opt/stack/keystone/keystone/common/rbac_enforcer/enforcer.py:457}}
