May 27 19:50:55.920383 dv-cinder-839793-12-iscsi neutron-server[110980]: DEBUG neutron_lib.callbacks.manager [None req-3cb46268-5853-4ab7-b99f-073e0166cb24 admin admin] Publish callbacks ['neutron.plugins.ml2.plugin.SecurityGroupDbMixin._ensure_default_security_group_handler-1652477'] for network (None), before_create {{(pid=110980) _notify_loop /usr/local/lib/python3.8/dist-packages/neutron_lib/callbacks/manager.py:176}}
May 27 19:50:55.940013 dv-cinder-839793-12-iscsi neutron-server[110980]: DEBUG neutron_lib.callbacks.manager [None req-3cb46268-5853-4ab7-b99f-073e0166cb24 admin admin] Publish callbacks [] for security_group (None), before_create {{(pid=110980) _notify_loop /usr/local/lib/python3.8/dist-packages/neutron_lib/callbacks/manager.py:176}}
May 27 19:50:56.034589 dv-cinder-839793-12-iscsi neutron-server[110980]: DEBUG neutron_lib.callbacks.manager [None req-3cb46268-5853-4ab7-b99f-073e0166cb24 admin admin] Publish callbacks [] for security_group (3de965ad-ba97-40ff-9887-1481f5744dbb), precommit_create {{(pid=110980) _notify_loop /usr/local/lib/python3.8/dist-packages/neutron_lib/callbacks/manager.py:176}}
May 27 19:50:56.068596 dv-cinder-839793-12-iscsi neutron-server[110982]: DEBUG neutron_lib.callbacks.manager [None req-c8340f13-5f03-4288-bdcf-e73bc2ffa49b None None] Publish callbacks ['neutron.services.segments.db._update_segment_host_mapping_for_agent-8726732591454', 'neutron.plugins.ml2.plugin.Ml2Plugin._retry_binding_revived_agents-2083481'] for agent (0d984a24-17e2-474e-ad18-648456a96156), after_update {{(pid=110982) _notify_loop /usr/local/lib/python3.8/dist-packages/neutron_lib/callbacks/manager.py:176}}
May 27 19:50:56.130818 dv-cinder-839793-12-iscsi neutron-server[110980]: DEBUG neutron_lib.callbacks.manager [None req-3cb46268-5853-4ab7-b99f-073e0166cb24 admin admin] Publish callbacks ['neutron.plugins.ml2.ovo_rpc._ObjectChangeHandler.handle_event-964106'] for security_group (3de965ad-ba97-40ff-9887-1481f5744dbb), after_create {{(pid=110980) _notify_loop /usr/local/lib/python3.8/dist-packages/neutron_lib/callbacks/manager.py:176}}
May 27 19:50:56.153971 dv-cinder-839793-12-iscsi neutron-server[110980]: DEBUG neutron.plugins.ml2.drivers.helpers [None req-3cb46268-5853-4ab7-b99f-073e0166cb24 admin admin] vlan segment allocate from pool success with {'vlan_id': 397, 'physical_network': 'physnet1'} {{(pid=110980) allocate_partially_specified_segment /opt/stack/neutron/neutron/plugins/ml2/drivers/helpers.py:153}}
May 27 19:50:56.169348 dv-cinder-839793-12-iscsi neutron-server[110980]: DEBUG neutron.api.rpc.handlers.resources_rpc [None req-3cb46268-5853-4ab7-b99f-073e0166cb24 admin admin] Pushing event updated for resources: {'SecurityGroup': ['ID=3de965ad-ba97-40ff-9887-1481f5744dbb,revision_number=1']} {{(pid=110980) push /opt/stack/neutron/neutron/api/rpc/handlers/resources_rpc.py:237}}
May 27 19:50:56.184896 dv-cinder-839793-12-iscsi neutron-server[110980]: DEBUG neutron_lib.callbacks.manager [None req-3cb46268-5853-4ab7-b99f-073e0166cb24 admin admin] Publish callbacks ['neutron.plugins.ml2.plugin.Ml2Plugin._handle_segment_change-2026912'] for segment (87d5cd4d-e1ce-49b2-a91b-6c967afbe112), precommit_create {{(pid=110980) _notify_loop /usr/local/lib/python3.8/dist-packages/neutron_lib/callbacks/manager.py:176}}
May 27 19:50:56.188706 dv-cinder-839793-12-iscsi neutron-server[110980]: INFO neutron.db.segments_db [None req-3cb46268-5853-4ab7-b99f-073e0166cb24 admin admin] Added segment 87d5cd4d-e1ce-49b2-a91b-6c967afbe112 of type vlan for network f977da8c-854d-4aae-892f-15765161832d
May 27 19:50:56.233418 dv-cinder-839793-12-iscsi neutron-server[110981]: DEBUG neutron.pecan_wsgi.hooks.policy_enforcement [req-0cacbd2b-bd0b-4c0f-a645-d0f5ca3e5ae0 req-f0f68032-c1d5-4357-af83-d3a9053ca08c tempest-AttachVolumeNegativeTest-1866824069 tempest-AttachVolumeNegativeTest-1866824069-project] Attributes excluded by policy engine: ['standard_attr_id', 'binding:profile', 'binding:host_id', 'binding:vif_type', 'binding:vif_details'] {{(pid=110981) _exclude_attributes_by_policy /opt/stack/neutron/neutron/pecan_wsgi/hooks/policy_enforcement.py:259}}
May 27 19:50:56.234874 dv-cinder-839793-12-iscsi neutron-server[110981]: INFO neutron.wsgi [req-0cacbd2b-bd0b-4c0f-a645-d0f5ca3e5ae0 req-f0f68032-c1d5-4357-af83-d3a9053ca08c tempest-AttachVolumeNegativeTest-1866824069 tempest-AttachVolumeNegativeTest-1866824069-project] 10.222.0.13 "GET /v2.0/ports?device_id=2c6870d2-0e10-4d9d-b00a-35b77afceb0d HTTP/1.1" status: 200 len: 944 time: 0.0743926
May 27 19:50:56.235168 dv-cinder-839793-12-iscsi neutron-server[110980]: DEBUG neutron_lib.callbacks.manager [None req-3cb46268-5853-4ab7-b99f-073e0166cb24 admin admin] Publish callbacks ['neutron.services.auto_allocate.db._ensure_external_network_default_value_callback-8726732103536'] for network (f977da8c-854d-4aae-892f-15765161832d), precommit_create {{(pid=110980) _notify_loop /usr/local/lib/python3.8/dist-packages/neutron_lib/callbacks/manager.py:176}}
May 27 19:50:56.292124 dv-cinder-839793-12-iscsi neutron-server[110981]: INFO neutron.wsgi [req-0cacbd2b-bd0b-4c0f-a645-d0f5ca3e5ae0 req-5202c426-3e11-438c-a381-c41f5b8e8847 tempest-AttachVolumeNegativeTest-1866824069 tempest-AttachVolumeNegativeTest-1866824069-project] 10.222.0.13 "GET /v2.0/security-groups?id=77795da9-9caa-480c-8410-8c8bd635383e&fields=id&fields=name HTTP/1.1" status: 200 len: 312 time: 0.0438733
May 27 19:50:56.334035 dv-cinder-839793-12-iscsi neutron-server[110980]: DEBUG neutron.pecan_wsgi.hooks.policy_enforcement [req-0f4a6fb3-15db-4c22-9072-a5b6afd8242c req-0ce8e2ee-a974-4832-adcb-748f7fc5d350 service neutron] Attributes excluded by policy engine: ['standard_attr_id'] {{(pid=110980) _exclude_attributes_by_policy /opt/stack/neutron/neutron/pecan_wsgi/hooks/policy_enforcement.py:259}}
May 27 19:50:56.335534 dv-cinder-839793-12-iscsi neutron-server[110980]: INFO neutron.wsgi [req-0f4a6fb3-15db-4c22-9072-a5b6afd8242c req-0ce8e2ee-a974-4832-adcb-748f7fc5d350 service neutron] 10.222.0.17 "GET /v2.0/ports?device_id=bb10669a-44f0-4557-9139-37ea8c867ebc HTTP/1.1" status: 200 len: 1130 time: 0.0740259
May 27 19:50:56.375307 dv-cinder-839793-12-iscsi neutron-server[110980]: DEBUG neutron_lib.callbacks.manager [req-0f4a6fb3-15db-4c22-9072-a5b6afd8242c req-54bc96a0-798a-42c4-a3f2-b8978a22d29f service neutron] Publish callbacks [] for security_group (None), before_create {{(pid=110980) _notify_loop /usr/local/lib/python3.8/dist-packages/neutron_lib/callbacks/manager.py:176}}
May 27 19:50:56.399031 dv-cinder-839793-12-iscsi neutron-server[110980]: DEBUG neutron_lib.callbacks.manager [None req-3cb46268-5853-4ab7-b99f-073e0166cb24 admin admin] Publish callbacks ['neutron.plugins.ml2.ovo_rpc._ObjectChangeHandler.handle_event-964313', 'neutron.api.rpc.agentnotifiers.dhcp_rpc_agent_api.DhcpAgentNotifyAPI._native_event_send_dhcp_notification-412980'] for network (f977da8c-854d-4aae-892f-15765161832d), after_create {{(pid=110980) _notify_loop /usr/local/lib/python3.8/dist-packages/neutron_lib/callbacks/manager.py:176}}
May 27 19:50:56.400050 dv-cinder-839793-12-iscsi neutron-server[110980]: DEBUG neutron.pecan_wsgi.hooks.policy_enforcement [None req-3cb46268-5853-4ab7-b99f-073e0166cb24 admin admin] Attributes excluded by policy engine: ['standard_attr_id', 'vlan_transparent'] {{(pid=110980) _exclude_attributes_by_policy /opt/stack/neutron/neutron/pecan_wsgi/hooks/policy_enforcement.py:259}}
May 27 19:50:56.400618 dv-cinder-839793-12-iscsi neutron-server[110980]: DEBUG neutron_lib.callbacks.manager [None req-3cb46268-5853-4ab7-b99f-073e0166cb24 admin admin] Publish callbacks ['neutron.api.rpc.agentnotifiers.dhcp_rpc_agent_api.DhcpAgentNotifyAPI._send_dhcp_notification-412938'] for network (None), before_response {{(pid=110980) _notify_loop /usr/local/lib/python3.8/dist-packages/neutron_lib/callbacks/manager.py:176}}
May 27 19:50:56.458340 dv-cinder-839793-12-iscsi neutron-server[110980]: DEBUG neutron.pecan_wsgi.hooks.policy_enforcement [req-a0b18bd2-f7e0-429e-9ad5-1d6b9908654d req-dc747739-0fb0-4b8d-952f-6eea4c6201db tempest-DeleteServersTestJSON-308406518 tempest-DeleteServersTestJSON-308406518-project] Attributes excluded by policy engine: ['standard_attr_id', 'binding:profile', 'binding:host_id', 'binding:vif_type', 'binding:vif_details'] {{(pid=110980) _exclude_attributes_by_policy /opt/stack/neutron/neutron/pecan_wsgi/hooks/policy_enforcement.py:259}}
May 27 19:50:56.458730 dv-cinder-839793-12-iscsi neutron-server[110981]: DEBUG neutron.wsgi [-] (110981) accepted ('10.222.0.13', 58730) {{(pid=110981) server /usr/local/lib/python3.8/dist-packages/eventlet/wsgi.py:1004}}
May 27 19:50:56.459824 dv-cinder-839793-12-iscsi neutron-server[110980]: INFO neutron.wsgi [req-a0b18bd2-f7e0-429e-9ad5-1d6b9908654d req-dc747739-0fb0-4b8d-952f-6eea4c6201db tempest-DeleteServersTestJSON-308406518 tempest-DeleteServersTestJSON-308406518-project] 10.222.0.13 "GET /v2.0/ports?device_id=bb10669a-44f0-4557-9139-37ea8c867ebc HTTP/1.1" status: 200 len: 946 time: 0.1081398
May 27 19:50:56.528385 dv-cinder-839793-12-iscsi neutron-server[110980]: INFO neutron.wsgi [None req-3cb46268-5853-4ab7-b99f-073e0166cb24 admin admin] 10.222.0.13 "POST /v2.0/networks HTTP/1.1" status: 201 len: 863 time: 0.7587957
May 27 19:50:56.528385 dv-cinder-839793-12-iscsi neutron-server[110980]: DEBUG neutron.api.rpc.handlers.resources_rpc [None req-3cb46268-5853-4ab7-b99f-073e0166cb24 admin admin] Pushing event updated for resources: {'Network': ['ID=f977da8c-854d-4aae-892f-15765161832d,revision_number=1']} {{(pid=110980) push /opt/stack/neutron/neutron/api/rpc/handlers/resources_rpc.py:237}}
May 27 19:50:56.529967 dv-cinder-839793-12-iscsi neutron-server[110981]: DEBUG neutron.wsgi [-] (110981) accepted ('10.222.0.13', 58738) {{(pid=110981) server /usr/local/lib/python3.8/dist-packages/eventlet/wsgi.py:1004}}
May 27 19:50:56.544648 dv-cinder-839793-12-iscsi neutron-server[110982]: DEBUG neutron.plugins.ml2.rpc [None req-3edd78bf-af50-404a-b578-37633c086887 None None] Network f977da8c-854d-4aae-892f-15765161832d details requested by agent ovs-agent-dv-cinder-839793-12-iscsi with host dv-cinder-839793-12-iscsi {{(pid=110982) get_network_details /opt/stack/neutron/neutron/plugins/ml2/rpc.py:248}}
May 27 19:50:56.544648 dv-cinder-839793-12-iscsi neutron-server[110982]: DEBUG dbcounter [-] [110982] Writing DB stats neutron:SELECT=96,neutron:DELETE=1,neutron:UPDATE=3 {{(pid=110982) stat_writer /usr/local/lib/python3.8/dist-packages/dbcounter.py:114}}
May 27 19:50:56.545917 dv-cinder-839793-12-iscsi neutron-server[110981]: DEBUG neutron.api.v2.base [None req-83ec0c9d-d031-4a86-a17a-8c7c5d1ac89c admin admin] Request body: {'subnet': {'network_id': 'f977da8c-854d-4aae-892f-15765161832d', 'cidr': '172.20.0.0/28', 'name': 'tempest-VolumesActionsTest-1870405566-subnet', 'tenant_id': '5ab2f42bffd94622bf35b18e160a47c9', 'enable_dhcp': False, 'ip_version': 4}} {{(pid=110981) prepare_request_body /opt/stack/neutron/neutron/api/v2/base.py:730}}
May 27 19:50:56.581547 dv-cinder-839793-12-iscsi neutron-server[110980]: INFO neutron.wsgi [req-a0b18bd2-f7e0-429e-9ad5-1d6b9908654d req-fae305a8-659e-4701-b40b-15673a0771fc tempest-DeleteServersTestJSON-308406518 tempest-DeleteServersTestJSON-308406518-project] 10.222.0.13 "GET /v2.0/security-groups?id=6385c098-5517-408d-aa6e-cb27fdd7fcf4&fields=id&fields=name HTTP/1.1" status: 200 len: 286 time: 0.1140389
May 27 19:50:56.597804 dv-cinder-839793-12-iscsi neutron-server[110982]: DEBUG neutron.plugins.ml2.rpc [None req-92d0b843-ce88-4a0d-afae-0162f3b0a759 None None] Device b0920c8f-86db-4b0c-8e65-a7d5286779ee details requested by agent hyperv_hv-cinder-83979 with host hv-cinder-83979 {{(pid=110982) get_device_details /opt/stack/neutron/neutron/plugins/ml2/rpc.py:102}}
May 27 19:50:56.628162 dv-cinder-839793-12-iscsi neutron-server[110980]: DEBUG neutron_lib.callbacks.manager [req-0f4a6fb3-15db-4c22-9072-a5b6afd8242c req-54bc96a0-798a-42c4-a3f2-b8978a22d29f service neutron] Publish callbacks [] for security_group (4640a990-1811-4bb8-8f25-d19a46d8bb6b), precommit_create {{(pid=110980) _notify_loop /usr/local/lib/python3.8/dist-packages/neutron_lib/callbacks/manager.py:176}}
May 27 19:50:56.665423 dv-cinder-839793-12-iscsi neutron-server[110981]: DEBUG neutron.pecan_wsgi.hooks.policy_enforcement [req-0d60ab48-6761-44b9-924c-a10f90850565 req-d83a4900-6196-48d9-8650-92316954f860 tempest-AttachVolumeShelveTestJSON-2134351474 tempest-AttachVolumeShelveTestJSON-2134351474-project] Attributes excluded by policy engine: ['standard_attr_id', 'binding:profile', 'binding:host_id', 'binding:vif_type', 'binding:vif_details'] {{(pid=110981) _exclude_attributes_by_policy /opt/stack/neutron/neutron/pecan_wsgi/hooks/policy_enforcement.py:259}}
May 27 19:50:56.666955 dv-cinder-839793-12-iscsi neutron-server[110981]: INFO neutron.wsgi [req-0d60ab48-6761-44b9-924c-a10f90850565 req-d83a4900-6196-48d9-8650-92316954f860 tempest-AttachVolumeShelveTestJSON-2134351474 tempest-AttachVolumeShelveTestJSON-2134351474-project] 10.222.0.13 "GET /v2.0/ports?device_id=59595754-b21e-43c4-a3bd-2d0cd810a8d7 HTTP/1.1" status: 200 len: 943 time: 0.1017883
May 27 19:50:56.681025 dv-cinder-839793-12-iscsi neutron-server[110981]: DEBUG neutron_lib.callbacks.manager [None req-fc415d7f-46ff-4245-80fc-c0deec0fc677 admin admin] Publish callbacks [] for security_group (None), before_create {{(pid=110981) _notify_loop /usr/local/lib/python3.8/dist-packages/neutron_lib/callbacks/manager.py:176}}
May 27 19:50:56.725213 dv-cinder-839793-12-iscsi neutron-server[110980]: DEBUG neutron_lib.callbacks.manager [req-0f4a6fb3-15db-4c22-9072-a5b6afd8242c req-54bc96a0-798a-42c4-a3f2-b8978a22d29f service neutron] Publish callbacks ['neutron.plugins.ml2.ovo_rpc._ObjectChangeHandler.handle_event-964106'] for security_group (4640a990-1811-4bb8-8f25-d19a46d8bb6b), after_create {{(pid=110980) _notify_loop /usr/local/lib/python3.8/dist-packages/neutron_lib/callbacks/manager.py:176}}
May 27 19:50:56.729732 dv-cinder-839793-12-iscsi neutron-server[110981]: DEBUG dbcounter [-] [110981] Writing DB stats neutron:SELECT=92,neutron:INSERT=7,neutron:UPDATE=1 {{(pid=110981) stat_writer /usr/local/lib/python3.8/dist-packages/dbcounter.py:114}}
May 27 19:50:56.730773 dv-cinder-839793-12-iscsi neutron-server[110981]: DEBUG neutron.pecan_wsgi.hooks.quota_enforcement [None req-83ec0c9d-d031-4a86-a17a-8c7c5d1ac89c admin admin] Made reservation on behalf of 5ab2f42bffd94622bf35b18e160a47c9 for: {'subnet': 1} {{(pid=110981) before /opt/stack/neutron/neutron/pecan_wsgi/hooks/quota_enforcement.py:53}}
May 27 19:50:56.733322 dv-cinder-839793-12-iscsi neutron-server[110981]: DEBUG neutron_lib.callbacks.manager [None req-83ec0c9d-d031-4a86-a17a-8c7c5d1ac89c admin admin] Publish callbacks ['neutron.services.segments.plugin.SegmentHostRoutes.host_routes_before_create-4461408'] for subnet (None), before_create {{(pid=110981) _notify_loop /usr/local/lib/python3.8/dist-packages/neutron_lib/callbacks/manager.py:176}}
May 27 19:50:56.757789 dv-cinder-839793-12-iscsi neutron-server[110982]: DEBUG neutron.plugins.ml2.db [None req-92d0b843-ce88-4a0d-afae-0162f3b0a759 None None] For port b0920c8f-86db-4b0c-8e65-a7d5286779ee, host hv-cinder-83979, got binding levels [PortBindingLevel(driver='hyperv',host='hv-cinder-83979',level=0,port_id=b0920c8f-86db-4b0c-8e65-a7d5286779ee,segment=NetworkSegment(f7f6b9fc-4c1f-4dad-a09b-a0ed3b37d1ae),segment_id=f7f6b9fc-4c1f-4dad-a09b-a0ed3b37d1ae)] {{(pid=110982) get_binding_level_objs /opt/stack/neutron/neutron/plugins/ml2/db.py:74}}
May 27 19:50:56.774732 dv-cinder-839793-12-iscsi neutron-server[110982]: DEBUG neutron.plugins.ml2.rpc [None req-92d0b843-ce88-4a0d-afae-0162f3b0a759 None None] Returning: {'device': 'b0920c8f-86db-4b0c-8e65-a7d5286779ee', 'network_id': 'dc686edf-9590-4ae1-ab4c-4d4524b126ab', 'port_id': 'b0920c8f-86db-4b0c-8e65-a7d5286779ee', 'mac_address': 'fa:16:3e:11:f7:b5', 'admin_state_up': True, 'network_type': 'vlan', 'segmentation_id': 386, 'physical_network': 'physnet1', 'mtu': 1500, 'fixed_ips': [{'subnet_id': 'c910db11-02d9-4258-bba4-3ef712d20129', 'ip_address': '172.20.0.12'}], 'device_owner': 'compute:nova', 'allowed_address_pairs': [], 'port_security_enabled': True, 'qos_policy_id': None, 'qos_network_policy_id': None, 'profile': {}, 'propagate_uplink_status': False} {{(pid=110982) _get_device_details /opt/stack/neutron/neutron/plugins/ml2/rpc.py:184}}
May 27 19:50:56.775838 dv-cinder-839793-12-iscsi neutron-server[110980]: INFO neutron.wsgi [req-0f4a6fb3-15db-4c22-9072-a5b6afd8242c req-54bc96a0-798a-42c4-a3f2-b8978a22d29f service neutron] 10.222.0.17 "GET /v2.0/security-groups?id=6385c098-5517-408d-aa6e-cb27fdd7fcf4&fields=id&fields=name HTTP/1.1" status: 200 len: 286 time: 0.4305220
May 27 19:50:56.776789 dv-cinder-839793-12-iscsi neutron-server[110980]: DEBUG neutron.api.rpc.handlers.resources_rpc [None req-54bc96a0-798a-42c4-a3f2-b8978a22d29f service neutron] Pushing event updated for resources: {'SecurityGroup': ['ID=4640a990-1811-4bb8-8f25-d19a46d8bb6b,revision_number=1']} {{(pid=110980) push /opt/stack/neutron/neutron/api/rpc/handlers/resources_rpc.py:237}}
May 27 19:50:56.815385 dv-cinder-839793-12-iscsi neutron-server[110981]: INFO neutron.wsgi [req-0d60ab48-6761-44b9-924c-a10f90850565 req-21c3c61f-13fb-4996-8f27-3ea5c851fbf2 tempest-AttachVolumeShelveTestJSON-2134351474 tempest-AttachVolumeShelveTestJSON-2134351474-project] 10.222.0.13 "GET /v2.0/security-groups?id=43dd809c-8d0a-4db1-8006-006bf3fa4901&fields=id&fields=name HTTP/1.1" status: 200 len: 312 time: 0.1365349
May 27 19:50:56.876594 dv-cinder-839793-12-iscsi neutron-server[110981]: DEBUG dbcounter [-] [110981] Writing DB stats neutron:SELECT=77,neutron:INSERT=21,neutron:UPDATE=2 {{(pid=110981) stat_writer /usr/local/lib/python3.8/dist-packages/dbcounter.py:114}}
May 27 19:50:56.893124 dv-cinder-839793-12-iscsi neutron-server[110980]: DEBUG neutron.wsgi [-] (110980) accepted ('10.222.0.13', 58740) {{(pid=110980) server /usr/local/lib/python3.8/dist-packages/eventlet/wsgi.py:1004}}
May 27 19:50:56.894404 dv-cinder-839793-12-iscsi neutron-server[110981]: DEBUG neutron_lib.callbacks.manager [None req-fc415d7f-46ff-4245-80fc-c0deec0fc677 admin admin] Publish callbacks [] for security_group (6ffc944d-1d6a-468a-8541-9d0d0470aa48), precommit_create {{(pid=110981) _notify_loop /usr/local/lib/python3.8/dist-packages/neutron_lib/callbacks/manager.py:176}}
May 27 19:50:56.908634 dv-cinder-839793-12-iscsi neutron-server[110980]: DEBUG neutron_lib.callbacks.manager [None req-afabbf97-096f-4c97-adf4-6e535d207449 admin admin] Publish callbacks [] for security_group (None), before_create {{(pid=110980) _notify_loop /usr/local/lib/python3.8/dist-packages/neutron_lib/callbacks/manager.py:176}}
May 27 19:50:56.929478 dv-cinder-839793-12-iscsi neutron-server[110982]: DEBUG neutron.plugins.ml2.plugin [None req-92d0b843-ce88-4a0d-afae-0162f3b0a759 None None] Current status of the port b0920c8f-86db-4b0c-8e65-a7d5286779ee is: DOWN; New status is: BUILD {{(pid=110982) _update_individual_port_db_status /opt/stack/neutron/neutron/plugins/ml2/plugin.py:2298}}
May 27 19:50:56.930382 dv-cinder-839793-12-iscsi neutron-server[110982]: DEBUG neutron_lib.callbacks.manager [None req-92d0b843-ce88-4a0d-afae-0162f3b0a759 None None] Publish callbacks ['neutron.plugins.ml2.plugin.SecurityGroupDbMixin._ensure_default_security_group_handler-1652477'] for port (b0920c8f-86db-4b0c-8e65-a7d5286779ee), before_update {{(pid=110982) _notify_loop /usr/local/lib/python3.8/dist-packages/neutron_lib/callbacks/manager.py:176}}
May 27 19:50:56.944233 dv-cinder-839793-12-iscsi neutron-server[110982]: DEBUG neutron.notifiers.nova [None req-92d0b843-ce88-4a0d-afae-0162f3b0a759 None None] Ignoring state change previous_port_status: DOWN current_port_status: BUILD port_id b0920c8f-86db-4b0c-8e65-a7d5286779ee {{(pid=110982) record_port_status_changed /opt/stack/neutron/neutron/notifiers/nova.py:233}}
May 27 19:50:56.963542 dv-cinder-839793-12-iscsi neutron-server[110981]: DEBUG neutron_lib.callbacks.manager [None req-fc415d7f-46ff-4245-80fc-c0deec0fc677 admin admin] Publish callbacks ['neutron.plugins.ml2.ovo_rpc._ObjectChangeHandler.handle_event-964106'] for security_group (6ffc944d-1d6a-468a-8541-9d0d0470aa48), after_create {{(pid=110981) _notify_loop /usr/local/lib/python3.8/dist-packages/neutron_lib/callbacks/manager.py:176}}
May 27 19:50:56.965996 dv-cinder-839793-12-iscsi neutron-server[110982]: DEBUG neutron.plugins.ml2.db [None req-92d0b843-ce88-4a0d-afae-0162f3b0a759 None None] For port b0920c8f-86db-4b0c-8e65-a7d5286779ee, host hv-cinder-83979, got binding levels [PortBindingLevel(driver='hyperv',host='hv-cinder-83979',level=0,port_id=b0920c8f-86db-4b0c-8e65-a7d5286779ee,segment=NetworkSegment(f7f6b9fc-4c1f-4dad-a09b-a0ed3b37d1ae),segment_id=f7f6b9fc-4c1f-4dad-a09b-a0ed3b37d1ae)] {{(pid=110982) get_binding_level_objs /opt/stack/neutron/neutron/plugins/ml2/db.py:74}}
May 27 19:50:56.991773 dv-cinder-839793-12-iscsi neutron-server[110980]: DEBUG neutron_lib.callbacks.manager [None req-afabbf97-096f-4c97-adf4-6e535d207449 admin admin] Publish callbacks [] for security_group (f554355b-b087-4abd-b70d-ab305005eb21), precommit_create {{(pid=110980) _notify_loop /usr/local/lib/python3.8/dist-packages/neutron_lib/callbacks/manager.py:176}}
May 27 19:50:57.013875 dv-cinder-839793-12-iscsi neutron-server[110981]: INFO neutron.wsgi [None req-fc415d7f-46ff-4245-80fc-c0deec0fc677 admin admin] 10.222.0.13 "GET /v2.0/security-groups?tenant_id=7abae1a562d94cc49e3f9845aa890646&name=default HTTP/1.1" status: 200 len: 2996 time: 0.5541017
May 27 19:50:57.014682 dv-cinder-839793-12-iscsi neutron-server[110981]: DEBUG neutron.api.rpc.handlers.resources_rpc [None req-fc415d7f-46ff-4245-80fc-c0deec0fc677 admin admin] Pushing event updated for resources: {'SecurityGroup': ['ID=6ffc944d-1d6a-468a-8541-9d0d0470aa48,revision_number=1']} {{(pid=110981) push /opt/stack/neutron/neutron/api/rpc/handlers/resources_rpc.py:237}}
May 27 19:50:57.016553 dv-cinder-839793-12-iscsi neutron-server[110980]: DEBUG neutron.wsgi [-] (110980) accepted ('10.222.0.13', 58742) {{(pid=110980) server /usr/local/lib/python3.8/dist-packages/eventlet/wsgi.py:1004}}
May 27 19:50:57.065240 dv-cinder-839793-12-iscsi neutron-server[110980]: DEBUG neutron_lib.callbacks.manager [None req-d1504c44-909f-4834-97f4-a394ac9b630f admin admin] Publish callbacks [] for security_group (6ffc944d-1d6a-468a-8541-9d0d0470aa48), before_delete {{(pid=110980) _notify_loop /usr/local/lib/python3.8/dist-packages/neutron_lib/callbacks/manager.py:176}}
May 27 19:50:57.085882 dv-cinder-839793-12-iscsi neutron-server[110980]: DEBUG neutron_lib.callbacks.manager [None req-d1504c44-909f-4834-97f4-a394ac9b630f admin admin] Publish callbacks [] for security_group (6ffc944d-1d6a-468a-8541-9d0d0470aa48), precommit_delete {{(pid=110980) _notify_loop /usr/local/lib/python3.8/dist-packages/neutron_lib/callbacks/manager.py:176}}
May 27 19:50:57.096077 dv-cinder-839793-12-iscsi neutron-server[110982]: DEBUG neutron_lib.callbacks.manager [None req-92d0b843-ce88-4a0d-afae-0162f3b0a759 None None] Publish callbacks ['neutron.plugins.ml2.plugin.SecurityGroupServerNotifierRpcMixin._notify_sg_on_port_change-1651981', 'neutron.plugins.ml2.ovo_rpc._ObjectChangeHandler.handle_event-37011', 'neutron.api.rpc.agentnotifiers.dhcp_rpc_agent_api.DhcpAgentNotifyAPI._native_event_send_dhcp_notification-412980', 'neutron.db.l3_db.L3RpcNotifierMixin._notify_gateway_port_ip_changed-8726732521445', 'neutron.db.l3_dvrscheduler_db._notify_l3_agent_port_update-8726732130883', 'neutron.db.l3_hascheduler_db._notify_l3_agent_ha_port_update-8726732130901'] for port (b0920c8f-86db-4b0c-8e65-a7d5286779ee), after_update {{(pid=110982) _notify_loop /usr/local/lib/python3.8/dist-packages/neutron_lib/callbacks/manager.py:176}}
May 27 19:50:57.096769 dv-cinder-839793-12-iscsi neutron-server[110981]: DEBUG neutron_lib.callbacks.manager [None req-83ec0c9d-d031-4a86-a17a-8c7c5d1ac89c admin admin] Publish callbacks ['neutron.plugins.ml2.ovo_rpc._ObjectChangeHandler.handle_event-964274', 'neutron.api.rpc.agentnotifiers.dhcp_rpc_agent_api.DhcpAgentNotifyAPI._native_event_send_dhcp_notification-412980', 'neutron.services.segments.plugin.NovaSegmentNotifier._notify_subnet_created-5596857', 'neutron.services.segments.plugin.SegmentHostRoutes.host_routes_after_create-4461430'] for subnet (1d96b418-42e7-4995-b27f-194837a3d693), after_create {{(pid=110981) _notify_loop /usr/local/lib/python3.8/dist-packages/neutron_lib/callbacks/manager.py:176}}
May 27 19:50:57.096905 dv-cinder-839793-12-iscsi neutron-server[110982]: DEBUG neutron.plugins.ml2.rpc [None req-92d0b843-ce88-4a0d-afae-0162f3b0a759 None None] Device fb2014bd-803c-4d77-9271-a2e529c03ef8 details requested by agent hyperv_hv-cinder-83979 with host hv-cinder-83979 {{(pid=110982) get_device_details /opt/stack/neutron/neutron/plugins/ml2/rpc.py:102}}
May 27 19:50:57.147985 dv-cinder-839793-12-iscsi neutron-server[110980]: DEBUG neutron_lib.callbacks.manager [None req-afabbf97-096f-4c97-adf4-6e535d207449 admin admin] Publish callbacks ['neutron.plugins.ml2.ovo_rpc._ObjectChangeHandler.handle_event-964106'] for security_group (f554355b-b087-4abd-b70d-ab305005eb21), after_create {{(pid=110980) _notify_loop /usr/local/lib/python3.8/dist-packages/neutron_lib/callbacks/manager.py:176}}
May 27 19:50:57.155084 dv-cinder-839793-12-iscsi neutron-server[110981]: DEBUG neutron.api.rpc.handlers.resources_rpc [None req-83ec0c9d-d031-4a86-a17a-8c7c5d1ac89c admin admin] Pushing event updated for resources: {'Subnet': ['ID=1d96b418-42e7-4995-b27f-194837a3d693,revision_number=0']} {{(pid=110981) push /opt/stack/neutron/neutron/api/rpc/handlers/resources_rpc.py:237}}
May 27 19:50:57.162377 dv-cinder-839793-12-iscsi neutron-server[110982]: DEBUG neutron.api.rpc.handlers.resources_rpc [None req-92d0b843-ce88-4a0d-afae-0162f3b0a759 None None] Pushing event updated for resources: {'Port': ['ID=b0920c8f-86db-4b0c-8e65-a7d5286779ee,revision_number=4']} {{(pid=110982) push /opt/stack/neutron/neutron/api/rpc/handlers/resources_rpc.py:237}}
May 27 19:50:57.168350 dv-cinder-839793-12-iscsi neutron-server[110981]: DEBUG neutron.plugins.ml2.drivers.mech_agent [None req-83ec0c9d-d031-4a86-a17a-8c7c5d1ac89c admin admin] Checking segment: {'id': '87d5cd4d-e1ce-49b2-a91b-6c967afbe112', 'network_type': 'vlan', 'physical_network': 'physnet1', 'segmentation_id': 397, 'network_id': 'f977da8c-854d-4aae-892f-15765161832d'} for mappings: {'physnet1': 'br-data'} with network types: ['local', 'flat', 'vlan'] {{(pid=110981) check_segment_for_agent /opt/stack/neutron/neutron/plugins/ml2/drivers/mech_agent.py:373}}
May 27 19:50:57.168752 dv-cinder-839793-12-iscsi neutron-server[110981]: DEBUG neutron.scheduler.dhcp_agent_scheduler [None req-83ec0c9d-d031-4a86-a17a-8c7c5d1ac89c admin admin] Network hostable DHCP agents. Network: f977da8c-854d-4aae-892f-15765161832d, hostable agents: ['0d984a24-17e2-474e-ad18-648456a96156'], hosted agents: [] {{(pid=110981) _get_network_hostable_dhcp_agents /opt/stack/neutron/neutron/scheduler/dhcp_agent_scheduler.py:329}}
May 27 19:50:57.197549 dv-cinder-839793-12-iscsi neutron-server[110980]: DEBUG neutron.api.rpc.handlers.resources_rpc [None req-afabbf97-096f-4c97-adf4-6e535d207449 admin admin] Pushing event updated for resources: {'SecurityGroup': ['ID=f554355b-b087-4abd-b70d-ab305005eb21,revision_number=1']} {{(pid=110980) push /opt/stack/neutron/neutron/api/rpc/handlers/resources_rpc.py:237}}
May 27 19:50:57.202089 dv-cinder-839793-12-iscsi neutron-server[110980]: INFO neutron.wsgi [None req-afabbf97-096f-4c97-adf4-6e535d207449 admin admin] 10.222.0.13 "GET /v2.0/security-groups?tenant_id=b78da24e53e24dcf8218e07400955778&name=default HTTP/1.1" status: 200 len: 2996 time: 0.3049774
May 27 19:50:57.202369 dv-cinder-839793-12-iscsi neutron-server[110980]: DEBUG neutron.wsgi [-] (110980) accepted ('10.222.0.13', 58744) {{(pid=110980) server /usr/local/lib/python3.8/dist-packages/eventlet/wsgi.py:1004}}
May 27 19:50:57.210208 dv-cinder-839793-12-iscsi neutron-server[110980]: DEBUG neutron_lib.callbacks.manager [None req-d1504c44-909f-4834-97f4-a394ac9b630f admin admin] Publish callbacks ['neutron.plugins.ml2.ovo_rpc._ObjectChangeHandler.handle_event-964106'] for security_group (6ffc944d-1d6a-468a-8541-9d0d0470aa48), after_delete {{(pid=110980) _notify_loop /usr/local/lib/python3.8/dist-packages/neutron_lib/callbacks/manager.py:176}}
May 27 19:50:57.212487 dv-cinder-839793-12-iscsi neutron-server[110980]: DEBUG neutron_lib.callbacks.manager [None req-d1504c44-909f-4834-97f4-a394ac9b630f admin admin] Publish callbacks [] for security_group (None), before_response {{(pid=110980) _notify_loop /usr/local/lib/python3.8/dist-packages/neutron_lib/callbacks/manager.py:176}}
May 27 19:50:57.213548 dv-cinder-839793-12-iscsi neutron-server[110980]: INFO neutron.wsgi [None req-d1504c44-909f-4834-97f4-a394ac9b630f admin admin] 10.222.0.13 "DELETE /v2.0/security-groups/6ffc944d-1d6a-468a-8541-9d0d0470aa48 HTTP/1.1" status: 204 len: 168 time: 0.1960080
May 27 19:50:57.229546 dv-cinder-839793-12-iscsi neutron-server[110980]: DEBUG neutron.api.rpc.handlers.resources_rpc [None req-d1504c44-909f-4834-97f4-a394ac9b630f admin admin] Pushing event deleted for resources: {'SecurityGroup': ['ID=6ffc944d-1d6a-468a-8541-9d0d0470aa48,revision_number=None']} {{(pid=110980) push /opt/stack/neutron/neutron/api/rpc/handlers/resources_rpc.py:237}}
May 27 19:50:57.230338 dv-cinder-839793-12-iscsi neutron-server[110982]: DEBUG dbcounter [-] [110982] Writing DB stats neutron:SELECT=98,neutron:UPDATE=2 {{(pid=110982) stat_writer /usr/local/lib/python3.8/dist-packages/dbcounter.py:114}}
May 27 19:50:57.250133 dv-cinder-839793-12-iscsi neutron-server[110981]: DEBUG neutron.scheduler.dhcp_agent_scheduler [None req-83ec0c9d-d031-4a86-a17a-8c7c5d1ac89c admin admin] Network f977da8c-854d-4aae-892f-15765161832d is scheduled to be hosted by DHCP agent 0d984a24-17e2-474e-ad18-648456a96156 with binding_index 1 {{(pid=110981) bind /opt/stack/neutron/neutron/scheduler/dhcp_agent_scheduler.py:227}}
May 27 19:50:57.264432 dv-cinder-839793-12-iscsi neutron-server[110982]: DEBUG neutron.plugins.ml2.db [None req-92d0b843-ce88-4a0d-afae-0162f3b0a759 None None] For port fb2014bd-803c-4d77-9271-a2e529c03ef8, host hv-cinder-83979, got binding levels [PortBindingLevel(driver='hyperv',host='hv-cinder-83979',level=0,port_id=fb2014bd-803c-4d77-9271-a2e529c03ef8,segment=NetworkSegment(646f47d8-e92c-408f-bc0f-f1c98e40ca3e),segment_id=646f47d8-e92c-408f-bc0f-f1c98e40ca3e)] {{(pid=110982) get_binding_level_objs /opt/stack/neutron/neutron/plugins/ml2/db.py:74}}
May 27 19:50:57.267944 dv-cinder-839793-12-iscsi neutron-server[110980]: DEBUG neutron_lib.callbacks.manager [None req-214eee23-9605-491e-8afb-d36f4b4ffe06 admin admin] Publish callbacks [] for security_group (f554355b-b087-4abd-b70d-ab305005eb21), before_delete {{(pid=110980) _notify_loop /usr/local/lib/python3.8/dist-packages/neutron_lib/callbacks/manager.py:176}}
May 27 19:50:57.276983 dv-cinder-839793-12-iscsi neutron-server[110982]: DEBUG neutron.plugins.ml2.rpc [None req-92d0b843-ce88-4a0d-afae-0162f3b0a759 None None] Returning: {'device': 'fb2014bd-803c-4d77-9271-a2e529c03ef8', 'network_id': '02c48a8e-6dcb-40bc-b8d2-b504da81ca3c', 'port_id': 'fb2014bd-803c-4d77-9271-a2e529c03ef8', 'mac_address': 'fa:16:3e:b4:97:b7', 'admin_state_up': True, 'network_type': 'vlan', 'segmentation_id': 380, 'physical_network': 'physnet1', 'mtu': 1500, 'fixed_ips': [{'subnet_id': '0723fbad-0b6c-4a91-a875-d8917808bc40', 'ip_address': '172.20.0.3'}], 'device_owner': 'compute:nova', 'allowed_address_pairs': [], 'port_security_enabled': True, 'qos_policy_id': None, 'qos_network_policy_id': None, 'profile': {}, 'propagate_uplink_status': False} {{(pid=110982) _get_device_details /opt/stack/neutron/neutron/plugins/ml2/rpc.py:184}}
May 27 19:50:57.282234 dv-cinder-839793-12-iscsi neutron-server[110980]: DEBUG dbcounter [-] [110980] Writing DB stats neutron:SELECT=78,neutron:INSERT=18,neutron:UPDATE=4 {{(pid=110980) stat_writer /usr/local/lib/python3.8/dist-packages/dbcounter.py:114}}
May 27 19:50:57.295189 dv-cinder-839793-12-iscsi neutron-server[110980]: DEBUG neutron_lib.callbacks.manager [None req-214eee23-9605-491e-8afb-d36f4b4ffe06 admin admin] Publish callbacks [] for security_group (f554355b-b087-4abd-b70d-ab305005eb21), precommit_delete {{(pid=110980) _notify_loop /usr/local/lib/python3.8/dist-packages/neutron_lib/callbacks/manager.py:176}}
May 27 19:50:57.319696 dv-cinder-839793-12-iscsi neutron-server[110982]: DEBUG neutron.plugins.ml2.plugin [None req-92d0b843-ce88-4a0d-afae-0162f3b0a759 None None] Current status of the port fb2014bd-803c-4d77-9271-a2e529c03ef8 is: DOWN; New status is: BUILD {{(pid=110982) _update_individual_port_db_status /opt/stack/neutron/neutron/plugins/ml2/plugin.py:2298}}
May 27 19:50:57.319993 dv-cinder-839793-12-iscsi neutron-server[110982]: DEBUG neutron_lib.callbacks.manager [None req-92d0b843-ce88-4a0d-afae-0162f3b0a759 None None] Publish callbacks ['neutron.plugins.ml2.plugin.SecurityGroupDbMixin._ensure_default_security_group_handler-1652477'] for port (fb2014bd-803c-4d77-9271-a2e529c03ef8), before_update {{(pid=110982) _notify_loop /usr/local/lib/python3.8/dist-packages/neutron_lib/callbacks/manager.py:176}}
May 27 19:50:57.335619 dv-cinder-839793-12-iscsi neutron-server[110981]: DEBUG neutron.scheduler.base_scheduler [None req-83ec0c9d-d031-4a86-a17a-8c7c5d1ac89c admin admin] Resources bound (agent type, host, resource id): (DHCP agent, dv-cinder-839793-12-iscsi, f977da8c-854d-4aae-892f-15765161832d) {{(pid=110981) schedule /opt/stack/neutron/neutron/scheduler/base_scheduler.py:57}}
May 27 19:50:57.335619 dv-cinder-839793-12-iscsi neutron-server[110981]: DEBUG neutron.pecan_wsgi.hooks.policy_enforcement [None req-83ec0c9d-d031-4a86-a17a-8c7c5d1ac89c admin admin] Attributes excluded by policy engine: ['standard_attr_id', 'shared', 'segment_id', 'network'] {{(pid=110981) _exclude_attributes_by_policy /opt/stack/neutron/neutron/pecan_wsgi/hooks/policy_enforcement.py:259}}
May 27 19:50:57.336015 dv-cinder-839793-12-iscsi neutron-server[110982]: DEBUG neutron.notifiers.nova [None req-92d0b843-ce88-4a0d-afae-0162f3b0a759 None None] Ignoring state change previous_port_status: DOWN current_port_status: BUILD port_id fb2014bd-803c-4d77-9271-a2e529c03ef8 {{(pid=110982) record_port_status_changed /opt/stack/neutron/neutron/notifiers/nova.py:233}}
May 27 19:50:57.336414 dv-cinder-839793-12-iscsi neutron-server[110981]: DEBUG neutron_lib.callbacks.manager [None req-83ec0c9d-d031-4a86-a17a-8c7c5d1ac89c admin admin] Publish callbacks [] for subnet (None), before_response {{(pid=110981) _notify_loop /usr/local/lib/python3.8/dist-packages/neutron_lib/callbacks/manager.py:176}}
May 27 19:50:57.343824 dv-cinder-839793-12-iscsi neutron-server[110982]: DEBUG neutron.api.rpc.handlers.dhcp_rpc [None req-af21b835-a77f-4758-9220-9c6c3b41ebb3 None None] Network f977da8c-854d-4aae-892f-15765161832d requested from dv-cinder-839793-12-iscsi {{(pid=110982) get_network_info /opt/stack/neutron/neutron/api/rpc/handlers/dhcp_rpc.py:191}}
May 27 19:50:57.385370 dv-cinder-839793-12-iscsi neutron-server[110982]: DEBUG neutron.plugins.ml2.db [None req-92d0b843-ce88-4a0d-afae-0162f3b0a759 None None] For port fb2014bd-803c-4d77-9271-a2e529c03ef8, host hv-cinder-83979, got binding levels [PortBindingLevel(driver='hyperv',host='hv-cinder-83979',level=0,port_id=fb2014bd-803c-4d77-9271-a2e529c03ef8,segment=NetworkSegment(646f47d8-e92c-408f-bc0f-f1c98e40ca3e),segment_id=646f47d8-e92c-408f-bc0f-f1c98e40ca3e)] {{(pid=110982) get_binding_level_objs /opt/stack/neutron/neutron/plugins/ml2/db.py:74}}
May 27 19:50:57.451002 dv-cinder-839793-12-iscsi neutron-server[110980]: DEBUG neutron.pecan_wsgi.hooks.policy_enforcement [req-3e424a15-0b28-4074-891b-59a5bb4e468c req-04379a04-c618-41f6-9acf-4a41b6d6cf41 tempest-AttachVolumeNegativeTest-1866824069 tempest-AttachVolumeNegativeTest-1866824069-project] Attributes excluded by policy engine: ['standard_attr_id', 'binding:profile', 'binding:host_id', 'binding:vif_type', 'binding:vif_details'] {{(pid=110980) _exclude_attributes_by_policy /opt/stack/neutron/neutron/pecan_wsgi/hooks/policy_enforcement.py:259}}
May 27 19:50:57.452607 dv-cinder-839793-12-iscsi neutron-server[110980]: INFO neutron.wsgi [req-3e424a15-0b28-4074-891b-59a5bb4e468c req-04379a04-c618-41f6-9acf-4a41b6d6cf41 tempest-AttachVolumeNegativeTest-1866824069 tempest-AttachVolumeNegativeTest-1866824069-project] 10.222.0.13 "GET /v2.0/ports?device_id=2c6870d2-0e10-4d9d-b00a-35b77afceb0d HTTP/1.1" status: 200 len: 945 time: 0.0555079
May 27 19:50:57.459448 dv-cinder-839793-12-iscsi neutron-server[110981]: INFO neutron.wsgi [None req-83ec0c9d-d031-4a86-a17a-8c7c5d1ac89c admin admin] 10.222.0.13 "POST /v2.0/subnets HTTP/1.1" status: 201 len: 846 time: 0.9282057
May 27 19:50:57.480254 dv-cinder-839793-12-iscsi neutron-server[110982]: DEBUG neutron.api.rpc.handlers.dhcp_rpc [None req-d6444853-9d42-491e-bb51-83654efe04d4 None None] Network f977da8c-854d-4aae-892f-15765161832d requested from dv-cinder-839793-12-iscsi {{(pid=110982) get_network_info /opt/stack/neutron/neutron/api/rpc/handlers/dhcp_rpc.py:191}}
May 27 19:50:57.494957 dv-cinder-839793-12-iscsi neutron-server[110980]: DEBUG neutron_lib.callbacks.manager [None req-214eee23-9605-491e-8afb-d36f4b4ffe06 admin admin] Publish callbacks ['neutron.plugins.ml2.ovo_rpc._ObjectChangeHandler.handle_event-964106'] for security_group (f554355b-b087-4abd-b70d-ab305005eb21), after_delete {{(pid=110980) _notify_loop /usr/local/lib/python3.8/dist-packages/neutron_lib/callbacks/manager.py:176}}
May 27 19:50:57.498382 dv-cinder-839793-12-iscsi neutron-server[110982]: DEBUG neutron_lib.callbacks.manager [None req-92d0b843-ce88-4a0d-afae-0162f3b0a759 None None] Publish callbacks ['neutron.plugins.ml2.plugin.SecurityGroupServerNotifierRpcMixin._notify_sg_on_port_change-1651981', 'neutron.plugins.ml2.ovo_rpc._ObjectChangeHandler.handle_event-37011', 'neutron.api.rpc.agentnotifiers.dhcp_rpc_agent_api.DhcpAgentNotifyAPI._native_event_send_dhcp_notification-412980', 'neutron.db.l3_db.L3RpcNotifierMixin._notify_gateway_port_ip_changed-8726732521445', 'neutron.db.l3_dvrscheduler_db._notify_l3_agent_port_update-8726732130883', 'neutron.db.l3_hascheduler_db._notify_l3_agent_ha_port_update-8726732130901'] for port (fb2014bd-803c-4d77-9271-a2e529c03ef8), after_update {{(pid=110982) _notify_loop /usr/local/lib/python3.8/dist-packages/neutron_lib/callbacks/manager.py:176}}
May 27 19:50:57.502585 dv-cinder-839793-12-iscsi neutron-server[110980]: DEBUG neutron_lib.callbacks.manager [None req-214eee23-9605-491e-8afb-d36f4b4ffe06 admin admin] Publish callbacks [] for security_group (None), before_response {{(pid=110980) _notify_loop /usr/local/lib/python3.8/dist-packages/neutron_lib/callbacks/manager.py:176}}
May 27 19:50:57.507141 dv-cinder-839793-12-iscsi neutron-server[110980]: INFO neutron.wsgi [None req-214eee23-9605-491e-8afb-d36f4b4ffe06 admin admin] 10.222.0.13 "DELETE /v2.0/security-groups/f554355b-b087-4abd-b70d-ab305005eb21 HTTP/1.1" status: 204 len: 168 time: 0.3009570
May 27 19:50:57.547669 dv-cinder-839793-12-iscsi neutron-server[110980]: DEBUG neutron.api.rpc.handlers.resources_rpc [None req-214eee23-9605-491e-8afb-d36f4b4ffe06 admin admin] Pushing event deleted for resources: {'SecurityGroup': ['ID=f554355b-b087-4abd-b70d-ab305005eb21,revision_number=None']} {{(pid=110980) push /opt/stack/neutron/neutron/api/rpc/handlers/resources_rpc.py:237}}
May 27 19:50:57.569235 dv-cinder-839793-12-iscsi neutron-server[110980]: INFO neutron.wsgi [req-3e424a15-0b28-4074-891b-59a5bb4e468c req-acf6f396-2712-4538-bce9-50ae3d3843c9 tempest-AttachVolumeNegativeTest-1866824069 tempest-AttachVolumeNegativeTest-1866824069-project] 10.222.0.13 "GET /v2.0/security-groups?id=77795da9-9caa-480c-8410-8c8bd635383e&fields=id&fields=name HTTP/1.1" status: 200 len: 312 time: 0.1082926
May 27 19:50:57.662259 dv-cinder-839793-12-iscsi neutron-server[110980]: DEBUG dbcounter [-] [110980] Writing DB stats neutron:SELECT=74,neutron:DELETE=2,neutron:INSERT=22,neutron:UPDATE=2 {{(pid=110980) stat_writer /usr/local/lib/python3.8/dist-packages/dbcounter.py:114}}
May 27 19:50:57.676401 dv-cinder-839793-12-iscsi neutron-server[110982]: DEBUG neutron.api.rpc.handlers.resources_rpc [None req-92d0b843-ce88-4a0d-afae-0162f3b0a759 None None] Pushing event updated for resources: {'Port': ['ID=fb2014bd-803c-4d77-9271-a2e529c03ef8,revision_number=4']} {{(pid=110982) push /opt/stack/neutron/neutron/api/rpc/handlers/resources_rpc.py:237}}
May 27 19:50:57.752822 dv-cinder-839793-12-iscsi neutron-server[110981]: DEBUG neutron.pecan_wsgi.hooks.policy_enforcement [req-55bcd64d-b3dd-4cf7-96c0-4354667a3ea7 req-93e76a76-acdb-420b-89fc-d4ebb286b0ad tempest-DeleteServersTestJSON-308406518 tempest-DeleteServersTestJSON-308406518-project] Attributes excluded by policy engine: ['standard_attr_id', 'binding:profile', 'binding:host_id', 'binding:vif_type', 'binding:vif_details'] {{(pid=110981) _exclude_attributes_by_policy /opt/stack/neutron/neutron/pecan_wsgi/hooks/policy_enforcement.py:259}}
May 27 19:50:57.754861 dv-cinder-839793-12-iscsi neutron-server[110981]: INFO neutron.wsgi [req-55bcd64d-b3dd-4cf7-96c0-4354667a3ea7 req-93e76a76-acdb-420b-89fc-d4ebb286b0ad tempest-DeleteServersTestJSON-308406518 tempest-DeleteServersTestJSON-308406518-project] 10.222.0.13 "GET /v2.0/ports?device_id=bb10669a-44f0-4557-9139-37ea8c867ebc HTTP/1.1" status: 200 len: 946 time: 0.0530810
May 27 19:50:57.830345 dv-cinder-839793-12-iscsi neutron-server[110983]: DEBUG neutron.db.agents_db [None req-7093cef3-64b8-4a3f-a29f-ab10b70adf58 None None] Agent healthcheck: found 6 active agents {{(pid=110983) agent_health_check /opt/stack/neutron/neutron/db/agents_db.py:317}}
May 27 19:50:57.948580 dv-cinder-839793-12-iscsi neutron-server[110980]: DEBUG neutron.pecan_wsgi.hooks.policy_enforcement [req-a548285d-dcb2-48de-950a-dfea7bdb02a3 req-689aaac9-d9c8-4b8c-b151-ea113e83594f tempest-AttachVolumeShelveTestJSON-2134351474 tempest-AttachVolumeShelveTestJSON-2134351474-project] Attributes excluded by policy engine: ['standard_attr_id', 'binding:profile', 'binding:host_id', 'binding:vif_type', 'binding:vif_details'] {{(pid=110980) _exclude_attributes_by_policy /opt/stack/neutron/neutron/pecan_wsgi/hooks/policy_enforcement.py:259}}
May 27 19:50:57.950705 dv-cinder-839793-12-iscsi neutron-server[110980]: INFO neutron.wsgi [req-a548285d-dcb2-48de-950a-dfea7bdb02a3 req-689aaac9-d9c8-4b8c-b151-ea113e83594f tempest-AttachVolumeShelveTestJSON-2134351474 tempest-AttachVolumeShelveTestJSON-2134351474-project] 10.222.0.13 "GET /v2.0/ports?device_id=59595754-b21e-43c4-a3bd-2d0cd810a8d7 HTTP/1.1" status: 200 len: 944 time: 0.0551326
May 27 19:50:57.987090 dv-cinder-839793-12-iscsi neutron-server[110981]: INFO neutron.wsgi [req-55bcd64d-b3dd-4cf7-96c0-4354667a3ea7 req-0e1fe480-de96-43c6-8a18-36a1d3b922b7 tempest-DeleteServersTestJSON-308406518 tempest-DeleteServersTestJSON-308406518-project] 10.222.0.13 "GET /v2.0/security-groups?id=6385c098-5517-408d-aa6e-cb27fdd7fcf4&fields=id&fields=name HTTP/1.1" status: 200 len: 286 time: 0.2258847
May 27 19:50:58.012990 dv-cinder-839793-12-iscsi neutron-server[110980]: INFO neutron.wsgi [req-a548285d-dcb2-48de-950a-dfea7bdb02a3 req-fe81580a-2c7c-471a-a11e-f98338eb99ca tempest-AttachVolumeShelveTestJSON-2134351474 tempest-AttachVolumeShelveTestJSON-2134351474-project] 10.222.0.13 "GET /v2.0/security-groups?id=43dd809c-8d0a-4db1-8006-006bf3fa4901&fields=id&fields=name HTTP/1.1" status: 200 len: 312 time: 0.0553226
May 27 19:50:58.191028 dv-cinder-839793-12-iscsi neutron-server[110981]: DEBUG neutron.wsgi [-] (110981) accepted ('10.222.0.13', 58774) {{(pid=110981) server /usr/local/lib/python3.8/dist-packages/eventlet/wsgi.py:1004}}
May 27 19:50:58.208703 dv-cinder-839793-12-iscsi neutron-server[110981]: DEBUG neutron_lib.callbacks.manager [None req-637f2fdc-f009-439b-ac35-1f13323fc1ca admin admin] Publish callbacks [] for security_group (None), before_create {{(pid=110981) _notify_loop /usr/local/lib/python3.8/dist-packages/neutron_lib/callbacks/manager.py:176}}
May 27 19:50:58.290803 dv-cinder-839793-12-iscsi neutron-server[110981]: DEBUG neutron_lib.callbacks.manager [None req-637f2fdc-f009-439b-ac35-1f13323fc1ca admin admin] Publish callbacks [] for security_group (dbc19e49-5ea9-470a-9c32-697a5b121b2f), precommit_create {{(pid=110981) _notify_loop /usr/local/lib/python3.8/dist-packages/neutron_lib/callbacks/manager.py:176}}
May 27 19:50:58.296239 dv-cinder-839793-12-iscsi neutron-server[110982]: DEBUG neutron_lib.callbacks.manager [None req-2b6b2267-9bae-4f40-a440-701348bf50aa None None] Publish callbacks ['neutron.services.segments.db._update_segment_host_mapping_for_agent-8726732591454', 'neutron.plugins.ml2.plugin.Ml2Plugin._retry_binding_revived_agents-2083481'] for agent (71ba006b-61e9-42b4-9064-59a3255e6033), after_update {{(pid=110982) _notify_loop /usr/local/lib/python3.8/dist-packages/neutron_lib/callbacks/manager.py:176}}
May 27 19:50:58.391347 dv-cinder-839793-12-iscsi neutron-server[110981]: DEBUG neutron_lib.callbacks.manager [None req-637f2fdc-f009-439b-ac35-1f13323fc1ca admin admin] Publish callbacks ['neutron.plugins.ml2.ovo_rpc._ObjectChangeHandler.handle_event-964106'] for security_group (dbc19e49-5ea9-470a-9c32-697a5b121b2f), after_create {{(pid=110981) _notify_loop /usr/local/lib/python3.8/dist-packages/neutron_lib/callbacks/manager.py:176}}
May 27 19:50:58.429319 dv-cinder-839793-12-iscsi neutron-server[110981]: INFO neutron.wsgi [None req-637f2fdc-f009-439b-ac35-1f13323fc1ca admin admin] 10.222.0.13 "GET /v2.0/security-groups?tenant_id=c5bc5d4177f74942ae15db1629dbb7d5&name=default HTTP/1.1" status: 200 len: 2996 time: 0.2371740
May 27 19:50:58.431107 dv-cinder-839793-12-iscsi neutron-server[110981]: DEBUG neutron.api.rpc.handlers.resources_rpc [None req-637f2fdc-f009-439b-ac35-1f13323fc1ca admin admin] Pushing event updated for resources: {'SecurityGroup': ['ID=dbc19e49-5ea9-470a-9c32-697a5b121b2f,revision_number=1']} {{(pid=110981) push /opt/stack/neutron/neutron/api/rpc/handlers/resources_rpc.py:237}}
May 27 19:50:58.432805 dv-cinder-839793-12-iscsi neutron-server[110980]: DEBUG neutron.wsgi [-] (110980) accepted ('10.222.0.13', 58782) {{(pid=110980) server /usr/local/lib/python3.8/dist-packages/eventlet/wsgi.py:1004}}
May 27 19:50:58.483400 dv-cinder-839793-12-iscsi neutron-server[110980]: DEBUG neutron_lib.callbacks.manager [None req-6795ae4a-000f-420d-8217-5d91eefc806d admin admin] Publish callbacks [] for security_group (dbc19e49-5ea9-470a-9c32-697a5b121b2f), before_delete {{(pid=110980) _notify_loop /usr/local/lib/python3.8/dist-packages/neutron_lib/callbacks/manager.py:176}}
May 27 19:50:58.511958 dv-cinder-839793-12-iscsi neutron-server[110980]: DEBUG neutron_lib.callbacks.manager [None req-6795ae4a-000f-420d-8217-5d91eefc806d admin admin] Publish callbacks [] for security_group (dbc19e49-5ea9-470a-9c32-697a5b121b2f), precommit_delete {{(pid=110980) _notify_loop /usr/local/lib/python3.8/dist-packages/neutron_lib/callbacks/manager.py:176}}
May 27 19:50:58.616906 dv-cinder-839793-12-iscsi neutron-server[110980]: DEBUG neutron_lib.callbacks.manager [None req-6795ae4a-000f-420d-8217-5d91eefc806d admin admin] Publish callbacks ['neutron.plugins.ml2.ovo_rpc._ObjectChangeHandler.handle_event-964106'] for security_group (dbc19e49-5ea9-470a-9c32-697a5b121b2f), after_delete {{(pid=110980) _notify_loop /usr/local/lib/python3.8/dist-packages/neutron_lib/callbacks/manager.py:176}}
May 27 19:50:58.623407 dv-cinder-839793-12-iscsi neutron-server[110980]: DEBUG neutron_lib.callbacks.manager [None req-6795ae4a-000f-420d-8217-5d91eefc806d admin admin] Publish callbacks [] for security_group (None), before_response {{(pid=110980) _notify_loop /usr/local/lib/python3.8/dist-packages/neutron_lib/callbacks/manager.py:176}}
May 27 19:50:58.625292 dv-cinder-839793-12-iscsi neutron-server[110980]: INFO neutron.wsgi [None req-6795ae4a-000f-420d-8217-5d91eefc806d admin admin] 10.222.0.13 "DELETE /v2.0/security-groups/dbc19e49-5ea9-470a-9c32-697a5b121b2f HTTP/1.1" status: 204 len: 168 time: 0.1909876
May 27 19:50:58.637920 dv-cinder-839793-12-iscsi neutron-server[110980]: DEBUG neutron.api.rpc.handlers.resources_rpc [None req-6795ae4a-000f-420d-8217-5d91eefc806d admin admin] Pushing event deleted for resources: {'SecurityGroup': ['ID=dbc19e49-5ea9-470a-9c32-697a5b121b2f,revision_number=None']} {{(pid=110980) push /opt/stack/neutron/neutron/api/rpc/handlers/resources_rpc.py:237}}
May 27 19:50:58.703461 dv-cinder-839793-12-iscsi neutron-server[110981]: DEBUG dbcounter [-] [110981] Writing DB stats neutron:SELECT=94,neutron:INSERT=3,neutron:UPDATE=1,neutron:DELETE=2 {{(pid=110981) stat_writer /usr/local/lib/python3.8/dist-packages/dbcounter.py:114}}
May 27 19:50:58.721237 dv-cinder-839793-12-iscsi neutron-server[110981]: DEBUG neutron.pecan_wsgi.hooks.policy_enforcement [req-d8f323d4-0eea-4be0-9956-3e59171fc2c6 req-f8ab0a19-5384-4de0-902d-faf2c1ca0a79 tempest-AttachVolumeNegativeTest-1866824069 tempest-AttachVolumeNegativeTest-1866824069-project] Attributes excluded by policy engine: ['standard_attr_id', 'binding:profile', 'binding:host_id', 'binding:vif_type', 'binding:vif_details'] {{(pid=110981) _exclude_attributes_by_policy /opt/stack/neutron/neutron/pecan_wsgi/hooks/policy_enforcement.py:259}}
May 27 19:50:58.729185 dv-cinder-839793-12-iscsi neutron-server[110981]: INFO neutron.wsgi [req-d8f323d4-0eea-4be0-9956-3e59171fc2c6 req-f8ab0a19-5384-4de0-902d-faf2c1ca0a79 tempest-AttachVolumeNegativeTest-1866824069 tempest-AttachVolumeNegativeTest-1866824069-project] 10.222.0.13 "GET /v2.0/ports?device_id=2c6870d2-0e10-4d9d-b00a-35b77afceb0d HTTP/1.1" status: 200 len: 945 time: 0.0635090
