May 14 15:46:08.669618 dv-cinder-839793-11-smb devstack@c-api.service[121959]: DEBUG cinder.volume.api [None req-b75df8e8-2c1b-410c-91a1-6f1c3c4af427 tempest-VolumeRetypeWithoutMigrationTest-1642993262 tempest-VolumeRetypeWithoutMigrationTest-1642993262-project] Task 'cinder.volume.flows.api.create_volume.EntryCreateTask;volume:create' (22846378-7a92-4d00-8a54-914b11d52aa4) transitioned into state 'SUCCESS' from state 'RUNNING' with result '{'volume_id': 'e845a9c9-9f01-4b61-b838-188db19b522a', 'volume_properties': VolumeProperties(attach_status='detached',availability_zone='nova',cgsnapshot_id=None,consistencygroup_id=None,display_description=None,display_name='tempest-VolumeRetypeWithoutMigrationTest-Volume-779296049',encryption_key_id=None,group_id=None,group_type_id=,metadata={},multiattach=False,project_id='dd40327c0e864f87bd36ef0701e2fd8b',qos_specs=None,replication_status=,reservations=['de5d5400-3553-436b-b674-5aebc3560a83','758411f9-8367-4b9c-856e-0a8b6a7d1ca2','dc9d2f6c-3727-4ebe-8d16-7d1e5089e060','73ce29db-abe0-496c-a0c8-691864d1099a'],size=1,snapshot_id=None,source_replicaid=,source_volid=None,status='creating',user_id='c5ff228d40e1498c877a947c0218a652',volume_type_id=46acb547-defb-4ab3-803d-a60763425031), 'volume': Volume(_name_id=None,admin_metadata=,attach_status='detached',availability_zone='nova',bootable=False,cluster=,cluster_name=None,consistencygroup=,consistencygroup_id=None,created_at=2022-05-14T15:46:08Z,deleted=False,deleted_at=None,display_description=None,display_name='tempest-VolumeRetypeWithoutMigrationTest-Volume-779296049',ec2_id=None,encryption_key_id=None,glance_metadata=,group=,group_id=None,host=None,id=e845a9c9-9f01-4b61-b838-188db19b522a,launched_at=None,metadata={},migration_status=None,multiattach=False,previous_status=None,project_id='dd40327c0e864f87bd36ef0701e2fd8b',provider_auth=None,provider_geometry=None,provider_id=None,provider_location=None,replication_driver_data=None,replication_extended_status=None,replication_status=None,scheduled_at=None,service_uuid=None,shared_targets=True,size=1,snapshot_id=None,snapshots=,source_volid=None,status='creating',terminated_at=None,updated_at=None,use_quota=True,user_id='c5ff228d40e1498c877a947c0218a652',volume_attachment=VolumeAttachmentList,volume_type=VolumeType(46acb547-defb-4ab3-803d-a60763425031),volume_type_id=46acb547-defb-4ab3-803d-a60763425031)}' {{(pid=121959) _task_receiver /usr/local/lib/python3.8/dist-packages/taskflow/listeners/logging.py:178}}
May 14 15:46:08.678082 dv-cinder-839793-11-smb devstack@c-api.service[121959]: DEBUG cinder.volume.api [None req-b75df8e8-2c1b-410c-91a1-6f1c3c4af427 tempest-VolumeRetypeWithoutMigrationTest-1642993262 tempest-VolumeRetypeWithoutMigrationTest-1642993262-project] Task 'cinder.volume.flows.api.create_volume.QuotaCommitTask;volume:create' (b12bd943-64a9-4bb0-a29c-a95d6028406f) transitioned into state 'RUNNING' from state 'PENDING' {{(pid=121959) _task_receiver /usr/local/lib/python3.8/dist-packages/taskflow/listeners/logging.py:190}}
May 14 15:46:08.709787 dv-cinder-839793-11-smb devstack@c-api.service[121958]: DEBUG cinder.api.middleware.request_id [None req-794e785b-0526-4141-ac5d-b84919ec64ee None None] RequestId filter calling following filter/app {{(pid=121958) _context_setter /opt/stack/cinder/cinder/api/middleware/request_id.py:62}}
May 14 15:46:08.714658 dv-cinder-839793-11-smb devstack@c-api.service[121958]: INFO cinder.api.openstack.wsgi [None req-794e785b-0526-4141-ac5d-b84919ec64ee tempest-GroupSnapshotsTest-1635564515 tempest-GroupSnapshotsTest-1635564515-project] GET http://10.222.0.48/volume/v3/5f10bc94b0554a3b8a9998cc53ef0028/groups/97b0bdf8-9078-413d-8ec0-7bd82500ca59
May 14 15:46:08.715396 dv-cinder-839793-11-smb devstack@c-api.service[121958]: DEBUG cinder.api.openstack.wsgi [None req-794e785b-0526-4141-ac5d-b84919ec64ee tempest-GroupSnapshotsTest-1635564515 tempest-GroupSnapshotsTest-1635564515-project] Empty body provided in request {{(pid=121958) get_body /opt/stack/cinder/cinder/api/openstack/wsgi.py:715}}
May 14 15:46:08.716010 dv-cinder-839793-11-smb devstack@c-api.service[121958]: DEBUG cinder.api.openstack.wsgi [None req-794e785b-0526-4141-ac5d-b84919ec64ee tempest-GroupSnapshotsTest-1635564515 tempest-GroupSnapshotsTest-1635564515-project] Calling method 'version_select' {{(pid=121958) _process_stack /opt/stack/cinder/cinder/api/openstack/wsgi.py:868}}
May 14 15:46:08.716695 dv-cinder-839793-11-smb devstack@c-api.service[121958]: DEBUG cinder.api.v3.groups [None req-794e785b-0526-4141-ac5d-b84919ec64ee tempest-GroupSnapshotsTest-1635564515 tempest-GroupSnapshotsTest-1635564515-project] show called for member 97b0bdf8-9078-413d-8ec0-7bd82500ca59 {{(pid=121958) show /opt/stack/cinder/cinder/api/v3/groups.py:58}}
May 14 15:46:08.733234 dv-cinder-839793-11-smb devstack@c-api.service[121958]: /usr/local/lib/python3.8/dist-packages/oslo_context/context.py:100: DeprecationWarning: Policy enforcement is depending on the value of is_admin. This key is deprecated. Please update your policy file to use the standard policy values.
May 14 15:46:08.733234 dv-cinder-839793-11-smb devstack@c-api.service[121958]: warnings.warn('Policy enforcement is depending on the value of '
May 14 15:46:08.743135 dv-cinder-839793-11-smb devstack@c-api.service[121959]: DEBUG cinder.volume.api [None req-b75df8e8-2c1b-410c-91a1-6f1c3c4af427 tempest-VolumeRetypeWithoutMigrationTest-1642993262 tempest-VolumeRetypeWithoutMigrationTest-1642993262-project] Task 'cinder.volume.flows.api.create_volume.QuotaCommitTask;volume:create' (b12bd943-64a9-4bb0-a29c-a95d6028406f) transitioned into state 'SUCCESS' from state 'RUNNING' with result '{'volume_properties': VolumeProperties(attach_status='detached',availability_zone='nova',cgsnapshot_id=None,consistencygroup_id=None,display_description=None,display_name='tempest-VolumeRetypeWithoutMigrationTest-Volume-779296049',encryption_key_id=None,group_id=None,group_type_id=,metadata={},multiattach=False,project_id='dd40327c0e864f87bd36ef0701e2fd8b',qos_specs=None,replication_status=,reservations=['de5d5400-3553-436b-b674-5aebc3560a83','758411f9-8367-4b9c-856e-0a8b6a7d1ca2','dc9d2f6c-3727-4ebe-8d16-7d1e5089e060','73ce29db-abe0-496c-a0c8-691864d1099a'],size=1,snapshot_id=None,source_replicaid=,source_volid=None,status='creating',user_id='c5ff228d40e1498c877a947c0218a652',volume_type_id=46acb547-defb-4ab3-803d-a60763425031)}' {{(pid=121959) _task_receiver /usr/local/lib/python3.8/dist-packages/taskflow/listeners/logging.py:178}}
May 14 15:46:08.750050 dv-cinder-839793-11-smb devstack@c-api.service[121959]: DEBUG cinder.volume.api [None req-b75df8e8-2c1b-410c-91a1-6f1c3c4af427 tempest-VolumeRetypeWithoutMigrationTest-1642993262 tempest-VolumeRetypeWithoutMigrationTest-1642993262-project] Task 'cinder.volume.flows.api.create_volume.VolumeCastTask;volume:create' (6689ca38-97c5-4189-a8b3-74aecfe6234b) transitioned into state 'RUNNING' from state 'PENDING' {{(pid=121959) _task_receiver /usr/local/lib/python3.8/dist-packages/taskflow/listeners/logging.py:190}}
May 14 15:46:08.801078 dv-cinder-839793-11-smb devstack@c-api.service[121958]: INFO cinder.api.openstack.wsgi [None req-794e785b-0526-4141-ac5d-b84919ec64ee tempest-GroupSnapshotsTest-1635564515 tempest-GroupSnapshotsTest-1635564515-project] http://10.222.0.48/volume/v3/5f10bc94b0554a3b8a9998cc53ef0028/groups/97b0bdf8-9078-413d-8ec0-7bd82500ca59 returned with HTTP 200
May 14 15:46:08.805305 dv-cinder-839793-11-smb devstack@c-api.service[121959]: DEBUG cinder.volume.api [None req-b75df8e8-2c1b-410c-91a1-6f1c3c4af427 tempest-VolumeRetypeWithoutMigrationTest-1642993262 tempest-VolumeRetypeWithoutMigrationTest-1642993262-project] Task 'cinder.volume.flows.api.create_volume.VolumeCastTask;volume:create' (6689ca38-97c5-4189-a8b3-74aecfe6234b) transitioned into state 'SUCCESS' from state 'RUNNING' with result 'None' {{(pid=121959) _task_receiver /usr/local/lib/python3.8/dist-packages/taskflow/listeners/logging.py:178}}
May 14 15:46:08.806035 dv-cinder-839793-11-smb devstack@c-api.service[121959]: DEBUG cinder.volume.api [None req-b75df8e8-2c1b-410c-91a1-6f1c3c4af427 tempest-VolumeRetypeWithoutMigrationTest-1642993262 tempest-VolumeRetypeWithoutMigrationTest-1642993262-project] Flow 'volume_create_api' (002a8333-4fb3-4658-97c2-c06de915cc86) transitioned into state 'SUCCESS' from state 'RUNNING' {{(pid=121959) _flow_receiver /usr/local/lib/python3.8/dist-packages/taskflow/listeners/logging.py:141}}
May 14 15:46:08.808216 dv-cinder-839793-11-smb devstack@c-api.service[121959]: INFO cinder.volume.api [None req-b75df8e8-2c1b-410c-91a1-6f1c3c4af427 tempest-VolumeRetypeWithoutMigrationTest-1642993262 tempest-VolumeRetypeWithoutMigrationTest-1642993262-project] Create volume request issued successfully.
May 14 15:46:08.808891 dv-cinder-839793-11-smb devstack@c-api.service[121958]: [pid: 121958|app: 0|req: 48/89] 10.222.0.48 () {60 vars in 1362 bytes} [Sat May 14 15:46:08 2022] GET /volume/v3/5f10bc94b0554a3b8a9998cc53ef0028/groups/97b0bdf8-9078-413d-8ec0-7bd82500ca59 => generated 393 bytes in 100 msecs (HTTP/1.1 200) 7 headers in 286 bytes (1 switches on core 0)
May 14 15:46:08.809016 dv-cinder-839793-11-smb devstack@c-api.service[121959]: INFO cinder.api.openstack.wsgi [None req-b75df8e8-2c1b-410c-91a1-6f1c3c4af427 tempest-VolumeRetypeWithoutMigrationTest-1642993262 tempest-VolumeRetypeWithoutMigrationTest-1642993262-project] http://10.222.0.48/volume/v3/dd40327c0e864f87bd36ef0701e2fd8b/volumes returned with HTTP 202
May 14 15:46:08.819084 dv-cinder-839793-11-smb devstack@c-api.service[121959]: [pid: 121959|app: 0|req: 42/90] 10.222.0.48 () {60 vars in 1235 bytes} [Sat May 14 15:46:08 2022] POST /volume/v3/dd40327c0e864f87bd36ef0701e2fd8b/volumes => generated 833 bytes in 733 msecs (HTTP/1.1 202) 7 headers in 291 bytes (1 switches on core 0)
May 14 15:46:08.822477 dv-cinder-839793-11-smb devstack@c-api.service[121958]: DEBUG cinder.api.middleware.request_id [None req-3ce14380-ee8d-4f14-866f-b28068efa262 None None] RequestId filter calling following filter/app {{(pid=121958) _context_setter /opt/stack/cinder/cinder/api/middleware/request_id.py:62}}
May 14 15:46:08.827862 dv-cinder-839793-11-smb devstack@c-api.service[121959]: DEBUG cinder.api.middleware.request_id [None req-45c9cb5e-13ee-4886-ab61-13ada00c7490 None None] RequestId filter calling following filter/app {{(pid=121959) _context_setter /opt/stack/cinder/cinder/api/middleware/request_id.py:62}}
May 14 15:46:08.832738 dv-cinder-839793-11-smb devstack@c-api.service[121959]: INFO cinder.api.openstack.wsgi [None req-45c9cb5e-13ee-4886-ab61-13ada00c7490 tempest-VolumeRetypeWithoutMigrationTest-1642993262 tempest-VolumeRetypeWithoutMigrationTest-1642993262-project] GET http://10.222.0.48/volume/v3/dd40327c0e864f87bd36ef0701e2fd8b/volumes/e845a9c9-9f01-4b61-b838-188db19b522a
May 14 15:46:08.834131 dv-cinder-839793-11-smb devstack@c-api.service[121958]: INFO cinder.api.openstack.wsgi [None req-3ce14380-ee8d-4f14-866f-b28068efa262 tempest-GroupSnapshotsTest-1635564515 tempest-GroupSnapshotsTest-1635564515-project] PUT http://10.222.0.48/volume/v3/5f10bc94b0554a3b8a9998cc53ef0028/groups/97b0bdf8-9078-413d-8ec0-7bd82500ca59
May 14 15:46:08.835135 dv-cinder-839793-11-smb devstack@c-api.service[121958]: DEBUG cinder.api.openstack.wsgi [None req-3ce14380-ee8d-4f14-866f-b28068efa262 tempest-GroupSnapshotsTest-1635564515 tempest-GroupSnapshotsTest-1635564515-project] Action: 'update', calling method: version_select, body: {"group": {"add_volumes": "38b937b9-18af-42e1-8c38-c38e4fe2a9d6"}} {{(pid=121958) _process_stack /opt/stack/cinder/cinder/api/openstack/wsgi.py:866}}
May 14 15:46:08.840047 dv-cinder-839793-11-smb devstack@c-api.service[121959]: DEBUG cinder.api.openstack.wsgi [None req-45c9cb5e-13ee-4886-ab61-13ada00c7490 tempest-VolumeRetypeWithoutMigrationTest-1642993262 tempest-VolumeRetypeWithoutMigrationTest-1642993262-project] Empty body provided in request {{(pid=121959) get_body /opt/stack/cinder/cinder/api/openstack/wsgi.py:715}}
May 14 15:46:08.840528 dv-cinder-839793-11-smb devstack@c-api.service[121959]: DEBUG cinder.api.openstack.wsgi [None req-45c9cb5e-13ee-4886-ab61-13ada00c7490 tempest-VolumeRetypeWithoutMigrationTest-1642993262 tempest-VolumeRetypeWithoutMigrationTest-1642993262-project] Calling method 'show' {{(pid=121959) _process_stack /opt/stack/cinder/cinder/api/openstack/wsgi.py:868}}
May 14 15:46:08.870046 dv-cinder-839793-11-smb devstack@c-api.service[121958]: DEBUG cinder.api.v3.groups [None req-3ce14380-ee8d-4f14-866f-b28068efa262 tempest-GroupSnapshotsTest-1635564515 tempest-GroupSnapshotsTest-1635564515-project] Update called for group 97b0bdf8-9078-413d-8ec0-7bd82500ca59. {{(pid=121958) update /opt/stack/cinder/cinder/api/v3/groups.py:302}}
May 14 15:46:08.870441 dv-cinder-839793-11-smb devstack@c-api.service[121958]: INFO cinder.api.v3.groups [None req-3ce14380-ee8d-4f14-866f-b28068efa262 tempest-GroupSnapshotsTest-1635564515 tempest-GroupSnapshotsTest-1635564515-project] Updating group 97b0bdf8-9078-413d-8ec0-7bd82500ca59 with name None description: None add_volumes: 38b937b9-18af-42e1-8c38-c38e4fe2a9d6 remove_volumes: None.
May 14 15:46:08.877748 dv-cinder-839793-11-smb devstack@c-api.service[121959]: /usr/local/lib/python3.8/dist-packages/oslo_context/context.py:100: DeprecationWarning: Policy enforcement is depending on the value of is_admin. This key is deprecated. Please update your policy file to use the standard policy values.
May 14 15:46:08.877748 dv-cinder-839793-11-smb devstack@c-api.service[121959]: warnings.warn('Policy enforcement is depending on the value of '
May 14 15:46:08.889746 dv-cinder-839793-11-smb devstack@c-api.service[121958]: /usr/local/lib/python3.8/dist-packages/oslo_context/context.py:100: DeprecationWarning: Policy enforcement is depending on the value of is_admin. This key is deprecated. Please update your policy file to use the standard policy values.
May 14 15:46:08.889746 dv-cinder-839793-11-smb devstack@c-api.service[121958]: warnings.warn('Policy enforcement is depending on the value of '
May 14 15:46:08.912270 dv-cinder-839793-11-smb devstack@c-api.service[121959]: INFO cinder.volume.api [None req-45c9cb5e-13ee-4886-ab61-13ada00c7490 tempest-VolumeRetypeWithoutMigrationTest-1642993262 tempest-VolumeRetypeWithoutMigrationTest-1642993262-project] Volume info retrieved successfully.
May 14 15:46:08.935239 dv-cinder-839793-11-smb devstack@c-api.service[121959]: INFO cinder.api.openstack.wsgi [None req-45c9cb5e-13ee-4886-ab61-13ada00c7490 tempest-VolumeRetypeWithoutMigrationTest-1642993262 tempest-VolumeRetypeWithoutMigrationTest-1642993262-project] http://10.222.0.48/volume/v3/dd40327c0e864f87bd36ef0701e2fd8b/volumes/e845a9c9-9f01-4b61-b838-188db19b522a returned with HTTP 200
May 14 15:46:08.941100 dv-cinder-839793-11-smb devstack@c-api.service[121959]: [pid: 121959|app: 0|req: 43/91] 10.222.0.48 () {58 vars in 1324 bytes} [Sat May 14 15:46:08 2022] GET /volume/v3/dd40327c0e864f87bd36ef0701e2fd8b/volumes/e845a9c9-9f01-4b61-b838-188db19b522a => generated 901 bytes in 114 msecs (HTTP/1.1 200) 7 headers in 285 bytes (1 switches on core 0)
May 14 15:46:09.045018 dv-cinder-839793-11-smb devstack@c-api.service[121958]: INFO cinder.api.openstack.wsgi [None req-3ce14380-ee8d-4f14-866f-b28068efa262 tempest-GroupSnapshotsTest-1635564515 tempest-GroupSnapshotsTest-1635564515-project] http://10.222.0.48/volume/v3/5f10bc94b0554a3b8a9998cc53ef0028/groups/97b0bdf8-9078-413d-8ec0-7bd82500ca59 returned with HTTP 202
May 14 15:46:09.046401 dv-cinder-839793-11-smb devstack@c-api.service[121958]: [pid: 121958|app: 0|req: 49/92] 10.222.0.48 () {62 vars in 1382 bytes} [Sat May 14 15:46:08 2022] PUT /volume/v3/5f10bc94b0554a3b8a9998cc53ef0028/groups/97b0bdf8-9078-413d-8ec0-7bd82500ca59 => generated 0 bytes in 225 msecs (HTTP/1.1 202) 6 headers in 234 bytes (1 switches on core 0)
May 14 15:46:09.051083 dv-cinder-839793-11-smb devstack@c-api.service[121959]: DEBUG cinder.api.middleware.request_id [None req-8df3792d-b614-4ad6-8034-62027214a083 None None] RequestId filter calling following filter/app {{(pid=121959) _context_setter /opt/stack/cinder/cinder/api/middleware/request_id.py:62}}
May 14 15:46:09.055461 dv-cinder-839793-11-smb devstack@c-api.service[121959]: INFO cinder.api.openstack.wsgi [None req-8df3792d-b614-4ad6-8034-62027214a083 tempest-GroupSnapshotsTest-1635564515 tempest-GroupSnapshotsTest-1635564515-project] GET http://10.222.0.48/volume/v3/5f10bc94b0554a3b8a9998cc53ef0028/groups/97b0bdf8-9078-413d-8ec0-7bd82500ca59
May 14 15:46:09.056115 dv-cinder-839793-11-smb devstack@c-api.service[121959]: DEBUG cinder.api.openstack.wsgi [None req-8df3792d-b614-4ad6-8034-62027214a083 tempest-GroupSnapshotsTest-1635564515 tempest-GroupSnapshotsTest-1635564515-project] Empty body provided in request {{(pid=121959) get_body /opt/stack/cinder/cinder/api/openstack/wsgi.py:715}}
May 14 15:46:09.056705 dv-cinder-839793-11-smb devstack@c-api.service[121959]: DEBUG cinder.api.openstack.wsgi [None req-8df3792d-b614-4ad6-8034-62027214a083 tempest-GroupSnapshotsTest-1635564515 tempest-GroupSnapshotsTest-1635564515-project] Calling method 'version_select' {{(pid=121959) _process_stack /opt/stack/cinder/cinder/api/openstack/wsgi.py:868}}
May 14 15:46:09.057186 dv-cinder-839793-11-smb devstack@c-api.service[121959]: DEBUG cinder.api.v3.groups [None req-8df3792d-b614-4ad6-8034-62027214a083 tempest-GroupSnapshotsTest-1635564515 tempest-GroupSnapshotsTest-1635564515-project] show called for member 97b0bdf8-9078-413d-8ec0-7bd82500ca59 {{(pid=121959) show /opt/stack/cinder/cinder/api/v3/groups.py:58}}
May 14 15:46:09.065395 dv-cinder-839793-11-smb devstack@c-api.service[121959]: /usr/local/lib/python3.8/dist-packages/oslo_context/context.py:100: DeprecationWarning: Policy enforcement is depending on the value of is_admin. This key is deprecated. Please update your policy file to use the standard policy values.
May 14 15:46:09.065395 dv-cinder-839793-11-smb devstack@c-api.service[121959]: warnings.warn('Policy enforcement is depending on the value of '
May 14 15:46:09.089755 dv-cinder-839793-11-smb devstack@c-api.service[121959]: INFO cinder.api.openstack.wsgi [None req-8df3792d-b614-4ad6-8034-62027214a083 tempest-GroupSnapshotsTest-1635564515 tempest-GroupSnapshotsTest-1635564515-project] http://10.222.0.48/volume/v3/5f10bc94b0554a3b8a9998cc53ef0028/groups/97b0bdf8-9078-413d-8ec0-7bd82500ca59 returned with HTTP 200
May 14 15:46:09.091232 dv-cinder-839793-11-smb devstack@c-api.service[121959]: [pid: 121959|app: 0|req: 44/93] 10.222.0.48 () {60 vars in 1362 bytes} [Sat May 14 15:46:09 2022] GET /volume/v3/5f10bc94b0554a3b8a9998cc53ef0028/groups/97b0bdf8-9078-413d-8ec0-7bd82500ca59 => generated 392 bytes in 41 msecs (HTTP/1.1 200) 7 headers in 286 bytes (1 switches on core 0)
May 14 15:46:09.949654 dv-cinder-839793-11-smb devstack@c-api.service[121958]: DEBUG cinder.api.middleware.request_id [None req-f128a812-254b-482f-9a29-f0e00d255bac None None] RequestId filter calling following filter/app {{(pid=121958) _context_setter /opt/stack/cinder/cinder/api/middleware/request_id.py:62}}
May 14 15:46:09.954500 dv-cinder-839793-11-smb devstack@c-api.service[121958]: INFO cinder.api.openstack.wsgi [None req-f128a812-254b-482f-9a29-f0e00d255bac tempest-VolumeRetypeWithoutMigrationTest-1642993262 tempest-VolumeRetypeWithoutMigrationTest-1642993262-project] GET http://10.222.0.48/volume/v3/dd40327c0e864f87bd36ef0701e2fd8b/volumes/e845a9c9-9f01-4b61-b838-188db19b522a
May 14 15:46:09.955103 dv-cinder-839793-11-smb devstack@c-api.service[121958]: DEBUG cinder.api.openstack.wsgi [None req-f128a812-254b-482f-9a29-f0e00d255bac tempest-VolumeRetypeWithoutMigrationTest-1642993262 tempest-VolumeRetypeWithoutMigrationTest-1642993262-project] Empty body provided in request {{(pid=121958) get_body /opt/stack/cinder/cinder/api/openstack/wsgi.py:715}}
May 14 15:46:09.955567 dv-cinder-839793-11-smb devstack@c-api.service[121958]: DEBUG cinder.api.openstack.wsgi [None req-f128a812-254b-482f-9a29-f0e00d255bac tempest-VolumeRetypeWithoutMigrationTest-1642993262 tempest-VolumeRetypeWithoutMigrationTest-1642993262-project] Calling method 'show' {{(pid=121958) _process_stack /opt/stack/cinder/cinder/api/openstack/wsgi.py:868}}
May 14 15:46:09.989313 dv-cinder-839793-11-smb devstack@c-api.service[121958]: /usr/local/lib/python3.8/dist-packages/oslo_context/context.py:100: DeprecationWarning: Policy enforcement is depending on the value of is_admin. This key is deprecated. Please update your policy file to use the standard policy values.
May 14 15:46:09.989313 dv-cinder-839793-11-smb devstack@c-api.service[121958]: warnings.warn('Policy enforcement is depending on the value of '
May 14 15:46:10.001981 dv-cinder-839793-11-smb devstack@c-api.service[121958]: INFO cinder.volume.api [None req-f128a812-254b-482f-9a29-f0e00d255bac tempest-VolumeRetypeWithoutMigrationTest-1642993262 tempest-VolumeRetypeWithoutMigrationTest-1642993262-project] Volume info retrieved successfully.
May 14 15:46:10.013869 dv-cinder-839793-11-smb devstack@c-api.service[121958]: INFO cinder.api.openstack.wsgi [None req-f128a812-254b-482f-9a29-f0e00d255bac tempest-VolumeRetypeWithoutMigrationTest-1642993262 tempest-VolumeRetypeWithoutMigrationTest-1642993262-project] http://10.222.0.48/volume/v3/dd40327c0e864f87bd36ef0701e2fd8b/volumes/e845a9c9-9f01-4b61-b838-188db19b522a returned with HTTP 200
May 14 15:46:10.015209 dv-cinder-839793-11-smb devstack@c-api.service[121958]: [pid: 121958|app: 0|req: 50/94] 10.222.0.48 () {58 vars in 1324 bytes} [Sat May 14 15:46:09 2022] GET /volume/v3/dd40327c0e864f87bd36ef0701e2fd8b/volumes/e845a9c9-9f01-4b61-b838-188db19b522a => generated 926 bytes in 67 msecs (HTTP/1.1 200) 7 headers in 285 bytes (1 switches on core 0)
May 14 15:46:10.029208 dv-cinder-839793-11-smb devstack@c-api.service[121959]: DEBUG cinder.api.middleware.request_id [None req-db9536d8-0edc-47e1-9a51-4a90097d325a None None] RequestId filter calling following filter/app {{(pid=121959) _context_setter /opt/stack/cinder/cinder/api/middleware/request_id.py:62}}
May 14 15:46:10.043520 dv-cinder-839793-11-smb devstack@c-api.service[121959]: INFO cinder.api.openstack.wsgi [None req-db9536d8-0edc-47e1-9a51-4a90097d325a tempest-VolumeRetypeWithoutMigrationTest-173276198 tempest-VolumeRetypeWithoutMigrationTest-173276198-project-admin] GET http://10.222.0.48/volume/v3/55a07dd467554cfd956003ee85d7b922/volumes/e845a9c9-9f01-4b61-b838-188db19b522a
May 14 15:46:10.044660 dv-cinder-839793-11-smb devstack@c-api.service[121959]: DEBUG cinder.api.openstack.wsgi [None req-db9536d8-0edc-47e1-9a51-4a90097d325a tempest-VolumeRetypeWithoutMigrationTest-173276198 tempest-VolumeRetypeWithoutMigrationTest-173276198-project-admin] Empty body provided in request {{(pid=121959) get_body /opt/stack/cinder/cinder/api/openstack/wsgi.py:715}}
May 14 15:46:10.045647 dv-cinder-839793-11-smb devstack@c-api.service[121959]: DEBUG cinder.api.openstack.wsgi [None req-db9536d8-0edc-47e1-9a51-4a90097d325a tempest-VolumeRetypeWithoutMigrationTest-173276198 tempest-VolumeRetypeWithoutMigrationTest-173276198-project-admin] Calling method 'show' {{(pid=121959) _process_stack /opt/stack/cinder/cinder/api/openstack/wsgi.py:868}}
May 14 15:46:10.100249 dv-cinder-839793-11-smb devstack@c-api.service[121958]: DEBUG cinder.api.middleware.request_id [None req-e9586de2-0452-4007-8c62-5019ff9db752 None None] RequestId filter calling following filter/app {{(pid=121958) _context_setter /opt/stack/cinder/cinder/api/middleware/request_id.py:62}}
May 14 15:46:10.107057 dv-cinder-839793-11-smb devstack@c-api.service[121958]: INFO cinder.api.openstack.wsgi [None req-e9586de2-0452-4007-8c62-5019ff9db752 tempest-GroupSnapshotsTest-1635564515 tempest-GroupSnapshotsTest-1635564515-project] GET http://10.222.0.48/volume/v3/5f10bc94b0554a3b8a9998cc53ef0028/groups/97b0bdf8-9078-413d-8ec0-7bd82500ca59
May 14 15:46:10.107575 dv-cinder-839793-11-smb devstack@c-api.service[121958]: DEBUG cinder.api.openstack.wsgi [None req-e9586de2-0452-4007-8c62-5019ff9db752 tempest-GroupSnapshotsTest-1635564515 tempest-GroupSnapshotsTest-1635564515-project] Empty body provided in request {{(pid=121958) get_body /opt/stack/cinder/cinder/api/openstack/wsgi.py:715}}
May 14 15:46:10.108022 dv-cinder-839793-11-smb devstack@c-api.service[121958]: DEBUG cinder.api.openstack.wsgi [None req-e9586de2-0452-4007-8c62-5019ff9db752 tempest-GroupSnapshotsTest-1635564515 tempest-GroupSnapshotsTest-1635564515-project] Calling method 'version_select' {{(pid=121958) _process_stack /opt/stack/cinder/cinder/api/openstack/wsgi.py:868}}
May 14 15:46:10.110026 dv-cinder-839793-11-smb devstack@c-api.service[121958]: DEBUG cinder.api.v3.groups [None req-e9586de2-0452-4007-8c62-5019ff9db752 tempest-GroupSnapshotsTest-1635564515 tempest-GroupSnapshotsTest-1635564515-project] show called for member 97b0bdf8-9078-413d-8ec0-7bd82500ca59 {{(pid=121958) show /opt/stack/cinder/cinder/api/v3/groups.py:58}}
May 14 15:46:10.126351 dv-cinder-839793-11-smb devstack@c-api.service[121958]: /usr/local/lib/python3.8/dist-packages/oslo_context/context.py:100: DeprecationWarning: Policy enforcement is depending on the value of is_admin. This key is deprecated. Please update your policy file to use the standard policy values.
May 14 15:46:10.126351 dv-cinder-839793-11-smb devstack@c-api.service[121958]: warnings.warn('Policy enforcement is depending on the value of '
May 14 15:46:10.212477 dv-cinder-839793-11-smb devstack@c-api.service[121958]: INFO cinder.api.openstack.wsgi [None req-e9586de2-0452-4007-8c62-5019ff9db752 tempest-GroupSnapshotsTest-1635564515 tempest-GroupSnapshotsTest-1635564515-project] http://10.222.0.48/volume/v3/5f10bc94b0554a3b8a9998cc53ef0028/groups/97b0bdf8-9078-413d-8ec0-7bd82500ca59 returned with HTTP 200
May 14 15:46:10.216436 dv-cinder-839793-11-smb devstack@c-api.service[121958]: [pid: 121958|app: 0|req: 51/95] 10.222.0.48 () {60 vars in 1362 bytes} [Sat May 14 15:46:10 2022] GET /volume/v3/5f10bc94b0554a3b8a9998cc53ef0028/groups/97b0bdf8-9078-413d-8ec0-7bd82500ca59 => generated 393 bytes in 117 msecs (HTTP/1.1 200) 7 headers in 286 bytes (1 switches on core 0)
May 14 15:46:10.224391 dv-cinder-839793-11-smb devstack@c-api.service[121958]: DEBUG cinder.api.middleware.request_id [None req-65201c54-5b25-418d-ae87-2dacf358f07a None None] RequestId filter calling following filter/app {{(pid=121958) _context_setter /opt/stack/cinder/cinder/api/middleware/request_id.py:62}}
May 14 15:46:10.234306 dv-cinder-839793-11-smb devstack@c-api.service[121958]: INFO cinder.api.openstack.wsgi [None req-65201c54-5b25-418d-ae87-2dacf358f07a tempest-GroupSnapshotsTest-1635564515 tempest-GroupSnapshotsTest-1635564515-project] PUT http://10.222.0.48/volume/v3/5f10bc94b0554a3b8a9998cc53ef0028/groups/97b0bdf8-9078-413d-8ec0-7bd82500ca59
May 14 15:46:10.236729 dv-cinder-839793-11-smb devstack@c-api.service[121958]: DEBUG cinder.api.openstack.wsgi [None req-65201c54-5b25-418d-ae87-2dacf358f07a tempest-GroupSnapshotsTest-1635564515 tempest-GroupSnapshotsTest-1635564515-project] Action: 'update', calling method: version_select, body: {"group": {"remove_volumes": "ff735c84-40f7-4951-908f-181dcb552bd2"}} {{(pid=121958) _process_stack /opt/stack/cinder/cinder/api/openstack/wsgi.py:866}}
May 14 15:46:10.241614 dv-cinder-839793-11-smb devstack@c-api.service[121958]: DEBUG cinder.api.v3.groups [None req-65201c54-5b25-418d-ae87-2dacf358f07a tempest-GroupSnapshotsTest-1635564515 tempest-GroupSnapshotsTest-1635564515-project] Update called for group 97b0bdf8-9078-413d-8ec0-7bd82500ca59. {{(pid=121958) update /opt/stack/cinder/cinder/api/v3/groups.py:302}}
May 14 15:46:10.242490 dv-cinder-839793-11-smb devstack@c-api.service[121958]: INFO cinder.api.v3.groups [None req-65201c54-5b25-418d-ae87-2dacf358f07a tempest-GroupSnapshotsTest-1635564515 tempest-GroupSnapshotsTest-1635564515-project] Updating group 97b0bdf8-9078-413d-8ec0-7bd82500ca59 with name None description: None add_volumes: None remove_volumes: ff735c84-40f7-4951-908f-181dcb552bd2.
May 14 15:46:10.259110 dv-cinder-839793-11-smb devstack@c-api.service[121959]: /usr/local/lib/python3.8/dist-packages/oslo_context/context.py:100: DeprecationWarning: Policy enforcement is depending on the value of is_admin. This key is deprecated. Please update your policy file to use the standard policy values.
May 14 15:46:10.259110 dv-cinder-839793-11-smb devstack@c-api.service[121959]: warnings.warn('Policy enforcement is depending on the value of '
May 14 15:46:10.264432 dv-cinder-839793-11-smb devstack@c-api.service[121958]: /usr/local/lib/python3.8/dist-packages/oslo_context/context.py:100: DeprecationWarning: Policy enforcement is depending on the value of is_admin. This key is deprecated. Please update your policy file to use the standard policy values.
May 14 15:46:10.264432 dv-cinder-839793-11-smb devstack@c-api.service[121958]: warnings.warn('Policy enforcement is depending on the value of '
May 14 15:46:10.280877 dv-cinder-839793-11-smb devstack@c-api.service[121959]: INFO cinder.volume.api [None req-db9536d8-0edc-47e1-9a51-4a90097d325a tempest-VolumeRetypeWithoutMigrationTest-173276198 tempest-VolumeRetypeWithoutMigrationTest-173276198-project-admin] Volume info retrieved successfully.
May 14 15:46:10.307142 dv-cinder-839793-11-smb devstack@c-api.service[121959]: INFO cinder.api.openstack.wsgi [None req-db9536d8-0edc-47e1-9a51-4a90097d325a tempest-VolumeRetypeWithoutMigrationTest-173276198 tempest-VolumeRetypeWithoutMigrationTest-173276198-project-admin] http://10.222.0.48/volume/v3/55a07dd467554cfd956003ee85d7b922/volumes/e845a9c9-9f01-4b61-b838-188db19b522a returned with HTTP 200
May 14 15:46:10.308456 dv-cinder-839793-11-smb devstack@c-api.service[121959]: [pid: 121959|app: 0|req: 45/96] 10.222.0.48 () {58 vars in 1324 bytes} [Sat May 14 15:46:10 2022] GET /volume/v3/55a07dd467554cfd956003ee85d7b922/volumes/e845a9c9-9f01-4b61-b838-188db19b522a => generated 1092 bytes in 280 msecs (HTTP/1.1 200) 7 headers in 286 bytes (1 switches on core 0)
May 14 15:46:10.324302 dv-cinder-839793-11-smb devstack@c-api.service[121959]: DEBUG cinder.api.middleware.request_id [None req-cf9b4bba-e339-473d-b5ea-00b3ff0b4a8f None None] RequestId filter calling following filter/app {{(pid=121959) _context_setter /opt/stack/cinder/cinder/api/middleware/request_id.py:62}}
May 14 15:46:10.329431 dv-cinder-839793-11-smb devstack@c-api.service[121959]: INFO cinder.api.openstack.wsgi [None req-cf9b4bba-e339-473d-b5ea-00b3ff0b4a8f tempest-VolumeRetypeWithoutMigrationTest-1642993262 tempest-VolumeRetypeWithoutMigrationTest-1642993262-project] POST http://10.222.0.48/volume/v3/dd40327c0e864f87bd36ef0701e2fd8b/volumes/e845a9c9-9f01-4b61-b838-188db19b522a/action
May 14 15:46:10.331530 dv-cinder-839793-11-smb devstack@c-api.service[121959]: DEBUG cinder.api.openstack.wsgi [None req-cf9b4bba-e339-473d-b5ea-00b3ff0b4a8f tempest-VolumeRetypeWithoutMigrationTest-1642993262 tempest-VolumeRetypeWithoutMigrationTest-1642993262-project] Action body: b'{"os-retype": {"new_type": "volume-type-2", "migration_policy": "never"}}' {{(pid=121959) get_method /opt/stack/cinder/cinder/api/openstack/wsgi.py:983}}
May 14 15:46:10.335120 dv-cinder-839793-11-smb devstack@c-api.service[121959]: DEBUG cinder.api.openstack.wsgi [None req-cf9b4bba-e339-473d-b5ea-00b3ff0b4a8f tempest-VolumeRetypeWithoutMigrationTest-1642993262 tempest-VolumeRetypeWithoutMigrationTest-1642993262-project] Action: 'action', calling method: _retype, body: {"os-retype": {"new_type": "volume-type-2", "migration_policy": "never"}} {{(pid=121959) _process_stack /opt/stack/cinder/cinder/api/openstack/wsgi.py:866}}
May 14 15:46:10.341248 dv-cinder-839793-11-smb devstack@c-api.service[121958]: INFO cinder.api.openstack.wsgi [None req-65201c54-5b25-418d-ae87-2dacf358f07a tempest-GroupSnapshotsTest-1635564515 tempest-GroupSnapshotsTest-1635564515-project] http://10.222.0.48/volume/v3/5f10bc94b0554a3b8a9998cc53ef0028/groups/97b0bdf8-9078-413d-8ec0-7bd82500ca59 returned with HTTP 202
May 14 15:46:10.349282 dv-cinder-839793-11-smb devstack@c-api.service[121958]: [pid: 121958|app: 0|req: 52/97] 10.222.0.48 () {62 vars in 1382 bytes} [Sat May 14 15:46:10 2022] PUT /volume/v3/5f10bc94b0554a3b8a9998cc53ef0028/groups/97b0bdf8-9078-413d-8ec0-7bd82500ca59 => generated 0 bytes in 125 msecs (HTTP/1.1 202) 6 headers in 234 bytes (1 switches on core 0)
May 14 15:46:10.359201 dv-cinder-839793-11-smb devstack@c-api.service[121958]: DEBUG cinder.api.middleware.request_id [None req-b024511d-d976-42f9-8f1b-3631d59d91d8 None None] RequestId filter calling following filter/app {{(pid=121958) _context_setter /opt/stack/cinder/cinder/api/middleware/request_id.py:62}}
May 14 15:46:10.378933 dv-cinder-839793-11-smb devstack@c-api.service[121958]: INFO cinder.api.openstack.wsgi [None req-b024511d-d976-42f9-8f1b-3631d59d91d8 tempest-GroupSnapshotsTest-1635564515 tempest-GroupSnapshotsTest-1635564515-project] GET http://10.222.0.48/volume/v3/5f10bc94b0554a3b8a9998cc53ef0028/groups/97b0bdf8-9078-413d-8ec0-7bd82500ca59
May 14 15:46:10.386376 dv-cinder-839793-11-smb devstack@c-api.service[121958]: DEBUG cinder.api.openstack.wsgi [None req-b024511d-d976-42f9-8f1b-3631d59d91d8 tempest-GroupSnapshotsTest-1635564515 tempest-GroupSnapshotsTest-1635564515-project] Empty body provided in request {{(pid=121958) get_body /opt/stack/cinder/cinder/api/openstack/wsgi.py:715}}
May 14 15:46:10.387157 dv-cinder-839793-11-smb devstack@c-api.service[121958]: DEBUG cinder.api.openstack.wsgi [None req-b024511d-d976-42f9-8f1b-3631d59d91d8 tempest-GroupSnapshotsTest-1635564515 tempest-GroupSnapshotsTest-1635564515-project] Calling method 'version_select' {{(pid=121958) _process_stack /opt/stack/cinder/cinder/api/openstack/wsgi.py:868}}
May 14 15:46:10.391511 dv-cinder-839793-11-smb devstack@c-api.service[121959]: /usr/local/lib/python3.8/dist-packages/oslo_context/context.py:100: DeprecationWarning: Policy enforcement is depending on the value of is_admin. This key is deprecated. Please update your policy file to use the standard policy values.
May 14 15:46:10.391511 dv-cinder-839793-11-smb devstack@c-api.service[121959]: warnings.warn('Policy enforcement is depending on the value of '
May 14 15:46:10.392277 dv-cinder-839793-11-smb devstack@c-api.service[121958]: DEBUG cinder.api.v3.groups [None req-b024511d-d976-42f9-8f1b-3631d59d91d8 tempest-GroupSnapshotsTest-1635564515 tempest-GroupSnapshotsTest-1635564515-project] show called for member 97b0bdf8-9078-413d-8ec0-7bd82500ca59 {{(pid=121958) show /opt/stack/cinder/cinder/api/v3/groups.py:58}}
May 14 15:46:10.408770 dv-cinder-839793-11-smb devstack@c-api.service[121959]: INFO cinder.volume.api [None req-cf9b4bba-e339-473d-b5ea-00b3ff0b4a8f tempest-VolumeRetypeWithoutMigrationTest-1642993262 tempest-VolumeRetypeWithoutMigrationTest-1642993262-project] Volume info retrieved successfully.
May 14 15:46:10.418069 dv-cinder-839793-11-smb devstack@c-api.service[121958]: /usr/local/lib/python3.8/dist-packages/oslo_context/context.py:100: DeprecationWarning: Policy enforcement is depending on the value of is_admin. This key is deprecated. Please update your policy file to use the standard policy values.
May 14 15:46:10.418069 dv-cinder-839793-11-smb devstack@c-api.service[121958]: warnings.warn('Policy enforcement is depending on the value of '
May 14 15:46:10.473475 dv-cinder-839793-11-smb devstack@c-api.service[121958]: INFO cinder.api.openstack.wsgi [None req-b024511d-d976-42f9-8f1b-3631d59d91d8 tempest-GroupSnapshotsTest-1635564515 tempest-GroupSnapshotsTest-1635564515-project] http://10.222.0.48/volume/v3/5f10bc94b0554a3b8a9998cc53ef0028/groups/97b0bdf8-9078-413d-8ec0-7bd82500ca59 returned with HTTP 200
May 14 15:46:10.474273 dv-cinder-839793-11-smb devstack@c-api.service[121958]: [pid: 121958|app: 0|req: 53/98] 10.222.0.48 () {60 vars in 1362 bytes} [Sat May 14 15:46:10 2022] GET /volume/v3/5f10bc94b0554a3b8a9998cc53ef0028/groups/97b0bdf8-9078-413d-8ec0-7bd82500ca59 => generated 393 bytes in 124 msecs (HTTP/1.1 200) 7 headers in 286 bytes (1 switches on core 0)
May 14 15:46:10.482937 dv-cinder-839793-11-smb devstack@c-api.service[121958]: DEBUG cinder.api.middleware.request_id [None req-254d091d-fca0-4592-82d6-13579fe19003 None None] RequestId filter calling following filter/app {{(pid=121958) _context_setter /opt/stack/cinder/cinder/api/middleware/request_id.py:62}}
May 14 15:46:10.488116 dv-cinder-839793-11-smb devstack@c-api.service[121958]: INFO cinder.api.openstack.wsgi [None req-254d091d-fca0-4592-82d6-13579fe19003 tempest-GroupSnapshotsTest-1635564515 tempest-GroupSnapshotsTest-1635564515-project] PUT http://10.222.0.48/volume/v3/5f10bc94b0554a3b8a9998cc53ef0028/groups/97b0bdf8-9078-413d-8ec0-7bd82500ca59
May 14 15:46:10.489223 dv-cinder-839793-11-smb devstack@c-api.service[121958]: DEBUG cinder.api.openstack.wsgi [None req-254d091d-fca0-4592-82d6-13579fe19003 tempest-GroupSnapshotsTest-1635564515 tempest-GroupSnapshotsTest-1635564515-project] Action: 'update', calling method: version_select, body: {"group": {"add_volumes": "ff735c84-40f7-4951-908f-181dcb552bd2"}} {{(pid=121958) _process_stack /opt/stack/cinder/cinder/api/openstack/wsgi.py:866}}
May 14 15:46:10.491014 dv-cinder-839793-11-smb devstack@c-api.service[121958]: DEBUG cinder.api.v3.groups [None req-254d091d-fca0-4592-82d6-13579fe19003 tempest-GroupSnapshotsTest-1635564515 tempest-GroupSnapshotsTest-1635564515-project] Update called for group 97b0bdf8-9078-413d-8ec0-7bd82500ca59. {{(pid=121958) update /opt/stack/cinder/cinder/api/v3/groups.py:302}}
May 14 15:46:10.491313 dv-cinder-839793-11-smb devstack@c-api.service[121958]: INFO cinder.api.v3.groups [None req-254d091d-fca0-4592-82d6-13579fe19003 tempest-GroupSnapshotsTest-1635564515 tempest-GroupSnapshotsTest-1635564515-project] Updating group 97b0bdf8-9078-413d-8ec0-7bd82500ca59 with name None description: None add_volumes: ff735c84-40f7-4951-908f-181dcb552bd2 remove_volumes: None.
May 14 15:46:10.511113 dv-cinder-839793-11-smb devstack@c-api.service[121958]: /usr/local/lib/python3.8/dist-packages/oslo_context/context.py:100: DeprecationWarning: Policy enforcement is depending on the value of is_admin. This key is deprecated. Please update your policy file to use the standard policy values.
May 14 15:46:10.511113 dv-cinder-839793-11-smb devstack@c-api.service[121958]: warnings.warn('Policy enforcement is depending on the value of '
May 14 15:46:10.528304 dv-cinder-839793-11-smb devstack@c-api.service[121959]: WARNING cinder.quota [None req-cf9b4bba-e339-473d-b5ea-00b3ff0b4a8f tempest-VolumeRetypeWithoutMigrationTest-1642993262 tempest-VolumeRetypeWithoutMigrationTest-1642993262-project] Deprecated: Default quota for resource: volumes_volume-type-2 is set by the default quota flag: quota_volumes_volume-type-2, it is now deprecated. Please use the default quota class for default quota.
May 14 15:46:10.529100 dv-cinder-839793-11-smb devstack@c-api.service[121959]: WARNING cinder.quota [None req-cf9b4bba-e339-473d-b5ea-00b3ff0b4a8f tempest-VolumeRetypeWithoutMigrationTest-1642993262 tempest-VolumeRetypeWithoutMigrationTest-1642993262-project] Deprecated: Default quota for resource: gigabytes_volume-type-2 is set by the default quota flag: quota_gigabytes_volume-type-2, it is now deprecated. Please use the default quota class for default quota.
May 14 15:46:10.618057 dv-cinder-839793-11-smb devstack@c-api.service[121958]: INFO cinder.api.openstack.wsgi [None req-254d091d-fca0-4592-82d6-13579fe19003 tempest-GroupSnapshotsTest-1635564515 tempest-GroupSnapshotsTest-1635564515-project] http://10.222.0.48/volume/v3/5f10bc94b0554a3b8a9998cc53ef0028/groups/97b0bdf8-9078-413d-8ec0-7bd82500ca59 returned with HTTP 202
May 14 15:46:10.619369 dv-cinder-839793-11-smb devstack@c-api.service[121958]: [pid: 121958|app: 0|req: 54/99] 10.222.0.48 () {62 vars in 1382 bytes} [Sat May 14 15:46:10 2022] PUT /volume/v3/5f10bc94b0554a3b8a9998cc53ef0028/groups/97b0bdf8-9078-413d-8ec0-7bd82500ca59 => generated 0 bytes in 137 msecs (HTTP/1.1 202) 6 headers in 234 bytes (1 switches on core 0)
May 14 15:46:10.624164 dv-cinder-839793-11-smb devstack@c-api.service[121958]: DEBUG cinder.api.middleware.request_id [None req-03da584a-8576-4b51-9b87-20d81a6e3dbf None None] RequestId filter calling following filter/app {{(pid=121958) _context_setter /opt/stack/cinder/cinder/api/middleware/request_id.py:62}}
May 14 15:46:10.629582 dv-cinder-839793-11-smb devstack@c-api.service[121958]: INFO cinder.api.openstack.wsgi [None req-03da584a-8576-4b51-9b87-20d81a6e3dbf tempest-GroupSnapshotsTest-1635564515 tempest-GroupSnapshotsTest-1635564515-project] GET http://10.222.0.48/volume/v3/5f10bc94b0554a3b8a9998cc53ef0028/groups/97b0bdf8-9078-413d-8ec0-7bd82500ca59
May 14 15:46:10.630060 dv-cinder-839793-11-smb devstack@c-api.service[121959]: DEBUG cinder.quota [None req-cf9b4bba-e339-473d-b5ea-00b3ff0b4a8f tempest-VolumeRetypeWithoutMigrationTest-1642993262 tempest-VolumeRetypeWithoutMigrationTest-1642993262-project] Created reservations ['46a52d1b-490b-490d-b394-4085d2ed688b', 'abf26a9a-04a0-4568-b159-b6c3d7d7da18'] {{(pid=121959) reserve /opt/stack/cinder/cinder/quota.py:755}}
May 14 15:46:10.630734 dv-cinder-839793-11-smb devstack@c-api.service[121958]: DEBUG cinder.api.openstack.wsgi [None req-03da584a-8576-4b51-9b87-20d81a6e3dbf tempest-GroupSnapshotsTest-1635564515 tempest-GroupSnapshotsTest-1635564515-project] Empty body provided in request {{(pid=121958) get_body /opt/stack/cinder/cinder/api/openstack/wsgi.py:715}}
May 14 15:46:10.631459 dv-cinder-839793-11-smb devstack@c-api.service[121958]: DEBUG cinder.api.openstack.wsgi [None req-03da584a-8576-4b51-9b87-20d81a6e3dbf tempest-GroupSnapshotsTest-1635564515 tempest-GroupSnapshotsTest-1635564515-project] Calling method 'version_select' {{(pid=121958) _process_stack /opt/stack/cinder/cinder/api/openstack/wsgi.py:868}}
May 14 15:46:10.632574 dv-cinder-839793-11-smb devstack@c-api.service[121958]: DEBUG cinder.api.v3.groups [None req-03da584a-8576-4b51-9b87-20d81a6e3dbf tempest-GroupSnapshotsTest-1635564515 tempest-GroupSnapshotsTest-1635564515-project] show called for member 97b0bdf8-9078-413d-8ec0-7bd82500ca59 {{(pid=121958) show /opt/stack/cinder/cinder/api/v3/groups.py:58}}
May 14 15:46:10.644854 dv-cinder-839793-11-smb devstack@c-api.service[121958]: /usr/local/lib/python3.8/dist-packages/oslo_context/context.py:100: DeprecationWarning: Policy enforcement is depending on the value of is_admin. This key is deprecated. Please update your policy file to use the standard policy values.
May 14 15:46:10.644854 dv-cinder-839793-11-smb devstack@c-api.service[121958]: warnings.warn('Policy enforcement is depending on the value of '
May 14 15:46:10.679646 dv-cinder-839793-11-smb devstack@c-api.service[121958]: INFO cinder.api.openstack.wsgi [None req-03da584a-8576-4b51-9b87-20d81a6e3dbf tempest-GroupSnapshotsTest-1635564515 tempest-GroupSnapshotsTest-1635564515-project] http://10.222.0.48/volume/v3/5f10bc94b0554a3b8a9998cc53ef0028/groups/97b0bdf8-9078-413d-8ec0-7bd82500ca59 returned with HTTP 200
May 14 15:46:10.682920 dv-cinder-839793-11-smb devstack@c-api.service[121958]: [pid: 121958|app: 0|req: 55/100] 10.222.0.48 () {60 vars in 1362 bytes} [Sat May 14 15:46:10 2022] GET /volume/v3/5f10bc94b0554a3b8a9998cc53ef0028/groups/97b0bdf8-9078-413d-8ec0-7bd82500ca59 => generated 392 bytes in 60 msecs (HTTP/1.1 200) 7 headers in 286 bytes (2 switches on core 0)
May 14 15:46:10.727466 dv-cinder-839793-11-smb devstack@c-api.service[121959]: DEBUG cinder.quota [None req-cf9b4bba-e339-473d-b5ea-00b3ff0b4a8f tempest-VolumeRetypeWithoutMigrationTest-1642993262 tempest-VolumeRetypeWithoutMigrationTest-1642993262-project] Created reservations ['01e6cfcf-1d7e-407e-b72f-144cc32fbc47', 'cafc6370-7e40-46e9-b861-fa4bbcd7c2e8'] {{(pid=121959) reserve /opt/stack/cinder/cinder/quota.py:755}}
May 14 15:46:10.749325 dv-cinder-839793-11-smb devstack@c-api.service[121959]: /opt/stack/cinder/cinder/db/sqlalchemy/api.py:3124: SADeprecationWarning: The SelectBase.as_scalar() method is deprecated and will be removed in a future release. Please refer to SelectBase.scalar_subquery(). (deprecated since: 1.4)
May 14 15:46:10.749325 dv-cinder-839793-11-smb devstack@c-api.service[121959]: models.VolumeType.qos_specs_id == q.as_scalar())),
May 14 15:46:10.910478 dv-cinder-839793-11-smb devstack@c-api.service[121959]: INFO cinder.volume.api [None req-cf9b4bba-e339-473d-b5ea-00b3ff0b4a8f tempest-VolumeRetypeWithoutMigrationTest-1642993262 tempest-VolumeRetypeWithoutMigrationTest-1642993262-project] Retype volume request issued successfully.
May 14 15:46:10.915443 dv-cinder-839793-11-smb devstack@c-api.service[121959]: INFO cinder.api.openstack.wsgi [None req-cf9b4bba-e339-473d-b5ea-00b3ff0b4a8f tempest-VolumeRetypeWithoutMigrationTest-1642993262 tempest-VolumeRetypeWithoutMigrationTest-1642993262-project] http://10.222.0.48/volume/v3/dd40327c0e864f87bd36ef0701e2fd8b/volumes/e845a9c9-9f01-4b61-b838-188db19b522a/action returned with HTTP 202
May 14 15:46:10.919530 dv-cinder-839793-11-smb devstack@c-api.service[121959]: [pid: 121959|app: 0|req: 46/101] 10.222.0.48 () {60 vars in 1366 bytes} [Sat May 14 15:46:10 2022] POST /volume/v3/dd40327c0e864f87bd36ef0701e2fd8b/volumes/e845a9c9-9f01-4b61-b838-188db19b522a/action => generated 0 bytes in 598 msecs (HTTP/1.1 202) 7 headers in 289 bytes (2 switches on core 0)
May 14 15:46:10.924128 dv-cinder-839793-11-smb devstack@c-api.service[121958]: DEBUG cinder.api.middleware.request_id [None req-7848a039-62c9-489d-9a67-21098f3002f5 None None] RequestId filter calling following filter/app {{(pid=121958) _context_setter /opt/stack/cinder/cinder/api/middleware/request_id.py:62}}
May 14 15:46:10.929271 dv-cinder-839793-11-smb devstack@c-api.service[121958]: INFO cinder.api.openstack.wsgi [None req-7848a039-62c9-489d-9a67-21098f3002f5 tempest-VolumeRetypeWithoutMigrationTest-1642993262 tempest-VolumeRetypeWithoutMigrationTest-1642993262-project] GET http://10.222.0.48/volume/v3/dd40327c0e864f87bd36ef0701e2fd8b/volumes/e845a9c9-9f01-4b61-b838-188db19b522a
May 14 15:46:10.929960 dv-cinder-839793-11-smb devstack@c-api.service[121958]: DEBUG cinder.api.openstack.wsgi [None req-7848a039-62c9-489d-9a67-21098f3002f5 tempest-VolumeRetypeWithoutMigrationTest-1642993262 tempest-VolumeRetypeWithoutMigrationTest-1642993262-project] Empty body provided in request {{(pid=121958) get_body /opt/stack/cinder/cinder/api/openstack/wsgi.py:715}}
May 14 15:46:10.930502 dv-cinder-839793-11-smb devstack@c-api.service[121958]: DEBUG cinder.api.openstack.wsgi [None req-7848a039-62c9-489d-9a67-21098f3002f5 tempest-VolumeRetypeWithoutMigrationTest-1642993262 tempest-VolumeRetypeWithoutMigrationTest-1642993262-project] Calling method 'show' {{(pid=121958) _process_stack /opt/stack/cinder/cinder/api/openstack/wsgi.py:868}}
May 14 15:46:10.950955 dv-cinder-839793-11-smb devstack@c-api.service[121958]: /usr/local/lib/python3.8/dist-packages/oslo_context/context.py:100: DeprecationWarning: Policy enforcement is depending on the value of is_admin. This key is deprecated. Please update your policy file to use the standard policy values.
May 14 15:46:10.950955 dv-cinder-839793-11-smb devstack@c-api.service[121958]: warnings.warn('Policy enforcement is depending on the value of '
May 14 15:46:10.965764 dv-cinder-839793-11-smb devstack@c-api.service[121958]: INFO cinder.volume.api [None req-7848a039-62c9-489d-9a67-21098f3002f5 tempest-VolumeRetypeWithoutMigrationTest-1642993262 tempest-VolumeRetypeWithoutMigrationTest-1642993262-project] Volume info retrieved successfully.
May 14 15:46:11.010472 dv-cinder-839793-11-smb devstack@c-api.service[121958]: INFO cinder.api.openstack.wsgi [None req-7848a039-62c9-489d-9a67-21098f3002f5 tempest-VolumeRetypeWithoutMigrationTest-1642993262 tempest-VolumeRetypeWithoutMigrationTest-1642993262-project] http://10.222.0.48/volume/v3/dd40327c0e864f87bd36ef0701e2fd8b/volumes/e845a9c9-9f01-4b61-b838-188db19b522a returned with HTTP 200
May 14 15:46:11.012706 dv-cinder-839793-11-smb devstack@c-api.service[121958]: [pid: 121958|app: 0|req: 56/102] 10.222.0.48 () {58 vars in 1324 bytes} [Sat May 14 15:46:10 2022] GET /volume/v3/dd40327c0e864f87bd36ef0701e2fd8b/volumes/e845a9c9-9f01-4b61-b838-188db19b522a => generated 925 bytes in 92 msecs (HTTP/1.1 200) 7 headers in 285 bytes (1 switches on core 0)
May 14 15:46:11.690040 dv-cinder-839793-11-smb devstack@c-api.service[121959]: DEBUG cinder.api.middleware.request_id [None req-af132e3c-a7e4-4577-947d-0ba3220b9143 None None] RequestId filter calling following filter/app {{(pid=121959) _context_setter /opt/stack/cinder/cinder/api/middleware/request_id.py:62}}
May 14 15:46:11.695372 dv-cinder-839793-11-smb devstack@c-api.service[121959]: INFO cinder.api.openstack.wsgi [None req-af132e3c-a7e4-4577-947d-0ba3220b9143 tempest-GroupSnapshotsTest-1635564515 tempest-GroupSnapshotsTest-1635564515-project] GET http://10.222.0.48/volume/v3/5f10bc94b0554a3b8a9998cc53ef0028/groups/97b0bdf8-9078-413d-8ec0-7bd82500ca59
May 14 15:46:11.695879 dv-cinder-839793-11-smb devstack@c-api.service[121959]: DEBUG cinder.api.openstack.wsgi [None req-af132e3c-a7e4-4577-947d-0ba3220b9143 tempest-GroupSnapshotsTest-1635564515 tempest-GroupSnapshotsTest-1635564515-project] Empty body provided in request {{(pid=121959) get_body /opt/stack/cinder/cinder/api/openstack/wsgi.py:715}}
May 14 15:46:11.696339 dv-cinder-839793-11-smb devstack@c-api.service[121959]: DEBUG cinder.api.openstack.wsgi [None req-af132e3c-a7e4-4577-947d-0ba3220b9143 tempest-GroupSnapshotsTest-1635564515 tempest-GroupSnapshotsTest-1635564515-project] Calling method 'version_select' {{(pid=121959) _process_stack /opt/stack/cinder/cinder/api/openstack/wsgi.py:868}}
