Aug 30 12:08:20.436925 dv-cinder-839768-2-iscsi neutron-server[106962]: DEBUG neutron.api.rpc.handlers.resources_rpc [None req-3f0acd3f-97a0-454f-92fd-c74a00e1bf61 admin admin] Pushing event updated for resources: {'SecurityGroup': ['ID=27a500f6-70be-424b-bd98-5b5217e8d5f8,revision_number=1']} {{(pid=106962) push /opt/stack/neutron/neutron/api/rpc/handlers/resources_rpc.py:237}}
Aug 30 12:08:20.482767 dv-cinder-839768-2-iscsi neutron-server[106962]: DEBUG neutron.api.rpc.handlers.resources_rpc [None req-70bb7c14-663d-4562-9ec5-6eb98eef4a0e admin admin] Pushing event deleted for resources: {'SecurityGroup': ['ID=188e0dc9-fc0f-4513-9af1-9c0896b422c5,revision_number=None']} {{(pid=106962) push /opt/stack/neutron/neutron/api/rpc/handlers/resources_rpc.py:237}}
Aug 30 12:08:20.580681 dv-cinder-839768-2-iscsi neutron-server[106961]: DEBUG novaclient.v2.client [-] RESP: [200] Connection: close Content-Length: 179 Content-Type: application/json Date: Tue, 30 Aug 2022 12:08:20 GMT OpenStack-API-Version: compute 2.1 Server: Apache/2.4.41 (Ubuntu) Vary: OpenStack-API-Version,X-OpenStack-Nova-API-Version X-OpenStack-Nova-API-Version: 2.1 x-compute-request-id: req-13f95d6a-e35b-431b-ba0b-ad2deb2a4c4f x-openstack-request-id: req-13f95d6a-e35b-431b-ba0b-ad2deb2a4c4f {{(pid=106961) _http_log_response /usr/local/lib/python3.8/dist-packages/keystoneauth1/session.py:550}}
Aug 30 12:08:20.581218 dv-cinder-839768-2-iscsi neutron-server[106961]: DEBUG novaclient.v2.client [-] RESP BODY: {"events": [{"name": "network-changed", "server_uuid": "294a2d1c-a5ff-4f5e-945f-03a42a7800cc", "tag": "1a156fe5-05f5-48b0-bb53-3f8c98e5846a", "status": "completed", "code": 200}]} {{(pid=106961) _http_log_response /usr/local/lib/python3.8/dist-packages/keystoneauth1/session.py:582}}
Aug 30 12:08:20.581336 dv-cinder-839768-2-iscsi neutron-server[106961]: DEBUG novaclient.v2.client [-] POST call to compute for http://10.222.0.42/compute/v2.1/os-server-external-events used request id req-13f95d6a-e35b-431b-ba0b-ad2deb2a4c4f {{(pid=106961) request /usr/local/lib/python3.8/dist-packages/keystoneauth1/session.py:954}}
Aug 30 12:08:20.581940 dv-cinder-839768-2-iscsi neutron-server[106961]: INFO neutron.notifiers.nova [-] Nova event matching ['req-13f95d6a-e35b-431b-ba0b-ad2deb2a4c4f'] response: {'name': 'network-changed', 'server_uuid': '294a2d1c-a5ff-4f5e-945f-03a42a7800cc', 'tag': '1a156fe5-05f5-48b0-bb53-3f8c98e5846a', 'status': 'completed', 'code': 200}
Aug 30 12:08:20.607155 dv-cinder-839768-2-iscsi neutron-server[106961]: DEBUG neutron.pecan_wsgi.hooks.policy_enforcement [req-a3b28fc8-9499-4523-b107-b84fa2c8bfa5 req-9c5a0426-d10c-4f2c-aa7d-0dcc121c0a89 service neutron] Attributes excluded by policy engine: ['standard_attr_id'] {{(pid=106961) _exclude_attributes_by_policy /opt/stack/neutron/neutron/pecan_wsgi/hooks/policy_enforcement.py:259}}
Aug 30 12:08:20.607155 dv-cinder-839768-2-iscsi neutron-server[106961]: INFO neutron.wsgi [req-a3b28fc8-9499-4523-b107-b84fa2c8bfa5 req-9c5a0426-d10c-4f2c-aa7d-0dcc121c0a89 service neutron] 10.222.0.26 "GET /networking/v2.0/ports?tenant_id=218bec3fcc71460eb8b7f89ecf66b816&device_id=294a2d1c-a5ff-4f5e-945f-03a42a7800cc HTTP/1.1" status: 200 len: 1127 time: 0.2036767
Aug 30 12:08:20.622126 dv-cinder-839768-2-iscsi neutron-server[106961]: DEBUG neutron_lib.callbacks.manager [None req-c21644fb-3369-4875-b875-e29f89854199 admin admin] Publish callbacks [] for security_group (27a500f6-70be-424b-bd98-5b5217e8d5f8), before_delete {{(pid=106961) _notify_loop /usr/local/lib/python3.8/dist-packages/neutron_lib/callbacks/manager.py:176}}
Aug 30 12:08:20.662534 dv-cinder-839768-2-iscsi neutron-server[106961]: DEBUG neutron_lib.callbacks.manager [None req-c21644fb-3369-4875-b875-e29f89854199 admin admin] Publish callbacks [] for security_group (27a500f6-70be-424b-bd98-5b5217e8d5f8), precommit_delete {{(pid=106961) _notify_loop /usr/local/lib/python3.8/dist-packages/neutron_lib/callbacks/manager.py:176}}
Aug 30 12:08:20.709659 dv-cinder-839768-2-iscsi neutron-server[106962]: DEBUG dbcounter [-] [106962] Writing DB stats neutron:SELECT=84,neutron:INSERT=11,neutron:UPDATE=1,neutron:DELETE=4 {{(pid=106962) stat_writer /usr/local/lib/python3.8/dist-packages/dbcounter.py:114}}
Aug 30 12:08:20.731534 dv-cinder-839768-2-iscsi neutron-server[106961]: INFO neutron.wsgi [req-a3b28fc8-9499-4523-b107-b84fa2c8bfa5 req-84c15c77-8291-4a9b-8da5-14a63736ca5a service neutron] 10.222.0.26 "GET /networking/v2.0/floatingips?fixed_ip_address=172.20.0.7&port_id=1a156fe5-05f5-48b0-bb53-3f8c98e5846a HTTP/1.1" status: 200 len: 217 time: 0.0598860
Aug 30 12:08:20.855414 dv-cinder-839768-2-iscsi neutron-server[106961]: DEBUG neutron.pecan_wsgi.hooks.policy_enforcement [req-a3b28fc8-9499-4523-b107-b84fa2c8bfa5 req-be1f5221-ef38-458a-a179-3b0a6135ac09 service neutron] Attributes excluded by policy engine: ['standard_attr_id', 'shared'] {{(pid=106961) _exclude_attributes_by_policy /opt/stack/neutron/neutron/pecan_wsgi/hooks/policy_enforcement.py:259}}
Aug 30 12:08:20.866396 dv-cinder-839768-2-iscsi neutron-server[106961]: INFO neutron.wsgi [req-a3b28fc8-9499-4523-b107-b84fa2c8bfa5 req-be1f5221-ef38-458a-a179-3b0a6135ac09 service neutron] 10.222.0.26 "GET /networking/v2.0/subnets?id=00e3f169-a407-4136-9630-1c8878b47c93 HTTP/1.1" status: 200 len: 855 time: 0.1086171
Aug 30 12:08:20.866517 dv-cinder-839768-2-iscsi neutron-server[106962]: DEBUG neutron.pecan_wsgi.hooks.policy_enforcement [req-29ac3d92-25ef-4c58-876f-de5e51585c5d req-8ad8f237-a96e-4a2a-b318-a653e7e1bd7b tempest-DeleteServersTestJSON-258801601 tempest-DeleteServersTestJSON-258801601-project] Attributes excluded by policy engine: ['standard_attr_id', 'binding:profile', 'binding:host_id', 'binding:vif_type', 'binding:vif_details'] {{(pid=106962) _exclude_attributes_by_policy /opt/stack/neutron/neutron/pecan_wsgi/hooks/policy_enforcement.py:259}}
Aug 30 12:08:20.874111 dv-cinder-839768-2-iscsi neutron-server[106962]: INFO neutron.wsgi [req-29ac3d92-25ef-4c58-876f-de5e51585c5d req-8ad8f237-a96e-4a2a-b318-a653e7e1bd7b tempest-DeleteServersTestJSON-258801601 tempest-DeleteServersTestJSON-258801601-project] 10.222.0.42 "GET /networking/v2.0/ports?device_id=ce796eb4-8b4c-4bfd-9192-af2720e5ffe7 HTTP/1.1" status: 200 len: 943 time: 0.1183832
Aug 30 12:08:20.956607 dv-cinder-839768-2-iscsi neutron-server[106961]: DEBUG neutron_lib.callbacks.manager [None req-c21644fb-3369-4875-b875-e29f89854199 admin admin] Publish callbacks ['neutron.plugins.ml2.ovo_rpc._ObjectChangeHandler.handle_event-1683697'] for security_group (27a500f6-70be-424b-bd98-5b5217e8d5f8), after_delete {{(pid=106961) _notify_loop /usr/local/lib/python3.8/dist-packages/neutron_lib/callbacks/manager.py:176}}
Aug 30 12:08:20.959215 dv-cinder-839768-2-iscsi neutron-server[106961]: DEBUG neutron_lib.callbacks.manager [None req-c21644fb-3369-4875-b875-e29f89854199 admin admin] Publish callbacks [] for security_group (None), before_response {{(pid=106961) _notify_loop /usr/local/lib/python3.8/dist-packages/neutron_lib/callbacks/manager.py:176}}
Aug 30 12:08:20.963906 dv-cinder-839768-2-iscsi neutron-server[106961]: INFO neutron.wsgi [None req-c21644fb-3369-4875-b875-e29f89854199 admin admin] 10.222.0.42 "DELETE /networking/v2.0/security-groups/27a500f6-70be-424b-bd98-5b5217e8d5f8 HTTP/1.1" status: 204 len: 168 time: 0.5281458
Aug 30 12:08:20.974435 dv-cinder-839768-2-iscsi neutron-server[106962]: INFO neutron.wsgi [req-29ac3d92-25ef-4c58-876f-de5e51585c5d req-d972d3ea-0d4b-4362-86a5-a489d1e3cf0f tempest-DeleteServersTestJSON-258801601 tempest-DeleteServersTestJSON-258801601-project] 10.222.0.42 "GET /networking/v2.0/security-groups?id=b0dd792f-8716-4e91-9a06-fcfa7e9b48a7&fields=id&fields=name HTTP/1.1" status: 200 len: 286 time: 0.0963538
Aug 30 12:08:21.001475 dv-cinder-839768-2-iscsi neutron-server[106961]: DEBUG neutron.pecan_wsgi.hooks.policy_enforcement [req-a3b28fc8-9499-4523-b107-b84fa2c8bfa5 req-1209e3b0-44b3-4d99-ab3a-9f8c24f931bf service neutron] Attributes excluded by policy engine: ['standard_attr_id'] {{(pid=106961) _exclude_attributes_by_policy /opt/stack/neutron/neutron/pecan_wsgi/hooks/policy_enforcement.py:259}}
Aug 30 12:08:21.003078 dv-cinder-839768-2-iscsi neutron-server[106961]: INFO neutron.wsgi [req-a3b28fc8-9499-4523-b107-b84fa2c8bfa5 req-1209e3b0-44b3-4d99-ab3a-9f8c24f931bf service neutron] 10.222.0.26 "GET /networking/v2.0/ports?network_id=d40ebbd7-73a7-4467-b2ec-337128c5f770&device_owner=network%3Adhcp HTTP/1.1" status: 200 len: 1212 time: 0.1388199
Aug 30 12:08:21.011371 dv-cinder-839768-2-iscsi neutron-server[106961]: DEBUG neutron.api.rpc.handlers.resources_rpc [None req-c21644fb-3369-4875-b875-e29f89854199 admin admin] Pushing event deleted for resources: {'SecurityGroup': ['ID=27a500f6-70be-424b-bd98-5b5217e8d5f8,revision_number=None']} {{(pid=106961) push /opt/stack/neutron/neutron/api/rpc/handlers/resources_rpc.py:237}}
Aug 30 12:08:21.159349 dv-cinder-839768-2-iscsi neutron-server[106961]: DEBUG neutron.pecan_wsgi.hooks.policy_enforcement [req-54af2806-7e0b-4631-92b4-721f06900af0 req-ab2ae47c-1ae0-4fbb-a6d9-4e390d5f4dac tempest-AttachVolumeShelveTestJSON-2131757082 tempest-AttachVolumeShelveTestJSON-2131757082-project] Attributes excluded by policy engine: ['standard_attr_id', 'binding:profile', 'binding:host_id', 'binding:vif_type', 'binding:vif_details'] {{(pid=106961) _exclude_attributes_by_policy /opt/stack/neutron/neutron/pecan_wsgi/hooks/policy_enforcement.py:259}}
Aug 30 12:08:21.166221 dv-cinder-839768-2-iscsi neutron-server[106961]: INFO neutron.wsgi [req-54af2806-7e0b-4631-92b4-721f06900af0 req-ab2ae47c-1ae0-4fbb-a6d9-4e390d5f4dac tempest-AttachVolumeShelveTestJSON-2131757082 tempest-AttachVolumeShelveTestJSON-2131757082-project] 10.222.0.42 "GET /networking/v2.0/ports?device_id=294a2d1c-a5ff-4f5e-945f-03a42a7800cc HTTP/1.1" status: 200 len: 943 time: 0.1524966
Aug 30 12:08:21.250803 dv-cinder-839768-2-iscsi neutron-server[106961]: INFO neutron.wsgi [req-a3b28fc8-9499-4523-b107-b84fa2c8bfa5 req-fecbf3c7-c0c7-47f4-ae2b-e84208ebb374 service neutron] 10.222.0.26 "GET /networking/v2.0/networks/d40ebbd7-73a7-4467-b2ec-337128c5f770?fields=segments HTTP/1.1" status: 200 len: 212 time: 0.2205124
Aug 30 12:08:21.260955 dv-cinder-839768-2-iscsi neutron-server[106961]: INFO neutron.wsgi [req-54af2806-7e0b-4631-92b4-721f06900af0 req-eb4d459f-dc40-4ebd-a5b5-939933f14bdf tempest-AttachVolumeShelveTestJSON-2131757082 tempest-AttachVolumeShelveTestJSON-2131757082-project] 10.222.0.42 "GET /networking/v2.0/security-groups?id=0f102e4f-4468-49ab-9326-0c1b3726f309&fields=id&fields=name HTTP/1.1" status: 200 len: 313 time: 0.0937264
Aug 30 12:08:21.415149 dv-cinder-839768-2-iscsi neutron-server[106961]: INFO neutron.wsgi [req-a3b28fc8-9499-4523-b107-b84fa2c8bfa5 req-93e19eff-8633-434b-966d-dd11687cbb3f service neutron] 10.222.0.26 "GET /networking/v2.0/networks/d40ebbd7-73a7-4467-b2ec-337128c5f770?fields=provider%3Aphysical_network&fields=provider%3Anetwork_type HTTP/1.1" status: 200 len: 281 time: 0.1425393
Aug 30 12:08:21.584432 dv-cinder-839768-2-iscsi neutron-server[106962]: DEBUG neutron.pecan_wsgi.hooks.policy_enforcement [req-7ac1e259-f1f8-4010-a4a7-9d602168f5c0 req-02356343-da80-45dd-a3e5-e7d0681c4d6c tempest-ServerRescueNegativeTestJSON-525833633 tempest-ServerRescueNegativeTestJSON-525833633-project] Attributes excluded by policy engine: ['standard_attr_id', 'binding:profile', 'binding:host_id', 'binding:vif_type', 'binding:vif_details'] {{(pid=106962) _exclude_attributes_by_policy /opt/stack/neutron/neutron/pecan_wsgi/hooks/policy_enforcement.py:259}}
Aug 30 12:08:21.586143 dv-cinder-839768-2-iscsi neutron-server[106962]: INFO neutron.wsgi [req-7ac1e259-f1f8-4010-a4a7-9d602168f5c0 req-02356343-da80-45dd-a3e5-e7d0681c4d6c tempest-ServerRescueNegativeTestJSON-525833633 tempest-ServerRescueNegativeTestJSON-525833633-project] 10.222.0.42 "GET /networking/v2.0/ports?device_id=393867e8-3598-4477-a515-e0e91f5ff5df HTTP/1.1" status: 200 len: 943 time: 0.0679491
Aug 30 12:08:21.657078 dv-cinder-839768-2-iscsi neutron-server[106962]: INFO neutron.wsgi [req-7ac1e259-f1f8-4010-a4a7-9d602168f5c0 req-a64c2eb4-21e6-449c-aec9-c1a3a3eef908 tempest-ServerRescueNegativeTestJSON-525833633 tempest-ServerRescueNegativeTestJSON-525833633-project] 10.222.0.42 "GET /networking/v2.0/security-groups?id=46fb8d05-93af-4a71-a3c0-69cbbc6c300a&fields=id&fields=name HTTP/1.1" status: 200 len: 286 time: 0.0645716
Aug 30 12:08:21.709689 dv-cinder-839768-2-iscsi neutron-server[106961]: DEBUG dbcounter [-] [106961] Writing DB stats neutron:UPDATE=2,neutron:SELECT=93,neutron:INSERT=1,neutron:DELETE=4 {{(pid=106961) stat_writer /usr/local/lib/python3.8/dist-packages/dbcounter.py:114}}
Aug 30 12:08:21.873753 dv-cinder-839768-2-iscsi neutron-server[106962]: DEBUG neutron.wsgi [-] (106962) accepted ('10.222.0.42', 48580) {{(pid=106962) server /usr/local/lib/python3.8/dist-packages/eventlet/wsgi.py:1004}}
Aug 30 12:08:22.078061 dv-cinder-839768-2-iscsi neutron-server[106962]: DEBUG neutron_lib.callbacks.manager [None req-b59e62ab-dfed-4175-addc-f1451af9eb52 admin admin] Publish callbacks [] for security_group (None), before_create {{(pid=106962) _notify_loop /usr/local/lib/python3.8/dist-packages/neutron_lib/callbacks/manager.py:176}}
Aug 30 12:08:22.108339 dv-cinder-839768-2-iscsi neutron-server[106961]: DEBUG neutron.pecan_wsgi.hooks.policy_enforcement [req-dcef3298-894f-4f46-a5ab-3ded17d6d588 req-bd8aa7cd-df50-4cc3-b9c5-09c7a192189b tempest-DeleteServersTestJSON-258801601 tempest-DeleteServersTestJSON-258801601-project] Attributes excluded by policy engine: ['standard_attr_id', 'binding:profile', 'binding:host_id', 'binding:vif_type', 'binding:vif_details'] {{(pid=106961) _exclude_attributes_by_policy /opt/stack/neutron/neutron/pecan_wsgi/hooks/policy_enforcement.py:259}}
Aug 30 12:08:22.116483 dv-cinder-839768-2-iscsi neutron-server[106961]: INFO neutron.wsgi [req-dcef3298-894f-4f46-a5ab-3ded17d6d588 req-bd8aa7cd-df50-4cc3-b9c5-09c7a192189b tempest-DeleteServersTestJSON-258801601 tempest-DeleteServersTestJSON-258801601-project] 10.222.0.42 "GET /networking/v2.0/ports?device_id=ce796eb4-8b4c-4bfd-9192-af2720e5ffe7 HTTP/1.1" status: 200 len: 943 time: 0.0676684
Aug 30 12:08:22.160333 dv-cinder-839768-2-iscsi neutron-server[106962]: DEBUG neutron_lib.callbacks.manager [None req-b59e62ab-dfed-4175-addc-f1451af9eb52 admin admin] Publish callbacks [] for security_group (e2458caf-b315-4e66-b6d6-0b076908ab53), precommit_create {{(pid=106962) _notify_loop /usr/local/lib/python3.8/dist-packages/neutron_lib/callbacks/manager.py:176}}
Aug 30 12:08:22.164589 dv-cinder-839768-2-iscsi neutron-server[106961]: INFO neutron.wsgi [req-dcef3298-894f-4f46-a5ab-3ded17d6d588 req-9e1ad656-2de0-4d7c-ba2c-afb568650164 tempest-DeleteServersTestJSON-258801601 tempest-DeleteServersTestJSON-258801601-project] 10.222.0.42 "GET /networking/v2.0/security-groups?id=b0dd792f-8716-4e91-9a06-fcfa7e9b48a7&fields=id&fields=name HTTP/1.1" status: 200 len: 286 time: 0.0436628
Aug 30 12:08:22.198785 dv-cinder-839768-2-iscsi neutron-server[106962]: DEBUG neutron.wsgi [-] (106962) accepted ('10.222.0.42', 48594) {{(pid=106962) server /usr/local/lib/python3.8/dist-packages/eventlet/wsgi.py:1004}}
Aug 30 12:08:22.212411 dv-cinder-839768-2-iscsi neutron-server[106962]: DEBUG neutron_lib.callbacks.manager [None req-e7141170-2ca8-4b03-9a41-f7bb92496c22 admin admin] Publish callbacks [] for security_group (None), before_create {{(pid=106962) _notify_loop /usr/local/lib/python3.8/dist-packages/neutron_lib/callbacks/manager.py:176}}
Aug 30 12:08:22.264130 dv-cinder-839768-2-iscsi neutron-server[106962]: DEBUG dbcounter [-] [106962] Writing DB stats neutron:SELECT=79,neutron:INSERT=19,neutron:UPDATE=2 {{(pid=106962) stat_writer /usr/local/lib/python3.8/dist-packages/dbcounter.py:114}}
Aug 30 12:08:22.271344 dv-cinder-839768-2-iscsi neutron-server[106962]: DEBUG neutron_lib.callbacks.manager [None req-b59e62ab-dfed-4175-addc-f1451af9eb52 admin admin] Publish callbacks ['neutron.plugins.ml2.ovo_rpc._ObjectChangeHandler.handle_event-1683697'] for security_group (e2458caf-b315-4e66-b6d6-0b076908ab53), after_create {{(pid=106962) _notify_loop /usr/local/lib/python3.8/dist-packages/neutron_lib/callbacks/manager.py:176}}
Aug 30 12:08:22.337301 dv-cinder-839768-2-iscsi neutron-server[106962]: DEBUG neutron_lib.callbacks.manager [None req-e7141170-2ca8-4b03-9a41-f7bb92496c22 admin admin] Publish callbacks [] for security_group (6cde8a83-4d30-4176-8310-75568f99a86a), precommit_create {{(pid=106962) _notify_loop /usr/local/lib/python3.8/dist-packages/neutron_lib/callbacks/manager.py:176}}
Aug 30 12:08:22.340106 dv-cinder-839768-2-iscsi neutron-server[106962]: INFO neutron.wsgi [None req-b59e62ab-dfed-4175-addc-f1451af9eb52 admin admin] 10.222.0.42 "GET /networking/v2.0/security-groups?tenant_id=5de18929c28840bcbf3986f790260c1c&name=default HTTP/1.1" status: 200 len: 2996 time: 0.4655604
Aug 30 12:08:22.342677 dv-cinder-839768-2-iscsi neutron-server[106962]: DEBUG neutron.api.rpc.handlers.resources_rpc [None req-b59e62ab-dfed-4175-addc-f1451af9eb52 admin admin] Pushing event updated for resources: {'SecurityGroup': ['ID=e2458caf-b315-4e66-b6d6-0b076908ab53,revision_number=1']} {{(pid=106962) push /opt/stack/neutron/neutron/api/rpc/handlers/resources_rpc.py:237}}
Aug 30 12:08:22.343926 dv-cinder-839768-2-iscsi neutron-server[106961]: DEBUG neutron.wsgi [-] (106961) accepted ('10.222.0.42', 48600) {{(pid=106961) server /usr/local/lib/python3.8/dist-packages/eventlet/wsgi.py:1004}}
Aug 30 12:08:22.394098 dv-cinder-839768-2-iscsi neutron-server[106962]: DEBUG neutron.pecan_wsgi.hooks.policy_enforcement [req-a9577bb2-ee69-482a-bd39-523d9d5f3d50 req-7d7a453a-0320-45c2-83ff-b973d9d54e87 tempest-AttachVolumeShelveTestJSON-2131757082 tempest-AttachVolumeShelveTestJSON-2131757082-project] Attributes excluded by policy engine: ['standard_attr_id', 'binding:profile', 'binding:host_id', 'binding:vif_type', 'binding:vif_details'] {{(pid=106962) _exclude_attributes_by_policy /opt/stack/neutron/neutron/pecan_wsgi/hooks/policy_enforcement.py:259}}
Aug 30 12:08:22.395829 dv-cinder-839768-2-iscsi neutron-server[106962]: INFO neutron.wsgi [req-a9577bb2-ee69-482a-bd39-523d9d5f3d50 req-7d7a453a-0320-45c2-83ff-b973d9d54e87 tempest-AttachVolumeShelveTestJSON-2131757082 tempest-AttachVolumeShelveTestJSON-2131757082-project] 10.222.0.42 "GET /networking/v2.0/ports?device_id=294a2d1c-a5ff-4f5e-945f-03a42a7800cc HTTP/1.1" status: 200 len: 943 time: 0.0546196
Aug 30 12:08:22.410073 dv-cinder-839768-2-iscsi neutron-server[106961]: DEBUG neutron_lib.callbacks.manager [None req-5156d323-cb52-4ec9-9a12-72e4da299f81 admin admin] Publish callbacks [] for security_group (e2458caf-b315-4e66-b6d6-0b076908ab53), before_delete {{(pid=106961) _notify_loop /usr/local/lib/python3.8/dist-packages/neutron_lib/callbacks/manager.py:176}}
Aug 30 12:08:22.427088 dv-cinder-839768-2-iscsi neutron-server[106962]: DEBUG neutron_lib.callbacks.manager [None req-e7141170-2ca8-4b03-9a41-f7bb92496c22 admin admin] Publish callbacks ['neutron.plugins.ml2.ovo_rpc._ObjectChangeHandler.handle_event-1683697'] for security_group (6cde8a83-4d30-4176-8310-75568f99a86a), after_create {{(pid=106962) _notify_loop /usr/local/lib/python3.8/dist-packages/neutron_lib/callbacks/manager.py:176}}
Aug 30 12:08:22.444061 dv-cinder-839768-2-iscsi neutron-server[106961]: DEBUG neutron_lib.callbacks.manager [None req-5156d323-cb52-4ec9-9a12-72e4da299f81 admin admin] Publish callbacks [] for security_group (e2458caf-b315-4e66-b6d6-0b076908ab53), precommit_delete {{(pid=106961) _notify_loop /usr/local/lib/python3.8/dist-packages/neutron_lib/callbacks/manager.py:176}}
Aug 30 12:08:22.465453 dv-cinder-839768-2-iscsi neutron-server[106961]: DEBUG dbcounter [-] [106961] Writing DB stats neutron:SELECT=100 {{(pid=106961) stat_writer /usr/local/lib/python3.8/dist-packages/dbcounter.py:114}}
Aug 30 12:08:22.496589 dv-cinder-839768-2-iscsi neutron-server[106961]: DEBUG neutron.pecan_wsgi.hooks.policy_enforcement [req-d0b39d7e-dd44-4140-bfb5-60966f47a237 req-53361ee8-1b87-47db-b336-33a2448b9211 service neutron] Attributes excluded by policy engine: ['standard_attr_id'] {{(pid=106961) _exclude_attributes_by_policy /opt/stack/neutron/neutron/pecan_wsgi/hooks/policy_enforcement.py:259}}
Aug 30 12:08:22.497617 dv-cinder-839768-2-iscsi neutron-server[106962]: INFO neutron.wsgi [req-a9577bb2-ee69-482a-bd39-523d9d5f3d50 req-940d40ee-2039-4335-8767-f4896d836c1e tempest-AttachVolumeShelveTestJSON-2131757082 tempest-AttachVolumeShelveTestJSON-2131757082-project] 10.222.0.42 "GET /networking/v2.0/security-groups?id=0f102e4f-4468-49ab-9326-0c1b3726f309&fields=id&fields=name HTTP/1.1" status: 200 len: 313 time: 0.0956774
Aug 30 12:08:22.503841 dv-cinder-839768-2-iscsi neutron-server[106962]: INFO neutron.wsgi [None req-e7141170-2ca8-4b03-9a41-f7bb92496c22 admin admin] 10.222.0.42 "GET /networking/v2.0/security-groups?tenant_id=a21f6ace99664159afa2e8edc9d5c858&name=default HTTP/1.1" status: 200 len: 2996 time: 0.3039267
Aug 30 12:08:22.505464 dv-cinder-839768-2-iscsi neutron-server[106961]: INFO neutron.wsgi [req-d0b39d7e-dd44-4140-bfb5-60966f47a237 req-53361ee8-1b87-47db-b336-33a2448b9211 service neutron] 10.222.0.26 "GET /networking/v2.0/ports?tenant_id=218bec3fcc71460eb8b7f89ecf66b816&device_id=294a2d1c-a5ff-4f5e-945f-03a42a7800cc HTTP/1.1" status: 200 len: 1127 time: 0.0803154
Aug 30 12:08:22.506962 dv-cinder-839768-2-iscsi neutron-server[106962]: DEBUG neutron.wsgi [-] (106962) accepted ('10.222.0.42', 48606) {{(pid=106962) server /usr/local/lib/python3.8/dist-packages/eventlet/wsgi.py:1004}}
Aug 30 12:08:22.517603 dv-cinder-839768-2-iscsi neutron-server[106962]: DEBUG neutron.api.rpc.handlers.resources_rpc [None req-e7141170-2ca8-4b03-9a41-f7bb92496c22 admin admin] Pushing event updated for resources: {'SecurityGroup': ['ID=6cde8a83-4d30-4176-8310-75568f99a86a,revision_number=1']} {{(pid=106962) push /opt/stack/neutron/neutron/api/rpc/handlers/resources_rpc.py:237}}
Aug 30 12:08:22.575013 dv-cinder-839768-2-iscsi neutron-server[106962]: DEBUG neutron_lib.callbacks.manager [None req-b1678f59-9233-4497-8560-4c04c2aca08b admin admin] Publish callbacks [] for security_group (6cde8a83-4d30-4176-8310-75568f99a86a), before_delete {{(pid=106962) _notify_loop /usr/local/lib/python3.8/dist-packages/neutron_lib/callbacks/manager.py:176}}
Aug 30 12:08:22.599313 dv-cinder-839768-2-iscsi neutron-server[106962]: DEBUG neutron_lib.callbacks.manager [None req-b1678f59-9233-4497-8560-4c04c2aca08b admin admin] Publish callbacks [] for security_group (6cde8a83-4d30-4176-8310-75568f99a86a), precommit_delete {{(pid=106962) _notify_loop /usr/local/lib/python3.8/dist-packages/neutron_lib/callbacks/manager.py:176}}
Aug 30 12:08:22.742106 dv-cinder-839768-2-iscsi neutron-server[106961]: DEBUG neutron_lib.callbacks.manager [None req-5156d323-cb52-4ec9-9a12-72e4da299f81 admin admin] Publish callbacks ['neutron.plugins.ml2.ovo_rpc._ObjectChangeHandler.handle_event-1683697'] for security_group (e2458caf-b315-4e66-b6d6-0b076908ab53), after_delete {{(pid=106961) _notify_loop /usr/local/lib/python3.8/dist-packages/neutron_lib/callbacks/manager.py:176}}
Aug 30 12:08:22.770938 dv-cinder-839768-2-iscsi neutron-server[106961]: DEBUG neutron_lib.callbacks.manager [None req-5156d323-cb52-4ec9-9a12-72e4da299f81 admin admin] Publish callbacks [] for security_group (None), before_response {{(pid=106961) _notify_loop /usr/local/lib/python3.8/dist-packages/neutron_lib/callbacks/manager.py:176}}
Aug 30 12:08:22.770938 dv-cinder-839768-2-iscsi neutron-server[106961]: INFO neutron.wsgi [None req-5156d323-cb52-4ec9-9a12-72e4da299f81 admin admin] 10.222.0.42 "DELETE /networking/v2.0/security-groups/e2458caf-b315-4e66-b6d6-0b076908ab53 HTTP/1.1" status: 204 len: 168 time: 0.3996384
Aug 30 12:08:22.781230 dv-cinder-839768-2-iscsi neutron-server[106961]: DEBUG neutron.api.rpc.handlers.resources_rpc [None req-5156d323-cb52-4ec9-9a12-72e4da299f81 admin admin] Pushing event deleted for resources: {'SecurityGroup': ['ID=e2458caf-b315-4e66-b6d6-0b076908ab53,revision_number=None']} {{(pid=106961) push /opt/stack/neutron/neutron/api/rpc/handlers/resources_rpc.py:237}}
Aug 30 12:08:22.791935 dv-cinder-839768-2-iscsi neutron-server[106962]: DEBUG neutron_lib.callbacks.manager [None req-b1678f59-9233-4497-8560-4c04c2aca08b admin admin] Publish callbacks ['neutron.plugins.ml2.ovo_rpc._ObjectChangeHandler.handle_event-1683697'] for security_group (6cde8a83-4d30-4176-8310-75568f99a86a), after_delete {{(pid=106962) _notify_loop /usr/local/lib/python3.8/dist-packages/neutron_lib/callbacks/manager.py:176}}
Aug 30 12:08:22.793288 dv-cinder-839768-2-iscsi neutron-server[106962]: DEBUG neutron_lib.callbacks.manager [None req-b1678f59-9233-4497-8560-4c04c2aca08b admin admin] Publish callbacks [] for security_group (None), before_response {{(pid=106962) _notify_loop /usr/local/lib/python3.8/dist-packages/neutron_lib/callbacks/manager.py:176}}
Aug 30 12:08:22.798184 dv-cinder-839768-2-iscsi neutron-server[106962]: INFO neutron.wsgi [None req-b1678f59-9233-4497-8560-4c04c2aca08b admin admin] 10.222.0.42 "DELETE /networking/v2.0/security-groups/6cde8a83-4d30-4176-8310-75568f99a86a HTTP/1.1" status: 204 len: 168 time: 0.2902250
Aug 30 12:08:22.805027 dv-cinder-839768-2-iscsi neutron-server[106961]: DEBUG neutron.pecan_wsgi.hooks.policy_enforcement [req-045c3589-7aa1-431e-9dbd-dccb681aa359 req-49567559-482e-4243-a9c7-5acded0671b0 tempest-ServerRescueNegativeTestJSON-525833633 tempest-ServerRescueNegativeTestJSON-525833633-project] Attributes excluded by policy engine: ['standard_attr_id', 'binding:profile', 'binding:host_id', 'binding:vif_type', 'binding:vif_details'] {{(pid=106961) _exclude_attributes_by_policy /opt/stack/neutron/neutron/pecan_wsgi/hooks/policy_enforcement.py:259}}
Aug 30 12:08:22.806588 dv-cinder-839768-2-iscsi neutron-server[106961]: INFO neutron.wsgi [req-045c3589-7aa1-431e-9dbd-dccb681aa359 req-49567559-482e-4243-a9c7-5acded0671b0 tempest-ServerRescueNegativeTestJSON-525833633 tempest-ServerRescueNegativeTestJSON-525833633-project] 10.222.0.42 "GET /networking/v2.0/ports?device_id=393867e8-3598-4477-a515-e0e91f5ff5df HTTP/1.1" status: 200 len: 943 time: 0.0746608
Aug 30 12:08:22.819046 dv-cinder-839768-2-iscsi neutron-server[106962]: DEBUG neutron.api.rpc.handlers.resources_rpc [None req-b1678f59-9233-4497-8560-4c04c2aca08b admin admin] Pushing event deleted for resources: {'SecurityGroup': ['ID=6cde8a83-4d30-4176-8310-75568f99a86a,revision_number=None']} {{(pid=106962) push /opt/stack/neutron/neutron/api/rpc/handlers/resources_rpc.py:237}}
Aug 30 12:08:22.871681 dv-cinder-839768-2-iscsi neutron-server[106961]: INFO neutron.wsgi [req-045c3589-7aa1-431e-9dbd-dccb681aa359 req-90b21a58-961a-46f4-8feb-a4894d964e8b tempest-ServerRescueNegativeTestJSON-525833633 tempest-ServerRescueNegativeTestJSON-525833633-project] 10.222.0.42 "GET /networking/v2.0/security-groups?id=46fb8d05-93af-4a71-a3c0-69cbbc6c300a&fields=id&fields=name HTTP/1.1" status: 200 len: 286 time: 0.0564728
Aug 30 12:08:23.278289 dv-cinder-839768-2-iscsi neutron-server[106962]: DEBUG dbcounter [-] [106962] Writing DB stats neutron:SELECT=93,neutron:INSERT=3,neutron:DELETE=4 {{(pid=106962) stat_writer /usr/local/lib/python3.8/dist-packages/dbcounter.py:114}}
Aug 30 12:08:23.286839 dv-cinder-839768-2-iscsi neutron-server[106962]: DEBUG neutron.pecan_wsgi.hooks.policy_enforcement [req-51eda855-d54a-458e-a32b-054f3eacab8c req-09ccb169-d218-46db-99ba-c56f088a0d84 tempest-DeleteServersTestJSON-258801601 tempest-DeleteServersTestJSON-258801601-project] Attributes excluded by policy engine: ['standard_attr_id', 'binding:profile', 'binding:host_id', 'binding:vif_type', 'binding:vif_details'] {{(pid=106962) _exclude_attributes_by_policy /opt/stack/neutron/neutron/pecan_wsgi/hooks/policy_enforcement.py:259}}
Aug 30 12:08:23.288562 dv-cinder-839768-2-iscsi neutron-server[106962]: INFO neutron.wsgi [req-51eda855-d54a-458e-a32b-054f3eacab8c req-09ccb169-d218-46db-99ba-c56f088a0d84 tempest-DeleteServersTestJSON-258801601 tempest-DeleteServersTestJSON-258801601-project] 10.222.0.42 "GET /networking/v2.0/ports?device_id=ce796eb4-8b4c-4bfd-9192-af2720e5ffe7 HTTP/1.1" status: 200 len: 943 time: 0.0498109
Aug 30 12:08:23.339592 dv-cinder-839768-2-iscsi neutron-server[106962]: INFO neutron.wsgi [req-51eda855-d54a-458e-a32b-054f3eacab8c req-d7cae656-eb59-4f64-8a40-eb96be3aad6e tempest-DeleteServersTestJSON-258801601 tempest-DeleteServersTestJSON-258801601-project] 10.222.0.42 "GET /networking/v2.0/security-groups?id=b0dd792f-8716-4e91-9a06-fcfa7e9b48a7&fields=id&fields=name HTTP/1.1" status: 200 len: 286 time: 0.0438225
Aug 30 12:08:23.545871 dv-cinder-839768-2-iscsi neutron-server[106961]: DEBUG neutron.pecan_wsgi.hooks.policy_enforcement [req-d0b39d7e-dd44-4140-bfb5-60966f47a237 req-de2e548e-d454-4d9c-b4dc-32bba66d07c5 service neutron] Attributes excluded by policy engine: ['standard_attr_id', 'vlan_transparent'] {{(pid=106961) _exclude_attributes_by_policy /opt/stack/neutron/neutron/pecan_wsgi/hooks/policy_enforcement.py:259}}
Aug 30 12:08:23.547320 dv-cinder-839768-2-iscsi neutron-server[106961]: INFO neutron.wsgi [req-d0b39d7e-dd44-4140-bfb5-60966f47a237 req-de2e548e-d454-4d9c-b4dc-32bba66d07c5 service neutron] 10.222.0.26 "GET /networking/v2.0/networks?id=d40ebbd7-73a7-4467-b2ec-337128c5f770 HTTP/1.1" status: 200 len: 917 time: 0.0940571
Aug 30 12:08:23.644765 dv-cinder-839768-2-iscsi neutron-server[106961]: DEBUG neutron.pecan_wsgi.hooks.policy_enforcement [req-4853b33b-4f91-4dd0-b56d-a9c953802bf0 req-f4845c29-63dd-4f7b-bcc8-c0b1fc5d5eb2 tempest-AttachVolumeShelveTestJSON-2131757082 tempest-AttachVolumeShelveTestJSON-2131757082-project] Attributes excluded by policy engine: ['standard_attr_id', 'binding:profile', 'binding:host_id', 'binding:vif_type', 'binding:vif_details'] {{(pid=106961) _exclude_attributes_by_policy /opt/stack/neutron/neutron/pecan_wsgi/hooks/policy_enforcement.py:259}}
Aug 30 12:08:23.646277 dv-cinder-839768-2-iscsi neutron-server[106961]: INFO neutron.wsgi [req-4853b33b-4f91-4dd0-b56d-a9c953802bf0 req-f4845c29-63dd-4f7b-bcc8-c0b1fc5d5eb2 tempest-AttachVolumeShelveTestJSON-2131757082 tempest-AttachVolumeShelveTestJSON-2131757082-project] 10.222.0.42 "GET /networking/v2.0/ports?device_id=294a2d1c-a5ff-4f5e-945f-03a42a7800cc HTTP/1.1" status: 200 len: 943 time: 0.0578828
Aug 30 12:08:23.708369 dv-cinder-839768-2-iscsi neutron-server[106961]: INFO neutron.wsgi [req-4853b33b-4f91-4dd0-b56d-a9c953802bf0 req-8177bbc2-a77b-433f-a505-9d9839984508 tempest-AttachVolumeShelveTestJSON-2131757082 tempest-AttachVolumeShelveTestJSON-2131757082-project] 10.222.0.42 "GET /networking/v2.0/security-groups?id=0f102e4f-4468-49ab-9326-0c1b3726f309&fields=id&fields=name HTTP/1.1" status: 200 len: 313 time: 0.0560217
Aug 30 12:08:24.002515 dv-cinder-839768-2-iscsi neutron-server[106962]: DEBUG neutron.pecan_wsgi.hooks.policy_enforcement [req-3fafafcd-6374-4646-b9fe-1d6dccc7110a req-ad2e5d3a-d133-485c-891b-3adabbcc54e3 tempest-ServerRescueNegativeTestJSON-525833633 tempest-ServerRescueNegativeTestJSON-525833633-project] Attributes excluded by policy engine: ['standard_attr_id', 'binding:profile', 'binding:host_id', 'binding:vif_type', 'binding:vif_details'] {{(pid=106962) _exclude_attributes_by_policy /opt/stack/neutron/neutron/pecan_wsgi/hooks/policy_enforcement.py:259}}
Aug 30 12:08:24.004085 dv-cinder-839768-2-iscsi neutron-server[106962]: INFO neutron.wsgi [req-3fafafcd-6374-4646-b9fe-1d6dccc7110a req-ad2e5d3a-d133-485c-891b-3adabbcc54e3 tempest-ServerRescueNegativeTestJSON-525833633 tempest-ServerRescueNegativeTestJSON-525833633-project] 10.222.0.42 "GET /networking/v2.0/ports?device_id=393867e8-3598-4477-a515-e0e91f5ff5df HTTP/1.1" status: 200 len: 943 time: 0.0485291
Aug 30 12:08:24.053774 dv-cinder-839768-2-iscsi neutron-server[106962]: INFO neutron.wsgi [req-3fafafcd-6374-4646-b9fe-1d6dccc7110a req-7cfe5137-289c-482c-b6a9-551d7efcbe3b tempest-ServerRescueNegativeTestJSON-525833633 tempest-ServerRescueNegativeTestJSON-525833633-project] 10.222.0.42 "GET /networking/v2.0/security-groups?id=46fb8d05-93af-4a71-a3c0-69cbbc6c300a&fields=id&fields=name HTTP/1.1" status: 200 len: 286 time: 0.0427425
Aug 30 12:08:24.137039 dv-cinder-839768-2-iscsi neutron-server[106962]: DEBUG neutron.wsgi [-] (106962) accepted ('10.222.0.42', 48652) {{(pid=106962) server /usr/local/lib/python3.8/dist-packages/eventlet/wsgi.py:1004}}
Aug 30 12:08:24.151903 dv-cinder-839768-2-iscsi neutron-server[106962]: DEBUG neutron_lib.callbacks.manager [None req-62256878-6ef2-4805-8ed7-68bb36c7f03a admin admin] Publish callbacks [] for security_group (None), before_create {{(pid=106962) _notify_loop /usr/local/lib/python3.8/dist-packages/neutron_lib/callbacks/manager.py:176}}
Aug 30 12:08:24.241212 dv-cinder-839768-2-iscsi neutron-server[106962]: DEBUG neutron_lib.callbacks.manager [None req-62256878-6ef2-4805-8ed7-68bb36c7f03a admin admin] Publish callbacks [] for security_group (c83b577b-8e48-4ab8-a00a-3006a0a6b552), precommit_create {{(pid=106962) _notify_loop /usr/local/lib/python3.8/dist-packages/neutron_lib/callbacks/manager.py:176}}
Aug 30 12:08:24.324544 dv-cinder-839768-2-iscsi neutron-server[106962]: DEBUG neutron_lib.callbacks.manager [None req-62256878-6ef2-4805-8ed7-68bb36c7f03a admin admin] Publish callbacks ['neutron.plugins.ml2.ovo_rpc._ObjectChangeHandler.handle_event-1683697'] for security_group (c83b577b-8e48-4ab8-a00a-3006a0a6b552), after_create {{(pid=106962) _notify_loop /usr/local/lib/python3.8/dist-packages/neutron_lib/callbacks/manager.py:176}}
Aug 30 12:08:24.368285 dv-cinder-839768-2-iscsi neutron-server[106962]: INFO neutron.wsgi [None req-62256878-6ef2-4805-8ed7-68bb36c7f03a admin admin] 10.222.0.42 "GET /networking/v2.0/security-groups?tenant_id=12adb5d7c8fe4808b6c45db6aefee702&name=default HTTP/1.1" status: 200 len: 2996 time: 0.2274365
Aug 30 12:08:24.368285 dv-cinder-839768-2-iscsi neutron-server[106962]: DEBUG neutron.api.rpc.handlers.resources_rpc [None req-62256878-6ef2-4805-8ed7-68bb36c7f03a admin admin] Pushing event updated for resources: {'SecurityGroup': ['ID=c83b577b-8e48-4ab8-a00a-3006a0a6b552,revision_number=1']} {{(pid=106962) push /opt/stack/neutron/neutron/api/rpc/handlers/resources_rpc.py:237}}
Aug 30 12:08:24.369894 dv-cinder-839768-2-iscsi neutron-server[106961]: DEBUG neutron.wsgi [-] (106961) accepted ('10.222.0.42', 48666) {{(pid=106961) server /usr/local/lib/python3.8/dist-packages/eventlet/wsgi.py:1004}}
Aug 30 12:08:24.446019 dv-cinder-839768-2-iscsi neutron-server[106961]: DEBUG neutron_lib.callbacks.manager [None req-20fb6789-02b7-4117-9c23-75293f622e77 admin admin] Publish callbacks [] for security_group (c83b577b-8e48-4ab8-a00a-3006a0a6b552), before_delete {{(pid=106961) _notify_loop /usr/local/lib/python3.8/dist-packages/neutron_lib/callbacks/manager.py:176}}
Aug 30 12:08:24.490542 dv-cinder-839768-2-iscsi neutron-server[106961]: DEBUG neutron_lib.callbacks.manager [None req-20fb6789-02b7-4117-9c23-75293f622e77 admin admin] Publish callbacks [] for security_group (c83b577b-8e48-4ab8-a00a-3006a0a6b552), precommit_delete {{(pid=106961) _notify_loop /usr/local/lib/python3.8/dist-packages/neutron_lib/callbacks/manager.py:176}}
Aug 30 12:08:24.503421 dv-cinder-839768-2-iscsi neutron-server[106961]: DEBUG neutron.pecan_wsgi.hooks.policy_enforcement [req-17cb9deb-4aea-4bc7-871a-7985557faf1a req-a88f00ca-9859-4391-b6b0-bd70c8c24c8e tempest-DeleteServersTestJSON-258801601 tempest-DeleteServersTestJSON-258801601-project] Attributes excluded by policy engine: ['standard_attr_id', 'binding:profile', 'binding:host_id', 'binding:vif_type', 'binding:vif_details'] {{(pid=106961) _exclude_attributes_by_policy /opt/stack/neutron/neutron/pecan_wsgi/hooks/policy_enforcement.py:259}}
Aug 30 12:08:24.504982 dv-cinder-839768-2-iscsi neutron-server[106961]: INFO neutron.wsgi [req-17cb9deb-4aea-4bc7-871a-7985557faf1a req-a88f00ca-9859-4391-b6b0-bd70c8c24c8e tempest-DeleteServersTestJSON-258801601 tempest-DeleteServersTestJSON-258801601-project] 10.222.0.42 "GET /networking/v2.0/ports?device_id=ce796eb4-8b4c-4bfd-9192-af2720e5ffe7 HTTP/1.1" status: 200 len: 943 time: 0.0712950
Aug 30 12:08:24.577725 dv-cinder-839768-2-iscsi neutron-server[106961]: INFO neutron.wsgi [req-17cb9deb-4aea-4bc7-871a-7985557faf1a req-56df7d00-4056-4da3-934d-6af974f06406 tempest-DeleteServersTestJSON-258801601 tempest-DeleteServersTestJSON-258801601-project] 10.222.0.42 "GET /networking/v2.0/security-groups?id=b0dd792f-8716-4e91-9a06-fcfa7e9b48a7&fields=id&fields=name HTTP/1.1" status: 200 len: 286 time: 0.0671587
Aug 30 12:08:24.651433 dv-cinder-839768-2-iscsi neutron-server[106961]: DEBUG neutron_lib.callbacks.manager [None req-20fb6789-02b7-4117-9c23-75293f622e77 admin admin] Publish callbacks ['neutron.plugins.ml2.ovo_rpc._ObjectChangeHandler.handle_event-1683697'] for security_group (c83b577b-8e48-4ab8-a00a-3006a0a6b552), after_delete {{(pid=106961) _notify_loop /usr/local/lib/python3.8/dist-packages/neutron_lib/callbacks/manager.py:176}}
Aug 30 12:08:24.654809 dv-cinder-839768-2-iscsi neutron-server[106961]: DEBUG neutron_lib.callbacks.manager [None req-20fb6789-02b7-4117-9c23-75293f622e77 admin admin] Publish callbacks [] for security_group (None), before_response {{(pid=106961) _notify_loop /usr/local/lib/python3.8/dist-packages/neutron_lib/callbacks/manager.py:176}}
Aug 30 12:08:24.655928 dv-cinder-839768-2-iscsi neutron-server[106961]: INFO neutron.wsgi [None req-20fb6789-02b7-4117-9c23-75293f622e77 admin admin] 10.222.0.42 "DELETE /networking/v2.0/security-groups/c83b577b-8e48-4ab8-a00a-3006a0a6b552 HTTP/1.1" status: 204 len: 168 time: 0.2843294
Aug 30 12:08:24.663973 dv-cinder-839768-2-iscsi neutron-server[106961]: DEBUG neutron.api.rpc.handlers.resources_rpc [None req-20fb6789-02b7-4117-9c23-75293f622e77 admin admin] Pushing event deleted for resources: {'SecurityGroup': ['ID=c83b577b-8e48-4ab8-a00a-3006a0a6b552,revision_number=None']} {{(pid=106961) push /opt/stack/neutron/neutron/api/rpc/handlers/resources_rpc.py:237}}
Aug 30 12:08:24.839756 dv-cinder-839768-2-iscsi neutron-server[106962]: DEBUG neutron.pecan_wsgi.hooks.policy_enforcement [req-f9a6ea25-6554-4456-827e-fd7706963857 req-1369d7d5-2c49-41ac-b6ea-400a5004ec30 tempest-AttachVolumeShelveTestJSON-2131757082 tempest-AttachVolumeShelveTestJSON-2131757082-project] Attributes excluded by policy engine: ['standard_attr_id', 'binding:profile', 'binding:host_id', 'binding:vif_type', 'binding:vif_details'] {{(pid=106962) _exclude_attributes_by_policy /opt/stack/neutron/neutron/pecan_wsgi/hooks/policy_enforcement.py:259}}
Aug 30 12:08:24.841581 dv-cinder-839768-2-iscsi neutron-server[106962]: INFO neutron.wsgi [req-f9a6ea25-6554-4456-827e-fd7706963857 req-1369d7d5-2c49-41ac-b6ea-400a5004ec30 tempest-AttachVolumeShelveTestJSON-2131757082 tempest-AttachVolumeShelveTestJSON-2131757082-project] 10.222.0.42 "GET /networking/v2.0/ports?device_id=294a2d1c-a5ff-4f5e-945f-03a42a7800cc HTTP/1.1" status: 200 len: 943 time: 0.0525291
Aug 30 12:08:24.895636 dv-cinder-839768-2-iscsi neutron-server[106962]: INFO neutron.wsgi [req-f9a6ea25-6554-4456-827e-fd7706963857 req-e4a25aa0-4a53-4959-bd8f-db9a478d330d tempest-AttachVolumeShelveTestJSON-2131757082 tempest-AttachVolumeShelveTestJSON-2131757082-project] 10.222.0.42 "GET /networking/v2.0/security-groups?id=0f102e4f-4468-49ab-9326-0c1b3726f309&fields=id&fields=name HTTP/1.1" status: 200 len: 313 time: 0.0481865
Aug 30 12:08:25.188265 dv-cinder-839768-2-iscsi neutron-server[106961]: DEBUG neutron.pecan_wsgi.hooks.policy_enforcement [req-8f08f4dc-e509-465f-abb5-886e3cd4749b req-3233a2f6-a2f8-4770-bf13-6b7a631cef81 tempest-ServerRescueNegativeTestJSON-525833633 tempest-ServerRescueNegativeTestJSON-525833633-project] Attributes excluded by policy engine: ['standard_attr_id', 'binding:profile', 'binding:host_id', 'binding:vif_type', 'binding:vif_details'] {{(pid=106961) _exclude_attributes_by_policy /opt/stack/neutron/neutron/pecan_wsgi/hooks/policy_enforcement.py:259}}
Aug 30 12:08:25.189877 dv-cinder-839768-2-iscsi neutron-server[106961]: INFO neutron.wsgi [req-8f08f4dc-e509-465f-abb5-886e3cd4749b req-3233a2f6-a2f8-4770-bf13-6b7a631cef81 tempest-ServerRescueNegativeTestJSON-525833633 tempest-ServerRescueNegativeTestJSON-525833633-project] 10.222.0.42 "GET /networking/v2.0/ports?device_id=393867e8-3598-4477-a515-e0e91f5ff5df HTTP/1.1" status: 200 len: 943 time: 0.0594559
Aug 30 12:08:25.203076 dv-cinder-839768-2-iscsi neutron-server[106961]: DEBUG dbcounter [-] [106961] Writing DB stats neutron:SELECT=93,neutron:DELETE=7 {{(pid=106961) stat_writer /usr/local/lib/python3.8/dist-packages/dbcounter.py:114}}
Aug 30 12:08:25.240850 dv-cinder-839768-2-iscsi neutron-server[106963]: DEBUG neutron_lib.callbacks.manager [None req-8aeced0a-f8ff-4e15-a076-8af68a498467 None None] Publish callbacks ['neutron.services.segments.db._update_segment_host_mapping_for_agent-8733397910321', 'neutron.plugins.ml2.plugin.Ml2Plugin._retry_binding_revived_agents-601032'] for agent (c66d1ab9-1242-411a-bb6c-fd8b7f86882d), after_update {{(pid=106963) _notify_loop /usr/local/lib/python3.8/dist-packages/neutron_lib/callbacks/manager.py:176}}
Aug 30 12:08:25.251558 dv-cinder-839768-2-iscsi neutron-server[106961]: INFO neutron.wsgi [req-8f08f4dc-e509-465f-abb5-886e3cd4749b req-ae3ab7ef-750e-46e8-87f3-9f58668f2509 tempest-ServerRescueNegativeTestJSON-525833633 tempest-ServerRescueNegativeTestJSON-525833633-project] 10.222.0.42 "GET /networking/v2.0/security-groups?id=46fb8d05-93af-4a71-a3c0-69cbbc6c300a&fields=id&fields=name HTTP/1.1" status: 200 len: 286 time: 0.0549269
Aug 30 12:08:25.267316 dv-cinder-839768-2-iscsi neutron-server[106961]: DEBUG neutron.wsgi [-] (106961) accepted ('10.222.0.42', 48698) {{(pid=106961) server /usr/local/lib/python3.8/dist-packages/eventlet/wsgi.py:1004}}
Aug 30 12:08:25.333634 dv-cinder-839768-2-iscsi neutron-server[106963]: DEBUG neutron.plugins.ml2.rpc [None req-8aeced0a-f8ff-4e15-a076-8af68a498467 None None] Device 397487c0-c694-4ca4-832b-a518e277191a details requested by agent hyperv_hv-cinder-83976 with host hv-cinder-83976 {{(pid=106963) get_device_details /opt/stack/neutron/neutron/plugins/ml2/rpc.py:102}}
Aug 30 12:08:25.461192 dv-cinder-839768-2-iscsi neutron-server[106961]: DEBUG neutron_lib.callbacks.manager [None req-d7dcbb9f-2cae-4416-96e8-0aa81f68438c admin admin] Publish callbacks [] for security_group (None), before_create {{(pid=106961) _notify_loop /usr/local/lib/python3.8/dist-packages/neutron_lib/callbacks/manager.py:176}}
Aug 30 12:08:25.474271 dv-cinder-839768-2-iscsi neutron-server[106963]: DEBUG neutron.plugins.ml2.db [None req-8aeced0a-f8ff-4e15-a076-8af68a498467 None None] For port 397487c0-c694-4ca4-832b-a518e277191a, host hv-cinder-83976, got binding levels [PortBindingLevel(driver='hyperv',host='hv-cinder-83976',level=0,port_id=397487c0-c694-4ca4-832b-a518e277191a,segment=NetworkSegment(c61f93d1-a38e-41e0-8967-89e0fc9a5f9e),segment_id=c61f93d1-a38e-41e0-8967-89e0fc9a5f9e)] {{(pid=106963) get_binding_level_objs /opt/stack/neutron/neutron/plugins/ml2/db.py:74}}
Aug 30 12:08:25.485004 dv-cinder-839768-2-iscsi neutron-server[106963]: DEBUG neutron.plugins.ml2.rpc [None req-8aeced0a-f8ff-4e15-a076-8af68a498467 None None] Returning: {'device': '397487c0-c694-4ca4-832b-a518e277191a', 'network_id': '81e9b3a1-fda2-4dab-b74c-b9cbb69b5132', 'port_id': '397487c0-c694-4ca4-832b-a518e277191a', 'mac_address': 'fa:16:3e:20:6d:38', 'admin_state_up': True, 'network_type': 'vlan', 'segmentation_id': 227, 'physical_network': 'physnet1', 'mtu': 1500, 'fixed_ips': [{'subnet_id': '3a653ea5-9ae2-4aa6-84dd-7f8b7e6f5ac0', 'ip_address': '172.20.0.10'}], 'device_owner': 'compute:nova', 'allowed_address_pairs': [], 'port_security_enabled': True, 'qos_policy_id': None, 'qos_network_policy_id': None, 'profile': {}, 'propagate_uplink_status': False} {{(pid=106963) _get_device_details /opt/stack/neutron/neutron/plugins/ml2/rpc.py:184}}
Aug 30 12:08:25.522611 dv-cinder-839768-2-iscsi neutron-server[106963]: DEBUG neutron.plugins.ml2.plugin [None req-8aeced0a-f8ff-4e15-a076-8af68a498467 None None] Current status of the port 397487c0-c694-4ca4-832b-a518e277191a is: DOWN; New status is: BUILD {{(pid=106963) _update_individual_port_db_status /opt/stack/neutron/neutron/plugins/ml2/plugin.py:2302}}
Aug 30 12:08:25.523104 dv-cinder-839768-2-iscsi neutron-server[106963]: DEBUG neutron_lib.callbacks.manager [None req-8aeced0a-f8ff-4e15-a076-8af68a498467 None None] Publish callbacks ['neutron.plugins.ml2.plugin.SecurityGroupDbMixin._ensure_default_security_group_handler-642107'] for port (397487c0-c694-4ca4-832b-a518e277191a), before_update {{(pid=106963) _notify_loop /usr/local/lib/python3.8/dist-packages/neutron_lib/callbacks/manager.py:176}}
Aug 30 12:08:25.539544 dv-cinder-839768-2-iscsi neutron-server[106963]: DEBUG neutron.notifiers.nova [None req-8aeced0a-f8ff-4e15-a076-8af68a498467 None None] Ignoring state change previous_port_status: DOWN current_port_status: BUILD port_id 397487c0-c694-4ca4-832b-a518e277191a {{(pid=106963) record_port_status_changed /opt/stack/neutron/neutron/notifiers/nova.py:233}}
Aug 30 12:08:25.556424 dv-cinder-839768-2-iscsi neutron-server[106961]: DEBUG neutron_lib.callbacks.manager [None req-d7dcbb9f-2cae-4416-96e8-0aa81f68438c admin admin] Publish callbacks [] for security_group (7d0d5ab3-4048-49fb-aa26-5ce773b86cb2), precommit_create {{(pid=106961) _notify_loop /usr/local/lib/python3.8/dist-packages/neutron_lib/callbacks/manager.py:176}}
Aug 30 12:08:25.576427 dv-cinder-839768-2-iscsi neutron-server[106963]: DEBUG neutron.plugins.ml2.db [None req-8aeced0a-f8ff-4e15-a076-8af68a498467 None None] For port 397487c0-c694-4ca4-832b-a518e277191a, host hv-cinder-83976, got binding levels [PortBindingLevel(driver='hyperv',host='hv-cinder-83976',level=0,port_id=397487c0-c694-4ca4-832b-a518e277191a,segment=NetworkSegment(c61f93d1-a38e-41e0-8967-89e0fc9a5f9e),segment_id=c61f93d1-a38e-41e0-8967-89e0fc9a5f9e)] {{(pid=106963) get_binding_level_objs /opt/stack/neutron/neutron/plugins/ml2/db.py:74}}
Aug 30 12:08:25.623852 dv-cinder-839768-2-iscsi neutron-server[106963]: DEBUG neutron_lib.callbacks.manager [None req-8aeced0a-f8ff-4e15-a076-8af68a498467 None None] Publish callbacks ['neutron.plugins.ml2.plugin.SecurityGroupServerNotifierRpcMixin._notify_sg_on_port_change-642168', 'neutron.plugins.ml2.ovo_rpc._ObjectChangeHandler.handle_event-1696041', 'neutron.api.rpc.agentnotifiers.dhcp_rpc_agent_api.DhcpAgentNotifyAPI._native_event_send_dhcp_notification-1577555', 'neutron.db.l3_db.L3RpcNotifierMixin._notify_gateway_port_ip_changed-8733397773186', 'neutron.db.l3_dvrscheduler_db._notify_l3_agent_port_update-8733397395770', 'neutron.db.l3_hascheduler_db._notify_l3_agent_ha_port_update-8733397395788'] for port (397487c0-c694-4ca4-832b-a518e277191a), after_update {{(pid=106963) _notify_loop /usr/local/lib/python3.8/dist-packages/neutron_lib/callbacks/manager.py:176}}
Aug 30 12:08:25.691318 dv-cinder-839768-2-iscsi neutron-server[106963]: DEBUG neutron.api.rpc.handlers.resources_rpc [None req-8aeced0a-f8ff-4e15-a076-8af68a498467 None None] Pushing event updated for resources: {'Port': ['ID=397487c0-c694-4ca4-832b-a518e277191a,revision_number=4']} {{(pid=106963) push /opt/stack/neutron/neutron/api/rpc/handlers/resources_rpc.py:237}}
Aug 30 12:08:25.753774 dv-cinder-839768-2-iscsi neutron-server[106962]: DEBUG neutron.pecan_wsgi.hooks.policy_enforcement [req-38a901b8-f6fa-403a-b924-7c5a6b79249d req-84c9f9f4-6aba-4358-8633-3f386788f8ca tempest-DeleteServersTestJSON-258801601 tempest-DeleteServersTestJSON-258801601-project] Attributes excluded by policy engine: ['standard_attr_id', 'binding:profile', 'binding:host_id', 'binding:vif_type', 'binding:vif_details'] {{(pid=106962) _exclude_attributes_by_policy /opt/stack/neutron/neutron/pecan_wsgi/hooks/policy_enforcement.py:259}}
Aug 30 12:08:25.756286 dv-cinder-839768-2-iscsi neutron-server[106962]: INFO neutron.wsgi [req-38a901b8-f6fa-403a-b924-7c5a6b79249d req-84c9f9f4-6aba-4358-8633-3f386788f8ca tempest-DeleteServersTestJSON-258801601 tempest-DeleteServersTestJSON-258801601-project] 10.222.0.42 "GET /networking/v2.0/ports?device_id=ce796eb4-8b4c-4bfd-9192-af2720e5ffe7 HTTP/1.1" status: 200 len: 943 time: 0.0827029
Aug 30 12:08:25.820224 dv-cinder-839768-2-iscsi neutron-server[106962]: INFO neutron.wsgi [req-38a901b8-f6fa-403a-b924-7c5a6b79249d req-02ddc8c2-a77d-4d0d-8769-4cb3fa7d49b2 tempest-DeleteServersTestJSON-258801601 tempest-DeleteServersTestJSON-258801601-project] 10.222.0.42 "GET /networking/v2.0/security-groups?id=b0dd792f-8716-4e91-9a06-fcfa7e9b48a7&fields=id&fields=name HTTP/1.1" status: 200 len: 286 time: 0.0550189
Aug 30 12:08:25.888984 dv-cinder-839768-2-iscsi neutron-server[106961]: INFO neutron.wsgi [req-d0b39d7e-dd44-4140-bfb5-60966f47a237 req-9b02c48e-f8b5-4e0f-8a2e-4834fe0e0615 service neutron] 10.222.0.26 "GET /networking/v2.0/floatingips?fixed_ip_address=172.20.0.7&port_id=1a156fe5-05f5-48b0-bb53-3f8c98e5846a HTTP/1.1" status: 200 len: 217 time: 0.2686386
Aug 30 12:08:25.890045 dv-cinder-839768-2-iscsi neutron-server[106961]: DEBUG neutron_lib.callbacks.manager [None req-d7dcbb9f-2cae-4416-96e8-0aa81f68438c admin admin] Publish callbacks ['neutron.plugins.ml2.ovo_rpc._ObjectChangeHandler.handle_event-1683697'] for security_group (7d0d5ab3-4048-49fb-aa26-5ce773b86cb2), after_create {{(pid=106961) _notify_loop /usr/local/lib/python3.8/dist-packages/neutron_lib/callbacks/manager.py:176}}
Aug 30 12:08:25.992196 dv-cinder-839768-2-iscsi neutron-server[106962]: DEBUG neutron.wsgi [-] (106962) accepted ('10.222.0.42', 48736) {{(pid=106962) server /usr/local/lib/python3.8/dist-packages/eventlet/wsgi.py:1004}}
Aug 30 12:08:25.992755 dv-cinder-839768-2-iscsi neutron-server[106961]: INFO neutron.wsgi [None req-d7dcbb9f-2cae-4416-96e8-0aa81f68438c admin admin] 10.222.0.42 "GET /networking/v2.0/security-groups?tenant_id=e207fc5495ad48f9aee9d0b89563c68f&name=default HTTP/1.1" status: 200 len: 2996 time: 0.7241282
