Apr 28 16:39:37.094686 dv-cinder-839760-2-iscsi devstack@c-api.service[116362]: [pid: 116362|app: 0|req: 141/304] 10.222.0.43 () {60 vars in 1234 bytes} [Thu Apr 28 16:39:36 2022] POST /volume/v3/b5d76e6a7dfd480a9b78ccc02a1626b0/volumes => generated 818 bytes in 549 msecs (HTTP/1.1 202) 7 headers in 291 bytes (1 switches on core 0)
Apr 28 16:39:37.105060 dv-cinder-839760-2-iscsi devstack@c-api.service[116362]: DEBUG cinder.api.middleware.request_id [None req-7d24c9d6-fbcf-4212-a944-f811f342396d None None] RequestId filter calling following filter/app {{(pid=116362) _context_setter /opt/stack/cinder/cinder/api/middleware/request_id.py:62}}
Apr 28 16:39:37.112163 dv-cinder-839760-2-iscsi devstack@c-api.service[116362]: INFO cinder.api.openstack.wsgi [None req-7d24c9d6-fbcf-4212-a944-f811f342396d tempest-VolumesActionsTest-1692172543 tempest-VolumesActionsTest-1692172543-project] GET http://10.222.0.43/volume/v3/b5d76e6a7dfd480a9b78ccc02a1626b0/volumes/7a46b567-c529-41f7-a2b5-63cd25b286f1
Apr 28 16:39:37.112690 dv-cinder-839760-2-iscsi devstack@c-api.service[116362]: DEBUG cinder.api.openstack.wsgi [None req-7d24c9d6-fbcf-4212-a944-f811f342396d tempest-VolumesActionsTest-1692172543 tempest-VolumesActionsTest-1692172543-project] Empty body provided in request {{(pid=116362) get_body /opt/stack/cinder/cinder/api/openstack/wsgi.py:715}}
Apr 28 16:39:37.113070 dv-cinder-839760-2-iscsi devstack@c-api.service[116362]: DEBUG cinder.api.openstack.wsgi [None req-7d24c9d6-fbcf-4212-a944-f811f342396d tempest-VolumesActionsTest-1692172543 tempest-VolumesActionsTest-1692172543-project] Calling method 'show' {{(pid=116362) _process_stack /opt/stack/cinder/cinder/api/openstack/wsgi.py:868}}
Apr 28 16:39:37.135411 dv-cinder-839760-2-iscsi devstack@c-api.service[116362]: /usr/local/lib/python3.8/dist-packages/oslo_context/context.py:100: DeprecationWarning: Policy enforcement is depending on the value of is_admin. This key is deprecated. Please update your policy file to use the standard policy values.
Apr 28 16:39:37.135411 dv-cinder-839760-2-iscsi devstack@c-api.service[116362]: warnings.warn('Policy enforcement is depending on the value of '
Apr 28 16:39:37.143413 dv-cinder-839760-2-iscsi devstack@c-api.service[116362]: INFO cinder.volume.api [None req-7d24c9d6-fbcf-4212-a944-f811f342396d tempest-VolumesActionsTest-1692172543 tempest-VolumesActionsTest-1692172543-project] Volume info retrieved successfully.
Apr 28 16:39:37.152420 dv-cinder-839760-2-iscsi devstack@c-api.service[116362]: INFO cinder.api.openstack.wsgi [None req-7d24c9d6-fbcf-4212-a944-f811f342396d tempest-VolumesActionsTest-1692172543 tempest-VolumesActionsTest-1692172543-project] http://10.222.0.43/volume/v3/b5d76e6a7dfd480a9b78ccc02a1626b0/volumes/7a46b567-c529-41f7-a2b5-63cd25b286f1 returned with HTTP 200
Apr 28 16:39:37.153214 dv-cinder-839760-2-iscsi devstack@c-api.service[116362]: [pid: 116362|app: 0|req: 142/305] 10.222.0.43 () {58 vars in 1324 bytes} [Thu Apr 28 16:39:37 2022] GET /volume/v3/b5d76e6a7dfd480a9b78ccc02a1626b0/volumes/7a46b567-c529-41f7-a2b5-63cd25b286f1 => generated 886 bytes in 49 msecs (HTTP/1.1 200) 7 headers in 285 bytes (2 switches on core 0)
Apr 28 16:39:37.180806 dv-cinder-839760-2-iscsi devstack@c-api.service[116362]: DEBUG cinder.api.middleware.request_id [None req-e4474cc7-b805-4bda-974b-097d419497cb None None] RequestId filter calling following filter/app {{(pid=116362) _context_setter /opt/stack/cinder/cinder/api/middleware/request_id.py:62}}
Apr 28 16:39:37.182279 dv-cinder-839760-2-iscsi devstack@c-api.service[116362]: INFO cinder.api.openstack.wsgi [None req-e4474cc7-b805-4bda-974b-097d419497cb None None] GET http://10.222.0.43/volume//
Apr 28 16:39:37.183251 dv-cinder-839760-2-iscsi devstack@c-api.service[116362]: DEBUG cinder.api.openstack.wsgi [None req-e4474cc7-b805-4bda-974b-097d419497cb None None] Empty body provided in request {{(pid=116362) get_body /opt/stack/cinder/cinder/api/openstack/wsgi.py:715}}
Apr 28 16:39:37.184300 dv-cinder-839760-2-iscsi devstack@c-api.service[116362]: DEBUG cinder.api.openstack.wsgi [None req-e4474cc7-b805-4bda-974b-097d419497cb None None] Calling method 'all' {{(pid=116362) _process_stack /opt/stack/cinder/cinder/api/openstack/wsgi.py:868}}
Apr 28 16:39:37.185372 dv-cinder-839760-2-iscsi devstack@c-api.service[116362]: INFO cinder.api.openstack.wsgi [None req-e4474cc7-b805-4bda-974b-097d419497cb None None] http://10.222.0.43/volume// returned with HTTP 300
Apr 28 16:39:37.186200 dv-cinder-839760-2-iscsi devstack@c-api.service[116362]: [pid: 116362|app: 0|req: 143/306] 10.222.0.43 () {58 vars in 1299 bytes} [Thu Apr 28 16:39:37 2022] GET /volume/ => generated 386 bytes in 6 msecs (HTTP/1.1 300) 7 headers in 299 bytes (2 switches on core 0)
Apr 28 16:39:37.194244 dv-cinder-839760-2-iscsi devstack@c-api.service[116362]: DEBUG cinder.api.middleware.request_id [req-c9ed8cb8-ad68-4518-bcd5-67cd3e87afac req-3d8fbfe2-fe2b-40f2-9387-077534d7f6a1 None None] RequestId filter calling following filter/app {{(pid=116362) _context_setter /opt/stack/cinder/cinder/api/middleware/request_id.py:62}}
Apr 28 16:39:37.200332 dv-cinder-839760-2-iscsi devstack@c-api.service[116362]: INFO cinder.api.openstack.wsgi [req-c9ed8cb8-ad68-4518-bcd5-67cd3e87afac req-3d8fbfe2-fe2b-40f2-9387-077534d7f6a1 tempest-DeleteServersTestJSON-1671134350 tempest-DeleteServersTestJSON-1671134350-project] POST http://10.222.0.43/volume/v3/c2364720daae4bf48b5408c3047da3b9/attachments
Apr 28 16:39:37.201305 dv-cinder-839760-2-iscsi devstack@c-api.service[116362]: DEBUG cinder.api.openstack.wsgi [req-c9ed8cb8-ad68-4518-bcd5-67cd3e87afac req-3d8fbfe2-fe2b-40f2-9387-077534d7f6a1 tempest-DeleteServersTestJSON-1671134350 tempest-DeleteServersTestJSON-1671134350-project] Action: 'create', calling method: version_select, body: {"attachment": {"volume_uuid": "84a46ef2-a253-48f1-a32b-7726dede1674", "connector": null, "instance_uuid": "f215ced4-f10f-4d05-9234-0f726254fb21"}} {{(pid=116362) _process_stack /opt/stack/cinder/cinder/api/openstack/wsgi.py:866}}
Apr 28 16:39:37.218657 dv-cinder-839760-2-iscsi devstack@c-api.service[116362]: /usr/local/lib/python3.8/dist-packages/oslo_context/context.py:100: DeprecationWarning: Policy enforcement is depending on the value of is_admin. This key is deprecated. Please update your policy file to use the standard policy values.
Apr 28 16:39:37.218657 dv-cinder-839760-2-iscsi devstack@c-api.service[116362]: warnings.warn('Policy enforcement is depending on the value of '
Apr 28 16:39:37.252121 dv-cinder-839760-2-iscsi devstack@c-api.service[116361]: DEBUG cinder.quota [None req-4ff67b3a-f17b-4f73-a5ef-83be1f9da61b tempest-VolumeTypesAccessTest-1460499137 tempest-VolumeTypesAccessTest-1460499137-project] Created reservations ['6451bb40-f500-428b-89a1-941361d3e34c', '58444e77-9ee4-47e6-9ccd-1d038a25d93b', 'f10606f1-247c-4a3b-b1eb-19b9c3ece500', 'bf0285c7-b20a-42c7-b4d5-0554d6d54601'] {{(pid=116361) reserve /opt/stack/cinder/cinder/quota.py:755}}
Apr 28 16:39:37.257929 dv-cinder-839760-2-iscsi devstack@c-api.service[116361]: DEBUG cinder.volume.api [None req-4ff67b3a-f17b-4f73-a5ef-83be1f9da61b tempest-VolumeTypesAccessTest-1460499137 tempest-VolumeTypesAccessTest-1460499137-project] Task 'cinder.volume.flows.api.create_volume.QuotaReserveTask;volume:create' (68671284-8aec-4e88-8dd3-a9291532d1d2) transitioned into state 'SUCCESS' from state 'RUNNING' with result '{'reservations': ['6451bb40-f500-428b-89a1-941361d3e34c', '58444e77-9ee4-47e6-9ccd-1d038a25d93b', 'f10606f1-247c-4a3b-b1eb-19b9c3ece500', 'bf0285c7-b20a-42c7-b4d5-0554d6d54601']}' {{(pid=116361) _task_receiver /usr/local/lib/python3.8/dist-packages/taskflow/listeners/logging.py:178}}
Apr 28 16:39:37.260173 dv-cinder-839760-2-iscsi devstack@c-api.service[116361]: DEBUG cinder.volume.api [None req-4ff67b3a-f17b-4f73-a5ef-83be1f9da61b tempest-VolumeTypesAccessTest-1460499137 tempest-VolumeTypesAccessTest-1460499137-project] Task 'cinder.volume.flows.api.create_volume.EntryCreateTask;volume:create' (dae41072-a1fe-4bdd-a106-c7c7607df0ea) transitioned into state 'RUNNING' from state 'PENDING' {{(pid=116361) _task_receiver /usr/local/lib/python3.8/dist-packages/taskflow/listeners/logging.py:190}}
Apr 28 16:39:37.352325 dv-cinder-839760-2-iscsi devstack@c-api.service[116361]: DEBUG cinder.volume.api [None req-4ff67b3a-f17b-4f73-a5ef-83be1f9da61b tempest-VolumeTypesAccessTest-1460499137 tempest-VolumeTypesAccessTest-1460499137-project] Task 'cinder.volume.flows.api.create_volume.EntryCreateTask;volume:create' (dae41072-a1fe-4bdd-a106-c7c7607df0ea) transitioned into state 'SUCCESS' from state 'RUNNING' with result '{'volume_id': '61ad2b29-c894-4ee3-b09c-58b670c62890', 'volume_properties': VolumeProperties(attach_status='detached',availability_zone='nova',cgsnapshot_id=None,consistencygroup_id=None,display_description=None,display_name='tempest-VolumeTypesAccessTest-Volume-1042861077',encryption_key_id=None,group_id=None,group_type_id=,metadata={},multiattach=False,project_id='e59b7247d05d43d692c39a22d07f8b16',qos_specs=None,replication_status=,reservations=['6451bb40-f500-428b-89a1-941361d3e34c','58444e77-9ee4-47e6-9ccd-1d038a25d93b','f10606f1-247c-4a3b-b1eb-19b9c3ece500','bf0285c7-b20a-42c7-b4d5-0554d6d54601'],size=1,snapshot_id=None,source_replicaid=,source_volid=None,status='creating',user_id='b12f868a55a74bd598a67bb7770d82c6',volume_type_id=15f86d6d-6dde-4877-bde9-0cb601848ede), 'volume': Volume(_name_id=None,admin_metadata=,attach_status='detached',availability_zone='nova',bootable=False,cluster=,cluster_name=None,consistencygroup=,consistencygroup_id=None,created_at=2022-04-28T16:39:37Z,deleted=False,deleted_at=None,display_description=None,display_name='tempest-VolumeTypesAccessTest-Volume-1042861077',ec2_id=None,encryption_key_id=None,glance_metadata=,group=,group_id=None,host=None,id=61ad2b29-c894-4ee3-b09c-58b670c62890,launched_at=None,metadata={},migration_status=None,multiattach=False,previous_status=None,project_id='e59b7247d05d43d692c39a22d07f8b16',provider_auth=None,provider_geometry=None,provider_id=None,provider_location=None,replication_driver_data=None,replication_extended_status=None,replication_status=None,scheduled_at=None,service_uuid=None,shared_targets=True,size=1,snapshot_id=None,snapshots=,source_volid=None,status='creating',terminated_at=None,updated_at=None,use_quota=True,user_id='b12f868a55a74bd598a67bb7770d82c6',volume_attachment=VolumeAttachmentList,volume_type=VolumeType(15f86d6d-6dde-4877-bde9-0cb601848ede),volume_type_id=15f86d6d-6dde-4877-bde9-0cb601848ede)}' {{(pid=116361) _task_receiver /usr/local/lib/python3.8/dist-packages/taskflow/listeners/logging.py:178}}
Apr 28 16:39:37.354480 dv-cinder-839760-2-iscsi devstack@c-api.service[116361]: DEBUG cinder.volume.api [None req-4ff67b3a-f17b-4f73-a5ef-83be1f9da61b tempest-VolumeTypesAccessTest-1460499137 tempest-VolumeTypesAccessTest-1460499137-project] Task 'cinder.volume.flows.api.create_volume.QuotaCommitTask;volume:create' (6146dab1-8a4f-4aef-8136-86917236f35d) transitioned into state 'RUNNING' from state 'PENDING' {{(pid=116361) _task_receiver /usr/local/lib/python3.8/dist-packages/taskflow/listeners/logging.py:190}}
Apr 28 16:39:37.459702 dv-cinder-839760-2-iscsi devstack@c-api.service[116361]: DEBUG cinder.volume.api [None req-4ff67b3a-f17b-4f73-a5ef-83be1f9da61b tempest-VolumeTypesAccessTest-1460499137 tempest-VolumeTypesAccessTest-1460499137-project] Task 'cinder.volume.flows.api.create_volume.QuotaCommitTask;volume:create' (6146dab1-8a4f-4aef-8136-86917236f35d) transitioned into state 'SUCCESS' from state 'RUNNING' with result '{'volume_properties': VolumeProperties(attach_status='detached',availability_zone='nova',cgsnapshot_id=None,consistencygroup_id=None,display_description=None,display_name='tempest-VolumeTypesAccessTest-Volume-1042861077',encryption_key_id=None,group_id=None,group_type_id=,metadata={},multiattach=False,project_id='e59b7247d05d43d692c39a22d07f8b16',qos_specs=None,replication_status=,reservations=['6451bb40-f500-428b-89a1-941361d3e34c','58444e77-9ee4-47e6-9ccd-1d038a25d93b','f10606f1-247c-4a3b-b1eb-19b9c3ece500','bf0285c7-b20a-42c7-b4d5-0554d6d54601'],size=1,snapshot_id=None,source_replicaid=,source_volid=None,status='creating',user_id='b12f868a55a74bd598a67bb7770d82c6',volume_type_id=15f86d6d-6dde-4877-bde9-0cb601848ede)}' {{(pid=116361) _task_receiver /usr/local/lib/python3.8/dist-packages/taskflow/listeners/logging.py:178}}
Apr 28 16:39:37.461626 dv-cinder-839760-2-iscsi devstack@c-api.service[116361]: DEBUG cinder.volume.api [None req-4ff67b3a-f17b-4f73-a5ef-83be1f9da61b tempest-VolumeTypesAccessTest-1460499137 tempest-VolumeTypesAccessTest-1460499137-project] Task 'cinder.volume.flows.api.create_volume.VolumeCastTask;volume:create' (d7f1fa52-91b2-4b73-bc41-c31d7d58d50a) transitioned into state 'RUNNING' from state 'PENDING' {{(pid=116361) _task_receiver /usr/local/lib/python3.8/dist-packages/taskflow/listeners/logging.py:190}}
Apr 28 16:39:37.502894 dv-cinder-839760-2-iscsi devstack@c-api.service[116362]: INFO cinder.api.openstack.wsgi [req-c9ed8cb8-ad68-4518-bcd5-67cd3e87afac req-3d8fbfe2-fe2b-40f2-9387-077534d7f6a1 tempest-DeleteServersTestJSON-1671134350 tempest-DeleteServersTestJSON-1671134350-project] http://10.222.0.43/volume/v3/c2364720daae4bf48b5408c3047da3b9/attachments returned with HTTP 200
Apr 28 16:39:37.503900 dv-cinder-839760-2-iscsi devstack@c-api.service[116362]: [pid: 116362|app: 0|req: 144/307] 10.222.0.43 () {66 vars in 1574 bytes} [Thu Apr 28 16:39:37 2022] POST /volume/v3/c2364720daae4bf48b5408c3047da3b9/attachments => generated 273 bytes in 311 msecs (HTTP/1.1 200) 7 headers in 286 bytes (1 switches on core 0)
Apr 28 16:39:37.562362 dv-cinder-839760-2-iscsi devstack@c-api.service[116361]: DEBUG cinder.volume.api [None req-4ff67b3a-f17b-4f73-a5ef-83be1f9da61b tempest-VolumeTypesAccessTest-1460499137 tempest-VolumeTypesAccessTest-1460499137-project] Task 'cinder.volume.flows.api.create_volume.VolumeCastTask;volume:create' (d7f1fa52-91b2-4b73-bc41-c31d7d58d50a) transitioned into state 'SUCCESS' from state 'RUNNING' with result 'None' {{(pid=116361) _task_receiver /usr/local/lib/python3.8/dist-packages/taskflow/listeners/logging.py:178}}
Apr 28 16:39:37.568262 dv-cinder-839760-2-iscsi devstack@c-api.service[116361]: DEBUG cinder.volume.api [None req-4ff67b3a-f17b-4f73-a5ef-83be1f9da61b tempest-VolumeTypesAccessTest-1460499137 tempest-VolumeTypesAccessTest-1460499137-project] Flow 'volume_create_api' (c404ffed-ac93-4785-9a6f-17a4c0297def) transitioned into state 'SUCCESS' from state 'RUNNING' {{(pid=116361) _flow_receiver /usr/local/lib/python3.8/dist-packages/taskflow/listeners/logging.py:141}}
Apr 28 16:39:37.568969 dv-cinder-839760-2-iscsi devstack@c-api.service[116361]: INFO cinder.volume.api [None req-4ff67b3a-f17b-4f73-a5ef-83be1f9da61b tempest-VolumeTypesAccessTest-1460499137 tempest-VolumeTypesAccessTest-1460499137-project] Create volume request issued successfully.
Apr 28 16:39:37.579973 dv-cinder-839760-2-iscsi devstack@c-api.service[116361]: INFO cinder.api.openstack.wsgi [None req-4ff67b3a-f17b-4f73-a5ef-83be1f9da61b tempest-VolumeTypesAccessTest-1460499137 tempest-VolumeTypesAccessTest-1460499137-project] http://10.222.0.43/volume/v3/e59b7247d05d43d692c39a22d07f8b16/volumes returned with HTTP 202
Apr 28 16:39:37.581389 dv-cinder-839760-2-iscsi devstack@c-api.service[116361]: [pid: 116361|app: 0|req: 164/308] 10.222.0.43 () {60 vars in 1235 bytes} [Thu Apr 28 16:39:36 2022] POST /volume/v3/e59b7247d05d43d692c39a22d07f8b16/volumes => generated 861 bytes in 656 msecs (HTTP/1.1 202) 7 headers in 291 bytes (2 switches on core 0)
Apr 28 16:39:37.592244 dv-cinder-839760-2-iscsi devstack@c-api.service[116362]: DEBUG cinder.api.middleware.request_id [None req-587a0041-da1b-4b98-8906-d598e8478fb8 None None] RequestId filter calling following filter/app {{(pid=116362) _context_setter /opt/stack/cinder/cinder/api/middleware/request_id.py:62}}
Apr 28 16:39:37.596128 dv-cinder-839760-2-iscsi devstack@c-api.service[116362]: INFO cinder.api.openstack.wsgi [None req-587a0041-da1b-4b98-8906-d598e8478fb8 tempest-VolumeTypesAccessTest-1460499137 tempest-VolumeTypesAccessTest-1460499137-project] GET http://10.222.0.43/volume/v3/e59b7247d05d43d692c39a22d07f8b16/volumes/61ad2b29-c894-4ee3-b09c-58b670c62890
Apr 28 16:39:37.596591 dv-cinder-839760-2-iscsi devstack@c-api.service[116362]: DEBUG cinder.api.openstack.wsgi [None req-587a0041-da1b-4b98-8906-d598e8478fb8 tempest-VolumeTypesAccessTest-1460499137 tempest-VolumeTypesAccessTest-1460499137-project] Empty body provided in request {{(pid=116362) get_body /opt/stack/cinder/cinder/api/openstack/wsgi.py:715}}
Apr 28 16:39:37.597173 dv-cinder-839760-2-iscsi devstack@c-api.service[116362]: DEBUG cinder.api.openstack.wsgi [None req-587a0041-da1b-4b98-8906-d598e8478fb8 tempest-VolumeTypesAccessTest-1460499137 tempest-VolumeTypesAccessTest-1460499137-project] Calling method 'show' {{(pid=116362) _process_stack /opt/stack/cinder/cinder/api/openstack/wsgi.py:868}}
Apr 28 16:39:37.611359 dv-cinder-839760-2-iscsi devstack@c-api.service[116362]: /usr/local/lib/python3.8/dist-packages/oslo_context/context.py:100: DeprecationWarning: Policy enforcement is depending on the value of is_admin. This key is deprecated. Please update your policy file to use the standard policy values.
Apr 28 16:39:37.611359 dv-cinder-839760-2-iscsi devstack@c-api.service[116362]: warnings.warn('Policy enforcement is depending on the value of '
Apr 28 16:39:37.619183 dv-cinder-839760-2-iscsi devstack@c-api.service[116362]: INFO cinder.volume.api [None req-587a0041-da1b-4b98-8906-d598e8478fb8 tempest-VolumeTypesAccessTest-1460499137 tempest-VolumeTypesAccessTest-1460499137-project] Volume info retrieved successfully.
Apr 28 16:39:37.628504 dv-cinder-839760-2-iscsi devstack@c-api.service[116362]: INFO cinder.api.openstack.wsgi [None req-587a0041-da1b-4b98-8906-d598e8478fb8 tempest-VolumeTypesAccessTest-1460499137 tempest-VolumeTypesAccessTest-1460499137-project] http://10.222.0.43/volume/v3/e59b7247d05d43d692c39a22d07f8b16/volumes/61ad2b29-c894-4ee3-b09c-58b670c62890 returned with HTTP 200
Apr 28 16:39:37.629273 dv-cinder-839760-2-iscsi devstack@c-api.service[116362]: [pid: 116362|app: 0|req: 145/309] 10.222.0.43 () {58 vars in 1324 bytes} [Thu Apr 28 16:39:37 2022] GET /volume/v3/e59b7247d05d43d692c39a22d07f8b16/volumes/61ad2b29-c894-4ee3-b09c-58b670c62890 => generated 929 bytes in 38 msecs (HTTP/1.1 200) 7 headers in 285 bytes (1 switches on core 0)
Apr 28 16:39:37.784224 dv-cinder-839760-2-iscsi devstack@c-api.service[116361]: DEBUG cinder.api.middleware.request_id [None req-81866587-bc6b-47f7-98e9-21ed2178fae9 None None] RequestId filter calling following filter/app {{(pid=116361) _context_setter /opt/stack/cinder/cinder/api/middleware/request_id.py:62}}
Apr 28 16:39:37.788606 dv-cinder-839760-2-iscsi devstack@c-api.service[116361]: INFO cinder.api.openstack.wsgi [None req-81866587-bc6b-47f7-98e9-21ed2178fae9 tempest-DeleteServersTestJSON-1671134350 tempest-DeleteServersTestJSON-1671134350-project] GET http://10.222.0.43/volume/v3/c2364720daae4bf48b5408c3047da3b9/volumes/84a46ef2-a253-48f1-a32b-7726dede1674
Apr 28 16:39:37.789242 dv-cinder-839760-2-iscsi devstack@c-api.service[116361]: DEBUG cinder.api.openstack.wsgi [None req-81866587-bc6b-47f7-98e9-21ed2178fae9 tempest-DeleteServersTestJSON-1671134350 tempest-DeleteServersTestJSON-1671134350-project] Empty body provided in request {{(pid=116361) get_body /opt/stack/cinder/cinder/api/openstack/wsgi.py:715}}
Apr 28 16:39:37.790024 dv-cinder-839760-2-iscsi devstack@c-api.service[116361]: DEBUG cinder.api.openstack.wsgi [None req-81866587-bc6b-47f7-98e9-21ed2178fae9 tempest-DeleteServersTestJSON-1671134350 tempest-DeleteServersTestJSON-1671134350-project] Calling method 'show' {{(pid=116361) _process_stack /opt/stack/cinder/cinder/api/openstack/wsgi.py:868}}
Apr 28 16:39:37.825483 dv-cinder-839760-2-iscsi devstack@c-api.service[116361]: /usr/local/lib/python3.8/dist-packages/oslo_context/context.py:100: DeprecationWarning: Policy enforcement is depending on the value of is_admin. This key is deprecated. Please update your policy file to use the standard policy values.
Apr 28 16:39:37.825483 dv-cinder-839760-2-iscsi devstack@c-api.service[116361]: warnings.warn('Policy enforcement is depending on the value of '
Apr 28 16:39:37.832710 dv-cinder-839760-2-iscsi devstack@c-api.service[116361]: INFO cinder.volume.api [None req-81866587-bc6b-47f7-98e9-21ed2178fae9 tempest-DeleteServersTestJSON-1671134350 tempest-DeleteServersTestJSON-1671134350-project] Volume info retrieved successfully.
Apr 28 16:39:37.837603 dv-cinder-839760-2-iscsi devstack@c-api.service[116362]: DEBUG cinder.api.middleware.request_id [None req-6de2a2e1-7040-4207-b63b-986563579934 None None] RequestId filter calling following filter/app {{(pid=116362) _context_setter /opt/stack/cinder/cinder/api/middleware/request_id.py:62}}
Apr 28 16:39:37.841156 dv-cinder-839760-2-iscsi devstack@c-api.service[116362]: INFO cinder.api.openstack.wsgi [None req-6de2a2e1-7040-4207-b63b-986563579934 tempest-GroupSnapshotsTest-1606609643 tempest-GroupSnapshotsTest-1606609643-project] GET http://10.222.0.43/volume/v3/ff3914a15ff3432baec432bf7f677b55/volumes/a41db1a4-8e5d-4cf1-8c5e-13a824195d70
Apr 28 16:39:37.841845 dv-cinder-839760-2-iscsi devstack@c-api.service[116362]: DEBUG cinder.api.openstack.wsgi [None req-6de2a2e1-7040-4207-b63b-986563579934 tempest-GroupSnapshotsTest-1606609643 tempest-GroupSnapshotsTest-1606609643-project] Empty body provided in request {{(pid=116362) get_body /opt/stack/cinder/cinder/api/openstack/wsgi.py:715}}
Apr 28 16:39:37.842291 dv-cinder-839760-2-iscsi devstack@c-api.service[116362]: DEBUG cinder.api.openstack.wsgi [None req-6de2a2e1-7040-4207-b63b-986563579934 tempest-GroupSnapshotsTest-1606609643 tempest-GroupSnapshotsTest-1606609643-project] Calling method 'show' {{(pid=116362) _process_stack /opt/stack/cinder/cinder/api/openstack/wsgi.py:868}}
Apr 28 16:39:37.857458 dv-cinder-839760-2-iscsi devstack@c-api.service[116361]: INFO cinder.api.openstack.wsgi [None req-81866587-bc6b-47f7-98e9-21ed2178fae9 tempest-DeleteServersTestJSON-1671134350 tempest-DeleteServersTestJSON-1671134350-project] http://10.222.0.43/volume/v3/c2364720daae4bf48b5408c3047da3b9/volumes/84a46ef2-a253-48f1-a32b-7726dede1674 returned with HTTP 200
Apr 28 16:39:37.860733 dv-cinder-839760-2-iscsi devstack@c-api.service[116361]: [pid: 116361|app: 0|req: 165/310] 10.222.0.43 () {58 vars in 1324 bytes} [Thu Apr 28 16:39:37 2022] GET /volume/v3/c2364720daae4bf48b5408c3047da3b9/volumes/84a46ef2-a253-48f1-a32b-7726dede1674 => generated 913 bytes in 76 msecs (HTTP/1.1 200) 7 headers in 285 bytes (1 switches on core 0)
Apr 28 16:39:37.862335 dv-cinder-839760-2-iscsi devstack@c-api.service[116362]: /usr/local/lib/python3.8/dist-packages/oslo_context/context.py:100: DeprecationWarning: Policy enforcement is depending on the value of is_admin. This key is deprecated. Please update your policy file to use the standard policy values.
Apr 28 16:39:37.862335 dv-cinder-839760-2-iscsi devstack@c-api.service[116362]: warnings.warn('Policy enforcement is depending on the value of '
Apr 28 16:39:37.869859 dv-cinder-839760-2-iscsi devstack@c-api.service[116362]: INFO cinder.volume.api [None req-6de2a2e1-7040-4207-b63b-986563579934 tempest-GroupSnapshotsTest-1606609643 tempest-GroupSnapshotsTest-1606609643-project] Volume info retrieved successfully.
Apr 28 16:39:37.871691 dv-cinder-839760-2-iscsi devstack@c-api.service[116362]: WARNING stevedore.named [None req-6de2a2e1-7040-4207-b63b-986563579934 tempest-GroupSnapshotsTest-1606609643 tempest-GroupSnapshotsTest-1606609643-project] Could not load cinder.keymgr.conf_key_mgr.ConfKeyManager
Apr 28 16:39:37.872131 dv-cinder-839760-2-iscsi devstack@c-api.service[116362]: WARNING castellan.key_manager [None req-6de2a2e1-7040-4207-b63b-986563579934 tempest-GroupSnapshotsTest-1606609643 tempest-GroupSnapshotsTest-1606609643-project] Deprecation Warning : cinder.keymgr.conf_key_mgr.ConfKeyManager is not a stevedore based driver, trying to load it as a class: stevedore.exception.NoMatches: No 'castellan.drivers' driver found, looking for 'cinder.keymgr.conf_key_mgr.ConfKeyManager'
Apr 28 16:39:37.880072 dv-cinder-839760-2-iscsi devstack@c-api.service[116362]: DEBUG oslo_db.sqlalchemy.engines [None req-6de2a2e1-7040-4207-b63b-986563579934 tempest-GroupSnapshotsTest-1606609643 tempest-GroupSnapshotsTest-1606609643-project] MySQL server mode set to STRICT_TRANS_TABLES,STRICT_ALL_TABLES,NO_ZERO_IN_DATE,NO_ZERO_DATE,ERROR_FOR_DIVISION_BY_ZERO,TRADITIONAL,NO_ENGINE_SUBSTITUTION {{(pid=116362) _check_effective_sql_mode /usr/local/lib/python3.8/dist-packages/oslo_db/sqlalchemy/engines.py:314}}
Apr 28 16:39:37.887021 dv-cinder-839760-2-iscsi devstack@c-api.service[116362]: /usr/local/lib/python3.8/dist-packages/oslo_context/context.py:100: DeprecationWarning: Policy enforcement is depending on the value of is_admin. This key is deprecated. Please update your policy file to use the standard policy values.
Apr 28 16:39:37.887021 dv-cinder-839760-2-iscsi devstack@c-api.service[116362]: warnings.warn('Policy enforcement is depending on the value of '
Apr 28 16:39:37.901756 dv-cinder-839760-2-iscsi devstack@c-api.service[116361]: DEBUG cinder.api.middleware.request_id [None req-eb073d56-e274-45cf-b4ff-bc75af20bf07 None None] RequestId filter calling following filter/app {{(pid=116361) _context_setter /opt/stack/cinder/cinder/api/middleware/request_id.py:62}}
Apr 28 16:39:37.902974 dv-cinder-839760-2-iscsi devstack@c-api.service[116361]: INFO cinder.api.openstack.wsgi [None req-eb073d56-e274-45cf-b4ff-bc75af20bf07 None None] GET http://10.222.0.43/volume//
Apr 28 16:39:37.903646 dv-cinder-839760-2-iscsi devstack@c-api.service[116362]: INFO cinder.api.openstack.wsgi [None req-6de2a2e1-7040-4207-b63b-986563579934 tempest-GroupSnapshotsTest-1606609643 tempest-GroupSnapshotsTest-1606609643-project] http://10.222.0.43/volume/v3/ff3914a15ff3432baec432bf7f677b55/volumes/a41db1a4-8e5d-4cf1-8c5e-13a824195d70 returned with HTTP 200
Apr 28 16:39:37.903937 dv-cinder-839760-2-iscsi devstack@c-api.service[116361]: DEBUG cinder.api.openstack.wsgi [None req-eb073d56-e274-45cf-b4ff-bc75af20bf07 None None] Empty body provided in request {{(pid=116361) get_body /opt/stack/cinder/cinder/api/openstack/wsgi.py:715}}
Apr 28 16:39:37.904589 dv-cinder-839760-2-iscsi devstack@c-api.service[116361]: DEBUG cinder.api.openstack.wsgi [None req-eb073d56-e274-45cf-b4ff-bc75af20bf07 None None] Calling method 'all' {{(pid=116361) _process_stack /opt/stack/cinder/cinder/api/openstack/wsgi.py:868}}
Apr 28 16:39:37.904889 dv-cinder-839760-2-iscsi devstack@c-api.service[116362]: [pid: 116362|app: 0|req: 146/311] 10.222.0.43 () {60 vars in 1365 bytes} [Thu Apr 28 16:39:37 2022] GET /volume/v3/ff3914a15ff3432baec432bf7f677b55/volumes/a41db1a4-8e5d-4cf1-8c5e-13a824195d70 => generated 1001 bytes in 68 msecs (HTTP/1.1 200) 7 headers in 287 bytes (2 switches on core 0)
Apr 28 16:39:37.905825 dv-cinder-839760-2-iscsi devstack@c-api.service[116361]: INFO cinder.api.openstack.wsgi [None req-eb073d56-e274-45cf-b4ff-bc75af20bf07 None None] http://10.222.0.43/volume// returned with HTTP 300
Apr 28 16:39:37.906422 dv-cinder-839760-2-iscsi devstack@c-api.service[116361]: [pid: 116361|app: 0|req: 166/312] 10.222.0.49 () {56 vars in 1098 bytes} [Thu Apr 28 16:39:37 2022] GET /volume/ => generated 386 bytes in 6 msecs (HTTP/1.1 300) 7 headers in 299 bytes (1 switches on core 0)
Apr 28 16:39:37.917437 dv-cinder-839760-2-iscsi devstack@c-api.service[116362]: DEBUG cinder.api.middleware.request_id [None req-5a08d45c-fb25-4500-b071-e2248a94c28f None None] RequestId filter calling following filter/app {{(pid=116362) _context_setter /opt/stack/cinder/cinder/api/middleware/request_id.py:62}}
Apr 28 16:39:37.924405 dv-cinder-839760-2-iscsi devstack@c-api.service[116362]: INFO cinder.api.openstack.wsgi [None req-5a08d45c-fb25-4500-b071-e2248a94c28f tempest-GroupSnapshotsTest-1606609643 tempest-GroupSnapshotsTest-1606609643-project] POST http://10.222.0.43/volume/v3/ff3914a15ff3432baec432bf7f677b55/group_snapshots
Apr 28 16:39:37.926090 dv-cinder-839760-2-iscsi devstack@c-api.service[116362]: DEBUG cinder.api.openstack.wsgi [None req-5a08d45c-fb25-4500-b071-e2248a94c28f tempest-GroupSnapshotsTest-1606609643 tempest-GroupSnapshotsTest-1606609643-project] Action: 'create', calling method: version_select, body: {"group_snapshot": {"group_id": "61c5b624-6385-4e13-9952-450bffc83d9a", "name": "tempest-group_snapshot-1966873473"}} {{(pid=116362) _process_stack /opt/stack/cinder/cinder/api/openstack/wsgi.py:866}}
Apr 28 16:39:37.927054 dv-cinder-839760-2-iscsi devstack@c-api.service[116362]: DEBUG cinder.api.v3.group_snapshots [None req-5a08d45c-fb25-4500-b071-e2248a94c28f tempest-GroupSnapshotsTest-1606609643 tempest-GroupSnapshotsTest-1606609643-project] Creating new group_snapshot {'group_snapshot': {'group_id': '61c5b624-6385-4e13-9952-450bffc83d9a', 'name': 'tempest-group_snapshot-1966873473'}} {{(pid=116362) create /opt/stack/cinder/cinder/api/v3/group_snapshots.py:154}}
Apr 28 16:39:37.932970 dv-cinder-839760-2-iscsi devstack@c-api.service[116362]: /usr/local/lib/python3.8/dist-packages/oslo_context/context.py:100: DeprecationWarning: Policy enforcement is depending on the value of is_admin. This key is deprecated. Please update your policy file to use the standard policy values.
Apr 28 16:39:37.932970 dv-cinder-839760-2-iscsi devstack@c-api.service[116362]: warnings.warn('Policy enforcement is depending on the value of '
Apr 28 16:39:37.938569 dv-cinder-839760-2-iscsi devstack@c-api.service[116362]: INFO cinder.api.v3.group_snapshots [None req-5a08d45c-fb25-4500-b071-e2248a94c28f tempest-GroupSnapshotsTest-1606609643 tempest-GroupSnapshotsTest-1606609643-project] Creating group_snapshot tempest-group_snapshot-1966873473.
Apr 28 16:39:37.991562 dv-cinder-839760-2-iscsi devstack@c-api.service[116361]: DEBUG cinder.api.middleware.request_id [req-c9ed8cb8-ad68-4518-bcd5-67cd3e87afac req-b75095a4-ed20-486f-8c16-04fcdfaa8874 None None] RequestId filter calling following filter/app {{(pid=116361) _context_setter /opt/stack/cinder/cinder/api/middleware/request_id.py:62}}
Apr 28 16:39:37.996333 dv-cinder-839760-2-iscsi devstack@c-api.service[116361]: INFO cinder.api.openstack.wsgi [req-c9ed8cb8-ad68-4518-bcd5-67cd3e87afac req-b75095a4-ed20-486f-8c16-04fcdfaa8874 tempest-DeleteServersTestJSON-1671134350 tempest-DeleteServersTestJSON-1671134350-project] GET http://10.222.0.43/volume/v3/c2364720daae4bf48b5408c3047da3b9/volumes/84a46ef2-a253-48f1-a32b-7726dede1674
Apr 28 16:39:37.996924 dv-cinder-839760-2-iscsi devstack@c-api.service[116361]: DEBUG cinder.api.openstack.wsgi [req-c9ed8cb8-ad68-4518-bcd5-67cd3e87afac req-b75095a4-ed20-486f-8c16-04fcdfaa8874 tempest-DeleteServersTestJSON-1671134350 tempest-DeleteServersTestJSON-1671134350-project] Empty body provided in request {{(pid=116361) get_body /opt/stack/cinder/cinder/api/openstack/wsgi.py:715}}
Apr 28 16:39:37.997555 dv-cinder-839760-2-iscsi devstack@c-api.service[116361]: DEBUG cinder.api.openstack.wsgi [req-c9ed8cb8-ad68-4518-bcd5-67cd3e87afac req-b75095a4-ed20-486f-8c16-04fcdfaa8874 tempest-DeleteServersTestJSON-1671134350 tempest-DeleteServersTestJSON-1671134350-project] Calling method 'show' {{(pid=116361) _process_stack /opt/stack/cinder/cinder/api/openstack/wsgi.py:868}}
Apr 28 16:39:38.019149 dv-cinder-839760-2-iscsi devstack@c-api.service[116361]: /usr/local/lib/python3.8/dist-packages/oslo_context/context.py:100: DeprecationWarning: Policy enforcement is depending on the value of is_admin. This key is deprecated. Please update your policy file to use the standard policy values.
Apr 28 16:39:38.019149 dv-cinder-839760-2-iscsi devstack@c-api.service[116361]: warnings.warn('Policy enforcement is depending on the value of '
Apr 28 16:39:38.026263 dv-cinder-839760-2-iscsi devstack@c-api.service[116361]: INFO cinder.volume.api [req-c9ed8cb8-ad68-4518-bcd5-67cd3e87afac req-b75095a4-ed20-486f-8c16-04fcdfaa8874 tempest-DeleteServersTestJSON-1671134350 tempest-DeleteServersTestJSON-1671134350-project] Volume info retrieved successfully.
Apr 28 16:39:38.042082 dv-cinder-839760-2-iscsi devstack@c-api.service[116361]: INFO cinder.api.openstack.wsgi [req-c9ed8cb8-ad68-4518-bcd5-67cd3e87afac req-b75095a4-ed20-486f-8c16-04fcdfaa8874 tempest-DeleteServersTestJSON-1671134350 tempest-DeleteServersTestJSON-1671134350-project] http://10.222.0.43/volume/v3/c2364720daae4bf48b5408c3047da3b9/volumes/84a46ef2-a253-48f1-a32b-7726dede1674 returned with HTTP 200
Apr 28 16:39:38.046056 dv-cinder-839760-2-iscsi devstack@c-api.service[116361]: [pid: 116361|app: 0|req: 167/313] 10.222.0.49 () {60 vars in 1412 bytes} [Thu Apr 28 16:39:37 2022] GET /volume/v3/c2364720daae4bf48b5408c3047da3b9/volumes/84a46ef2-a253-48f1-a32b-7726dede1674 => generated 1011 bytes in 56 msecs (HTTP/1.1 200) 7 headers in 287 bytes (1 switches on core 0)
Apr 28 16:39:38.064212 dv-cinder-839760-2-iscsi devstack@c-api.service[116362]: /usr/local/lib/python3.8/dist-packages/oslo_context/context.py:100: DeprecationWarning: Policy enforcement is depending on the value of is_admin. This key is deprecated. Please update your policy file to use the standard policy values.
Apr 28 16:39:38.064212 dv-cinder-839760-2-iscsi devstack@c-api.service[116362]: warnings.warn('Policy enforcement is depending on the value of '
Apr 28 16:39:38.088882 dv-cinder-839760-2-iscsi devstack@c-api.service[116362]: WARNING cinder.quota [None req-5a08d45c-fb25-4500-b071-e2248a94c28f tempest-GroupSnapshotsTest-1606609643 tempest-GroupSnapshotsTest-1606609643-project] Deprecated: Default quota for resource: snapshots_tempest-GroupSnapshotsTest-volume-type-1115388493 is set by the default quota flag: quota_snapshots_tempest-GroupSnapshotsTest-volume-type-1115388493, it is now deprecated. Please use the default quota class for default quota.
Apr 28 16:39:38.166198 dv-cinder-839760-2-iscsi devstack@c-api.service[116361]: DEBUG cinder.api.middleware.request_id [None req-af1b6493-0d3b-4e63-a0fc-7451da512fb4 None None] RequestId filter calling following filter/app {{(pid=116361) _context_setter /opt/stack/cinder/cinder/api/middleware/request_id.py:62}}
Apr 28 16:39:38.170317 dv-cinder-839760-2-iscsi devstack@c-api.service[116361]: INFO cinder.api.openstack.wsgi [None req-af1b6493-0d3b-4e63-a0fc-7451da512fb4 tempest-VolumesActionsTest-1692172543 tempest-VolumesActionsTest-1692172543-project] GET http://10.222.0.43/volume/v3/b5d76e6a7dfd480a9b78ccc02a1626b0/volumes/7a46b567-c529-41f7-a2b5-63cd25b286f1
Apr 28 16:39:38.170802 dv-cinder-839760-2-iscsi devstack@c-api.service[116361]: DEBUG cinder.api.openstack.wsgi [None req-af1b6493-0d3b-4e63-a0fc-7451da512fb4 tempest-VolumesActionsTest-1692172543 tempest-VolumesActionsTest-1692172543-project] Empty body provided in request {{(pid=116361) get_body /opt/stack/cinder/cinder/api/openstack/wsgi.py:715}}
Apr 28 16:39:38.171257 dv-cinder-839760-2-iscsi devstack@c-api.service[116361]: DEBUG cinder.api.openstack.wsgi [None req-af1b6493-0d3b-4e63-a0fc-7451da512fb4 tempest-VolumesActionsTest-1692172543 tempest-VolumesActionsTest-1692172543-project] Calling method 'show' {{(pid=116361) _process_stack /opt/stack/cinder/cinder/api/openstack/wsgi.py:868}}
Apr 28 16:39:38.202131 dv-cinder-839760-2-iscsi devstack@c-api.service[116361]: /usr/local/lib/python3.8/dist-packages/oslo_context/context.py:100: DeprecationWarning: Policy enforcement is depending on the value of is_admin. This key is deprecated. Please update your policy file to use the standard policy values.
Apr 28 16:39:38.202131 dv-cinder-839760-2-iscsi devstack@c-api.service[116361]: warnings.warn('Policy enforcement is depending on the value of '
Apr 28 16:39:38.217153 dv-cinder-839760-2-iscsi devstack@c-api.service[116361]: INFO cinder.volume.api [None req-af1b6493-0d3b-4e63-a0fc-7451da512fb4 tempest-VolumesActionsTest-1692172543 tempest-VolumesActionsTest-1692172543-project] Volume info retrieved successfully.
Apr 28 16:39:38.222782 dv-cinder-839760-2-iscsi devstack@c-api.service[116362]: DEBUG cinder.quota [None req-5a08d45c-fb25-4500-b071-e2248a94c28f tempest-GroupSnapshotsTest-1606609643 tempest-GroupSnapshotsTest-1606609643-project] Created reservations ['2701f71f-eef4-4e60-8c71-11ebdf281a13', '5548256d-1d29-436f-9b92-5243c171c3d9', '73a0dde2-2a98-4b40-95ee-0fe4f17f8938', 'd61a6589-2e0e-4603-a162-af1873841404'] {{(pid=116362) reserve /opt/stack/cinder/cinder/quota.py:755}}
Apr 28 16:39:38.229906 dv-cinder-839760-2-iscsi devstack@c-api.service[116361]: INFO cinder.api.openstack.wsgi [None req-af1b6493-0d3b-4e63-a0fc-7451da512fb4 tempest-VolumesActionsTest-1692172543 tempest-VolumesActionsTest-1692172543-project] http://10.222.0.43/volume/v3/b5d76e6a7dfd480a9b78ccc02a1626b0/volumes/7a46b567-c529-41f7-a2b5-63cd25b286f1 returned with HTTP 200
Apr 28 16:39:38.241732 dv-cinder-839760-2-iscsi devstack@c-api.service[116361]: [pid: 116361|app: 0|req: 168/314] 10.222.0.43 () {58 vars in 1324 bytes} [Thu Apr 28 16:39:38 2022] GET /volume/v3/b5d76e6a7dfd480a9b78ccc02a1626b0/volumes/7a46b567-c529-41f7-a2b5-63cd25b286f1 => generated 911 bytes in 66 msecs (HTTP/1.1 200) 7 headers in 285 bytes (1 switches on core 0)
Apr 28 16:39:38.244315 dv-cinder-839760-2-iscsi devstack@c-api.service[116361]: DEBUG cinder.api.middleware.request_id [None req-ff19eb74-5af5-49e5-a7b1-30af62064a97 None None] RequestId filter calling following filter/app {{(pid=116361) _context_setter /opt/stack/cinder/cinder/api/middleware/request_id.py:62}}
Apr 28 16:39:38.248680 dv-cinder-839760-2-iscsi devstack@c-api.service[116361]: INFO cinder.api.openstack.wsgi [None req-ff19eb74-5af5-49e5-a7b1-30af62064a97 tempest-VolumesActionsTest-739658978 tempest-VolumesActionsTest-739658978-project-admin] POST http://10.222.0.43/volume/v3/16e68e0ccff8494baeefe2d4bd79b5c0/volumes/7a46b567-c529-41f7-a2b5-63cd25b286f1/action
Apr 28 16:39:38.249894 dv-cinder-839760-2-iscsi devstack@c-api.service[116361]: DEBUG cinder.api.openstack.wsgi [None req-ff19eb74-5af5-49e5-a7b1-30af62064a97 tempest-VolumesActionsTest-739658978 tempest-VolumesActionsTest-739658978-project-admin] Action body: b'{"os-reset_status": {"status": "maintenance"}}' {{(pid=116361) get_method /opt/stack/cinder/cinder/api/openstack/wsgi.py:983}}
Apr 28 16:39:38.250990 dv-cinder-839760-2-iscsi devstack@c-api.service[116361]: DEBUG cinder.api.openstack.wsgi [None req-ff19eb74-5af5-49e5-a7b1-30af62064a97 tempest-VolumesActionsTest-739658978 tempest-VolumesActionsTest-739658978-project-admin] Action: 'action', calling method: _reset_status, body: {"os-reset_status": {"status": "maintenance"}} {{(pid=116361) _process_stack /opt/stack/cinder/cinder/api/openstack/wsgi.py:866}}
Apr 28 16:39:38.268143 dv-cinder-839760-2-iscsi devstack@c-api.service[116361]: /usr/local/lib/python3.8/dist-packages/oslo_context/context.py:100: DeprecationWarning: Policy enforcement is depending on the value of is_admin. This key is deprecated. Please update your policy file to use the standard policy values.
Apr 28 16:39:38.268143 dv-cinder-839760-2-iscsi devstack@c-api.service[116361]: warnings.warn('Policy enforcement is depending on the value of '
Apr 28 16:39:38.268925 dv-cinder-839760-2-iscsi devstack@c-api.service[116361]: DEBUG cinder.api.contrib.admin_actions [None req-ff19eb74-5af5-49e5-a7b1-30af62064a97 tempest-VolumesActionsTest-739658978 tempest-VolumesActionsTest-739658978-project-admin] Updating volume '7a46b567-c529-41f7-a2b5-63cd25b286f1' with '{'status': 'maintenance'}' {{(pid=116361) _reset_status /opt/stack/cinder/cinder/api/contrib/admin_actions.py:200}}
Apr 28 16:39:38.411209 dv-cinder-839760-2-iscsi devstack@c-api.service[116362]: INFO cinder.api.openstack.wsgi [None req-5a08d45c-fb25-4500-b071-e2248a94c28f tempest-GroupSnapshotsTest-1606609643 tempest-GroupSnapshotsTest-1606609643-project] http://10.222.0.43/volume/v3/ff3914a15ff3432baec432bf7f677b55/group_snapshots returned with HTTP 202
Apr 28 16:39:38.416696 dv-cinder-839760-2-iscsi devstack@c-api.service[116362]: [pid: 116362|app: 0|req: 147/315] 10.222.0.43 () {62 vars in 1300 bytes} [Thu Apr 28 16:39:37 2022] POST /volume/v3/ff3914a15ff3432baec432bf7f677b55/group_snapshots => generated 168 bytes in 497 msecs (HTTP/1.1 202) 7 headers in 292 bytes (1 switches on core 0)
Apr 28 16:39:38.418882 dv-cinder-839760-2-iscsi devstack@c-api.service[116362]: DEBUG cinder.api.middleware.request_id [None req-e66b507a-a6d1-4511-809a-c6aed05bb647 None None] RequestId filter calling following filter/app {{(pid=116362) _context_setter /opt/stack/cinder/cinder/api/middleware/request_id.py:62}}
Apr 28 16:39:38.424535 dv-cinder-839760-2-iscsi devstack@c-api.service[116362]: INFO cinder.api.openstack.wsgi [None req-e66b507a-a6d1-4511-809a-c6aed05bb647 tempest-GroupSnapshotsTest-1606609643 tempest-GroupSnapshotsTest-1606609643-project] GET http://10.222.0.43/volume/v3/ff3914a15ff3432baec432bf7f677b55/group_snapshots/04173f76-abac-4214-84c3-3359bb82b724
Apr 28 16:39:38.425795 dv-cinder-839760-2-iscsi devstack@c-api.service[116362]: DEBUG cinder.api.openstack.wsgi [None req-e66b507a-a6d1-4511-809a-c6aed05bb647 tempest-GroupSnapshotsTest-1606609643 tempest-GroupSnapshotsTest-1606609643-project] Empty body provided in request {{(pid=116362) get_body /opt/stack/cinder/cinder/api/openstack/wsgi.py:715}}
Apr 28 16:39:38.426696 dv-cinder-839760-2-iscsi devstack@c-api.service[116362]: DEBUG cinder.api.openstack.wsgi [None req-e66b507a-a6d1-4511-809a-c6aed05bb647 tempest-GroupSnapshotsTest-1606609643 tempest-GroupSnapshotsTest-1606609643-project] Calling method 'version_select' {{(pid=116362) _process_stack /opt/stack/cinder/cinder/api/openstack/wsgi.py:868}}
Apr 28 16:39:38.426937 dv-cinder-839760-2-iscsi devstack@c-api.service[116362]: DEBUG cinder.api.v3.group_snapshots [None req-e66b507a-a6d1-4511-809a-c6aed05bb647 tempest-GroupSnapshotsTest-1606609643 tempest-GroupSnapshotsTest-1606609643-project] show called for member 04173f76-abac-4214-84c3-3359bb82b724 {{(pid=116362) show /opt/stack/cinder/cinder/api/v3/group_snapshots.py:58}}
Apr 28 16:39:38.428046 dv-cinder-839760-2-iscsi devstack@c-api.service[116361]: INFO cinder.api.openstack.wsgi [None req-ff19eb74-5af5-49e5-a7b1-30af62064a97 tempest-VolumesActionsTest-739658978 tempest-VolumesActionsTest-739658978-project-admin] http://10.222.0.43/volume/v3/16e68e0ccff8494baeefe2d4bd79b5c0/volumes/7a46b567-c529-41f7-a2b5-63cd25b286f1/action returned with HTTP 202
Apr 28 16:39:38.433272 dv-cinder-839760-2-iscsi devstack@c-api.service[116361]: [pid: 116361|app: 0|req: 169/316] 10.222.0.43 () {60 vars in 1366 bytes} [Thu Apr 28 16:39:38 2022] POST /volume/v3/16e68e0ccff8494baeefe2d4bd79b5c0/volumes/7a46b567-c529-41f7-a2b5-63cd25b286f1/action => generated 0 bytes in 187 msecs (HTTP/1.1 202) 7 headers in 289 bytes (1 switches on core 0)
Apr 28 16:39:38.435004 dv-cinder-839760-2-iscsi devstack@c-api.service[116361]: DEBUG cinder.api.middleware.request_id [None req-d2993c90-48b1-4d1b-a7d5-3ee04300a0db None None] RequestId filter calling following filter/app {{(pid=116361) _context_setter /opt/stack/cinder/cinder/api/middleware/request_id.py:62}}
Apr 28 16:39:38.435514 dv-cinder-839760-2-iscsi devstack@c-api.service[116362]: /usr/local/lib/python3.8/dist-packages/oslo_context/context.py:100: DeprecationWarning: Policy enforcement is depending on the value of is_admin. This key is deprecated. Please update your policy file to use the standard policy values.
Apr 28 16:39:38.435514 dv-cinder-839760-2-iscsi devstack@c-api.service[116362]: warnings.warn('Policy enforcement is depending on the value of '
Apr 28 16:39:38.439672 dv-cinder-839760-2-iscsi devstack@c-api.service[116361]: INFO cinder.api.openstack.wsgi [None req-d2993c90-48b1-4d1b-a7d5-3ee04300a0db tempest-VolumesActionsTest-1692172543 tempest-VolumesActionsTest-1692172543-project] GET http://10.222.0.43/volume/v3/b5d76e6a7dfd480a9b78ccc02a1626b0/volumes/7a46b567-c529-41f7-a2b5-63cd25b286f1
Apr 28 16:39:38.440275 dv-cinder-839760-2-iscsi devstack@c-api.service[116361]: DEBUG cinder.api.openstack.wsgi [None req-d2993c90-48b1-4d1b-a7d5-3ee04300a0db tempest-VolumesActionsTest-1692172543 tempest-VolumesActionsTest-1692172543-project] Empty body provided in request {{(pid=116361) get_body /opt/stack/cinder/cinder/api/openstack/wsgi.py:715}}
Apr 28 16:39:38.441514 dv-cinder-839760-2-iscsi devstack@c-api.service[116361]: DEBUG cinder.api.openstack.wsgi [None req-d2993c90-48b1-4d1b-a7d5-3ee04300a0db tempest-VolumesActionsTest-1692172543 tempest-VolumesActionsTest-1692172543-project] Calling method 'show' {{(pid=116361) _process_stack /opt/stack/cinder/cinder/api/openstack/wsgi.py:868}}
Apr 28 16:39:38.445197 dv-cinder-839760-2-iscsi devstack@c-api.service[116362]: INFO cinder.api.openstack.wsgi [None req-e66b507a-a6d1-4511-809a-c6aed05bb647 tempest-GroupSnapshotsTest-1606609643 tempest-GroupSnapshotsTest-1606609643-project] http://10.222.0.43/volume/v3/ff3914a15ff3432baec432bf7f677b55/group_snapshots/04173f76-abac-4214-84c3-3359bb82b724 returned with HTTP 200
Apr 28 16:39:38.449273 dv-cinder-839760-2-iscsi devstack@c-api.service[116362]: [pid: 116362|app: 0|req: 148/317] 10.222.0.43 () {60 vars in 1389 bytes} [Thu Apr 28 16:39:38 2022] GET /volume/v3/ff3914a15ff3432baec432bf7f677b55/group_snapshots/04173f76-abac-4214-84c3-3359bb82b724 => generated 307 bytes in 29 msecs (HTTP/1.1 200) 7 headers in 286 bytes (1 switches on core 0)
Apr 28 16:39:38.459412 dv-cinder-839760-2-iscsi devstack@c-api.service[116361]: /usr/local/lib/python3.8/dist-packages/oslo_context/context.py:100: DeprecationWarning: Policy enforcement is depending on the value of is_admin. This key is deprecated. Please update your policy file to use the standard policy values.
Apr 28 16:39:38.459412 dv-cinder-839760-2-iscsi devstack@c-api.service[116361]: warnings.warn('Policy enforcement is depending on the value of '
Apr 28 16:39:38.471730 dv-cinder-839760-2-iscsi devstack@c-api.service[116361]: INFO cinder.volume.api [None req-d2993c90-48b1-4d1b-a7d5-3ee04300a0db tempest-VolumesActionsTest-1692172543 tempest-VolumesActionsTest-1692172543-project] Volume info retrieved successfully.
Apr 28 16:39:38.479814 dv-cinder-839760-2-iscsi devstack@c-api.service[116361]: INFO cinder.api.openstack.wsgi [None req-d2993c90-48b1-4d1b-a7d5-3ee04300a0db tempest-VolumesActionsTest-1692172543 tempest-VolumesActionsTest-1692172543-project] http://10.222.0.43/volume/v3/b5d76e6a7dfd480a9b78ccc02a1626b0/volumes/7a46b567-c529-41f7-a2b5-63cd25b286f1 returned with HTTP 200
Apr 28 16:39:38.480622 dv-cinder-839760-2-iscsi devstack@c-api.service[116361]: [pid: 116361|app: 0|req: 170/318] 10.222.0.43 () {58 vars in 1324 bytes} [Thu Apr 28 16:39:38 2022] GET /volume/v3/b5d76e6a7dfd480a9b78ccc02a1626b0/volumes/7a46b567-c529-41f7-a2b5-63cd25b286f1 => generated 913 bytes in 47 msecs (HTTP/1.1 200) 7 headers in 285 bytes (1 switches on core 0)
Apr 28 16:39:38.493214 dv-cinder-839760-2-iscsi devstack@c-api.service[116362]: DEBUG cinder.api.middleware.request_id [None req-0d1c8142-af20-4d0a-99a7-fe14b950fa15 None None] RequestId filter calling following filter/app {{(pid=116362) _context_setter /opt/stack/cinder/cinder/api/middleware/request_id.py:62}}
Apr 28 16:39:38.497285 dv-cinder-839760-2-iscsi devstack@c-api.service[116362]: INFO cinder.api.openstack.wsgi [None req-0d1c8142-af20-4d0a-99a7-fe14b950fa15 tempest-VolumesActionsTest-739658978 tempest-VolumesActionsTest-739658978-project-admin] POST http://10.222.0.43/volume/v3/16e68e0ccff8494baeefe2d4bd79b5c0/volumes/7a46b567-c529-41f7-a2b5-63cd25b286f1/action
Apr 28 16:39:38.497550 dv-cinder-839760-2-iscsi devstack@c-api.service[116362]: DEBUG cinder.api.openstack.wsgi [None req-0d1c8142-af20-4d0a-99a7-fe14b950fa15 tempest-VolumesActionsTest-739658978 tempest-VolumesActionsTest-739658978-project-admin] Action body: b'{"os-force_delete": {}}' {{(pid=116362) get_method /opt/stack/cinder/cinder/api/openstack/wsgi.py:983}}
Apr 28 16:39:38.498055 dv-cinder-839760-2-iscsi devstack@c-api.service[116362]: DEBUG cinder.api.openstack.wsgi [None req-0d1c8142-af20-4d0a-99a7-fe14b950fa15 tempest-VolumesActionsTest-739658978 tempest-VolumesActionsTest-739658978-project-admin] Action: 'action', calling method: _force_delete, body: {"os-force_delete": {}} {{(pid=116362) _process_stack /opt/stack/cinder/cinder/api/openstack/wsgi.py:866}}
Apr 28 16:39:38.547471 dv-cinder-839760-2-iscsi devstack@c-api.service[116362]: /usr/local/lib/python3.8/dist-packages/oslo_context/context.py:100: DeprecationWarning: Policy enforcement is depending on the value of is_admin. This key is deprecated. Please update your policy file to use the standard policy values.
Apr 28 16:39:38.547471 dv-cinder-839760-2-iscsi devstack@c-api.service[116362]: warnings.warn('Policy enforcement is depending on the value of '
Apr 28 16:39:38.548364 dv-cinder-839760-2-iscsi devstack@c-api.service[116362]: INFO cinder.volume.api [None req-0d1c8142-af20-4d0a-99a7-fe14b950fa15 tempest-VolumesActionsTest-739658978 tempest-VolumesActionsTest-739658978-project-admin] Volume info retrieved successfully.
Apr 28 16:39:38.641799 dv-cinder-839760-2-iscsi devstack@c-api.service[116361]: DEBUG cinder.api.middleware.request_id [None req-fb895764-a2d2-4181-9254-84a28dd4cf04 None None] RequestId filter calling following filter/app {{(pid=116361) _context_setter /opt/stack/cinder/cinder/api/middleware/request_id.py:62}}
Apr 28 16:39:38.646019 dv-cinder-839760-2-iscsi devstack@c-api.service[116361]: INFO cinder.api.openstack.wsgi [None req-fb895764-a2d2-4181-9254-84a28dd4cf04 tempest-VolumeTypesAccessTest-1460499137 tempest-VolumeTypesAccessTest-1460499137-project] GET http://10.222.0.43/volume/v3/e59b7247d05d43d692c39a22d07f8b16/volumes/61ad2b29-c894-4ee3-b09c-58b670c62890
