Apr 29 13:39:18.872429 dv-cinder-839416-3-smb neutron-server[103547]: DEBUG neutron_lib.callbacks.manager [req-60ab2b88-5917-47d0-8fe6-cb5005b040ba req-3a36f9f2-13dd-43d3-83c5-72a39a71bf64 service neutron] Publish callbacks ['neutron.plugins.ml2.plugin.SecurityGroupDbMixin._ensure_default_security_group_handler-588742'] for port (b4f65152-9c3d-4bb6-b41a-1b545a64e3cc), before_update {{(pid=103547) _notify_loop /usr/local/lib/python3.8/dist-packages/neutron_lib/callbacks/manager.py:176}}
Apr 29 13:39:18.906451 dv-cinder-839416-3-smb neutron-server[103549]: DEBUG neutron.plugins.ml2.db [None req-c31403ad-b1d7-4720-8cb3-6272f0c5e4a1 None None] For port e3054fe0-cbcd-4612-851f-8e0bdd191d51, host hv-cinder-83941, got binding levels [PortBindingLevel(driver='hyperv',host='hv-cinder-83941',level=0,port_id=e3054fe0-cbcd-4612-851f-8e0bdd191d51,segment=NetworkSegment(13f8d667-b379-4fff-be78-d96ecd0b0c09),segment_id=13f8d667-b379-4fff-be78-d96ecd0b0c09)] {{(pid=103549) get_binding_level_objs /opt/stack/neutron/neutron/plugins/ml2/db.py:74}}
Apr 29 13:39:18.909736 dv-cinder-839416-3-smb neutron-server[103548]: INFO neutron.wsgi [req-73008ec1-7394-4379-9eff-146416944951 req-94ac3d7e-1f1e-4b4d-9948-46f273b8d6cb tempest-ServerRescueNegativeTestJSON-1248036565 tempest-ServerRescueNegativeTestJSON-1248036565-project] 10.222.0.20 "GET /v2.0/security-groups?id=5944bf30-f496-46b8-9051-620b164cd98c&fields=id&fields=name HTTP/1.1" status: 200 len: 286 time: 0.4936156
Apr 29 13:39:18.910227 dv-cinder-839416-3-smb neutron-server[103549]: DEBUG neutron.db.provisioning_blocks [None req-36a5ea5a-78ca-4b26-91b6-23e0a7cb9f75 None None] Provisioning complete for port b4f65152-9c3d-4bb6-b41a-1b545a64e3cc triggered by entity DHCP. {{(pid=103549) provisioning_complete /opt/stack/neutron/neutron/db/provisioning_blocks.py:145}}
Apr 29 13:39:18.911012 dv-cinder-839416-3-smb neutron-server[103549]: DEBUG neutron_lib.callbacks.manager [None req-36a5ea5a-78ca-4b26-91b6-23e0a7cb9f75 None None] Publish callbacks ['neutron.plugins.ml2.plugin.Ml2Plugin._port_provisioned-1531590'] for port (b4f65152-9c3d-4bb6-b41a-1b545a64e3cc), provisioning_complete {{(pid=103549) _notify_loop /usr/local/lib/python3.8/dist-packages/neutron_lib/callbacks/manager.py:176}}
Apr 29 13:39:18.932798 dv-cinder-839416-3-smb neutron-server[103548]: DEBUG neutron.pecan_wsgi.hooks.policy_enforcement [req-53c4ae36-4cc6-48d3-a6b1-98031bf3c9f5 req-a060cbcd-b49a-4fc6-9ff8-ab47d877f46f tempest-DeleteServersTestJSON-175038296 tempest-DeleteServersTestJSON-175038296-project] Attributes excluded by policy engine: ['standard_attr_id', 'binding:profile', 'binding:host_id', 'binding:vif_type', 'binding:vif_details'] {{(pid=103548) _exclude_attributes_by_policy /opt/stack/neutron/neutron/pecan_wsgi/hooks/policy_enforcement.py:259}}
Apr 29 13:39:18.950521 dv-cinder-839416-3-smb neutron-server[103548]: INFO neutron.wsgi [req-53c4ae36-4cc6-48d3-a6b1-98031bf3c9f5 req-a060cbcd-b49a-4fc6-9ff8-ab47d877f46f tempest-DeleteServersTestJSON-175038296 tempest-DeleteServersTestJSON-175038296-project] 10.222.0.20 "GET /v2.0/ports?device_id=681652c0-4800-4a16-b8c8-a484a6398a62 HTTP/1.1" status: 200 len: 944 time: 0.4658401
Apr 29 13:39:18.975321 dv-cinder-839416-3-smb neutron-server[103547]: DEBUG neutron.wsgi [-] (103547) accepted ('10.222.0.20', 40350) {{(pid=103547) server /usr/local/lib/python3.8/dist-packages/eventlet/wsgi.py:1004}}
Apr 29 13:39:18.978251 dv-cinder-839416-3-smb neutron-server[103548]: DEBUG neutron.pecan_wsgi.hooks.policy_enforcement [req-c8462dd3-16f8-4514-a186-cd503f4fbb06 req-8bcc2dbd-1f6e-466c-9510-446262bc228c service neutron] Attributes excluded by policy engine: ['standard_attr_id', 'shared'] {{(pid=103548) _exclude_attributes_by_policy /opt/stack/neutron/neutron/pecan_wsgi/hooks/policy_enforcement.py:259}}
Apr 29 13:39:18.981208 dv-cinder-839416-3-smb neutron-server[103548]: INFO neutron.wsgi [req-c8462dd3-16f8-4514-a186-cd503f4fbb06 req-8bcc2dbd-1f6e-466c-9510-446262bc228c service neutron] 10.222.0.26 "GET /v2.0/subnets?id=59fa37f6-c5e6-406e-bd81-5f2770950e70 HTTP/1.1" status: 200 len: 857 time: 0.1434629
Apr 29 13:39:18.999999 dv-cinder-839416-3-smb neutron-server[103549]: DEBUG neutron.plugins.ml2.plugin [None req-36a5ea5a-78ca-4b26-91b6-23e0a7cb9f75 None None] Port b4f65152-9c3d-4bb6-b41a-1b545a64e3cc cannot update to ACTIVE because it is not bound. {{(pid=103549) _port_provisioned /opt/stack/neutron/neutron/plugins/ml2/plugin.py:352}}
Apr 29 13:39:19.013175 dv-cinder-839416-3-smb neutron-server[103549]: DEBUG neutron.plugins.ml2.rpc [None req-c31403ad-b1d7-4720-8cb3-6272f0c5e4a1 None None] Returning: {'device': 'e3054fe0-cbcd-4612-851f-8e0bdd191d51', 'network_id': 'de63f86c-abd7-4e99-8233-b15887c4097c', 'port_id': 'e3054fe0-cbcd-4612-851f-8e0bdd191d51', 'mac_address': 'fa:16:3e:e3:6d:9c', 'admin_state_up': True, 'network_type': 'vlan', 'segmentation_id': 92, 'physical_network': 'physnet1', 'mtu': 1500, 'fixed_ips': [{'subnet_id': 'c61a373e-fcaf-4f73-b500-c3bcf5323375', 'ip_address': '172.20.0.12'}], 'device_owner': 'compute:nova', 'allowed_address_pairs': [], 'port_security_enabled': True, 'qos_policy_id': None, 'network_qos_policy_id': None, 'profile': {}, 'propagate_uplink_status': False} {{(pid=103549) _get_device_details /opt/stack/neutron/neutron/plugins/ml2/rpc.py:184}}
Apr 29 13:39:19.079897 dv-cinder-839416-3-smb neutron-server[103548]: DEBUG novaclient.v2.client [-] RESP: [200] Connection: close Content-Length: 179 Content-Type: application/json Date: Fri, 29 Apr 2022 13:39:18 GMT OpenStack-API-Version: compute 2.1 Server: Apache/2.4.41 (Ubuntu) Vary: OpenStack-API-Version,X-OpenStack-Nova-API-Version X-OpenStack-Nova-API-Version: 2.1 x-compute-request-id: req-e5973c92-03df-43c2-9afa-a7005cd65c67 x-openstack-request-id: req-e5973c92-03df-43c2-9afa-a7005cd65c67 {{(pid=103548) _http_log_response /usr/local/lib/python3.8/dist-packages/keystoneauth1/session.py:550}}
Apr 29 13:39:19.081423 dv-cinder-839416-3-smb neutron-server[103548]: DEBUG novaclient.v2.client [-] RESP BODY: {"events": [{"name": "network-changed", "server_uuid": "6e06b81e-6af6-4bda-9d20-8da35f21e8f2", "tag": "a87f1bdb-98ec-4c53-8ce7-31121705382b", "status": "completed", "code": 200}]} {{(pid=103548) _http_log_response /usr/local/lib/python3.8/dist-packages/keystoneauth1/session.py:582}}
Apr 29 13:39:19.081874 dv-cinder-839416-3-smb neutron-server[103548]: DEBUG novaclient.v2.client [-] POST call to compute for http://10.222.0.20/compute/v2.1/os-server-external-events used request id req-e5973c92-03df-43c2-9afa-a7005cd65c67 {{(pid=103548) request /usr/local/lib/python3.8/dist-packages/keystoneauth1/session.py:954}}
Apr 29 13:39:19.082308 dv-cinder-839416-3-smb neutron-server[103548]: INFO neutron.notifiers.nova [-] Nova event matching ['req-e5973c92-03df-43c2-9afa-a7005cd65c67'] response: {'name': 'network-changed', 'server_uuid': '6e06b81e-6af6-4bda-9d20-8da35f21e8f2', 'tag': 'a87f1bdb-98ec-4c53-8ce7-31121705382b', 'status': 'completed', 'code': 200}
Apr 29 13:39:19.093166 dv-cinder-839416-3-smb neutron-server[103549]: DEBUG neutron.plugins.ml2.plugin [None req-c31403ad-b1d7-4720-8cb3-6272f0c5e4a1 None None] Current status of the port e3054fe0-cbcd-4612-851f-8e0bdd191d51 is: DOWN; New status is: BUILD {{(pid=103549) _update_individual_port_db_status /opt/stack/neutron/neutron/plugins/ml2/plugin.py:2297}}
Apr 29 13:39:19.093620 dv-cinder-839416-3-smb neutron-server[103549]: DEBUG neutron_lib.callbacks.manager [None req-c31403ad-b1d7-4720-8cb3-6272f0c5e4a1 None None] Publish callbacks ['neutron.plugins.ml2.plugin.SecurityGroupDbMixin._ensure_default_security_group_handler-588742'] for port (e3054fe0-cbcd-4612-851f-8e0bdd191d51), before_update {{(pid=103549) _notify_loop /usr/local/lib/python3.8/dist-packages/neutron_lib/callbacks/manager.py:176}}
Apr 29 13:39:19.124470 dv-cinder-839416-3-smb neutron-server[103549]: DEBUG neutron.notifiers.nova [None req-c31403ad-b1d7-4720-8cb3-6272f0c5e4a1 None None] Ignoring state change previous_port_status: DOWN current_port_status: BUILD port_id e3054fe0-cbcd-4612-851f-8e0bdd191d51 {{(pid=103549) record_port_status_changed /opt/stack/neutron/neutron/notifiers/nova.py:233}}
Apr 29 13:39:19.165934 dv-cinder-839416-3-smb neutron-server[103547]: DEBUG neutron_lib.callbacks.manager [None req-40d9bd45-29e4-4f93-a763-3e9aca4f45e2 admin admin] Publish callbacks [] for security_group (da6353b5-0246-4f63-8628-e3ed4401dec7), precommit_create {{(pid=103547) _notify_loop /usr/local/lib/python3.8/dist-packages/neutron_lib/callbacks/manager.py:176}}
Apr 29 13:39:19.176935 dv-cinder-839416-3-smb neutron-server[103549]: DEBUG neutron.plugins.ml2.db [None req-c31403ad-b1d7-4720-8cb3-6272f0c5e4a1 None None] For port e3054fe0-cbcd-4612-851f-8e0bdd191d51, host hv-cinder-83941, got binding levels [PortBindingLevel(driver='hyperv',host='hv-cinder-83941',level=0,port_id=e3054fe0-cbcd-4612-851f-8e0bdd191d51,segment=NetworkSegment(13f8d667-b379-4fff-be78-d96ecd0b0c09),segment_id=13f8d667-b379-4fff-be78-d96ecd0b0c09)] {{(pid=103549) get_binding_level_objs /opt/stack/neutron/neutron/plugins/ml2/db.py:74}}
Apr 29 13:39:19.180779 dv-cinder-839416-3-smb neutron-server[103547]: DEBUG neutron_lib.callbacks.manager [None req-40d9bd45-29e4-4f93-a763-3e9aca4f45e2 admin admin] Publish callbacks ['neutron.plugins.ml2.ovo_rpc._ObjectChangeHandler.handle_event-468089'] for security_group (da6353b5-0246-4f63-8628-e3ed4401dec7), after_create {{(pid=103547) _notify_loop /usr/local/lib/python3.8/dist-packages/neutron_lib/callbacks/manager.py:176}}
Apr 29 13:39:19.186385 dv-cinder-839416-3-smb neutron-server[103549]: DEBUG neutron_lib.callbacks.manager [None req-c31403ad-b1d7-4720-8cb3-6272f0c5e4a1 None None] Publish callbacks ['neutron.plugins.ml2.plugin.SecurityGroupServerNotifierRpcMixin._notify_sg_on_port_change-587801', 'neutron.plugins.ml2.ovo_rpc._ObjectChangeHandler.handle_event-55186', 'neutron.api.rpc.agentnotifiers.dhcp_rpc_agent_api.DhcpAgentNotifyAPI._native_event_send_dhcp_notification-1599729', 'neutron.db.l3_db.L3RpcNotifierMixin._notify_gateway_port_ip_changed-8791784433116', 'neutron.db.l3_dvrscheduler_db._notify_l3_agent_port_update-8791783990155', 'neutron.db.l3_hascheduler_db._notify_l3_agent_ha_port_update-8791783990173'] for port (e3054fe0-cbcd-4612-851f-8e0bdd191d51), after_update {{(pid=103549) _notify_loop /usr/local/lib/python3.8/dist-packages/neutron_lib/callbacks/manager.py:176}}
Apr 29 13:39:19.207604 dv-cinder-839416-3-smb neutron-server[103548]: DEBUG neutron.pecan_wsgi.hooks.policy_enforcement [req-e0915df1-8c6d-4d71-beff-a2f8b84e14c2 req-1888b3b4-163b-4bd5-8be7-5043dbcb9a83 tempest-AttachVolumeNegativeTest-530144541 tempest-AttachVolumeNegativeTest-530144541-project] Attributes excluded by policy engine: ['standard_attr_id', 'binding:profile', 'binding:host_id', 'binding:vif_type', 'binding:vif_details'] {{(pid=103548) _exclude_attributes_by_policy /opt/stack/neutron/neutron/pecan_wsgi/hooks/policy_enforcement.py:259}}
Apr 29 13:39:19.210034 dv-cinder-839416-3-smb neutron-server[103548]: INFO neutron.wsgi [req-e0915df1-8c6d-4d71-beff-a2f8b84e14c2 req-1888b3b4-163b-4bd5-8be7-5043dbcb9a83 tempest-AttachVolumeNegativeTest-530144541 tempest-AttachVolumeNegativeTest-530144541-project] 10.222.0.20 "GET /v2.0/ports?device_id=c6c8a6b6-8bd0-4011-920e-0027c76c0fa2 HTTP/1.1" status: 200 len: 931 time: 0.0645235
Apr 29 13:39:19.211259 dv-cinder-839416-3-smb neutron-server[103548]: DEBUG neutron.pecan_wsgi.hooks.policy_enforcement [req-c8462dd3-16f8-4514-a186-cd503f4fbb06 req-042f7760-304a-4d1b-9f27-b8624c5db95b service neutron] Attributes excluded by policy engine: ['standard_attr_id'] {{(pid=103548) _exclude_attributes_by_policy /opt/stack/neutron/neutron/pecan_wsgi/hooks/policy_enforcement.py:259}}
Apr 29 13:39:19.213678 dv-cinder-839416-3-smb neutron-server[103548]: INFO neutron.wsgi [req-c8462dd3-16f8-4514-a186-cd503f4fbb06 req-042f7760-304a-4d1b-9f27-b8624c5db95b service neutron] 10.222.0.26 "GET /v2.0/ports?network_id=e33719b8-e7d5-44c1-a89a-1ba0f8d4320a&device_owner=network%3Adhcp HTTP/1.1" status: 200 len: 1210 time: 0.2194963
Apr 29 13:39:19.217220 dv-cinder-839416-3-smb neutron-server[103548]: INFO neutron.wsgi [req-53c4ae36-4cc6-48d3-a6b1-98031bf3c9f5 req-594d6525-b1e4-4cb6-ba88-b2cb9e83fad7 tempest-DeleteServersTestJSON-175038296 tempest-DeleteServersTestJSON-175038296-project] 10.222.0.20 "GET /v2.0/security-groups?id=96724a3c-5edf-4e1c-b247-407e3ee693c8&fields=id&fields=name HTTP/1.1" status: 200 len: 286 time: 0.2574840
Apr 29 13:39:19.251986 dv-cinder-839416-3-smb neutron-server[103547]: DEBUG neutron_lib.callbacks.manager [None req-03166687-ee80-4633-83c5-a3da953f6c91 admin admin] Publish callbacks [] for security_group (None), before_create {{(pid=103547) _notify_loop /usr/local/lib/python3.8/dist-packages/neutron_lib/callbacks/manager.py:176}}
Apr 29 13:39:19.284894 dv-cinder-839416-3-smb neutron-server[103549]: DEBUG neutron.api.rpc.handlers.resources_rpc [None req-c31403ad-b1d7-4720-8cb3-6272f0c5e4a1 None None] Pushing event updated for resources: {'Port': ['ID=e3054fe0-cbcd-4612-851f-8e0bdd191d51,revision_number=4']} {{(pid=103549) push /opt/stack/neutron/neutron/api/rpc/handlers/resources_rpc.py:237}}
Apr 29 13:39:19.316820 dv-cinder-839416-3-smb neutron-server[103547]: INFO neutron.wsgi [None req-40d9bd45-29e4-4f93-a763-3e9aca4f45e2 admin admin] 10.222.0.20 "GET /v2.0/security-groups?tenant_id=51b0ebcc754749ea939b722c6588b814&name=default HTTP/1.1" status: 200 len: 2996 time: 0.6370089
Apr 29 13:39:19.323169 dv-cinder-839416-3-smb neutron-server[103547]: DEBUG neutron.api.rpc.handlers.resources_rpc [None req-40d9bd45-29e4-4f93-a763-3e9aca4f45e2 admin admin] Pushing event updated for resources: {'SecurityGroup': ['ID=da6353b5-0246-4f63-8628-e3ed4401dec7,revision_number=1']} {{(pid=103547) push /opt/stack/neutron/neutron/api/rpc/handlers/resources_rpc.py:237}}
Apr 29 13:39:19.327450 dv-cinder-839416-3-smb neutron-server[103547]: DEBUG neutron.wsgi [-] (103547) accepted ('10.222.0.20', 40362) {{(pid=103547) server /usr/local/lib/python3.8/dist-packages/eventlet/wsgi.py:1004}}
Apr 29 13:39:19.385225 dv-cinder-839416-3-smb neutron-server[103548]: INFO neutron.wsgi [req-e0915df1-8c6d-4d71-beff-a2f8b84e14c2 req-4ca7a529-cf78-435d-be03-478c268b8735 tempest-AttachVolumeNegativeTest-530144541 tempest-AttachVolumeNegativeTest-530144541-project] 10.222.0.20 "GET /v2.0/security-groups?id=6fe23293-fc42-4bda-a7ac-9a71a53bf729&fields=id&fields=name HTTP/1.1" status: 200 len: 312 time: 0.1613841
Apr 29 13:39:19.433882 dv-cinder-839416-3-smb neutron-server[103548]: INFO neutron.wsgi [req-c8462dd3-16f8-4514-a186-cd503f4fbb06 req-e3f3d6c4-70df-4c31-9d7c-c7a53155b42f service neutron] 10.222.0.26 "GET /v2.0/networks/e33719b8-e7d5-44c1-a89a-1ba0f8d4320a?fields=segments HTTP/1.1" status: 200 len: 212 time: 0.2065578
Apr 29 13:39:19.477290 dv-cinder-839416-3-smb neutron-server[103547]: DEBUG neutron_lib.callbacks.manager [None req-5716de1d-0515-45a7-8c7b-13430797828d admin admin] Publish callbacks [] for security_group (da6353b5-0246-4f63-8628-e3ed4401dec7), before_delete {{(pid=103547) _notify_loop /usr/local/lib/python3.8/dist-packages/neutron_lib/callbacks/manager.py:176}}
Apr 29 13:39:19.577042 dv-cinder-839416-3-smb neutron-server[103547]: DEBUG neutron_lib.callbacks.manager [None req-5716de1d-0515-45a7-8c7b-13430797828d admin admin] Publish callbacks [] for security_group (da6353b5-0246-4f63-8628-e3ed4401dec7), precommit_delete {{(pid=103547) _notify_loop /usr/local/lib/python3.8/dist-packages/neutron_lib/callbacks/manager.py:176}}
Apr 29 13:39:19.590339 dv-cinder-839416-3-smb neutron-server[103547]: DEBUG neutron_lib.callbacks.manager [None req-03166687-ee80-4633-83c5-a3da953f6c91 admin admin] Publish callbacks [] for security_group (8135a7e6-bbdb-4172-8522-c90ef3f618af), precommit_create {{(pid=103547) _notify_loop /usr/local/lib/python3.8/dist-packages/neutron_lib/callbacks/manager.py:176}}
Apr 29 13:39:19.599031 dv-cinder-839416-3-smb neutron-server[103549]: DEBUG neutron.plugins.ml2.db [None req-c31403ad-b1d7-4720-8cb3-6272f0c5e4a1 None None] get_ports_and_sgs() called for port_ids ['e3054fe0-cbcd-4612-851f-8e0bdd191d51'] {{(pid=103549) get_ports_and_sgs /opt/stack/neutron/neutron/plugins/ml2/db.py:156}}
Apr 29 13:39:19.616661 dv-cinder-839416-3-smb neutron-server[103548]: INFO neutron.wsgi [req-c8462dd3-16f8-4514-a186-cd503f4fbb06 req-4b37fb88-8fed-4e1e-a433-a027c0b690ed service neutron] 10.222.0.26 "GET /v2.0/networks/e33719b8-e7d5-44c1-a89a-1ba0f8d4320a?fields=provider%3Aphysical_network&fields=provider%3Anetwork_type HTTP/1.1" status: 200 len: 281 time: 0.1758773
Apr 29 13:39:19.616922 dv-cinder-839416-3-smb neutron-server[103547]: DEBUG neutron_lib.callbacks.manager [None req-03166687-ee80-4633-83c5-a3da953f6c91 admin admin] Publish callbacks ['neutron.plugins.ml2.ovo_rpc._ObjectChangeHandler.handle_event-468089'] for security_group (8135a7e6-bbdb-4172-8522-c90ef3f618af), after_create {{(pid=103547) _notify_loop /usr/local/lib/python3.8/dist-packages/neutron_lib/callbacks/manager.py:176}}
Apr 29 13:39:19.624966 dv-cinder-839416-3-smb neutron-server[103547]: DEBUG neutron.notifiers.nova [req-60ab2b88-5917-47d0-8fe6-cb5005b040ba req-3a36f9f2-13dd-43d3-83c5-72a39a71bf64 service neutron] Ignoring state change previous_port_status: DOWN current_port_status: DOWN port_id b4f65152-9c3d-4bb6-b41a-1b545a64e3cc {{(pid=103547) record_port_status_changed /opt/stack/neutron/neutron/notifiers/nova.py:233}}
Apr 29 13:39:19.645766 dv-cinder-839416-3-smb neutron-server[103547]: DEBUG neutron_lib.callbacks.manager [req-60ab2b88-5917-47d0-8fe6-cb5005b040ba req-3a36f9f2-13dd-43d3-83c5-72a39a71bf64 service neutron] Publish callbacks [] for port (b4f65152-9c3d-4bb6-b41a-1b545a64e3cc), precommit_update {{(pid=103547) _notify_loop /usr/local/lib/python3.8/dist-packages/neutron_lib/callbacks/manager.py:176}}
Apr 29 13:39:19.691606 dv-cinder-839416-3-smb neutron-server[103549]: DEBUG neutron.plugins.ml2.db [None req-c31403ad-b1d7-4720-8cb3-6272f0c5e4a1 None None] get_ports_and_sgs() called for port_ids ['517684f4-0812-471d-8b9e-174a4fa7ff45'] {{(pid=103549) get_ports_and_sgs /opt/stack/neutron/neutron/plugins/ml2/db.py:156}}
Apr 29 13:39:19.706767 dv-cinder-839416-3-smb neutron-server[103547]: INFO neutron.wsgi [None req-03166687-ee80-4633-83c5-a3da953f6c91 admin admin] 10.222.0.20 "GET /v2.0/security-groups?tenant_id=aab1683f8a864b0b9e16ae4cca187515&name=default HTTP/1.1" status: 200 len: 2996 time: 0.7282038
Apr 29 13:39:19.710764 dv-cinder-839416-3-smb neutron-server[103547]: DEBUG neutron.db.provisioning_blocks [req-60ab2b88-5917-47d0-8fe6-cb5005b040ba req-3a36f9f2-13dd-43d3-83c5-72a39a71bf64 service neutron] Transition to ACTIVE for port object b4f65152-9c3d-4bb6-b41a-1b545a64e3cc will not be triggered until provisioned by entity L2. {{(pid=103547) add_provisioning_component /opt/stack/neutron/neutron/db/provisioning_blocks.py:75}}
Apr 29 13:39:19.711228 dv-cinder-839416-3-smb neutron-server[103548]: DEBUG neutron.wsgi [-] (103548) accepted ('10.222.0.20', 40372) {{(pid=103548) server /usr/local/lib/python3.8/dist-packages/eventlet/wsgi.py:1004}}
Apr 29 13:39:19.712045 dv-cinder-839416-3-smb neutron-server[103547]: DEBUG neutron.api.rpc.handlers.resources_rpc [None req-03166687-ee80-4633-83c5-a3da953f6c91 admin admin] Pushing event updated for resources: {'SecurityGroup': ['ID=8135a7e6-bbdb-4172-8522-c90ef3f618af,revision_number=1']} {{(pid=103547) push /opt/stack/neutron/neutron/api/rpc/handlers/resources_rpc.py:237}}
Apr 29 13:39:19.734444 dv-cinder-839416-3-smb neutron-server[103547]: DEBUG neutron_lib.callbacks.manager [req-60ab2b88-5917-47d0-8fe6-cb5005b040ba req-3a36f9f2-13dd-43d3-83c5-72a39a71bf64 service neutron] Publish callbacks ['neutron.plugins.ml2.plugin.SecurityGroupServerNotifierRpcMixin._notify_sg_on_port_change-587801', 'neutron.plugins.ml2.ovo_rpc._ObjectChangeHandler.handle_event-55186', 'neutron.api.rpc.agentnotifiers.dhcp_rpc_agent_api.DhcpAgentNotifyAPI._native_event_send_dhcp_notification-1599729', 'neutron.db.l3_db.L3RpcNotifierMixin._notify_gateway_port_ip_changed-8791784433116', 'neutron.db.l3_dvrscheduler_db._notify_l3_agent_port_update-8791783990155', 'neutron.db.l3_hascheduler_db._notify_l3_agent_ha_port_update-8791783990173'] for port (b4f65152-9c3d-4bb6-b41a-1b545a64e3cc), after_update {{(pid=103547) _notify_loop /usr/local/lib/python3.8/dist-packages/neutron_lib/callbacks/manager.py:176}}
Apr 29 13:39:19.855521 dv-cinder-839416-3-smb neutron-server[103548]: DEBUG neutron_lib.callbacks.manager [None req-08cdc051-284f-4f56-aae6-652e964c07cf admin admin] Publish callbacks [] for security_group (8135a7e6-bbdb-4172-8522-c90ef3f618af), before_delete {{(pid=103548) _notify_loop /usr/local/lib/python3.8/dist-packages/neutron_lib/callbacks/manager.py:176}}
Apr 29 13:39:19.862784 dv-cinder-839416-3-smb neutron-server[103547]: DEBUG neutron_lib.callbacks.manager [None req-5716de1d-0515-45a7-8c7b-13430797828d admin admin] Publish callbacks ['neutron.plugins.ml2.ovo_rpc._ObjectChangeHandler.handle_event-468089'] for security_group (da6353b5-0246-4f63-8628-e3ed4401dec7), after_delete {{(pid=103547) _notify_loop /usr/local/lib/python3.8/dist-packages/neutron_lib/callbacks/manager.py:176}}
Apr 29 13:39:19.867507 dv-cinder-839416-3-smb neutron-server[103547]: DEBUG neutron_lib.callbacks.manager [None req-5716de1d-0515-45a7-8c7b-13430797828d admin admin] Publish callbacks [] for security_group (None), before_response {{(pid=103547) _notify_loop /usr/local/lib/python3.8/dist-packages/neutron_lib/callbacks/manager.py:176}}
Apr 29 13:39:19.869156 dv-cinder-839416-3-smb neutron-server[103547]: INFO neutron.wsgi [None req-5716de1d-0515-45a7-8c7b-13430797828d admin admin] 10.222.0.20 "DELETE /v2.0/security-groups/da6353b5-0246-4f63-8628-e3ed4401dec7 HTTP/1.1" status: 204 len: 168 time: 0.5395598
Apr 29 13:39:19.904748 dv-cinder-839416-3-smb neutron-server[103547]: DEBUG neutron.plugins.ml2.managers [req-60ab2b88-5917-47d0-8fe6-cb5005b040ba req-3a36f9f2-13dd-43d3-83c5-72a39a71bf64 service neutron] Attempting to bind port b4f65152-9c3d-4bb6-b41a-1b545a64e3cc on host hv-cinder-83941 for vnic_type normal with profile {{(pid=103547) bind_port /opt/stack/neutron/neutron/plugins/ml2/managers.py:795}}
Apr 29 13:39:19.906513 dv-cinder-839416-3-smb neutron-server[103547]: DEBUG neutron.plugins.ml2.managers [req-60ab2b88-5917-47d0-8fe6-cb5005b040ba req-3a36f9f2-13dd-43d3-83c5-72a39a71bf64 service neutron] Attempting to bind port b4f65152-9c3d-4bb6-b41a-1b545a64e3cc by drivers openvswitch,hyperv on host hv-cinder-83941 at level 0 using segments [{'id': '94c5e72f-c05d-4b1a-84a1-737f0ef8c675', 'network_type': 'vlan', 'physical_network': 'physnet1', 'segmentation_id': 51, 'network_id': 'ee2b3ef3-3340-4760-a72b-28d6455d187a'}] {{(pid=103547) _bind_port_level /opt/stack/neutron/neutron/plugins/ml2/managers.py:820}}
Apr 29 13:39:19.907613 dv-cinder-839416-3-smb neutron-server[103547]: DEBUG neutron.plugins.ml2.drivers.mech_agent [req-60ab2b88-5917-47d0-8fe6-cb5005b040ba req-3a36f9f2-13dd-43d3-83c5-72a39a71bf64 service neutron] Attempting to bind port b4f65152-9c3d-4bb6-b41a-1b545a64e3cc on network ee2b3ef3-3340-4760-a72b-28d6455d187a {{(pid=103547) bind_port /opt/stack/neutron/neutron/plugins/ml2/drivers/mech_agent.py:91}}
Apr 29 13:39:19.929678 dv-cinder-839416-3-smb neutron-server[103547]: DEBUG neutron.plugins.ml2.drivers.mech_agent [req-60ab2b88-5917-47d0-8fe6-cb5005b040ba req-3a36f9f2-13dd-43d3-83c5-72a39a71bf64 service neutron] Port b4f65152-9c3d-4bb6-b41a-1b545a64e3cc on network ee2b3ef3-3340-4760-a72b-28d6455d187a not bound, no agent of type Open vSwitch agent registered on host hv-cinder-83941 {{(pid=103547) bind_port /opt/stack/neutron/neutron/plugins/ml2/drivers/mech_agent.py:103}}
Apr 29 13:39:19.932455 dv-cinder-839416-3-smb neutron-server[103547]: DEBUG neutron.plugins.ml2.drivers.mech_agent [req-60ab2b88-5917-47d0-8fe6-cb5005b040ba req-3a36f9f2-13dd-43d3-83c5-72a39a71bf64 service neutron] Attempting to bind port b4f65152-9c3d-4bb6-b41a-1b545a64e3cc on network ee2b3ef3-3340-4760-a72b-28d6455d187a {{(pid=103547) bind_port /opt/stack/neutron/neutron/plugins/ml2/drivers/mech_agent.py:91}}
Apr 29 13:39:19.944995 dv-cinder-839416-3-smb neutron-server[103547]: DEBUG neutron.api.rpc.handlers.resources_rpc [None req-3a36f9f2-13dd-43d3-83c5-72a39a71bf64 service neutron] Pushing event updated for resources: {'Port': ['ID=b4f65152-9c3d-4bb6-b41a-1b545a64e3cc,revision_number=2']} {{(pid=103547) push /opt/stack/neutron/neutron/api/rpc/handlers/resources_rpc.py:237}}
Apr 29 13:39:19.954377 dv-cinder-839416-3-smb neutron-server[103548]: DEBUG neutron_lib.callbacks.manager [None req-08cdc051-284f-4f56-aae6-652e964c07cf admin admin] Publish callbacks [] for security_group (8135a7e6-bbdb-4172-8522-c90ef3f618af), precommit_delete {{(pid=103548) _notify_loop /usr/local/lib/python3.8/dist-packages/neutron_lib/callbacks/manager.py:176}}
Apr 29 13:39:19.959475 dv-cinder-839416-3-smb neutron-server[103547]: DEBUG neutron.plugins.ml2.drivers.mech_agent [req-60ab2b88-5917-47d0-8fe6-cb5005b040ba req-3a36f9f2-13dd-43d3-83c5-72a39a71bf64 service neutron] Checking agent: {'id': '54e76bc9-bc5c-4398-bdb2-3c4beb8ff46f', 'agent_type': 'HyperV agent', 'binary': 'neutron-hyperv-agent', 'topic': 'N/A', 'host': 'hv-cinder-83941', 'admin_state_up': True, 'created_at': datetime.datetime(2022, 4, 29, 13, 36, 31), 'started_at': datetime.datetime(2022, 4, 29, 13, 36, 31), 'heartbeat_timestamp': datetime.datetime(2022, 4, 29, 13, 39, 1), 'description': None, 'resources_synced': None, 'availability_zone': None, 'alive': True, 'configurations': {'vswitch_mappings': {'physnet1$': 'br-data'}}, 'resource_versions': {}} {{(pid=103547) bind_port /opt/stack/neutron/neutron/plugins/ml2/drivers/mech_agent.py:110}}
Apr 29 13:39:19.959877 dv-cinder-839416-3-smb neutron-server[103547]: DEBUG neutron.plugins.ml2.drivers.mech_agent [req-60ab2b88-5917-47d0-8fe6-cb5005b040ba req-3a36f9f2-13dd-43d3-83c5-72a39a71bf64 service neutron] Checking segment: {'id': '94c5e72f-c05d-4b1a-84a1-737f0ef8c675', 'network_type': 'vlan', 'physical_network': 'physnet1', 'segmentation_id': 51, 'network_id': 'ee2b3ef3-3340-4760-a72b-28d6455d187a'} for mappings: {'physnet1$': 'br-data'} with network types: ['local', 'flat', 'vlan'] {{(pid=103547) check_segment_for_agent /opt/stack/neutron/neutron/plugins/ml2/drivers/mech_agent.py:373}}
Apr 29 13:39:19.960464 dv-cinder-839416-3-smb neutron-server[103547]: DEBUG neutron.plugins.ml2.drivers.mech_agent [req-60ab2b88-5917-47d0-8fe6-cb5005b040ba req-3a36f9f2-13dd-43d3-83c5-72a39a71bf64 service neutron] Bound using segment: {'id': '94c5e72f-c05d-4b1a-84a1-737f0ef8c675', 'network_type': 'vlan', 'physical_network': 'physnet1', 'segmentation_id': 51, 'network_id': 'ee2b3ef3-3340-4760-a72b-28d6455d187a'} {{(pid=103547) bind_port /opt/stack/neutron/neutron/plugins/ml2/drivers/mech_agent.py:120}}
Apr 29 13:39:19.960989 dv-cinder-839416-3-smb neutron-server[103547]: DEBUG neutron.plugins.ml2.managers [req-60ab2b88-5917-47d0-8fe6-cb5005b040ba req-3a36f9f2-13dd-43d3-83c5-72a39a71bf64 service neutron] Bound port: b4f65152-9c3d-4bb6-b41a-1b545a64e3cc, host: hv-cinder-83941, vif_type: hyperv, vif_details: {"connectivity": "legacy", "port_filter": false}, binding_levels: [{'bound_driver': 'hyperv', 'bound_segment': {'id': '94c5e72f-c05d-4b1a-84a1-737f0ef8c675', 'network_type': 'vlan', 'physical_network': 'physnet1', 'segmentation_id': 51, 'network_id': 'ee2b3ef3-3340-4760-a72b-28d6455d187a'}}] {{(pid=103547) _bind_port_level /opt/stack/neutron/neutron/plugins/ml2/managers.py:932}}
Apr 29 13:39:19.961344 dv-cinder-839416-3-smb neutron-server[103547]: DEBUG neutron_lib.callbacks.manager [req-60ab2b88-5917-47d0-8fe6-cb5005b040ba req-3a36f9f2-13dd-43d3-83c5-72a39a71bf64 service neutron] Publish callbacks ['neutron.plugins.ml2.plugin.SecurityGroupDbMixin._ensure_default_security_group_handler-588742'] for port (b4f65152-9c3d-4bb6-b41a-1b545a64e3cc), before_update {{(pid=103547) _notify_loop /usr/local/lib/python3.8/dist-packages/neutron_lib/callbacks/manager.py:176}}
Apr 29 13:39:19.963622 dv-cinder-839416-3-smb neutron-server[103547]: DEBUG neutron.api.rpc.handlers.resources_rpc [None req-5716de1d-0515-45a7-8c7b-13430797828d admin admin] Pushing event deleted for resources: {'SecurityGroup': ['ID=da6353b5-0246-4f63-8628-e3ed4401dec7,revision_number=None']} {{(pid=103547) push /opt/stack/neutron/neutron/api/rpc/handlers/resources_rpc.py:237}}
Apr 29 13:39:20.066431 dv-cinder-839416-3-smb neutron-server[103548]: DEBUG neutron_lib.callbacks.manager [None req-08cdc051-284f-4f56-aae6-652e964c07cf admin admin] Publish callbacks ['neutron.plugins.ml2.ovo_rpc._ObjectChangeHandler.handle_event-468089'] for security_group (8135a7e6-bbdb-4172-8522-c90ef3f618af), after_delete {{(pid=103548) _notify_loop /usr/local/lib/python3.8/dist-packages/neutron_lib/callbacks/manager.py:176}}
Apr 29 13:39:20.071050 dv-cinder-839416-3-smb neutron-server[103548]: DEBUG neutron_lib.callbacks.manager [None req-08cdc051-284f-4f56-aae6-652e964c07cf admin admin] Publish callbacks [] for security_group (None), before_response {{(pid=103548) _notify_loop /usr/local/lib/python3.8/dist-packages/neutron_lib/callbacks/manager.py:176}}
Apr 29 13:39:20.072931 dv-cinder-839416-3-smb neutron-server[103548]: INFO neutron.wsgi [None req-08cdc051-284f-4f56-aae6-652e964c07cf admin admin] 10.222.0.20 "DELETE /v2.0/security-groups/8135a7e6-bbdb-4172-8522-c90ef3f618af HTTP/1.1" status: 204 len: 168 time: 0.3583789
Apr 29 13:39:20.116692 dv-cinder-839416-3-smb neutron-server[103548]: DEBUG neutron.api.rpc.handlers.resources_rpc [None req-08cdc051-284f-4f56-aae6-652e964c07cf admin admin] Pushing event deleted for resources: {'SecurityGroup': ['ID=8135a7e6-bbdb-4172-8522-c90ef3f618af,revision_number=None']} {{(pid=103548) push /opt/stack/neutron/neutron/api/rpc/handlers/resources_rpc.py:237}}
Apr 29 13:39:20.154920 dv-cinder-839416-3-smb neutron-server[103547]: DEBUG neutron.plugins.ml2.db [req-60ab2b88-5917-47d0-8fe6-cb5005b040ba req-3a36f9f2-13dd-43d3-83c5-72a39a71bf64 service neutron] For port b4f65152-9c3d-4bb6-b41a-1b545a64e3cc, host hv-cinder-83941, cleared binding levels {{(pid=103547) clear_binding_levels /opt/stack/neutron/neutron/plugins/ml2/db.py:87}}
Apr 29 13:39:20.157458 dv-cinder-839416-3-smb neutron-server[103547]: DEBUG neutron.plugins.ml2.db [req-60ab2b88-5917-47d0-8fe6-cb5005b040ba req-3a36f9f2-13dd-43d3-83c5-72a39a71bf64 service neutron] For port b4f65152-9c3d-4bb6-b41a-1b545a64e3cc, host hv-cinder-83941, set binding levels [PortBindingLevel(driver='hyperv',host='hv-cinder-83941',level=0,port_id=b4f65152-9c3d-4bb6-b41a-1b545a64e3cc,segment=NetworkSegment(94c5e72f-c05d-4b1a-84a1-737f0ef8c675),segment_id=94c5e72f-c05d-4b1a-84a1-737f0ef8c675)] {{(pid=103547) set_binding_levels /opt/stack/neutron/neutron/plugins/ml2/db.py:59}}
Apr 29 13:39:20.167322 dv-cinder-839416-3-smb neutron-server[103547]: DEBUG neutron_lib.callbacks.manager [req-60ab2b88-5917-47d0-8fe6-cb5005b040ba req-3a36f9f2-13dd-43d3-83c5-72a39a71bf64 service neutron] Publish callbacks ['neutron.plugins.ml2.plugin.SecurityGroupServerNotifierRpcMixin._notify_sg_on_port_change-587801', 'neutron.plugins.ml2.ovo_rpc._ObjectChangeHandler.handle_event-55186', 'neutron.api.rpc.agentnotifiers.dhcp_rpc_agent_api.DhcpAgentNotifyAPI._native_event_send_dhcp_notification-1599729', 'neutron.db.l3_db.L3RpcNotifierMixin._notify_gateway_port_ip_changed-8791784433116', 'neutron.db.l3_dvrscheduler_db._notify_l3_agent_port_update-8791783990155', 'neutron.db.l3_hascheduler_db._notify_l3_agent_ha_port_update-8791783990173'] for port (b4f65152-9c3d-4bb6-b41a-1b545a64e3cc), after_update {{(pid=103547) _notify_loop /usr/local/lib/python3.8/dist-packages/neutron_lib/callbacks/manager.py:176}}
Apr 29 13:39:20.310299 dv-cinder-839416-3-smb neutron-server[103548]: DEBUG neutron.pecan_wsgi.hooks.policy_enforcement [req-185515fe-29f9-43f7-9826-82f76e4e2024 req-7fb8f548-f9e1-4f02-8103-5fe38fbd99e6 tempest-ServerRescueNegativeTestJSON-1248036565 tempest-ServerRescueNegativeTestJSON-1248036565-project] Attributes excluded by policy engine: ['standard_attr_id', 'binding:profile', 'binding:host_id', 'binding:vif_type', 'binding:vif_details'] {{(pid=103548) _exclude_attributes_by_policy /opt/stack/neutron/neutron/pecan_wsgi/hooks/policy_enforcement.py:259}}
Apr 29 13:39:20.324488 dv-cinder-839416-3-smb neutron-server[103548]: INFO neutron.wsgi [req-185515fe-29f9-43f7-9826-82f76e4e2024 req-7fb8f548-f9e1-4f02-8103-5fe38fbd99e6 tempest-ServerRescueNegativeTestJSON-1248036565 tempest-ServerRescueNegativeTestJSON-1248036565-project] 10.222.0.20 "GET /v2.0/ports?device_id=6e06b81e-6af6-4bda-9d20-8da35f21e8f2 HTTP/1.1" status: 200 len: 943 time: 0.1274171
Apr 29 13:39:20.339312 dv-cinder-839416-3-smb neutron-server[103547]: DEBUG neutron.api.rpc.handlers.resources_rpc [None req-3a36f9f2-13dd-43d3-83c5-72a39a71bf64 service neutron] Pushing event updated for resources: {'Port': ['ID=b4f65152-9c3d-4bb6-b41a-1b545a64e3cc,revision_number=3']} {{(pid=103547) push /opt/stack/neutron/neutron/api/rpc/handlers/resources_rpc.py:237}}
Apr 29 13:39:20.366011 dv-cinder-839416-3-smb neutron-server[103547]: DEBUG neutron.pecan_wsgi.hooks.policy_enforcement [req-60ab2b88-5917-47d0-8fe6-cb5005b040ba req-3a36f9f2-13dd-43d3-83c5-72a39a71bf64 service neutron] Attributes excluded by policy engine: ['standard_attr_id'] {{(pid=103547) _exclude_attributes_by_policy /opt/stack/neutron/neutron/pecan_wsgi/hooks/policy_enforcement.py:259}}
Apr 29 13:39:20.366937 dv-cinder-839416-3-smb neutron-server[103547]: DEBUG neutron_lib.callbacks.manager [req-60ab2b88-5917-47d0-8fe6-cb5005b040ba req-3a36f9f2-13dd-43d3-83c5-72a39a71bf64 service neutron] Publish callbacks ['neutron.notifiers.nova.Notifier._send_nova_notification-2035377', 'neutron.api.rpc.agentnotifiers.dhcp_rpc_agent_api.DhcpAgentNotifyAPI._send_dhcp_notification-1599711'] for port (None), before_response {{(pid=103547) _notify_loop /usr/local/lib/python3.8/dist-packages/neutron_lib/callbacks/manager.py:176}}
Apr 29 13:39:20.368669 dv-cinder-839416-3-smb neutron-server[103547]: INFO neutron.wsgi [req-60ab2b88-5917-47d0-8fe6-cb5005b040ba req-3a36f9f2-13dd-43d3-83c5-72a39a71bf64 service neutron] 10.222.0.26 "PUT /v2.0/ports/b4f65152-9c3d-4bb6-b41a-1b545a64e3cc HTTP/1.1" status: 200 len: 1093 time: 1.8233459
Apr 29 13:39:20.369393 dv-cinder-839416-3-smb neutron-server[103547]: DEBUG neutron.notifiers.nova [-] Sending events: [{'name': 'network-changed', 'server_uuid': 'c6c8a6b6-8bd0-4011-920e-0027c76c0fa2', 'tag': 'b4f65152-9c3d-4bb6-b41a-1b545a64e3cc'}] {{(pid=103547) send_events /opt/stack/neutron/neutron/notifiers/nova.py:271}}
Apr 29 13:39:20.374184 dv-cinder-839416-3-smb neutron-server[103547]: DEBUG novaclient.v2.client [-] REQ: curl -g -i --cacert "/opt/stack/data/ca-bundle.pem" -X POST http://10.222.0.20/compute/v2.1/os-server-external-events -H "Accept: application/json" -H "Content-Type: application/json" -H "User-Agent: python-novaclient" -H "X-Auth-Token: {SHA256}e944b6ae0bb4f96800648cd5ab9ce7c8fb349602ca292c957d5f020a853eb83a" -H "X-OpenStack-Nova-API-Version: 2.1" -H "X-OpenStack-Request-ID: req-1e4e47fc-95a9-429d-a438-fddbf9c1eff1" -d '{"events": [{"name": "network-changed", "server_uuid": "c6c8a6b6-8bd0-4011-920e-0027c76c0fa2", "tag": "b4f65152-9c3d-4bb6-b41a-1b545a64e3cc"}]}' {{(pid=103547) _http_log_request /usr/local/lib/python3.8/dist-packages/keystoneauth1/session.py:519}}
Apr 29 13:39:20.471124 dv-cinder-839416-3-smb neutron-server[103549]: DEBUG neutron_lib.callbacks.manager [None req-6dfac354-3a49-4bdc-b856-6c20394b8561 None None] Publish callbacks ['neutron.services.segments.db._update_segment_host_mapping_for_agent-8791784455271', 'neutron.plugins.ml2.plugin.Ml2Plugin._retry_binding_revived_agents-1531748'] for agent (f8e6b8e7-b45c-4903-83c2-e114bcb93cb4), after_update {{(pid=103549) _notify_loop /usr/local/lib/python3.8/dist-packages/neutron_lib/callbacks/manager.py:176}}
Apr 29 13:39:20.533793 dv-cinder-839416-3-smb neutron-server[103548]: INFO neutron.wsgi [req-185515fe-29f9-43f7-9826-82f76e4e2024 req-988a8ced-f3eb-4605-8d1e-043be4e852f0 tempest-ServerRescueNegativeTestJSON-1248036565 tempest-ServerRescueNegativeTestJSON-1248036565-project] 10.222.0.20 "GET /v2.0/security-groups?id=5944bf30-f496-46b8-9051-620b164cd98c&fields=id&fields=name HTTP/1.1" status: 200 len: 286 time: 0.2067387
Apr 29 13:39:20.544235 dv-cinder-839416-3-smb neutron-server[103547]: DEBUG neutron.pecan_wsgi.hooks.policy_enforcement [req-40136658-48b8-49e1-a484-adbefd01abc3 req-2e16b42f-155e-4b78-94d0-a78bdf6e0811 service neutron] Attributes excluded by policy engine: ['standard_attr_id'] {{(pid=103547) _exclude_attributes_by_policy /opt/stack/neutron/neutron/pecan_wsgi/hooks/policy_enforcement.py:259}}
Apr 29 13:39:20.546143 dv-cinder-839416-3-smb neutron-server[103547]: INFO neutron.wsgi [req-40136658-48b8-49e1-a484-adbefd01abc3 req-2e16b42f-155e-4b78-94d0-a78bdf6e0811 service neutron] 10.222.0.26 "GET /v2.0/ports?tenant_id=f16d4321a559404f9a2d7a6f38c752c1&device_id=6e06b81e-6af6-4bda-9d20-8da35f21e8f2 HTTP/1.1" status: 200 len: 1127 time: 0.1273103
Apr 29 13:39:20.561310 dv-cinder-839416-3-smb neutron-server[103548]: DEBUG neutron.pecan_wsgi.hooks.policy_enforcement [req-39863a61-e3e7-40ab-b694-dc64ae2676af req-bb6a3e02-9842-4e03-9143-1ca44703b844 tempest-DeleteServersTestJSON-175038296 tempest-DeleteServersTestJSON-175038296-project] Attributes excluded by policy engine: ['standard_attr_id', 'binding:profile', 'binding:host_id', 'binding:vif_type', 'binding:vif_details'] {{(pid=103548) _exclude_attributes_by_policy /opt/stack/neutron/neutron/pecan_wsgi/hooks/policy_enforcement.py:259}}
Apr 29 13:39:20.563403 dv-cinder-839416-3-smb neutron-server[103548]: INFO neutron.wsgi [req-39863a61-e3e7-40ab-b694-dc64ae2676af req-bb6a3e02-9842-4e03-9143-1ca44703b844 tempest-DeleteServersTestJSON-175038296 tempest-DeleteServersTestJSON-175038296-project] 10.222.0.20 "GET /v2.0/ports?device_id=681652c0-4800-4a16-b8c8-a484a6398a62 HTTP/1.1" status: 200 len: 945 time: 0.1871037
Apr 29 13:39:20.640115 dv-cinder-839416-3-smb neutron-server[103547]: DEBUG novaclient.v2.client [-] RESP: [200] Connection: close Content-Length: 179 Content-Type: application/json Date: Fri, 29 Apr 2022 13:39:20 GMT OpenStack-API-Version: compute 2.1 Server: Apache/2.4.41 (Ubuntu) Vary: OpenStack-API-Version,X-OpenStack-Nova-API-Version X-OpenStack-Nova-API-Version: 2.1 x-compute-request-id: req-ab524512-600b-48ac-96f5-8ef9deaf62e2 x-openstack-request-id: req-ab524512-600b-48ac-96f5-8ef9deaf62e2 {{(pid=103547) _http_log_response /usr/local/lib/python3.8/dist-packages/keystoneauth1/session.py:550}}
Apr 29 13:39:20.642394 dv-cinder-839416-3-smb neutron-server[103547]: DEBUG novaclient.v2.client [-] RESP BODY: {"events": [{"name": "network-changed", "server_uuid": "c6c8a6b6-8bd0-4011-920e-0027c76c0fa2", "tag": "b4f65152-9c3d-4bb6-b41a-1b545a64e3cc", "status": "completed", "code": 200}]} {{(pid=103547) _http_log_response /usr/local/lib/python3.8/dist-packages/keystoneauth1/session.py:582}}
Apr 29 13:39:20.642790 dv-cinder-839416-3-smb neutron-server[103547]: DEBUG novaclient.v2.client [-] POST call to compute for http://10.222.0.20/compute/v2.1/os-server-external-events used request id req-ab524512-600b-48ac-96f5-8ef9deaf62e2 {{(pid=103547) request /usr/local/lib/python3.8/dist-packages/keystoneauth1/session.py:954}}
Apr 29 13:39:20.644341 dv-cinder-839416-3-smb neutron-server[103547]: INFO neutron.notifiers.nova [-] Nova event matching ['req-ab524512-600b-48ac-96f5-8ef9deaf62e2'] response: {'name': 'network-changed', 'server_uuid': 'c6c8a6b6-8bd0-4011-920e-0027c76c0fa2', 'tag': 'b4f65152-9c3d-4bb6-b41a-1b545a64e3cc', 'status': 'completed', 'code': 200}
Apr 29 13:39:20.699707 dv-cinder-839416-3-smb neutron-server[103548]: INFO neutron.wsgi [req-39863a61-e3e7-40ab-b694-dc64ae2676af req-84cbfcdc-8a11-4049-ae54-280e1d4b03a0 tempest-DeleteServersTestJSON-175038296 tempest-DeleteServersTestJSON-175038296-project] 10.222.0.20 "GET /v2.0/security-groups?id=96724a3c-5edf-4e1c-b247-407e3ee693c8&fields=id&fields=name HTTP/1.1" status: 200 len: 286 time: 0.1203828
Apr 29 13:39:20.703060 dv-cinder-839416-3-smb neutron-server[103548]: DEBUG neutron.pecan_wsgi.hooks.policy_enforcement [req-60ab2b88-5917-47d0-8fe6-cb5005b040ba req-72b81946-9604-4ca1-975d-183f6eda2e70 service neutron] Attributes excluded by policy engine: ['standard_attr_id'] {{(pid=103548) _exclude_attributes_by_policy /opt/stack/neutron/neutron/pecan_wsgi/hooks/policy_enforcement.py:259}}
Apr 29 13:39:20.704784 dv-cinder-839416-3-smb neutron-server[103548]: INFO neutron.wsgi [req-60ab2b88-5917-47d0-8fe6-cb5005b040ba req-72b81946-9604-4ca1-975d-183f6eda2e70 service neutron] 10.222.0.26 "GET /v2.0/ports?tenant_id=ade3a9fb8cf84c3684a431096d529b75&device_id=c6c8a6b6-8bd0-4011-920e-0027c76c0fa2 HTTP/1.1" status: 200 len: 1127 time: 0.2511430
Apr 29 13:39:20.877783 dv-cinder-839416-3-smb neutron-server[103547]: DEBUG neutron.pecan_wsgi.hooks.policy_enforcement [req-40136658-48b8-49e1-a484-adbefd01abc3 req-7bd0b9cf-29d5-4b06-9741-0c48601e12b2 service neutron] Attributes excluded by policy engine: ['standard_attr_id', 'vlan_transparent'] {{(pid=103547) _exclude_attributes_by_policy /opt/stack/neutron/neutron/pecan_wsgi/hooks/policy_enforcement.py:259}}
Apr 29 13:39:20.886010 dv-cinder-839416-3-smb neutron-server[103547]: INFO neutron.wsgi [req-40136658-48b8-49e1-a484-adbefd01abc3 req-7bd0b9cf-29d5-4b06-9741-0c48601e12b2 service neutron] 10.222.0.26 "GET /v2.0/networks?id=e33719b8-e7d5-44c1-a89a-1ba0f8d4320a HTTP/1.1" status: 200 len: 918 time: 0.3312845
Apr 29 13:39:20.910799 dv-cinder-839416-3-smb neutron-server[103548]: INFO neutron.wsgi [req-60ab2b88-5917-47d0-8fe6-cb5005b040ba req-ddc748fd-0759-4b19-92bf-8ad521be3d92 service neutron] 10.222.0.26 "GET /v2.0/floatingips?fixed_ip_address=172.20.0.7&port_id=b4f65152-9c3d-4bb6-b41a-1b545a64e3cc HTTP/1.1" status: 200 len: 217 time: 0.1076066
Apr 29 13:39:20.938352 dv-cinder-839416-3-smb neutron-server[103548]: DEBUG neutron.pecan_wsgi.hooks.policy_enforcement [req-9a47f346-1b91-4ab1-b2e8-595982a74489 req-795c7766-0b3a-432e-8924-060e03f2b930 tempest-AttachVolumeNegativeTest-530144541 tempest-AttachVolumeNegativeTest-530144541-project] Attributes excluded by policy engine: ['standard_attr_id', 'binding:profile', 'binding:host_id', 'binding:vif_type', 'binding:vif_details'] {{(pid=103548) _exclude_attributes_by_policy /opt/stack/neutron/neutron/pecan_wsgi/hooks/policy_enforcement.py:259}}
Apr 29 13:39:20.952893 dv-cinder-839416-3-smb neutron-server[103548]: INFO neutron.wsgi [req-9a47f346-1b91-4ab1-b2e8-595982a74489 req-795c7766-0b3a-432e-8924-060e03f2b930 tempest-AttachVolumeNegativeTest-530144541 tempest-AttachVolumeNegativeTest-530144541-project] 10.222.0.20 "GET /v2.0/ports?device_id=c6c8a6b6-8bd0-4011-920e-0027c76c0fa2 HTTP/1.1" status: 200 len: 943 time: 0.2465589
Apr 29 13:39:20.984585 dv-cinder-839416-3-smb neutron-server[103547]: INFO neutron.wsgi [req-40136658-48b8-49e1-a484-adbefd01abc3 req-7b95ef36-9455-43c2-8378-7a261d22250a service neutron] 10.222.0.26 "GET /v2.0/floatingips?fixed_ip_address=172.20.0.6&port_id=a87f1bdb-98ec-4c53-8ce7-31121705382b HTTP/1.1" status: 200 len: 217 time: 0.0905025
Apr 29 13:39:21.063653 dv-cinder-839416-3-smb neutron-server[103548]: DEBUG neutron.pecan_wsgi.hooks.policy_enforcement [req-60ab2b88-5917-47d0-8fe6-cb5005b040ba req-829d5598-7ced-4783-9941-cd4953a8ecf5 service neutron] Attributes excluded by policy engine: ['standard_attr_id', 'shared'] {{(pid=103548) _exclude_attributes_by_policy /opt/stack/neutron/neutron/pecan_wsgi/hooks/policy_enforcement.py:259}}
Apr 29 13:39:21.066879 dv-cinder-839416-3-smb neutron-server[103548]: INFO neutron.wsgi [req-60ab2b88-5917-47d0-8fe6-cb5005b040ba req-829d5598-7ced-4783-9941-cd4953a8ecf5 service neutron] 10.222.0.26 "GET /v2.0/subnets?id=0c3d70ba-2370-4119-a833-f968acf85dc2 HTTP/1.1" status: 200 len: 853 time: 0.1103947
Apr 29 13:39:21.129481 dv-cinder-839416-3-smb neutron-server[103547]: DEBUG neutron.wsgi [-] (103547) accepted ('10.222.0.20', 40422) {{(pid=103547) server /usr/local/lib/python3.8/dist-packages/eventlet/wsgi.py:1004}}
Apr 29 13:39:21.149180 dv-cinder-839416-3-smb neutron-server[103547]: DEBUG neutron.pecan_wsgi.hooks.policy_enforcement [req-40136658-48b8-49e1-a484-adbefd01abc3 req-94dcba74-2c3a-4a6e-98a9-c6318b031f71 service neutron] Attributes excluded by policy engine: ['standard_attr_id', 'shared'] {{(pid=103547) _exclude_attributes_by_policy /opt/stack/neutron/neutron/pecan_wsgi/hooks/policy_enforcement.py:259}}
Apr 29 13:39:21.152936 dv-cinder-839416-3-smb neutron-server[103547]: INFO neutron.wsgi [req-40136658-48b8-49e1-a484-adbefd01abc3 req-94dcba74-2c3a-4a6e-98a9-c6318b031f71 service neutron] 10.222.0.26 "GET /v2.0/subnets?id=59fa37f6-c5e6-406e-bd81-5f2770950e70 HTTP/1.1" status: 200 len: 857 time: 0.1622100
Apr 29 13:39:21.180941 dv-cinder-839416-3-smb neutron-server[103547]: DEBUG neutron_lib.callbacks.manager [None req-e80e7369-8909-4edb-a553-f0d2079d19ce admin admin] Publish callbacks [] for security_group (None), before_create {{(pid=103547) _notify_loop /usr/local/lib/python3.8/dist-packages/neutron_lib/callbacks/manager.py:176}}
Apr 29 13:39:21.215046 dv-cinder-839416-3-smb neutron-server[103548]: INFO neutron.wsgi [req-9a47f346-1b91-4ab1-b2e8-595982a74489 req-6752bad4-0603-47aa-b92b-1138952d9a55 tempest-AttachVolumeNegativeTest-530144541 tempest-AttachVolumeNegativeTest-530144541-project] 10.222.0.20 "GET /v2.0/security-groups?id=6fe23293-fc42-4bda-a7ac-9a71a53bf729&fields=id&fields=name HTTP/1.1" status: 200 len: 312 time: 0.2607479
Apr 29 13:39:21.217095 dv-cinder-839416-3-smb neutron-server[103548]: DEBUG neutron.pecan_wsgi.hooks.policy_enforcement [req-60ab2b88-5917-47d0-8fe6-cb5005b040ba req-22fceda7-7430-4b84-820e-42d43a37d154 service neutron] Attributes excluded by policy engine: ['standard_attr_id'] {{(pid=103548) _exclude_attributes_by_policy /opt/stack/neutron/neutron/pecan_wsgi/hooks/policy_enforcement.py:259}}
Apr 29 13:39:21.219713 dv-cinder-839416-3-smb neutron-server[103548]: INFO neutron.wsgi [req-60ab2b88-5917-47d0-8fe6-cb5005b040ba req-22fceda7-7430-4b84-820e-42d43a37d154 service neutron] 10.222.0.26 "GET /v2.0/ports?network_id=ee2b3ef3-3340-4760-a72b-28d6455d187a&device_owner=network%3Adhcp HTTP/1.1" status: 200 len: 1210 time: 0.1442735
Apr 29 13:39:21.233250 dv-cinder-839416-3-smb neutron-server[103547]: DEBUG neutron.pecan_wsgi.hooks.policy_enforcement [req-40136658-48b8-49e1-a484-adbefd01abc3 req-4e0333db-37c7-446d-a8c1-97a832648469 service neutron] Attributes excluded by policy engine: ['standard_attr_id'] {{(pid=103547) _exclude_attributes_by_policy /opt/stack/neutron/neutron/pecan_wsgi/hooks/policy_enforcement.py:259}}
Apr 29 13:39:21.235035 dv-cinder-839416-3-smb neutron-server[103547]: INFO neutron.wsgi [req-40136658-48b8-49e1-a484-adbefd01abc3 req-4e0333db-37c7-446d-a8c1-97a832648469 service neutron] 10.222.0.26 "GET /v2.0/ports?network_id=e33719b8-e7d5-44c1-a89a-1ba0f8d4320a&device_owner=network%3Adhcp HTTP/1.1" status: 200 len: 1210 time: 0.0701408
Apr 29 13:39:21.323032 dv-cinder-839416-3-smb neutron-server[103547]: DEBUG neutron.wsgi [-] (103547) accepted ('10.222.0.20', 40428) {{(pid=103547) server /usr/local/lib/python3.8/dist-packages/eventlet/wsgi.py:1004}}
Apr 29 13:39:21.426389 dv-cinder-839416-3-smb neutron-server[103548]: INFO neutron.wsgi [req-60ab2b88-5917-47d0-8fe6-cb5005b040ba req-425ccd69-eee7-46e2-8afb-339111a236e1 service neutron] 10.222.0.26 "GET /v2.0/networks/ee2b3ef3-3340-4760-a72b-28d6455d187a?fields=segments HTTP/1.1" status: 200 len: 212 time: 0.1948590
Apr 29 13:39:21.485468 dv-cinder-839416-3-smb neutron-server[103547]: DEBUG neutron_lib.callbacks.manager [None req-e80e7369-8909-4edb-a553-f0d2079d19ce admin admin] Publish callbacks [] for security_group (30e2c400-8cb4-4ba7-a99d-56b1b78f2dc2), precommit_create {{(pid=103547) _notify_loop /usr/local/lib/python3.8/dist-packages/neutron_lib/callbacks/manager.py:176}}
Apr 29 13:39:21.488398 dv-cinder-839416-3-smb neutron-server[103549]: DEBUG neutron_lib.callbacks.manager [None req-4cae9bbd-f0f9-4028-b958-858f86dbfb5f None None] Publish callbacks ['neutron.services.segments.db._update_segment_host_mapping_for_agent-8791784455271', 'neutron.plugins.ml2.plugin.Ml2Plugin._retry_binding_revived_agents-1531748'] for agent (59c14c3c-b7df-4bdd-a1f3-a839d7bb6d5d), after_update {{(pid=103549) _notify_loop /usr/local/lib/python3.8/dist-packages/neutron_lib/callbacks/manager.py:176}}
Apr 29 13:39:21.514758 dv-cinder-839416-3-smb neutron-server[103547]: DEBUG neutron_lib.callbacks.manager [None req-e80e7369-8909-4edb-a553-f0d2079d19ce admin admin] Publish callbacks ['neutron.plugins.ml2.ovo_rpc._ObjectChangeHandler.handle_event-468089'] for security_group (30e2c400-8cb4-4ba7-a99d-56b1b78f2dc2), after_create {{(pid=103547) _notify_loop /usr/local/lib/python3.8/dist-packages/neutron_lib/callbacks/manager.py:176}}
Apr 29 13:39:21.580172 dv-cinder-839416-3-smb neutron-server[103547]: DEBUG neutron_lib.callbacks.manager [None req-7ff33500-e2d4-4db9-93b7-7d4f39e36060 admin admin] Publish callbacks [] for security_group (None), before_create {{(pid=103547) _notify_loop /usr/local/lib/python3.8/dist-packages/neutron_lib/callbacks/manager.py:176}}
Apr 29 13:39:21.610399 dv-cinder-839416-3-smb neutron-server[103547]: INFO neutron.wsgi [req-40136658-48b8-49e1-a484-adbefd01abc3 req-3b891f26-0172-4e01-b5b4-43339b027615 service neutron] 10.222.0.26 "GET /v2.0/networks/e33719b8-e7d5-44c1-a89a-1ba0f8d4320a?fields=segments HTTP/1.1" status: 200 len: 212 time: 0.3670909
