Apr 29 13:38:43.530942 dv-cinder-839416-3-smb devstack@c-api.service[111928]: DEBUG cinder.api.openstack.wsgi [None req-9b7b9170-a2a7-4910-a2c5-8ab8e0cfd7e1 tempest-GroupTypeSpecsTest-317389772 tempest-GroupTypeSpecsTest-317389772-project-admin] Action: 'create', calling method: version_select, body: {"group_type": {"name": "tempest-GroupTypeSpecsTest-group-type-164448392"}} {{(pid=111928) _process_stack /opt/stack/cinder/cinder/api/openstack/wsgi.py:866}}
Apr 29 13:38:43.532767 dv-cinder-839416-3-smb devstack@c-api.service[111929]: INFO cinder.api.openstack.wsgi [None req-3b5d758a-99ed-4185-bc08-58c0dff81b29 tempest-GroupsV314Test-1015833366 tempest-GroupsV314Test-1015833366-project-admin] POST http://10.222.0.20/volume/v3/bc11962975b64e0aad2eb5a83f60c89d/group_types
Apr 29 13:38:43.534112 dv-cinder-839416-3-smb devstack@c-api.service[111929]: DEBUG cinder.api.openstack.wsgi [None req-3b5d758a-99ed-4185-bc08-58c0dff81b29 tempest-GroupsV314Test-1015833366 tempest-GroupsV314Test-1015833366-project-admin] Action: 'create', calling method: version_select, body: {"group_type": {"name": "tempest-GroupsV314Test-group-type-1624576979"}} {{(pid=111929) _process_stack /opt/stack/cinder/cinder/api/openstack/wsgi.py:866}}
Apr 29 13:38:43.666667 dv-cinder-839416-3-smb devstack@c-api.service[111928]: INFO cinder.api.openstack.wsgi [None req-9b7b9170-a2a7-4910-a2c5-8ab8e0cfd7e1 tempest-GroupTypeSpecsTest-317389772 tempest-GroupTypeSpecsTest-317389772-project-admin] http://10.222.0.20/volume/v3/05d3ceb208574b7291576c82e69cdaa0/group_types returned with HTTP 202
Apr 29 13:38:43.674159 dv-cinder-839416-3-smb devstack@c-api.service[111928]: [pid: 111928|app: 0|req: 8/17] 10.222.0.20 () {62 vars in 1287 bytes} [Fri Apr 29 13:38:43 2022] POST /volume/v3/05d3ceb208574b7291576c82e69cdaa0/group_types => generated 180 bytes in 541 msecs (HTTP/1.1 202) 7 headers in 292 bytes (1 switches on core 0)
Apr 29 13:38:43.679353 dv-cinder-839416-3-smb devstack@c-api.service[111928]: DEBUG cinder.api.middleware.request_id [None req-0a5d72b0-61cf-4a59-afa3-50cfe94b6053 None None] RequestId filter calling following filter/app {{(pid=111928) _context_setter /opt/stack/cinder/cinder/api/middleware/request_id.py:62}}
Apr 29 13:38:43.689076 dv-cinder-839416-3-smb devstack@c-api.service[111928]: INFO cinder.api.openstack.wsgi [None req-0a5d72b0-61cf-4a59-afa3-50cfe94b6053 tempest-GroupSnapshotsV319Test-103768219 tempest-GroupSnapshotsV319Test-103768219-project-admin] POST http://10.222.0.20/volume/v3/71c6dc73435e48eab3ad3d58dba86472/group_types
Apr 29 13:38:43.691269 dv-cinder-839416-3-smb devstack@c-api.service[111929]: INFO cinder.api.openstack.wsgi [None req-3b5d758a-99ed-4185-bc08-58c0dff81b29 tempest-GroupsV314Test-1015833366 tempest-GroupsV314Test-1015833366-project-admin] http://10.222.0.20/volume/v3/bc11962975b64e0aad2eb5a83f60c89d/group_types returned with HTTP 202
Apr 29 13:38:43.693165 dv-cinder-839416-3-smb devstack@c-api.service[111928]: DEBUG cinder.api.openstack.wsgi [None req-0a5d72b0-61cf-4a59-afa3-50cfe94b6053 tempest-GroupSnapshotsV319Test-103768219 tempest-GroupSnapshotsV319Test-103768219-project-admin] Action: 'create', calling method: version_select, body: {"group_type": {"name": "tempest-GroupSnapshotsV319Test-group-type-84597751"}} {{(pid=111928) _process_stack /opt/stack/cinder/cinder/api/openstack/wsgi.py:866}}
Apr 29 13:38:43.694719 dv-cinder-839416-3-smb devstack@c-api.service[111929]: [pid: 111929|app: 0|req: 10/18] 10.222.0.20 () {62 vars in 1287 bytes} [Fri Apr 29 13:38:43 2022] POST /volume/v3/bc11962975b64e0aad2eb5a83f60c89d/group_types => generated 177 bytes in 194 msecs (HTTP/1.1 202) 7 headers in 292 bytes (1 switches on core 0)
Apr 29 13:38:43.708132 dv-cinder-839416-3-smb devstack@c-api.service[111929]: DEBUG cinder.api.middleware.request_id [req-d01904a8-1ff1-40aa-bc75-59e143cc7f84 req-3ad9de23-2e71-42e1-8529-29b01ef68ee7 None None] RequestId filter calling following filter/app {{(pid=111929) _context_setter /opt/stack/cinder/cinder/api/middleware/request_id.py:62}}
Apr 29 13:38:43.722022 dv-cinder-839416-3-smb devstack@c-api.service[111929]: INFO cinder.api.openstack.wsgi [req-d01904a8-1ff1-40aa-bc75-59e143cc7f84 req-3ad9de23-2e71-42e1-8529-29b01ef68ee7 tempest-VolumesGetTestJSON-283640469 tempest-VolumesGetTestJSON-283640469-project] GET http://10.222.0.20/volume/v3/5ec568833b1a4cd1af323e55e3c85358/volumes/58992c85-75e0-4546-88e0-8912a12e3218
Apr 29 13:38:43.726613 dv-cinder-839416-3-smb devstack@c-api.service[111929]: DEBUG cinder.api.openstack.wsgi [req-d01904a8-1ff1-40aa-bc75-59e143cc7f84 req-3ad9de23-2e71-42e1-8529-29b01ef68ee7 tempest-VolumesGetTestJSON-283640469 tempest-VolumesGetTestJSON-283640469-project] Empty body provided in request {{(pid=111929) get_body /opt/stack/cinder/cinder/api/openstack/wsgi.py:715}}
Apr 29 13:38:43.729789 dv-cinder-839416-3-smb devstack@c-api.service[111929]: DEBUG cinder.api.openstack.wsgi [req-d01904a8-1ff1-40aa-bc75-59e143cc7f84 req-3ad9de23-2e71-42e1-8529-29b01ef68ee7 tempest-VolumesGetTestJSON-283640469 tempest-VolumesGetTestJSON-283640469-project] Calling method 'show' {{(pid=111929) _process_stack /opt/stack/cinder/cinder/api/openstack/wsgi.py:868}}
Apr 29 13:38:43.747053 dv-cinder-839416-3-smb devstack@c-api.service[111928]: INFO cinder.api.openstack.wsgi [None req-0a5d72b0-61cf-4a59-afa3-50cfe94b6053 tempest-GroupSnapshotsV319Test-103768219 tempest-GroupSnapshotsV319Test-103768219-project-admin] http://10.222.0.20/volume/v3/71c6dc73435e48eab3ad3d58dba86472/group_types returned with HTTP 202
Apr 29 13:38:43.755486 dv-cinder-839416-3-smb devstack@c-api.service[111928]: [pid: 111928|app: 0|req: 9/19] 10.222.0.20 () {62 vars in 1287 bytes} [Fri Apr 29 13:38:43 2022] POST /volume/v3/71c6dc73435e48eab3ad3d58dba86472/group_types => generated 183 bytes in 73 msecs (HTTP/1.1 202) 7 headers in 292 bytes (1 switches on core 0)
Apr 29 13:38:43.755486 dv-cinder-839416-3-smb devstack@c-api.service[111928]: DEBUG cinder.api.middleware.request_id [None req-de01484d-8fde-49a0-bd2f-a806d6e9bcad None None] RequestId filter calling following filter/app {{(pid=111928) _context_setter /opt/stack/cinder/cinder/api/middleware/request_id.py:62}}
Apr 29 13:38:43.764261 dv-cinder-839416-3-smb devstack@c-api.service[111928]: INFO cinder.api.openstack.wsgi [None req-de01484d-8fde-49a0-bd2f-a806d6e9bcad tempest-GroupTypeSpecsTest-317389772 tempest-GroupTypeSpecsTest-317389772-project-admin] POST http://10.222.0.20/volume/v3/05d3ceb208574b7291576c82e69cdaa0/group_types/1a02fe42-425e-4384-aa89-0e8785c736d2/group_specs
Apr 29 13:38:43.765113 dv-cinder-839416-3-smb devstack@c-api.service[111928]: DEBUG cinder.api.openstack.wsgi [None req-de01484d-8fde-49a0-bd2f-a806d6e9bcad tempest-GroupTypeSpecsTest-317389772 tempest-GroupTypeSpecsTest-317389772-project-admin] Action: 'create', calling method: version_select, body: {"group_specs": {"key1": "value1", "key2": "value2"}} {{(pid=111928) _process_stack /opt/stack/cinder/cinder/api/openstack/wsgi.py:866}}
Apr 29 13:38:43.799452 dv-cinder-839416-3-smb devstack@c-api.service[111929]: /usr/local/lib/python3.8/dist-packages/oslo_context/context.py:100: DeprecationWarning: Policy enforcement is depending on the value of is_admin. This key is deprecated. Please update your policy file to use the standard policy values.
Apr 29 13:38:43.799452 dv-cinder-839416-3-smb devstack@c-api.service[111929]: warnings.warn('Policy enforcement is depending on the value of '
Apr 29 13:38:43.823549 dv-cinder-839416-3-smb devstack@c-api.service[111928]: INFO cinder.api.openstack.wsgi [None req-de01484d-8fde-49a0-bd2f-a806d6e9bcad tempest-GroupTypeSpecsTest-317389772 tempest-GroupTypeSpecsTest-317389772-project-admin] http://10.222.0.20/volume/v3/05d3ceb208574b7291576c82e69cdaa0/group_types/1a02fe42-425e-4384-aa89-0e8785c736d2/group_specs returned with HTTP 202
Apr 29 13:38:43.825119 dv-cinder-839416-3-smb devstack@c-api.service[111928]: [pid: 111928|app: 0|req: 10/20] 10.222.0.20 () {62 vars in 1434 bytes} [Fri Apr 29 13:38:43 2022] POST /volume/v3/05d3ceb208574b7291576c82e69cdaa0/group_types/1a02fe42-425e-4384-aa89-0e8785c736d2/group_specs => generated 53 bytes in 76 msecs (HTTP/1.1 202) 7 headers in 291 bytes (1 switches on core 0)
Apr 29 13:38:43.826848 dv-cinder-839416-3-smb devstack@c-api.service[111928]: DEBUG cinder.api.middleware.request_id [None req-a19a68a1-3cd3-40e5-9c81-2064abf66c4a None None] RequestId filter calling following filter/app {{(pid=111928) _context_setter /opt/stack/cinder/cinder/api/middleware/request_id.py:62}}
Apr 29 13:38:43.848693 dv-cinder-839416-3-smb devstack@c-api.service[111929]: INFO cinder.volume.api [req-d01904a8-1ff1-40aa-bc75-59e143cc7f84 req-3ad9de23-2e71-42e1-8529-29b01ef68ee7 tempest-VolumesGetTestJSON-283640469 tempest-VolumesGetTestJSON-283640469-project] Volume info retrieved successfully.
Apr 29 13:38:43.892881 dv-cinder-839416-3-smb devstack@c-api.service[111929]: INFO cinder.api.openstack.wsgi [req-d01904a8-1ff1-40aa-bc75-59e143cc7f84 req-3ad9de23-2e71-42e1-8529-29b01ef68ee7 tempest-VolumesGetTestJSON-283640469 tempest-VolumesGetTestJSON-283640469-project] http://10.222.0.20/volume/v3/5ec568833b1a4cd1af323e55e3c85358/volumes/58992c85-75e0-4546-88e0-8912a12e3218 returned with HTTP 200
Apr 29 13:38:43.904883 dv-cinder-839416-3-smb devstack@c-api.service[111929]: [pid: 111929|app: 0|req: 11/21] 10.222.0.20 () {60 vars in 1578 bytes} [Fri Apr 29 13:38:43 2022] GET /volume/v3/5ec568833b1a4cd1af323e55e3c85358/volumes/58992c85-75e0-4546-88e0-8912a12e3218 => generated 925 bytes in 206 msecs (HTTP/1.1 200) 7 headers in 285 bytes (1 switches on core 0)
Apr 29 13:38:43.906653 dv-cinder-839416-3-smb devstack@c-api.service[111929]: DEBUG cinder.api.middleware.request_id [None req-7f82a6ce-c54d-4486-864f-b6a21571c458 None None] RequestId filter calling following filter/app {{(pid=111929) _context_setter /opt/stack/cinder/cinder/api/middleware/request_id.py:62}}
Apr 29 13:38:44.336914 dv-cinder-839416-3-smb devstack@c-api.service[111929]: INFO cinder.api.openstack.wsgi [None req-7f82a6ce-c54d-4486-864f-b6a21571c458 tempest-GroupSnapshotsV319Test-1456947928 tempest-GroupSnapshotsV319Test-1456947928-project] POST http://10.222.0.20/volume/v3/4917d40744114382a34c0d747fd419f5/groups
Apr 29 13:38:44.343999 dv-cinder-839416-3-smb devstack@c-api.service[111929]: DEBUG cinder.api.openstack.wsgi [None req-7f82a6ce-c54d-4486-864f-b6a21571c458 tempest-GroupSnapshotsV319Test-1456947928 tempest-GroupSnapshotsV319Test-1456947928-project] Action: 'create', calling method: version_select, body: {"group": {"group_type": "89d3c8a4-f782-4d27-8bc7-d09a8bfbc717", "volume_types": ["dab12774-5e01-498c-bff7-ae1f67aa4e5e"], "name": "tempest-GroupSnapshotsV319Test-Group-1880754360"}} {{(pid=111929) _process_stack /opt/stack/cinder/cinder/api/openstack/wsgi.py:866}}
Apr 29 13:38:44.345343 dv-cinder-839416-3-smb devstack@c-api.service[111929]: DEBUG cinder.api.v3.groups [None req-7f82a6ce-c54d-4486-864f-b6a21571c458 tempest-GroupSnapshotsV319Test-1456947928 tempest-GroupSnapshotsV319Test-1456947928-project] Creating new group {'group': {'group_type': '89d3c8a4-f782-4d27-8bc7-d09a8bfbc717', 'volume_types': ['dab12774-5e01-498c-bff7-ae1f67aa4e5e'], 'name': 'tempest-GroupSnapshotsV319Test-Group-1880754360'}} {{(pid=111929) create /opt/stack/cinder/cinder/api/v3/groups.py:190}}
Apr 29 13:38:44.354527 dv-cinder-839416-3-smb devstack@c-api.service[111929]: INFO cinder.api.v3.groups [None req-7f82a6ce-c54d-4486-864f-b6a21571c458 tempest-GroupSnapshotsV319Test-1456947928 tempest-GroupSnapshotsV319Test-1456947928-project] Creating group tempest-GroupSnapshotsV319Test-Group-1880754360.
Apr 29 13:38:44.415349 dv-cinder-839416-3-smb devstack@c-api.service[111929]: DEBUG cinder.volume.api [None req-7f82a6ce-c54d-4486-864f-b6a21571c458 tempest-GroupSnapshotsV319Test-1456947928 tempest-GroupSnapshotsV319Test-1456947928-project] Availability zone cache updated, next update will occur around 2022-04-29 14:38:44.413673. {{(pid=111929) list_availability_zones /opt/stack/cinder/cinder/volume/api.py:152}}
Apr 29 13:38:44.417146 dv-cinder-839416-3-smb devstack@c-api.service[111929]: INFO cinder.volume.api [None req-7f82a6ce-c54d-4486-864f-b6a21571c458 tempest-GroupSnapshotsV319Test-1456947928 tempest-GroupSnapshotsV319Test-1456947928-project] Availability Zones retrieved successfully.
Apr 29 13:38:44.445662 dv-cinder-839416-3-smb devstack@c-api.service[111928]: INFO cinder.api.openstack.wsgi [None req-a19a68a1-3cd3-40e5-9c81-2064abf66c4a tempest-GroupsV314Test-32387173 tempest-GroupsV314Test-32387173-project] POST http://10.222.0.20/volume/v3/58b1b70378fb4dd28d4508530e75fc72/groups
Apr 29 13:38:44.446627 dv-cinder-839416-3-smb devstack@c-api.service[111928]: DEBUG cinder.api.openstack.wsgi [None req-a19a68a1-3cd3-40e5-9c81-2064abf66c4a tempest-GroupsV314Test-32387173 tempest-GroupsV314Test-32387173-project] Action: 'create', calling method: version_select, body: {"group": {"group_type": "4601a08d-1d14-4a12-9fa1-08d71427cd6f", "volume_types": ["47a14bd7-cb6a-42bc-8c89-0007feaa0932"], "name": "tempest-GroupsV314Test-Group-386517715"}} {{(pid=111928) _process_stack /opt/stack/cinder/cinder/api/openstack/wsgi.py:866}}
Apr 29 13:38:44.447926 dv-cinder-839416-3-smb devstack@c-api.service[111928]: DEBUG cinder.api.v3.groups [None req-a19a68a1-3cd3-40e5-9c81-2064abf66c4a tempest-GroupsV314Test-32387173 tempest-GroupsV314Test-32387173-project] Creating new group {'group': {'group_type': '4601a08d-1d14-4a12-9fa1-08d71427cd6f', 'volume_types': ['47a14bd7-cb6a-42bc-8c89-0007feaa0932'], 'name': 'tempest-GroupsV314Test-Group-386517715'}} {{(pid=111928) create /opt/stack/cinder/cinder/api/v3/groups.py:190}}
Apr 29 13:38:44.467048 dv-cinder-839416-3-smb devstack@c-api.service[111928]: INFO cinder.api.v3.groups [None req-a19a68a1-3cd3-40e5-9c81-2064abf66c4a tempest-GroupsV314Test-32387173 tempest-GroupsV314Test-32387173-project] Creating group tempest-GroupsV314Test-Group-386517715.
Apr 29 13:38:44.552687 dv-cinder-839416-3-smb devstack@c-api.service[111928]: DEBUG cinder.volume.api [None req-a19a68a1-3cd3-40e5-9c81-2064abf66c4a tempest-GroupsV314Test-32387173 tempest-GroupsV314Test-32387173-project] Availability zone cache updated, next update will occur around 2022-04-29 14:38:44.551663. {{(pid=111928) list_availability_zones /opt/stack/cinder/cinder/volume/api.py:152}}
Apr 29 13:38:44.555359 dv-cinder-839416-3-smb devstack@c-api.service[111928]: INFO cinder.volume.api [None req-a19a68a1-3cd3-40e5-9c81-2064abf66c4a tempest-GroupsV314Test-32387173 tempest-GroupsV314Test-32387173-project] Availability Zones retrieved successfully.
Apr 29 13:38:44.572489 dv-cinder-839416-3-smb devstack@c-api.service[111929]: DEBUG cinder.quota [None req-7f82a6ce-c54d-4486-864f-b6a21571c458 tempest-GroupSnapshotsV319Test-1456947928 tempest-GroupSnapshotsV319Test-1456947928-project] Created reservations ['3c29085d-e176-4fe2-a85c-85210b84a2c4'] {{(pid=111929) reserve /opt/stack/cinder/cinder/quota.py:755}}
Apr 29 13:38:44.656431 dv-cinder-839416-3-smb devstack@c-api.service[111928]: DEBUG cinder.quota [None req-a19a68a1-3cd3-40e5-9c81-2064abf66c4a tempest-GroupsV314Test-32387173 tempest-GroupsV314Test-32387173-project] Created reservations ['0f4e5022-d59c-4556-88d6-54253cfbc373'] {{(pid=111928) reserve /opt/stack/cinder/cinder/quota.py:755}}
Apr 29 13:38:44.752490 dv-cinder-839416-3-smb devstack@c-api.service[111928]: INFO cinder.api.openstack.wsgi [None req-a19a68a1-3cd3-40e5-9c81-2064abf66c4a tempest-GroupsV314Test-32387173 tempest-GroupsV314Test-32387173-project] http://10.222.0.20/volume/v3/58b1b70378fb4dd28d4508530e75fc72/groups returned with HTTP 202
Apr 29 13:38:44.761382 dv-cinder-839416-3-smb devstack@c-api.service[111928]: [pid: 111928|app: 0|req: 11/22] 10.222.0.20 () {62 vars in 1273 bytes} [Fri Apr 29 13:38:43 2022] POST /volume/v3/58b1b70378fb4dd28d4508530e75fc72/groups => generated 107 bytes in 935 msecs (HTTP/1.1 202) 7 headers in 292 bytes (1 switches on core 0)
Apr 29 13:38:44.763346 dv-cinder-839416-3-smb devstack@c-api.service[111928]: DEBUG cinder.api.middleware.request_id [None req-385e6ff5-b083-4fc0-b0b4-dec43b3b71fd None None] RequestId filter calling following filter/app {{(pid=111928) _context_setter /opt/stack/cinder/cinder/api/middleware/request_id.py:62}}
Apr 29 13:38:44.769407 dv-cinder-839416-3-smb devstack@c-api.service[111928]: INFO cinder.api.openstack.wsgi [None req-385e6ff5-b083-4fc0-b0b4-dec43b3b71fd tempest-GroupTypeSpecsTest-317389772 tempest-GroupTypeSpecsTest-317389772-project-admin] POST http://10.222.0.20/volume/v3/05d3ceb208574b7291576c82e69cdaa0/group_types/1a02fe42-425e-4384-aa89-0e8785c736d2/group_specs
Apr 29 13:38:44.770490 dv-cinder-839416-3-smb devstack@c-api.service[111928]: DEBUG cinder.api.openstack.wsgi [None req-385e6ff5-b083-4fc0-b0b4-dec43b3b71fd tempest-GroupTypeSpecsTest-317389772 tempest-GroupTypeSpecsTest-317389772-project-admin] Action: 'create', calling method: version_select, body: {"group_specs": {"key2": "value2-updated", "key3": "value3"}} {{(pid=111928) _process_stack /opt/stack/cinder/cinder/api/openstack/wsgi.py:866}}
Apr 29 13:38:44.776740 dv-cinder-839416-3-smb devstack@c-api.service[111928]: /usr/local/lib/python3.8/dist-packages/oslo_context/context.py:100: DeprecationWarning: Policy enforcement is depending on the value of is_admin. This key is deprecated. Please update your policy file to use the standard policy values.
Apr 29 13:38:44.776740 dv-cinder-839416-3-smb devstack@c-api.service[111928]: warnings.warn('Policy enforcement is depending on the value of '
Apr 29 13:38:44.809620 dv-cinder-839416-3-smb devstack@c-api.service[111928]: INFO cinder.api.openstack.wsgi [None req-385e6ff5-b083-4fc0-b0b4-dec43b3b71fd tempest-GroupTypeSpecsTest-317389772 tempest-GroupTypeSpecsTest-317389772-project-admin] http://10.222.0.20/volume/v3/05d3ceb208574b7291576c82e69cdaa0/group_types/1a02fe42-425e-4384-aa89-0e8785c736d2/group_specs returned with HTTP 202
Apr 29 13:38:44.813268 dv-cinder-839416-3-smb devstack@c-api.service[111928]: [pid: 111928|app: 0|req: 12/23] 10.222.0.20 () {62 vars in 1434 bytes} [Fri Apr 29 13:38:44 2022] POST /volume/v3/05d3ceb208574b7291576c82e69cdaa0/group_types/1a02fe42-425e-4384-aa89-0e8785c736d2/group_specs => generated 61 bytes in 51 msecs (HTTP/1.1 202) 7 headers in 291 bytes (1 switches on core 0)
Apr 29 13:38:44.816091 dv-cinder-839416-3-smb devstack@c-api.service[111928]: DEBUG cinder.api.middleware.request_id [req-2a9b0841-50ed-48b2-b8cd-503e20199b12 req-68fe1f04-b8ae-4c0f-a03c-a662c6649ee8 None None] RequestId filter calling following filter/app {{(pid=111928) _context_setter /opt/stack/cinder/cinder/api/middleware/request_id.py:62}}
Apr 29 13:38:44.822401 dv-cinder-839416-3-smb devstack@c-api.service[111928]: INFO cinder.api.openstack.wsgi [req-2a9b0841-50ed-48b2-b8cd-503e20199b12 req-68fe1f04-b8ae-4c0f-a03c-a662c6649ee8 tempest-VolumesGetTestJSON-283640469 tempest-VolumesGetTestJSON-283640469-project] DELETE http://10.222.0.20/volume/v3/5ec568833b1a4cd1af323e55e3c85358/volumes/58992c85-75e0-4546-88e0-8912a12e3218
Apr 29 13:38:44.824191 dv-cinder-839416-3-smb devstack@c-api.service[111928]: DEBUG cinder.api.openstack.wsgi [req-2a9b0841-50ed-48b2-b8cd-503e20199b12 req-68fe1f04-b8ae-4c0f-a03c-a662c6649ee8 tempest-VolumesGetTestJSON-283640469 tempest-VolumesGetTestJSON-283640469-project] Empty body provided in request {{(pid=111928) get_body /opt/stack/cinder/cinder/api/openstack/wsgi.py:715}}
Apr 29 13:38:44.825694 dv-cinder-839416-3-smb devstack@c-api.service[111928]: DEBUG cinder.api.openstack.wsgi [req-2a9b0841-50ed-48b2-b8cd-503e20199b12 req-68fe1f04-b8ae-4c0f-a03c-a662c6649ee8 tempest-VolumesGetTestJSON-283640469 tempest-VolumesGetTestJSON-283640469-project] Calling method 'delete' {{(pid=111928) _process_stack /opt/stack/cinder/cinder/api/openstack/wsgi.py:868}}
Apr 29 13:38:44.827466 dv-cinder-839416-3-smb devstack@c-api.service[111928]: INFO cinder.api.v3.volumes [req-2a9b0841-50ed-48b2-b8cd-503e20199b12 req-68fe1f04-b8ae-4c0f-a03c-a662c6649ee8 tempest-VolumesGetTestJSON-283640469 tempest-VolumesGetTestJSON-283640469-project] Delete volume with id: 58992c85-75e0-4546-88e0-8912a12e3218
Apr 29 13:38:44.837658 dv-cinder-839416-3-smb devstack@c-api.service[111929]: INFO cinder.api.openstack.wsgi [None req-7f82a6ce-c54d-4486-864f-b6a21571c458 tempest-GroupSnapshotsV319Test-1456947928 tempest-GroupSnapshotsV319Test-1456947928-project] http://10.222.0.20/volume/v3/4917d40744114382a34c0d747fd419f5/groups returned with HTTP 202
Apr 29 13:38:44.840221 dv-cinder-839416-3-smb devstack@c-api.service[111929]: [pid: 111929|app: 0|req: 12/24] 10.222.0.20 () {62 vars in 1273 bytes} [Fri Apr 29 13:38:43 2022] POST /volume/v3/4917d40744114382a34c0d747fd419f5/groups => generated 116 bytes in 935 msecs (HTTP/1.1 202) 7 headers in 292 bytes (1 switches on core 0)
Apr 29 13:38:44.842027 dv-cinder-839416-3-smb devstack@c-api.service[111929]: DEBUG cinder.api.middleware.request_id [None req-9115d154-6122-43ad-9751-e14e4460c8c7 None None] RequestId filter calling following filter/app {{(pid=111929) _context_setter /opt/stack/cinder/cinder/api/middleware/request_id.py:62}}
Apr 29 13:38:44.852673 dv-cinder-839416-3-smb devstack@c-api.service[111929]: INFO cinder.api.openstack.wsgi [None req-9115d154-6122-43ad-9751-e14e4460c8c7 tempest-GroupsV314Test-32387173 tempest-GroupsV314Test-32387173-project] GET http://10.222.0.20/volume/v3/58b1b70378fb4dd28d4508530e75fc72/groups/a66b288e-e554-49e5-a22b-69ed8a534924
Apr 29 13:38:44.853346 dv-cinder-839416-3-smb devstack@c-api.service[111929]: DEBUG cinder.api.openstack.wsgi [None req-9115d154-6122-43ad-9751-e14e4460c8c7 tempest-GroupsV314Test-32387173 tempest-GroupsV314Test-32387173-project] Empty body provided in request {{(pid=111929) get_body /opt/stack/cinder/cinder/api/openstack/wsgi.py:715}}
Apr 29 13:38:44.855076 dv-cinder-839416-3-smb devstack@c-api.service[111929]: DEBUG cinder.api.openstack.wsgi [None req-9115d154-6122-43ad-9751-e14e4460c8c7 tempest-GroupsV314Test-32387173 tempest-GroupsV314Test-32387173-project] Calling method 'version_select' {{(pid=111929) _process_stack /opt/stack/cinder/cinder/api/openstack/wsgi.py:868}}
Apr 29 13:38:44.856271 dv-cinder-839416-3-smb devstack@c-api.service[111929]: DEBUG cinder.api.v3.groups [None req-9115d154-6122-43ad-9751-e14e4460c8c7 tempest-GroupsV314Test-32387173 tempest-GroupsV314Test-32387173-project] show called for member a66b288e-e554-49e5-a22b-69ed8a534924 {{(pid=111929) show /opt/stack/cinder/cinder/api/v3/groups.py:58}}
Apr 29 13:38:44.874172 dv-cinder-839416-3-smb devstack@c-api.service[111929]: /usr/local/lib/python3.8/dist-packages/oslo_context/context.py:100: DeprecationWarning: Policy enforcement is depending on the value of is_admin. This key is deprecated. Please update your policy file to use the standard policy values.
Apr 29 13:38:44.874172 dv-cinder-839416-3-smb devstack@c-api.service[111929]: warnings.warn('Policy enforcement is depending on the value of '
Apr 29 13:38:44.879869 dv-cinder-839416-3-smb devstack@c-api.service[111928]: /usr/local/lib/python3.8/dist-packages/oslo_context/context.py:100: DeprecationWarning: Policy enforcement is depending on the value of is_admin. This key is deprecated. Please update your policy file to use the standard policy values.
Apr 29 13:38:44.879869 dv-cinder-839416-3-smb devstack@c-api.service[111928]: warnings.warn('Policy enforcement is depending on the value of '
Apr 29 13:38:44.885176 dv-cinder-839416-3-smb devstack@c-api.service[111928]: INFO cinder.volume.api [req-2a9b0841-50ed-48b2-b8cd-503e20199b12 req-68fe1f04-b8ae-4c0f-a03c-a662c6649ee8 tempest-VolumesGetTestJSON-283640469 tempest-VolumesGetTestJSON-283640469-project] Volume info retrieved successfully.
Apr 29 13:38:44.954358 dv-cinder-839416-3-smb devstack@c-api.service[111929]: INFO cinder.api.openstack.wsgi [None req-9115d154-6122-43ad-9751-e14e4460c8c7 tempest-GroupsV314Test-32387173 tempest-GroupsV314Test-32387173-project] http://10.222.0.20/volume/v3/58b1b70378fb4dd28d4508530e75fc72/groups/a66b288e-e554-49e5-a22b-69ed8a534924 returned with HTTP 200
Apr 29 13:38:44.963103 dv-cinder-839416-3-smb devstack@c-api.service[111929]: [pid: 111929|app: 0|req: 13/25] 10.222.0.20 () {60 vars in 1362 bytes} [Fri Apr 29 13:38:44 2022] GET /volume/v3/58b1b70378fb4dd28d4508530e75fc72/groups/a66b288e-e554-49e5-a22b-69ed8a534924 => generated 387 bytes in 122 msecs (HTTP/1.1 200) 7 headers in 286 bytes (1 switches on core 0)
Apr 29 13:38:44.965934 dv-cinder-839416-3-smb devstack@c-api.service[111929]: DEBUG cinder.api.middleware.request_id [None req-52150e7e-5e5e-4458-bc8a-1dd3de06944e None None] RequestId filter calling following filter/app {{(pid=111929) _context_setter /opt/stack/cinder/cinder/api/middleware/request_id.py:62}}
Apr 29 13:38:44.972332 dv-cinder-839416-3-smb devstack@c-api.service[111929]: INFO cinder.api.openstack.wsgi [None req-52150e7e-5e5e-4458-bc8a-1dd3de06944e tempest-GroupTypeSpecsTest-317389772 tempest-GroupTypeSpecsTest-317389772-project-admin] GET http://10.222.0.20/volume/v3/05d3ceb208574b7291576c82e69cdaa0/group_types/1a02fe42-425e-4384-aa89-0e8785c736d2/group_specs/key2
Apr 29 13:38:44.974476 dv-cinder-839416-3-smb devstack@c-api.service[111929]: DEBUG cinder.api.openstack.wsgi [None req-52150e7e-5e5e-4458-bc8a-1dd3de06944e tempest-GroupTypeSpecsTest-317389772 tempest-GroupTypeSpecsTest-317389772-project-admin] Empty body provided in request {{(pid=111929) get_body /opt/stack/cinder/cinder/api/openstack/wsgi.py:715}}
Apr 29 13:38:44.976151 dv-cinder-839416-3-smb devstack@c-api.service[111929]: DEBUG cinder.api.openstack.wsgi [None req-52150e7e-5e5e-4458-bc8a-1dd3de06944e tempest-GroupTypeSpecsTest-317389772 tempest-GroupTypeSpecsTest-317389772-project-admin] Calling method 'version_select' {{(pid=111929) _process_stack /opt/stack/cinder/cinder/api/openstack/wsgi.py:868}}
Apr 29 13:38:44.979755 dv-cinder-839416-3-smb devstack@c-api.service[111929]: /usr/local/lib/python3.8/dist-packages/oslo_context/context.py:100: DeprecationWarning: Policy enforcement is depending on the value of is_admin. This key is deprecated. Please update your policy file to use the standard policy values.
Apr 29 13:38:44.979755 dv-cinder-839416-3-smb devstack@c-api.service[111929]: warnings.warn('Policy enforcement is depending on the value of '
Apr 29 13:38:44.998445 dv-cinder-839416-3-smb devstack@c-api.service[111929]: INFO cinder.api.openstack.wsgi [None req-52150e7e-5e5e-4458-bc8a-1dd3de06944e tempest-GroupTypeSpecsTest-317389772 tempest-GroupTypeSpecsTest-317389772-project-admin] http://10.222.0.20/volume/v3/05d3ceb208574b7291576c82e69cdaa0/group_types/1a02fe42-425e-4384-aa89-0e8785c736d2/group_specs/key2 returned with HTTP 200
Apr 29 13:38:44.999042 dv-cinder-839416-3-smb devstack@c-api.service[111929]: [pid: 111929|app: 0|req: 14/26] 10.222.0.20 () {60 vars in 1428 bytes} [Fri Apr 29 13:38:44 2022] GET /volume/v3/05d3ceb208574b7291576c82e69cdaa0/group_types/1a02fe42-425e-4384-aa89-0e8785c736d2/group_specs/key2 => generated 26 bytes in 35 msecs (HTTP/1.1 200) 7 headers in 285 bytes (1 switches on core 0)
Apr 29 13:38:45.000800 dv-cinder-839416-3-smb devstack@c-api.service[111929]: DEBUG cinder.api.middleware.request_id [None req-09b33770-ea63-483b-8663-d32687ed27f7 None None] RequestId filter calling following filter/app {{(pid=111929) _context_setter /opt/stack/cinder/cinder/api/middleware/request_id.py:62}}
Apr 29 13:38:45.001502 dv-cinder-839416-3-smb devstack@c-api.service[111928]: INFO cinder.volume.api [req-2a9b0841-50ed-48b2-b8cd-503e20199b12 req-68fe1f04-b8ae-4c0f-a03c-a662c6649ee8 tempest-VolumesGetTestJSON-283640469 tempest-VolumesGetTestJSON-283640469-project] Delete volume request issued successfully.
Apr 29 13:38:45.002576 dv-cinder-839416-3-smb devstack@c-api.service[111928]: INFO cinder.api.openstack.wsgi [req-2a9b0841-50ed-48b2-b8cd-503e20199b12 req-68fe1f04-b8ae-4c0f-a03c-a662c6649ee8 tempest-VolumesGetTestJSON-283640469 tempest-VolumesGetTestJSON-283640469-project] http://10.222.0.20/volume/v3/5ec568833b1a4cd1af323e55e3c85358/volumes/58992c85-75e0-4546-88e0-8912a12e3218 returned with HTTP 202
Apr 29 13:38:45.004349 dv-cinder-839416-3-smb devstack@c-api.service[111928]: [pid: 111928|app: 0|req: 13/27] 10.222.0.20 () {62 vars in 1600 bytes} [Fri Apr 29 13:38:44 2022] DELETE /volume/v3/5ec568833b1a4cd1af323e55e3c85358/volumes/58992c85-75e0-4546-88e0-8912a12e3218 => generated 0 bytes in 190 msecs (HTTP/1.1 202) 6 headers in 233 bytes (1 switches on core 0)
Apr 29 13:38:45.009684 dv-cinder-839416-3-smb devstack@c-api.service[111928]: DEBUG cinder.api.middleware.request_id [None req-b51fde47-eb67-4130-8969-f33aa92451ab None None] RequestId filter calling following filter/app {{(pid=111928) _context_setter /opt/stack/cinder/cinder/api/middleware/request_id.py:62}}
Apr 29 13:38:45.025262 dv-cinder-839416-3-smb devstack@c-api.service[111928]: INFO cinder.api.openstack.wsgi [None req-b51fde47-eb67-4130-8969-f33aa92451ab tempest-GroupTypeSpecsTest-317389772 tempest-GroupTypeSpecsTest-317389772-project-admin] GET http://10.222.0.20/volume/v3/05d3ceb208574b7291576c82e69cdaa0/group_types/1a02fe42-425e-4384-aa89-0e8785c736d2/group_specs/key3
Apr 29 13:38:45.026307 dv-cinder-839416-3-smb devstack@c-api.service[111928]: DEBUG cinder.api.openstack.wsgi [None req-b51fde47-eb67-4130-8969-f33aa92451ab tempest-GroupTypeSpecsTest-317389772 tempest-GroupTypeSpecsTest-317389772-project-admin] Empty body provided in request {{(pid=111928) get_body /opt/stack/cinder/cinder/api/openstack/wsgi.py:715}}
Apr 29 13:38:45.027323 dv-cinder-839416-3-smb devstack@c-api.service[111928]: DEBUG cinder.api.openstack.wsgi [None req-b51fde47-eb67-4130-8969-f33aa92451ab tempest-GroupTypeSpecsTest-317389772 tempest-GroupTypeSpecsTest-317389772-project-admin] Calling method 'version_select' {{(pid=111928) _process_stack /opt/stack/cinder/cinder/api/openstack/wsgi.py:868}}
Apr 29 13:38:45.029478 dv-cinder-839416-3-smb devstack@c-api.service[111929]: INFO cinder.api.openstack.wsgi [None req-09b33770-ea63-483b-8663-d32687ed27f7 tempest-GroupSnapshotsV319Test-1456947928 tempest-GroupSnapshotsV319Test-1456947928-project] GET http://10.222.0.20/volume/v3/4917d40744114382a34c0d747fd419f5/groups/6ff46563-50ae-44f6-bda0-6c5dab946cbe
Apr 29 13:38:45.030644 dv-cinder-839416-3-smb devstack@c-api.service[111929]: DEBUG cinder.api.openstack.wsgi [None req-09b33770-ea63-483b-8663-d32687ed27f7 tempest-GroupSnapshotsV319Test-1456947928 tempest-GroupSnapshotsV319Test-1456947928-project] Empty body provided in request {{(pid=111929) get_body /opt/stack/cinder/cinder/api/openstack/wsgi.py:715}}
Apr 29 13:38:45.034237 dv-cinder-839416-3-smb devstack@c-api.service[111929]: DEBUG cinder.api.openstack.wsgi [None req-09b33770-ea63-483b-8663-d32687ed27f7 tempest-GroupSnapshotsV319Test-1456947928 tempest-GroupSnapshotsV319Test-1456947928-project] Calling method 'version_select' {{(pid=111929) _process_stack /opt/stack/cinder/cinder/api/openstack/wsgi.py:868}}
Apr 29 13:38:45.035570 dv-cinder-839416-3-smb devstack@c-api.service[111929]: DEBUG cinder.api.v3.groups [None req-09b33770-ea63-483b-8663-d32687ed27f7 tempest-GroupSnapshotsV319Test-1456947928 tempest-GroupSnapshotsV319Test-1456947928-project] show called for member 6ff46563-50ae-44f6-bda0-6c5dab946cbe {{(pid=111929) show /opt/stack/cinder/cinder/api/v3/groups.py:58}}
Apr 29 13:38:45.054344 dv-cinder-839416-3-smb devstack@c-api.service[111929]: /usr/local/lib/python3.8/dist-packages/oslo_context/context.py:100: DeprecationWarning: Policy enforcement is depending on the value of is_admin. This key is deprecated. Please update your policy file to use the standard policy values.
Apr 29 13:38:45.054344 dv-cinder-839416-3-smb devstack@c-api.service[111929]: warnings.warn('Policy enforcement is depending on the value of '
Apr 29 13:38:45.067287 dv-cinder-839416-3-smb devstack@c-api.service[111928]: INFO cinder.api.openstack.wsgi [None req-b51fde47-eb67-4130-8969-f33aa92451ab tempest-GroupTypeSpecsTest-317389772 tempest-GroupTypeSpecsTest-317389772-project-admin] http://10.222.0.20/volume/v3/05d3ceb208574b7291576c82e69cdaa0/group_types/1a02fe42-425e-4384-aa89-0e8785c736d2/group_specs/key3 returned with HTTP 200
Apr 29 13:38:45.070074 dv-cinder-839416-3-smb devstack@c-api.service[111928]: [pid: 111928|app: 0|req: 14/28] 10.222.0.20 () {60 vars in 1428 bytes} [Fri Apr 29 13:38:45 2022] GET /volume/v3/05d3ceb208574b7291576c82e69cdaa0/group_types/1a02fe42-425e-4384-aa89-0e8785c736d2/group_specs/key3 => generated 18 bytes in 64 msecs (HTTP/1.1 200) 7 headers in 285 bytes (1 switches on core 0)
Apr 29 13:38:45.073482 dv-cinder-839416-3-smb devstack@c-api.service[111928]: DEBUG cinder.api.middleware.request_id [req-1d2dee0b-5d48-4608-8a04-d4fa292ffc04 req-6dae9d4e-17ff-47a2-809b-73b6bc1e7503 None None] RequestId filter calling following filter/app {{(pid=111928) _context_setter /opt/stack/cinder/cinder/api/middleware/request_id.py:62}}
Apr 29 13:38:45.079084 dv-cinder-839416-3-smb devstack@c-api.service[111928]: INFO cinder.api.openstack.wsgi [req-1d2dee0b-5d48-4608-8a04-d4fa292ffc04 req-6dae9d4e-17ff-47a2-809b-73b6bc1e7503 tempest-VolumesGetTestJSON-283640469 tempest-VolumesGetTestJSON-283640469-project] GET http://10.222.0.20/volume/v3/5ec568833b1a4cd1af323e55e3c85358/volumes/58992c85-75e0-4546-88e0-8912a12e3218
Apr 29 13:38:45.079578 dv-cinder-839416-3-smb devstack@c-api.service[111928]: DEBUG cinder.api.openstack.wsgi [req-1d2dee0b-5d48-4608-8a04-d4fa292ffc04 req-6dae9d4e-17ff-47a2-809b-73b6bc1e7503 tempest-VolumesGetTestJSON-283640469 tempest-VolumesGetTestJSON-283640469-project] Empty body provided in request {{(pid=111928) get_body /opt/stack/cinder/cinder/api/openstack/wsgi.py:715}}
Apr 29 13:38:45.080110 dv-cinder-839416-3-smb devstack@c-api.service[111928]: DEBUG cinder.api.openstack.wsgi [req-1d2dee0b-5d48-4608-8a04-d4fa292ffc04 req-6dae9d4e-17ff-47a2-809b-73b6bc1e7503 tempest-VolumesGetTestJSON-283640469 tempest-VolumesGetTestJSON-283640469-project] Calling method 'show' {{(pid=111928) _process_stack /opt/stack/cinder/cinder/api/openstack/wsgi.py:868}}
Apr 29 13:38:45.102068 dv-cinder-839416-3-smb devstack@c-api.service[111928]: /usr/local/lib/python3.8/dist-packages/oslo_context/context.py:100: DeprecationWarning: Policy enforcement is depending on the value of is_admin. This key is deprecated. Please update your policy file to use the standard policy values.
Apr 29 13:38:45.102068 dv-cinder-839416-3-smb devstack@c-api.service[111928]: warnings.warn('Policy enforcement is depending on the value of '
Apr 29 13:38:45.119760 dv-cinder-839416-3-smb devstack@c-api.service[111928]: INFO cinder.volume.api [req-1d2dee0b-5d48-4608-8a04-d4fa292ffc04 req-6dae9d4e-17ff-47a2-809b-73b6bc1e7503 tempest-VolumesGetTestJSON-283640469 tempest-VolumesGetTestJSON-283640469-project] Volume info retrieved successfully.
Apr 29 13:38:45.120378 dv-cinder-839416-3-smb devstack@c-api.service[111929]: INFO cinder.api.openstack.wsgi [None req-09b33770-ea63-483b-8663-d32687ed27f7 tempest-GroupSnapshotsV319Test-1456947928 tempest-GroupSnapshotsV319Test-1456947928-project] http://10.222.0.20/volume/v3/4917d40744114382a34c0d747fd419f5/groups/6ff46563-50ae-44f6-bda0-6c5dab946cbe returned with HTTP 200
Apr 29 13:38:45.121437 dv-cinder-839416-3-smb devstack@c-api.service[111929]: [pid: 111929|app: 0|req: 15/29] 10.222.0.20 () {60 vars in 1362 bytes} [Fri Apr 29 13:38:44 2022] GET /volume/v3/4917d40744114382a34c0d747fd419f5/groups/6ff46563-50ae-44f6-bda0-6c5dab946cbe => generated 396 bytes in 122 msecs (HTTP/1.1 200) 7 headers in 286 bytes (1 switches on core 0)
Apr 29 13:38:45.122600 dv-cinder-839416-3-smb devstack@c-api.service[111929]: DEBUG cinder.api.middleware.request_id [None req-7f67d979-6319-4ccd-a2b1-5ae0c8785524 None None] RequestId filter calling following filter/app {{(pid=111929) _context_setter /opt/stack/cinder/cinder/api/middleware/request_id.py:62}}
Apr 29 13:38:45.133976 dv-cinder-839416-3-smb devstack@c-api.service[111929]: INFO cinder.api.openstack.wsgi [None req-7f67d979-6319-4ccd-a2b1-5ae0c8785524 tempest-GroupTypeSpecsTest-317389772 tempest-GroupTypeSpecsTest-317389772-project-admin] PUT http://10.222.0.20/volume/v3/05d3ceb208574b7291576c82e69cdaa0/group_types/1a02fe42-425e-4384-aa89-0e8785c736d2/group_specs/key3
Apr 29 13:38:45.134780 dv-cinder-839416-3-smb devstack@c-api.service[111929]: DEBUG cinder.api.openstack.wsgi [None req-7f67d979-6319-4ccd-a2b1-5ae0c8785524 tempest-GroupTypeSpecsTest-317389772 tempest-GroupTypeSpecsTest-317389772-project-admin] Action: 'update', calling method: version_select, body: {"key3": "value3-updated"} {{(pid=111929) _process_stack /opt/stack/cinder/cinder/api/openstack/wsgi.py:866}}
Apr 29 13:38:45.135468 dv-cinder-839416-3-smb devstack@c-api.service[111928]: INFO cinder.api.openstack.wsgi [req-1d2dee0b-5d48-4608-8a04-d4fa292ffc04 req-6dae9d4e-17ff-47a2-809b-73b6bc1e7503 tempest-VolumesGetTestJSON-283640469 tempest-VolumesGetTestJSON-283640469-project] http://10.222.0.20/volume/v3/5ec568833b1a4cd1af323e55e3c85358/volumes/58992c85-75e0-4546-88e0-8912a12e3218 returned with HTTP 200
Apr 29 13:38:45.136522 dv-cinder-839416-3-smb devstack@c-api.service[111928]: [pid: 111928|app: 0|req: 15/30] 10.222.0.20 () {60 vars in 1578 bytes} [Fri Apr 29 13:38:45 2022] GET /volume/v3/5ec568833b1a4cd1af323e55e3c85358/volumes/58992c85-75e0-4546-88e0-8912a12e3218 => generated 924 bytes in 66 msecs (HTTP/1.1 200) 7 headers in 285 bytes (1 switches on core 0)
Apr 29 13:38:45.138760 dv-cinder-839416-3-smb devstack@c-api.service[111929]: /usr/local/lib/python3.8/dist-packages/oslo_context/context.py:100: DeprecationWarning: Policy enforcement is depending on the value of is_admin. This key is deprecated. Please update your policy file to use the standard policy values.
Apr 29 13:38:45.138760 dv-cinder-839416-3-smb devstack@c-api.service[111929]: warnings.warn('Policy enforcement is depending on the value of '
Apr 29 13:38:45.177801 dv-cinder-839416-3-smb devstack@c-api.service[111929]: INFO cinder.api.openstack.wsgi [None req-7f67d979-6319-4ccd-a2b1-5ae0c8785524 tempest-GroupTypeSpecsTest-317389772 tempest-GroupTypeSpecsTest-317389772-project-admin] http://10.222.0.20/volume/v3/05d3ceb208574b7291576c82e69cdaa0/group_types/1a02fe42-425e-4384-aa89-0e8785c736d2/group_specs/key3 returned with HTTP 200
Apr 29 13:38:45.180383 dv-cinder-839416-3-smb devstack@c-api.service[111929]: [pid: 111929|app: 0|req: 16/31] 10.222.0.20 () {62 vars in 1448 bytes} [Fri Apr 29 13:38:45 2022] PUT /volume/v3/05d3ceb208574b7291576c82e69cdaa0/group_types/1a02fe42-425e-4384-aa89-0e8785c736d2/group_specs/key3 => generated 26 bytes in 58 msecs (HTTP/1.1 200) 7 headers in 285 bytes (1 switches on core 0)
Apr 29 13:38:45.190731 dv-cinder-839416-3-smb devstack@c-api.service[111928]: DEBUG cinder.api.middleware.request_id [None req-752eb074-bb4c-44a3-9afb-1b8832735393 None None] RequestId filter calling following filter/app {{(pid=111928) _context_setter /opt/stack/cinder/cinder/api/middleware/request_id.py:62}}
Apr 29 13:38:45.198399 dv-cinder-839416-3-smb devstack@c-api.service[111928]: INFO cinder.api.openstack.wsgi [None req-752eb074-bb4c-44a3-9afb-1b8832735393 tempest-GroupTypeSpecsTest-317389772 tempest-GroupTypeSpecsTest-317389772-project-admin] GET http://10.222.0.20/volume/v3/05d3ceb208574b7291576c82e69cdaa0/group_types/1a02fe42-425e-4384-aa89-0e8785c736d2/group_specs
Apr 29 13:38:45.198953 dv-cinder-839416-3-smb devstack@c-api.service[111928]: DEBUG cinder.api.openstack.wsgi [None req-752eb074-bb4c-44a3-9afb-1b8832735393 tempest-GroupTypeSpecsTest-317389772 tempest-GroupTypeSpecsTest-317389772-project-admin] Empty body provided in request {{(pid=111928) get_body /opt/stack/cinder/cinder/api/openstack/wsgi.py:715}}
Apr 29 13:38:45.199519 dv-cinder-839416-3-smb devstack@c-api.service[111928]: DEBUG cinder.api.openstack.wsgi [None req-752eb074-bb4c-44a3-9afb-1b8832735393 tempest-GroupTypeSpecsTest-317389772 tempest-GroupTypeSpecsTest-317389772-project-admin] Calling method 'version_select' {{(pid=111928) _process_stack /opt/stack/cinder/cinder/api/openstack/wsgi.py:868}}
Apr 29 13:38:45.217068 dv-cinder-839416-3-smb devstack@c-api.service[111928]: INFO cinder.api.openstack.wsgi [None req-752eb074-bb4c-44a3-9afb-1b8832735393 tempest-GroupTypeSpecsTest-317389772 tempest-GroupTypeSpecsTest-317389772-project-admin] http://10.222.0.20/volume/v3/05d3ceb208574b7291576c82e69cdaa0/group_types/1a02fe42-425e-4384-aa89-0e8785c736d2/group_specs returned with HTTP 200
Apr 29 13:38:45.218808 dv-cinder-839416-3-smb devstack@c-api.service[111928]: [pid: 111928|app: 0|req: 16/32] 10.222.0.20 () {60 vars in 1413 bytes} [Fri Apr 29 13:38:45 2022] GET /volume/v3/05d3ceb208574b7291576c82e69cdaa0/group_types/1a02fe42-425e-4384-aa89-0e8785c736d2/group_specs => generated 87 bytes in 30 msecs (HTTP/1.1 200) 7 headers in 285 bytes (1 switches on core 0)
Apr 29 13:38:45.229012 dv-cinder-839416-3-smb devstack@c-api.service[111929]: DEBUG cinder.api.middleware.request_id [None req-3ae641ec-ccda-4a46-9dc3-921201f0101c None None] RequestId filter calling following filter/app {{(pid=111929) _context_setter /opt/stack/cinder/cinder/api/middleware/request_id.py:62}}
Apr 29 13:38:45.236321 dv-cinder-839416-3-smb devstack@c-api.service[111929]: INFO cinder.api.openstack.wsgi [None req-3ae641ec-ccda-4a46-9dc3-921201f0101c tempest-GroupTypeSpecsTest-317389772 tempest-GroupTypeSpecsTest-317389772-project-admin] DELETE http://10.222.0.20/volume/v3/05d3ceb208574b7291576c82e69cdaa0/group_types/1a02fe42-425e-4384-aa89-0e8785c736d2/group_specs/key1
Apr 29 13:38:45.237281 dv-cinder-839416-3-smb devstack@c-api.service[111929]: DEBUG cinder.api.openstack.wsgi [None req-3ae641ec-ccda-4a46-9dc3-921201f0101c tempest-GroupTypeSpecsTest-317389772 tempest-GroupTypeSpecsTest-317389772-project-admin] Empty body provided in request {{(pid=111929) get_body /opt/stack/cinder/cinder/api/openstack/wsgi.py:715}}
Apr 29 13:38:45.237990 dv-cinder-839416-3-smb devstack@c-api.service[111929]: DEBUG cinder.api.openstack.wsgi [None req-3ae641ec-ccda-4a46-9dc3-921201f0101c tempest-GroupTypeSpecsTest-317389772 tempest-GroupTypeSpecsTest-317389772-project-admin] Calling method 'version_select' {{(pid=111929) _process_stack /opt/stack/cinder/cinder/api/openstack/wsgi.py:868}}
Apr 29 13:38:45.281011 dv-cinder-839416-3-smb devstack@c-api.service[111929]: INFO cinder.api.openstack.wsgi [None req-3ae641ec-ccda-4a46-9dc3-921201f0101c tempest-GroupTypeSpecsTest-317389772 tempest-GroupTypeSpecsTest-317389772-project-admin] http://10.222.0.20/volume/v3/05d3ceb208574b7291576c82e69cdaa0/group_types/1a02fe42-425e-4384-aa89-0e8785c736d2/group_specs/key1 returned with HTTP 202
Apr 29 13:38:45.283110 dv-cinder-839416-3-smb devstack@c-api.service[111929]: [pid: 111929|app: 0|req: 17/33] 10.222.0.20 () {60 vars in 1431 bytes} [Fri Apr 29 13:38:45 2022] DELETE /volume/v3/05d3ceb208574b7291576c82e69cdaa0/group_types/1a02fe42-425e-4384-aa89-0e8785c736d2/group_specs/key1 => generated 0 bytes in 55 msecs (HTTP/1.1 202) 6 headers in 234 bytes (1 switches on core 0)
Apr 29 13:38:45.293408 dv-cinder-839416-3-smb devstack@c-api.service[111928]: DEBUG cinder.api.middleware.request_id [None req-96fc3935-581c-4522-94de-d382c18c1bdf None None] RequestId filter calling following filter/app {{(pid=111928) _context_setter /opt/stack/cinder/cinder/api/middleware/request_id.py:62}}
Apr 29 13:38:45.302724 dv-cinder-839416-3-smb devstack@c-api.service[111928]: INFO cinder.api.openstack.wsgi [None req-96fc3935-581c-4522-94de-d382c18c1bdf tempest-GroupTypeSpecsTest-317389772 tempest-GroupTypeSpecsTest-317389772-project-admin] GET http://10.222.0.20/volume/v3/05d3ceb208574b7291576c82e69cdaa0/group_types/1a02fe42-425e-4384-aa89-0e8785c736d2/group_specs/key1
Apr 29 13:38:45.303278 dv-cinder-839416-3-smb devstack@c-api.service[111928]: DEBUG cinder.api.openstack.wsgi [None req-96fc3935-581c-4522-94de-d382c18c1bdf tempest-GroupTypeSpecsTest-317389772 tempest-GroupTypeSpecsTest-317389772-project-admin] Empty body provided in request {{(pid=111928) get_body /opt/stack/cinder/cinder/api/openstack/wsgi.py:715}}
Apr 29 13:38:45.304277 dv-cinder-839416-3-smb devstack@c-api.service[111928]: DEBUG cinder.api.openstack.wsgi [None req-96fc3935-581c-4522-94de-d382c18c1bdf tempest-GroupTypeSpecsTest-317389772 tempest-GroupTypeSpecsTest-317389772-project-admin] Calling method 'version_select' {{(pid=111928) _process_stack /opt/stack/cinder/cinder/api/openstack/wsgi.py:868}}
Apr 29 13:38:45.332182 dv-cinder-839416-3-smb devstack@c-api.service[111928]: INFO cinder.api.openstack.wsgi [None req-96fc3935-581c-4522-94de-d382c18c1bdf tempest-GroupTypeSpecsTest-317389772 tempest-GroupTypeSpecsTest-317389772-project-admin] HTTP exception thrown: Group Type 1a02fe42-425e-4384-aa89-0e8785c736d2 has no extra spec with key key1.
Apr 29 13:38:45.332469 dv-cinder-839416-3-smb devstack@c-api.service[111928]: INFO cinder.api.openstack.wsgi [None req-96fc3935-581c-4522-94de-d382c18c1bdf tempest-GroupTypeSpecsTest-317389772 tempest-GroupTypeSpecsTest-317389772-project-admin] http://10.222.0.20/volume/v3/05d3ceb208574b7291576c82e69cdaa0/group_types/1a02fe42-425e-4384-aa89-0e8785c736d2/group_specs/key1 returned with HTTP 404
Apr 29 13:38:45.342948 dv-cinder-839416-3-smb devstack@c-api.service[111928]: [pid: 111928|app: 0|req: 17/34] 10.222.0.20 () {60 vars in 1428 bytes} [Fri Apr 29 13:38:45 2022] GET /volume/v3/05d3ceb208574b7291576c82e69cdaa0/group_types/1a02fe42-425e-4384-aa89-0e8785c736d2/group_specs/key1 => generated 126 bytes in 49 msecs (HTTP/1.1 404) 7 headers in 293 bytes (1 switches on core 0)
Apr 29 13:38:45.345864 dv-cinder-839416-3-smb devstack@c-api.service[111929]: DEBUG cinder.api.middleware.request_id [None req-6970067b-2189-421f-ab6b-fe50f419347f None None] RequestId filter calling following filter/app {{(pid=111929) _context_setter /opt/stack/cinder/cinder/api/middleware/request_id.py:62}}
Apr 29 13:38:45.350155 dv-cinder-839416-3-smb devstack@c-api.service[111929]: INFO cinder.api.openstack.wsgi [None req-6970067b-2189-421f-ab6b-fe50f419347f tempest-GroupTypeSpecsTest-317389772 tempest-GroupTypeSpecsTest-317389772-project-admin] DELETE http://10.222.0.20/volume/v3/05d3ceb208574b7291576c82e69cdaa0/group_types/1a02fe42-425e-4384-aa89-0e8785c736d2/group_specs/key2
Apr 29 13:38:45.351611 dv-cinder-839416-3-smb devstack@c-api.service[111929]: DEBUG cinder.api.openstack.wsgi [None req-6970067b-2189-421f-ab6b-fe50f419347f tempest-GroupTypeSpecsTest-317389772 tempest-GroupTypeSpecsTest-317389772-project-admin] Empty body provided in request {{(pid=111929) get_body /opt/stack/cinder/cinder/api/openstack/wsgi.py:715}}
Apr 29 13:38:45.352086 dv-cinder-839416-3-smb devstack@c-api.service[111929]: DEBUG cinder.api.openstack.wsgi [None req-6970067b-2189-421f-ab6b-fe50f419347f tempest-GroupTypeSpecsTest-317389772 tempest-GroupTypeSpecsTest-317389772-project-admin] Calling method 'version_select' {{(pid=111929) _process_stack /opt/stack/cinder/cinder/api/openstack/wsgi.py:868}}
Apr 29 13:38:45.385394 dv-cinder-839416-3-smb devstack@c-api.service[111929]: INFO cinder.api.openstack.wsgi [None req-6970067b-2189-421f-ab6b-fe50f419347f tempest-GroupTypeSpecsTest-317389772 tempest-GroupTypeSpecsTest-317389772-project-admin] http://10.222.0.20/volume/v3/05d3ceb208574b7291576c82e69cdaa0/group_types/1a02fe42-425e-4384-aa89-0e8785c736d2/group_specs/key2 returned with HTTP 202
Apr 29 13:38:45.391211 dv-cinder-839416-3-smb devstack@c-api.service[111929]: [pid: 111929|app: 0|req: 18/35] 10.222.0.20 () {60 vars in 1431 bytes} [Fri Apr 29 13:38:45 2022] DELETE /volume/v3/05d3ceb208574b7291576c82e69cdaa0/group_types/1a02fe42-425e-4384-aa89-0e8785c736d2/group_specs/key2 => generated 0 bytes in 43 msecs (HTTP/1.1 202) 6 headers in 234 bytes (2 switches on core 0)
Apr 29 13:38:45.393776 dv-cinder-839416-3-smb devstack@c-api.service[111928]: DEBUG cinder.api.middleware.request_id [None req-476d33d3-d849-44af-84ce-380edda0c5a0 None None] RequestId filter calling following filter/app {{(pid=111928) _context_setter /opt/stack/cinder/cinder/api/middleware/request_id.py:62}}
Apr 29 13:38:45.398806 dv-cinder-839416-3-smb devstack@c-api.service[111928]: INFO cinder.api.openstack.wsgi [None req-476d33d3-d849-44af-84ce-380edda0c5a0 tempest-GroupTypeSpecsTest-317389772 tempest-GroupTypeSpecsTest-317389772-project-admin] GET http://10.222.0.20/volume/v3/05d3ceb208574b7291576c82e69cdaa0/group_types/1a02fe42-425e-4384-aa89-0e8785c736d2/group_specs/key2
Apr 29 13:38:45.400000 dv-cinder-839416-3-smb devstack@c-api.service[111928]: DEBUG cinder.api.openstack.wsgi [None req-476d33d3-d849-44af-84ce-380edda0c5a0 tempest-GroupTypeSpecsTest-317389772 tempest-GroupTypeSpecsTest-317389772-project-admin] Empty body provided in request {{(pid=111928) get_body /opt/stack/cinder/cinder/api/openstack/wsgi.py:715}}
Apr 29 13:38:45.400000 dv-cinder-839416-3-smb devstack@c-api.service[111928]: DEBUG cinder.api.openstack.wsgi [None req-476d33d3-d849-44af-84ce-380edda0c5a0 tempest-GroupTypeSpecsTest-317389772 tempest-GroupTypeSpecsTest-317389772-project-admin] Calling method 'version_select' {{(pid=111928) _process_stack /opt/stack/cinder/cinder/api/openstack/wsgi.py:868}}
Apr 29 13:38:45.426054 dv-cinder-839416-3-smb devstack@c-api.service[111928]: INFO cinder.api.openstack.wsgi [None req-476d33d3-d849-44af-84ce-380edda0c5a0 tempest-GroupTypeSpecsTest-317389772 tempest-GroupTypeSpecsTest-317389772-project-admin] HTTP exception thrown: Group Type 1a02fe42-425e-4384-aa89-0e8785c736d2 has no extra spec with key key2.
Apr 29 13:38:45.426416 dv-cinder-839416-3-smb devstack@c-api.service[111928]: INFO cinder.api.openstack.wsgi [None req-476d33d3-d849-44af-84ce-380edda0c5a0 tempest-GroupTypeSpecsTest-317389772 tempest-GroupTypeSpecsTest-317389772-project-admin] http://10.222.0.20/volume/v3/05d3ceb208574b7291576c82e69cdaa0/group_types/1a02fe42-425e-4384-aa89-0e8785c736d2/group_specs/key2 returned with HTTP 404
