Apr 29 13:37:36.250037 dv-cinder-839416-3-iscsi devstack@c-api.service[110371]: [pid: 110371|app: 0|req: 70/135] 10.222.0.52 () {60 vars in 1367 bytes} [Fri Apr 29 13:37:35 2022] DELETE /volume/v3/be039554980e40ec9e0bdfdaab7e62bc/volumes/75a21967-7399-4ef5-bed5-8b589ebe2d9d => generated 0 bytes in 468 msecs (HTTP/1.1 202) 6 headers in 233 bytes (1 switches on core 0)
Apr 29 13:37:36.256209 dv-cinder-839416-3-iscsi devstack@c-api.service[110371]: DEBUG cinder.api.middleware.request_id [None req-ec7d6c71-254c-4fac-9fa4-662b91d148ed None None] RequestId filter calling following filter/app {{(pid=110371) _context_setter /opt/stack/cinder/cinder/api/middleware/request_id.py:62}}
Apr 29 13:37:36.267555 dv-cinder-839416-3-iscsi devstack@c-api.service[110372]: DEBUG cinder.volume.api [None req-478b7722-0e72-4b54-b752-5e803785aed7 tempest-GroupsTest-181789785 tempest-GroupsTest-181789785-project] Task 'cinder.volume.flows.api.create_volume.VolumeCastTask;volume:create' (737a1cb8-52ad-4b77-b7ea-cf4b5bd9a18a) transitioned into state 'SUCCESS' from state 'RUNNING' with result 'None' {{(pid=110372) _task_receiver /usr/local/lib/python3.8/dist-packages/taskflow/listeners/logging.py:178}}
Apr 29 13:37:36.268429 dv-cinder-839416-3-iscsi devstack@c-api.service[110371]: INFO cinder.api.openstack.wsgi [None req-ec7d6c71-254c-4fac-9fa4-662b91d148ed tempest-GroupsV314Test-2071487857 tempest-GroupsV314Test-2071487857-project] GET http://10.222.0.52/volume/v3/a3dd56203bc8464889a54e153388bfcb/volumes/7bcc2c76-849d-4c58-84bc-cc3d6105c580
Apr 29 13:37:36.268429 dv-cinder-839416-3-iscsi devstack@c-api.service[110371]: DEBUG cinder.api.openstack.wsgi [None req-ec7d6c71-254c-4fac-9fa4-662b91d148ed tempest-GroupsV314Test-2071487857 tempest-GroupsV314Test-2071487857-project] Empty body provided in request {{(pid=110371) get_body /opt/stack/cinder/cinder/api/openstack/wsgi.py:715}}
Apr 29 13:37:36.268710 dv-cinder-839416-3-iscsi devstack@c-api.service[110371]: DEBUG cinder.api.openstack.wsgi [None req-ec7d6c71-254c-4fac-9fa4-662b91d148ed tempest-GroupsV314Test-2071487857 tempest-GroupsV314Test-2071487857-project] Calling method 'show' {{(pid=110371) _process_stack /opt/stack/cinder/cinder/api/openstack/wsgi.py:868}}
Apr 29 13:37:36.277706 dv-cinder-839416-3-iscsi devstack@c-api.service[110372]: DEBUG cinder.volume.api [None req-478b7722-0e72-4b54-b752-5e803785aed7 tempest-GroupsTest-181789785 tempest-GroupsTest-181789785-project] Flow 'volume_create_api' (fa8aa5fe-f465-47f5-a301-8031925b9608) transitioned into state 'SUCCESS' from state 'RUNNING' {{(pid=110372) _flow_receiver /usr/local/lib/python3.8/dist-packages/taskflow/listeners/logging.py:141}}
Apr 29 13:37:36.280355 dv-cinder-839416-3-iscsi devstack@c-api.service[110372]: INFO cinder.volume.api [None req-478b7722-0e72-4b54-b752-5e803785aed7 tempest-GroupsTest-181789785 tempest-GroupsTest-181789785-project] Create volume request issued successfully.
Apr 29 13:37:36.284740 dv-cinder-839416-3-iscsi devstack@c-api.service[110372]: WARNING stevedore.named [None req-478b7722-0e72-4b54-b752-5e803785aed7 tempest-GroupsTest-181789785 tempest-GroupsTest-181789785-project] Could not load cinder.keymgr.conf_key_mgr.ConfKeyManager
Apr 29 13:37:36.287033 dv-cinder-839416-3-iscsi devstack@c-api.service[110372]: WARNING castellan.key_manager [None req-478b7722-0e72-4b54-b752-5e803785aed7 tempest-GroupsTest-181789785 tempest-GroupsTest-181789785-project] Deprecation Warning : cinder.keymgr.conf_key_mgr.ConfKeyManager is not a stevedore based driver, trying to load it as a class: stevedore.exception.NoMatches: No 'castellan.drivers' driver found, looking for 'cinder.keymgr.conf_key_mgr.ConfKeyManager'
Apr 29 13:37:36.321430 dv-cinder-839416-3-iscsi devstack@c-api.service[110372]: DEBUG oslo_db.sqlalchemy.engines [None req-478b7722-0e72-4b54-b752-5e803785aed7 tempest-GroupsTest-181789785 tempest-GroupsTest-181789785-project] MySQL server mode set to STRICT_TRANS_TABLES,STRICT_ALL_TABLES,NO_ZERO_IN_DATE,NO_ZERO_DATE,ERROR_FOR_DIVISION_BY_ZERO,TRADITIONAL,NO_ENGINE_SUBSTITUTION {{(pid=110372) _check_effective_sql_mode /usr/local/lib/python3.8/dist-packages/oslo_db/sqlalchemy/engines.py:314}}
Apr 29 13:37:36.340346 dv-cinder-839416-3-iscsi devstack@c-api.service[110372]: /usr/local/lib/python3.8/dist-packages/oslo_context/context.py:100: DeprecationWarning: Policy enforcement is depending on the value of is_admin. This key is deprecated. Please update your policy file to use the standard policy values.
Apr 29 13:37:36.340346 dv-cinder-839416-3-iscsi devstack@c-api.service[110372]: warnings.warn('Policy enforcement is depending on the value of '
Apr 29 13:37:36.350700 dv-cinder-839416-3-iscsi devstack@c-api.service[110372]: INFO cinder.api.openstack.wsgi [None req-478b7722-0e72-4b54-b752-5e803785aed7 tempest-GroupsTest-181789785 tempest-GroupsTest-181789785-project] http://10.222.0.52/volume/v3/a6e03c1406784b269fd4f1c07808f98a/volumes returned with HTTP 202
Apr 29 13:37:36.352903 dv-cinder-839416-3-iscsi devstack@c-api.service[110372]: [pid: 110372|app: 0|req: 66/136] 10.222.0.52 () {62 vars in 1276 bytes} [Fri Apr 29 13:37:35 2022] POST /volume/v3/a6e03c1406784b269fd4f1c07808f98a/volumes => generated 881 bytes in 1035 msecs (HTTP/1.1 202) 7 headers in 292 bytes (1 switches on core 0)
Apr 29 13:37:36.355910 dv-cinder-839416-3-iscsi devstack@c-api.service[110372]: DEBUG cinder.api.middleware.request_id [None req-4b4c2231-ba41-48c1-80f9-b17680caad1c None None] RequestId filter calling following filter/app {{(pid=110372) _context_setter /opt/stack/cinder/cinder/api/middleware/request_id.py:62}}
Apr 29 13:37:36.378707 dv-cinder-839416-3-iscsi devstack@c-api.service[110372]: INFO cinder.api.openstack.wsgi [None req-4b4c2231-ba41-48c1-80f9-b17680caad1c tempest-UserMessagesTest-448851361 tempest-UserMessagesTest-448851361-project] GET http://10.222.0.52/volume/v3/be039554980e40ec9e0bdfdaab7e62bc/volumes/75a21967-7399-4ef5-bed5-8b589ebe2d9d
Apr 29 13:37:36.383334 dv-cinder-839416-3-iscsi devstack@c-api.service[110372]: DEBUG cinder.api.openstack.wsgi [None req-4b4c2231-ba41-48c1-80f9-b17680caad1c tempest-UserMessagesTest-448851361 tempest-UserMessagesTest-448851361-project] Empty body provided in request {{(pid=110372) get_body /opt/stack/cinder/cinder/api/openstack/wsgi.py:715}}
Apr 29 13:37:36.384431 dv-cinder-839416-3-iscsi devstack@c-api.service[110372]: DEBUG cinder.api.openstack.wsgi [None req-4b4c2231-ba41-48c1-80f9-b17680caad1c tempest-UserMessagesTest-448851361 tempest-UserMessagesTest-448851361-project] Calling method 'show' {{(pid=110372) _process_stack /opt/stack/cinder/cinder/api/openstack/wsgi.py:868}}
Apr 29 13:37:36.388675 dv-cinder-839416-3-iscsi devstack@c-api.service[110371]: /usr/local/lib/python3.8/dist-packages/oslo_context/context.py:100: DeprecationWarning: Policy enforcement is depending on the value of is_admin. This key is deprecated. Please update your policy file to use the standard policy values.
Apr 29 13:37:36.388675 dv-cinder-839416-3-iscsi devstack@c-api.service[110371]: warnings.warn('Policy enforcement is depending on the value of '
Apr 29 13:37:36.422149 dv-cinder-839416-3-iscsi devstack@c-api.service[110371]: INFO cinder.volume.api [None req-ec7d6c71-254c-4fac-9fa4-662b91d148ed tempest-GroupsV314Test-2071487857 tempest-GroupsV314Test-2071487857-project] Volume info retrieved successfully.
Apr 29 13:37:36.424037 dv-cinder-839416-3-iscsi devstack@c-api.service[110372]: INFO cinder.api.openstack.wsgi [None req-4b4c2231-ba41-48c1-80f9-b17680caad1c tempest-UserMessagesTest-448851361 tempest-UserMessagesTest-448851361-project] http://10.222.0.52/volume/v3/be039554980e40ec9e0bdfdaab7e62bc/volumes/75a21967-7399-4ef5-bed5-8b589ebe2d9d returned with HTTP 404
Apr 29 13:37:36.424814 dv-cinder-839416-3-iscsi devstack@c-api.service[110371]: WARNING stevedore.named [None req-ec7d6c71-254c-4fac-9fa4-662b91d148ed tempest-GroupsV314Test-2071487857 tempest-GroupsV314Test-2071487857-project] Could not load cinder.keymgr.conf_key_mgr.ConfKeyManager
Apr 29 13:37:36.425307 dv-cinder-839416-3-iscsi devstack@c-api.service[110371]: WARNING castellan.key_manager [None req-ec7d6c71-254c-4fac-9fa4-662b91d148ed tempest-GroupsV314Test-2071487857 tempest-GroupsV314Test-2071487857-project] Deprecation Warning : cinder.keymgr.conf_key_mgr.ConfKeyManager is not a stevedore based driver, trying to load it as a class: stevedore.exception.NoMatches: No 'castellan.drivers' driver found, looking for 'cinder.keymgr.conf_key_mgr.ConfKeyManager'
Apr 29 13:37:36.428594 dv-cinder-839416-3-iscsi devstack@c-api.service[110372]: [pid: 110372|app: 0|req: 67/137] 10.222.0.52 () {60 vars in 1364 bytes} [Fri Apr 29 13:37:36 2022] GET /volume/v3/be039554980e40ec9e0bdfdaab7e62bc/volumes/75a21967-7399-4ef5-bed5-8b589ebe2d9d => generated 109 bytes in 75 msecs (HTTP/1.1 404) 7 headers in 292 bytes (1 switches on core 0)
Apr 29 13:37:36.430242 dv-cinder-839416-3-iscsi devstack@c-api.service[110372]: DEBUG cinder.api.middleware.request_id [None req-4fd4f71d-7818-4503-8fdf-bffce035ab1c None None] RequestId filter calling following filter/app {{(pid=110372) _context_setter /opt/stack/cinder/cinder/api/middleware/request_id.py:62}}
Apr 29 13:37:36.441577 dv-cinder-839416-3-iscsi devstack@c-api.service[110371]: DEBUG oslo_db.sqlalchemy.engines [None req-ec7d6c71-254c-4fac-9fa4-662b91d148ed tempest-GroupsV314Test-2071487857 tempest-GroupsV314Test-2071487857-project] MySQL server mode set to STRICT_TRANS_TABLES,STRICT_ALL_TABLES,NO_ZERO_IN_DATE,NO_ZERO_DATE,ERROR_FOR_DIVISION_BY_ZERO,TRADITIONAL,NO_ENGINE_SUBSTITUTION {{(pid=110371) _check_effective_sql_mode /usr/local/lib/python3.8/dist-packages/oslo_db/sqlalchemy/engines.py:314}}
Apr 29 13:37:36.465429 dv-cinder-839416-3-iscsi devstack@c-api.service[110372]: INFO cinder.api.openstack.wsgi [None req-4fd4f71d-7818-4503-8fdf-bffce035ab1c tempest-GroupsTest-181789785 tempest-GroupsTest-181789785-project] GET http://10.222.0.52/volume/v3/a6e03c1406784b269fd4f1c07808f98a/volumes/15ae0d9a-2134-4526-b2a9-fc2d528e67ed
Apr 29 13:37:36.465712 dv-cinder-839416-3-iscsi devstack@c-api.service[110371]: /usr/local/lib/python3.8/dist-packages/oslo_context/context.py:100: DeprecationWarning: Policy enforcement is depending on the value of is_admin. This key is deprecated. Please update your policy file to use the standard policy values.
Apr 29 13:37:36.465712 dv-cinder-839416-3-iscsi devstack@c-api.service[110371]: warnings.warn('Policy enforcement is depending on the value of '
Apr 29 13:37:36.485272 dv-cinder-839416-3-iscsi devstack@c-api.service[110372]: DEBUG cinder.api.openstack.wsgi [None req-4fd4f71d-7818-4503-8fdf-bffce035ab1c tempest-GroupsTest-181789785 tempest-GroupsTest-181789785-project] Empty body provided in request {{(pid=110372) get_body /opt/stack/cinder/cinder/api/openstack/wsgi.py:715}}
Apr 29 13:37:36.487365 dv-cinder-839416-3-iscsi devstack@c-api.service[110372]: DEBUG cinder.api.openstack.wsgi [None req-4fd4f71d-7818-4503-8fdf-bffce035ab1c tempest-GroupsTest-181789785 tempest-GroupsTest-181789785-project] Calling method 'show' {{(pid=110372) _process_stack /opt/stack/cinder/cinder/api/openstack/wsgi.py:868}}
Apr 29 13:37:36.494078 dv-cinder-839416-3-iscsi devstack@c-api.service[110371]: INFO cinder.api.openstack.wsgi [None req-ec7d6c71-254c-4fac-9fa4-662b91d148ed tempest-GroupsV314Test-2071487857 tempest-GroupsV314Test-2071487857-project] http://10.222.0.52/volume/v3/a3dd56203bc8464889a54e153388bfcb/volumes/7bcc2c76-849d-4c58-84bc-cc3d6105c580 returned with HTTP 200
Apr 29 13:37:36.500555 dv-cinder-839416-3-iscsi devstack@c-api.service[110371]: [pid: 110371|app: 0|req: 71/138] 10.222.0.52 () {60 vars in 1365 bytes} [Fri Apr 29 13:37:36 2022] GET /volume/v3/a3dd56203bc8464889a54e153388bfcb/volumes/7bcc2c76-849d-4c58-84bc-cc3d6105c580 => generated 992 bytes in 250 msecs (HTTP/1.1 200) 7 headers in 286 bytes (1 switches on core 0)
Apr 29 13:37:36.504313 dv-cinder-839416-3-iscsi devstack@c-api.service[110371]: DEBUG cinder.api.middleware.request_id [None req-f6f7ace1-ebf4-4281-b11e-d033d88c6331 None None] RequestId filter calling following filter/app {{(pid=110371) _context_setter /opt/stack/cinder/cinder/api/middleware/request_id.py:62}}
Apr 29 13:37:36.510564 dv-cinder-839416-3-iscsi devstack@c-api.service[110371]: INFO cinder.api.openstack.wsgi [None req-f6f7ace1-ebf4-4281-b11e-d033d88c6331 tempest-UserMessagesTest-1172974397 tempest-UserMessagesTest-1172974397-project-admin] DELETE http://10.222.0.52/volume/v3/180e6a4e9b3f482b825940ec50828510/types/059916ef-52d0-47c8-8abb-714d110e37d2
Apr 29 13:37:36.521963 dv-cinder-839416-3-iscsi devstack@c-api.service[110371]: DEBUG cinder.api.openstack.wsgi [None req-f6f7ace1-ebf4-4281-b11e-d033d88c6331 tempest-UserMessagesTest-1172974397 tempest-UserMessagesTest-1172974397-project-admin] Empty body provided in request {{(pid=110371) get_body /opt/stack/cinder/cinder/api/openstack/wsgi.py:715}}
Apr 29 13:37:36.529177 dv-cinder-839416-3-iscsi devstack@c-api.service[110371]: DEBUG cinder.api.openstack.wsgi [None req-f6f7ace1-ebf4-4281-b11e-d033d88c6331 tempest-UserMessagesTest-1172974397 tempest-UserMessagesTest-1172974397-project-admin] Calling method '_delete' {{(pid=110371) _process_stack /opt/stack/cinder/cinder/api/openstack/wsgi.py:868}}
Apr 29 13:37:36.592811 dv-cinder-839416-3-iscsi devstack@c-api.service[110372]: /usr/local/lib/python3.8/dist-packages/oslo_context/context.py:100: DeprecationWarning: Policy enforcement is depending on the value of is_admin. This key is deprecated. Please update your policy file to use the standard policy values.
Apr 29 13:37:36.592811 dv-cinder-839416-3-iscsi devstack@c-api.service[110372]: warnings.warn('Policy enforcement is depending on the value of '
Apr 29 13:37:36.628146 dv-cinder-839416-3-iscsi devstack@c-api.service[110371]: INFO cinder.api.openstack.wsgi [None req-f6f7ace1-ebf4-4281-b11e-d033d88c6331 tempest-UserMessagesTest-1172974397 tempest-UserMessagesTest-1172974397-project-admin] http://10.222.0.52/volume/v3/180e6a4e9b3f482b825940ec50828510/types/059916ef-52d0-47c8-8abb-714d110e37d2 returned with HTTP 202
Apr 29 13:37:36.628146 dv-cinder-839416-3-iscsi devstack@c-api.service[110371]: [pid: 110371|app: 0|req: 72/139] 10.222.0.52 () {58 vars in 1321 bytes} [Fri Apr 29 13:37:36 2022] DELETE /volume/v3/180e6a4e9b3f482b825940ec50828510/types/059916ef-52d0-47c8-8abb-714d110e37d2 => generated 0 bytes in 125 msecs (HTTP/1.1 202) 6 headers in 233 bytes (1 switches on core 0)
Apr 29 13:37:36.628146 dv-cinder-839416-3-iscsi devstack@c-api.service[110371]: DEBUG cinder.api.middleware.request_id [None req-8925b8dd-2cfa-49fb-b35b-8f3c6328f938 None None] RequestId filter calling following filter/app {{(pid=110371) _context_setter /opt/stack/cinder/cinder/api/middleware/request_id.py:62}}
Apr 29 13:37:36.632915 dv-cinder-839416-3-iscsi devstack@c-api.service[110372]: INFO cinder.volume.api [None req-4fd4f71d-7818-4503-8fdf-bffce035ab1c tempest-GroupsTest-181789785 tempest-GroupsTest-181789785-project] Volume info retrieved successfully.
Apr 29 13:37:36.635599 dv-cinder-839416-3-iscsi devstack@c-api.service[110371]: INFO cinder.api.openstack.wsgi [None req-8925b8dd-2cfa-49fb-b35b-8f3c6328f938 tempest-GroupsV314Test-2071487857 tempest-GroupsV314Test-2071487857-project] POST http://10.222.0.52/volume/v3/a3dd56203bc8464889a54e153388bfcb/groups/action
Apr 29 13:37:36.638018 dv-cinder-839416-3-iscsi devstack@c-api.service[110372]: WARNING stevedore.named [None req-4fd4f71d-7818-4503-8fdf-bffce035ab1c tempest-GroupsTest-181789785 tempest-GroupsTest-181789785-project] Could not load cinder.keymgr.conf_key_mgr.ConfKeyManager
Apr 29 13:37:36.639023 dv-cinder-839416-3-iscsi devstack@c-api.service[110372]: WARNING castellan.key_manager [None req-4fd4f71d-7818-4503-8fdf-bffce035ab1c tempest-GroupsTest-181789785 tempest-GroupsTest-181789785-project] Deprecation Warning : cinder.keymgr.conf_key_mgr.ConfKeyManager is not a stevedore based driver, trying to load it as a class: stevedore.exception.NoMatches: No 'castellan.drivers' driver found, looking for 'cinder.keymgr.conf_key_mgr.ConfKeyManager'
Apr 29 13:37:36.639457 dv-cinder-839416-3-iscsi devstack@c-api.service[110371]: DEBUG cinder.api.openstack.wsgi [None req-8925b8dd-2cfa-49fb-b35b-8f3c6328f938 tempest-GroupsV314Test-2071487857 tempest-GroupsV314Test-2071487857-project] Action body: b'{"create-from-src": {"source_group_id": "f8d934f8-e439-4450-9973-131818f14c46", "name": "tempest-Group_from_grp-896584115"}}' {{(pid=110371) get_method /opt/stack/cinder/cinder/api/openstack/wsgi.py:983}}
Apr 29 13:37:36.640198 dv-cinder-839416-3-iscsi devstack@c-api.service[110371]: DEBUG cinder.api.openstack.wsgi [None req-8925b8dd-2cfa-49fb-b35b-8f3c6328f938 tempest-GroupsV314Test-2071487857 tempest-GroupsV314Test-2071487857-project] Action: 'action', calling method: version_select, body: {"create-from-src": {"source_group_id": "f8d934f8-e439-4450-9973-131818f14c46", "name": "tempest-Group_from_grp-896584115"}} {{(pid=110371) _process_stack /opt/stack/cinder/cinder/api/openstack/wsgi.py:866}}
Apr 29 13:37:36.644272 dv-cinder-839416-3-iscsi devstack@c-api.service[110371]: DEBUG cinder.api.v3.groups [None req-8925b8dd-2cfa-49fb-b35b-8f3c6328f938 tempest-GroupsV314Test-2071487857 tempest-GroupsV314Test-2071487857-project] Creating new group {'create-from-src': {'source_group_id': 'f8d934f8-e439-4450-9973-131818f14c46', 'name': 'tempest-Group_from_grp-896584115'}}. {{(pid=110371) create_from_src /opt/stack/cinder/cinder/api/v3/groups.py:236}}
Apr 29 13:37:36.645065 dv-cinder-839416-3-iscsi devstack@c-api.service[110371]: INFO cinder.api.v3.groups [None req-8925b8dd-2cfa-49fb-b35b-8f3c6328f938 tempest-GroupsV314Test-2071487857 tempest-GroupsV314Test-2071487857-project] Creating group tempest-Group_from_grp-896584115 from source group f8d934f8-e439-4450-9973-131818f14c46.
Apr 29 13:37:36.662456 dv-cinder-839416-3-iscsi devstack@c-api.service[110372]: DEBUG oslo_db.sqlalchemy.engines [None req-4fd4f71d-7818-4503-8fdf-bffce035ab1c tempest-GroupsTest-181789785 tempest-GroupsTest-181789785-project] MySQL server mode set to STRICT_TRANS_TABLES,STRICT_ALL_TABLES,NO_ZERO_IN_DATE,NO_ZERO_DATE,ERROR_FOR_DIVISION_BY_ZERO,TRADITIONAL,NO_ENGINE_SUBSTITUTION {{(pid=110372) _check_effective_sql_mode /usr/local/lib/python3.8/dist-packages/oslo_db/sqlalchemy/engines.py:314}}
Apr 29 13:37:36.671941 dv-cinder-839416-3-iscsi devstack@c-api.service[110371]: /usr/local/lib/python3.8/dist-packages/oslo_context/context.py:100: DeprecationWarning: Policy enforcement is depending on the value of is_admin. This key is deprecated. Please update your policy file to use the standard policy values.
Apr 29 13:37:36.671941 dv-cinder-839416-3-iscsi devstack@c-api.service[110371]: warnings.warn('Policy enforcement is depending on the value of '
Apr 29 13:37:36.693954 dv-cinder-839416-3-iscsi devstack@c-api.service[110372]: /usr/local/lib/python3.8/dist-packages/oslo_context/context.py:100: DeprecationWarning: Policy enforcement is depending on the value of is_admin. This key is deprecated. Please update your policy file to use the standard policy values.
Apr 29 13:37:36.693954 dv-cinder-839416-3-iscsi devstack@c-api.service[110372]: warnings.warn('Policy enforcement is depending on the value of '
Apr 29 13:37:36.707637 dv-cinder-839416-3-iscsi devstack@c-api.service[110371]: /usr/local/lib/python3.8/dist-packages/oslo_context/context.py:100: DeprecationWarning: Policy enforcement is depending on the value of is_admin. This key is deprecated. Please update your policy file to use the standard policy values.
Apr 29 13:37:36.707637 dv-cinder-839416-3-iscsi devstack@c-api.service[110371]: warnings.warn('Policy enforcement is depending on the value of '
Apr 29 13:37:36.751983 dv-cinder-839416-3-iscsi devstack@c-api.service[110372]: INFO cinder.api.openstack.wsgi [None req-4fd4f71d-7818-4503-8fdf-bffce035ab1c tempest-GroupsTest-181789785 tempest-GroupsTest-181789785-project] http://10.222.0.52/volume/v3/a6e03c1406784b269fd4f1c07808f98a/volumes/15ae0d9a-2134-4526-b2a9-fc2d528e67ed returned with HTTP 200
Apr 29 13:37:36.756569 dv-cinder-839416-3-iscsi devstack@c-api.service[110372]: [pid: 110372|app: 0|req: 68/140] 10.222.0.52 () {60 vars in 1365 bytes} [Fri Apr 29 13:37:36 2022] GET /volume/v3/a6e03c1406784b269fd4f1c07808f98a/volumes/15ae0d9a-2134-4526-b2a9-fc2d528e67ed => generated 949 bytes in 327 msecs (HTTP/1.1 200) 7 headers in 286 bytes (1 switches on core 0)
Apr 29 13:37:36.758963 dv-cinder-839416-3-iscsi devstack@c-api.service[110372]: DEBUG cinder.api.middleware.request_id [None req-db88e56a-8398-43d5-b32f-78c13676f91f None None] RequestId filter calling following filter/app {{(pid=110372) _context_setter /opt/stack/cinder/cinder/api/middleware/request_id.py:62}}
Apr 29 13:37:36.772995 dv-cinder-839416-3-iscsi devstack@c-api.service[110372]: INFO cinder.api.openstack.wsgi [None req-db88e56a-8398-43d5-b32f-78c13676f91f tempest-UserMessagesTest-1172974397 tempest-UserMessagesTest-1172974397-project-admin] GET http://10.222.0.52/volume/v3/180e6a4e9b3f482b825940ec50828510/types/059916ef-52d0-47c8-8abb-714d110e37d2
Apr 29 13:37:36.792367 dv-cinder-839416-3-iscsi devstack@c-api.service[110372]: DEBUG cinder.api.openstack.wsgi [None req-db88e56a-8398-43d5-b32f-78c13676f91f tempest-UserMessagesTest-1172974397 tempest-UserMessagesTest-1172974397-project-admin] Empty body provided in request {{(pid=110372) get_body /opt/stack/cinder/cinder/api/openstack/wsgi.py:715}}
Apr 29 13:37:36.793922 dv-cinder-839416-3-iscsi devstack@c-api.service[110372]: DEBUG cinder.api.openstack.wsgi [None req-db88e56a-8398-43d5-b32f-78c13676f91f tempest-UserMessagesTest-1172974397 tempest-UserMessagesTest-1172974397-project-admin] Calling method 'show' {{(pid=110372) _process_stack /opt/stack/cinder/cinder/api/openstack/wsgi.py:868}}
Apr 29 13:37:36.801865 dv-cinder-839416-3-iscsi devstack@c-api.service[110372]: INFO cinder.api.openstack.wsgi [None req-db88e56a-8398-43d5-b32f-78c13676f91f tempest-UserMessagesTest-1172974397 tempest-UserMessagesTest-1172974397-project-admin] http://10.222.0.52/volume/v3/180e6a4e9b3f482b825940ec50828510/types/059916ef-52d0-47c8-8abb-714d110e37d2 returned with HTTP 404
Apr 29 13:37:36.803660 dv-cinder-839416-3-iscsi devstack@c-api.service[110372]: [pid: 110372|app: 0|req: 69/141] 10.222.0.52 () {58 vars in 1318 bytes} [Fri Apr 29 13:37:36 2022] GET /volume/v3/180e6a4e9b3f482b825940ec50828510/types/059916ef-52d0-47c8-8abb-714d110e37d2 => generated 114 bytes in 46 msecs (HTTP/1.1 404) 7 headers in 292 bytes (1 switches on core 0)
Apr 29 13:37:36.811672 dv-cinder-839416-3-iscsi devstack@c-api.service[110372]: DEBUG cinder.api.middleware.request_id [None req-380dd80d-3806-4372-bd26-0d73bc889957 None None] RequestId filter calling following filter/app {{(pid=110372) _context_setter /opt/stack/cinder/cinder/api/middleware/request_id.py:62}}
Apr 29 13:37:36.856842 dv-cinder-839416-3-iscsi devstack@c-api.service[110372]: INFO cinder.api.openstack.wsgi [None req-380dd80d-3806-4372-bd26-0d73bc889957 tempest-UserMessagesTest-448851361 tempest-UserMessagesTest-448851361-project] DELETE http://10.222.0.52/volume/v3/be039554980e40ec9e0bdfdaab7e62bc/volumes/31b86e14-ebb8-4196-b830-ddaeb669dcfb
Apr 29 13:37:36.857994 dv-cinder-839416-3-iscsi devstack@c-api.service[110371]: DEBUG cinder.quota [None req-8925b8dd-2cfa-49fb-b35b-8f3c6328f938 tempest-GroupsV314Test-2071487857 tempest-GroupsV314Test-2071487857-project] Created reservations ['1596d08c-bf77-473c-a30b-c48a49b2a4c9'] {{(pid=110371) reserve /opt/stack/cinder/cinder/quota.py:755}}
Apr 29 13:37:36.859769 dv-cinder-839416-3-iscsi devstack@c-api.service[110372]: DEBUG cinder.api.openstack.wsgi [None req-380dd80d-3806-4372-bd26-0d73bc889957 tempest-UserMessagesTest-448851361 tempest-UserMessagesTest-448851361-project] Empty body provided in request {{(pid=110372) get_body /opt/stack/cinder/cinder/api/openstack/wsgi.py:715}}
Apr 29 13:37:36.862951 dv-cinder-839416-3-iscsi devstack@c-api.service[110372]: DEBUG cinder.api.openstack.wsgi [None req-380dd80d-3806-4372-bd26-0d73bc889957 tempest-UserMessagesTest-448851361 tempest-UserMessagesTest-448851361-project] Calling method 'delete' {{(pid=110372) _process_stack /opt/stack/cinder/cinder/api/openstack/wsgi.py:868}}
Apr 29 13:37:36.863502 dv-cinder-839416-3-iscsi devstack@c-api.service[110372]: INFO cinder.api.v3.volumes [None req-380dd80d-3806-4372-bd26-0d73bc889957 tempest-UserMessagesTest-448851361 tempest-UserMessagesTest-448851361-project] Delete volume with id: 31b86e14-ebb8-4196-b830-ddaeb669dcfb
Apr 29 13:37:36.951763 dv-cinder-839416-3-iscsi devstack@c-api.service[110372]: /usr/local/lib/python3.8/dist-packages/oslo_context/context.py:100: DeprecationWarning: Policy enforcement is depending on the value of is_admin. This key is deprecated. Please update your policy file to use the standard policy values.
Apr 29 13:37:36.951763 dv-cinder-839416-3-iscsi devstack@c-api.service[110372]: warnings.warn('Policy enforcement is depending on the value of '
Apr 29 13:37:36.953133 dv-cinder-839416-3-iscsi devstack@c-api.service[110372]: INFO cinder.volume.api [None req-380dd80d-3806-4372-bd26-0d73bc889957 tempest-UserMessagesTest-448851361 tempest-UserMessagesTest-448851361-project] Volume info retrieved successfully.
Apr 29 13:37:36.971396 dv-cinder-839416-3-iscsi devstack@c-api.service[110372]: DEBUG cinder.volume.api [None req-380dd80d-3806-4372-bd26-0d73bc889957 tempest-UserMessagesTest-448851361 tempest-UserMessagesTest-448851361-project] Decrease volume quotas for non temporary volume in non error_managing status. {{(pid=110372) delete /opt/stack/cinder/cinder/volume/api.py:433}}
Apr 29 13:37:37.035939 dv-cinder-839416-3-iscsi devstack@c-api.service[110372]: WARNING cinder.quota [None req-380dd80d-3806-4372-bd26-0d73bc889957 tempest-UserMessagesTest-448851361 tempest-UserMessagesTest-448851361-project] Deprecated: Default quota for resource: volumes_tempest-UserMessagesTest-volume-type-385758000 is set by the default quota flag: quota_volumes_tempest-UserMessagesTest-volume-type-385758000, it is now deprecated. Please use the default quota class for default quota.
Apr 29 13:37:37.040113 dv-cinder-839416-3-iscsi devstack@c-api.service[110372]: WARNING cinder.quota [None req-380dd80d-3806-4372-bd26-0d73bc889957 tempest-UserMessagesTest-448851361 tempest-UserMessagesTest-448851361-project] Deprecated: Default quota for resource: gigabytes_tempest-UserMessagesTest-volume-type-385758000 is set by the default quota flag: quota_gigabytes_tempest-UserMessagesTest-volume-type-385758000, it is now deprecated. Please use the default quota class for default quota.
Apr 29 13:37:37.071016 dv-cinder-839416-3-iscsi devstack@c-api.service[110371]: INFO cinder.group.api [None req-8925b8dd-2cfa-49fb-b35b-8f3c6328f938 tempest-GroupsV314Test-2071487857 tempest-GroupsV314Test-2071487857-project] A mapping entry already exists for group 48b79c21-cf9c-4f2c-b77b-c6e8469026f1 and volume type c8604dba-fb7d-4d03-a4ec-0ee4602c7e0d. Do not need to create again.
Apr 29 13:37:37.072589 dv-cinder-839416-3-iscsi devstack@c-api.service[110371]: /usr/local/lib/python3.8/dist-packages/oslo_context/context.py:100: DeprecationWarning: Policy enforcement is depending on the value of is_admin. This key is deprecated. Please update your policy file to use the standard policy values.
Apr 29 13:37:37.072589 dv-cinder-839416-3-iscsi devstack@c-api.service[110371]: warnings.warn('Policy enforcement is depending on the value of '
Apr 29 13:37:37.076722 dv-cinder-839416-3-iscsi devstack@c-api.service[110371]: INFO cinder.volume.api [None req-8925b8dd-2cfa-49fb-b35b-8f3c6328f938 tempest-GroupsV314Test-2071487857 tempest-GroupsV314Test-2071487857-project] Availability Zones retrieved successfully.
Apr 29 13:37:37.105496 dv-cinder-839416-3-iscsi devstack@c-api.service[110371]: DEBUG cinder.volume.api [None req-8925b8dd-2cfa-49fb-b35b-8f3c6328f938 tempest-GroupsV314Test-2071487857 tempest-GroupsV314Test-2071487857-project] Flow 'volume_create_api' (e00d3c0c-1e3c-4f9f-862b-5d6953535879) transitioned into state 'RUNNING' from state 'PENDING' {{(pid=110371) _flow_receiver /usr/local/lib/python3.8/dist-packages/taskflow/listeners/logging.py:141}}
Apr 29 13:37:37.109222 dv-cinder-839416-3-iscsi devstack@c-api.service[110371]: DEBUG cinder.volume.api [None req-8925b8dd-2cfa-49fb-b35b-8f3c6328f938 tempest-GroupsV314Test-2071487857 tempest-GroupsV314Test-2071487857-project] Task 'cinder.volume.flows.api.create_volume.ExtractVolumeRequestTask;volume:create' (125b50b2-5b71-4a75-86fa-c840f317c4e2) transitioned into state 'RUNNING' from state 'PENDING' {{(pid=110371) _task_receiver /usr/local/lib/python3.8/dist-packages/taskflow/listeners/logging.py:190}}
Apr 29 13:37:37.115450 dv-cinder-839416-3-iscsi devstack@c-api.service[110371]: DEBUG cinder.volume.flows.api.create_volume [None req-8925b8dd-2cfa-49fb-b35b-8f3c6328f938 tempest-GroupsV314Test-2071487857 tempest-GroupsV314Test-2071487857-project] Validating volume size '1' using validate_int, validate_source_size {{(pid=110371) _extract_size /opt/stack/cinder/cinder/volume/flows/api/create_volume.py:225}}
Apr 29 13:37:37.120113 dv-cinder-839416-3-iscsi devstack@c-api.service[110372]: DEBUG cinder.quota [None req-380dd80d-3806-4372-bd26-0d73bc889957 tempest-UserMessagesTest-448851361 tempest-UserMessagesTest-448851361-project] Created reservations ['ce3bc498-f565-431a-a76c-db7ebb73b902', 'f6ff6144-7fc3-403f-85bf-6c5639c68aa3', '44134ab1-6059-4d46-808f-2905bb613df7', 'f6e09f36-d723-4158-9ccc-71feed60f6fa'] {{(pid=110372) reserve /opt/stack/cinder/cinder/quota.py:755}}
Apr 29 13:37:37.154710 dv-cinder-839416-3-iscsi devstack@c-api.service[110371]: DEBUG cinder.volume.api [None req-8925b8dd-2cfa-49fb-b35b-8f3c6328f938 tempest-GroupsV314Test-2071487857 tempest-GroupsV314Test-2071487857-project] Task 'cinder.volume.flows.api.create_volume.ExtractVolumeRequestTask;volume:create' (125b50b2-5b71-4a75-86fa-c840f317c4e2) transitioned into state 'SUCCESS' from state 'RUNNING' with result '{'size': 1, 'snapshot_id': None, 'source_volid': '7bcc2c76-849d-4c58-84bc-cc3d6105c580', 'volume_type': VolumeType(created_at=2022-04-29T13:37:31Z,deleted=False,deleted_at=None,description=None,extra_specs={},id=c8604dba-fb7d-4d03-a4ec-0ee4602c7e0d,is_public=True,name='tempest-GroupsV314Test-volume-type-1045939250',projects=[],qos_specs=,qos_specs_id=None,updated_at=None), 'volume_type_id': 'c8604dba-fb7d-4d03-a4ec-0ee4602c7e0d', 'encryption_key_id': None, 'qos_specs': None, 'consistencygroup_id': None, 'cgsnapshot_id': None, 'group_id': '48b79c21-cf9c-4f2c-b77b-c6e8469026f1', 'replication_status': 'disabled', 'refresh_az': False, 'backup_id': None, 'multiattach': False, 'availability_zones': ['nova']}' {{(pid=110371) _task_receiver /usr/local/lib/python3.8/dist-packages/taskflow/listeners/logging.py:178}}
Apr 29 13:37:37.157015 dv-cinder-839416-3-iscsi devstack@c-api.service[110371]: DEBUG cinder.volume.api [None req-8925b8dd-2cfa-49fb-b35b-8f3c6328f938 tempest-GroupsV314Test-2071487857 tempest-GroupsV314Test-2071487857-project] Task 'cinder.volume.flows.api.create_volume.QuotaReserveTask;volume:create' (1e99e27d-6494-4785-befa-356c717337e3) transitioned into state 'RUNNING' from state 'PENDING' {{(pid=110371) _task_receiver /usr/local/lib/python3.8/dist-packages/taskflow/listeners/logging.py:190}}
Apr 29 13:37:37.254441 dv-cinder-839416-3-iscsi devstack@c-api.service[110372]: INFO cinder.volume.api [None req-380dd80d-3806-4372-bd26-0d73bc889957 tempest-UserMessagesTest-448851361 tempest-UserMessagesTest-448851361-project] Delete volume request issued successfully.
Apr 29 13:37:37.255412 dv-cinder-839416-3-iscsi devstack@c-api.service[110372]: INFO cinder.api.openstack.wsgi [None req-380dd80d-3806-4372-bd26-0d73bc889957 tempest-UserMessagesTest-448851361 tempest-UserMessagesTest-448851361-project] http://10.222.0.52/volume/v3/be039554980e40ec9e0bdfdaab7e62bc/volumes/31b86e14-ebb8-4196-b830-ddaeb669dcfb returned with HTTP 202
Apr 29 13:37:37.260025 dv-cinder-839416-3-iscsi devstack@c-api.service[110372]: [pid: 110372|app: 0|req: 70/142] 10.222.0.52 () {60 vars in 1367 bytes} [Fri Apr 29 13:37:36 2022] DELETE /volume/v3/be039554980e40ec9e0bdfdaab7e62bc/volumes/31b86e14-ebb8-4196-b830-ddaeb669dcfb => generated 0 bytes in 450 msecs (HTTP/1.1 202) 6 headers in 233 bytes (2 switches on core 0)
Apr 29 13:37:37.266574 dv-cinder-839416-3-iscsi devstack@c-api.service[110372]: DEBUG cinder.api.middleware.request_id [None req-60161435-7e0e-4cdb-9aec-5926e1b15c89 None None] RequestId filter calling following filter/app {{(pid=110372) _context_setter /opt/stack/cinder/cinder/api/middleware/request_id.py:62}}
Apr 29 13:37:37.289987 dv-cinder-839416-3-iscsi devstack@c-api.service[110371]: DEBUG cinder.quota [None req-8925b8dd-2cfa-49fb-b35b-8f3c6328f938 tempest-GroupsV314Test-2071487857 tempest-GroupsV314Test-2071487857-project] Created reservations ['b599e279-7334-4ed0-a336-e007661a9dc7', 'c4e47f26-1e89-47d8-80dd-23452e0df9b2', 'ff54107c-bade-46d5-b673-003a175772d8', '99b40631-7b07-4b6d-b200-1000c75c76e0'] {{(pid=110371) reserve /opt/stack/cinder/cinder/quota.py:755}}
Apr 29 13:37:37.312373 dv-cinder-839416-3-iscsi devstack@c-api.service[110371]: DEBUG cinder.volume.api [None req-8925b8dd-2cfa-49fb-b35b-8f3c6328f938 tempest-GroupsV314Test-2071487857 tempest-GroupsV314Test-2071487857-project] Task 'cinder.volume.flows.api.create_volume.QuotaReserveTask;volume:create' (1e99e27d-6494-4785-befa-356c717337e3) transitioned into state 'SUCCESS' from state 'RUNNING' with result '{'reservations': ['b599e279-7334-4ed0-a336-e007661a9dc7', 'c4e47f26-1e89-47d8-80dd-23452e0df9b2', 'ff54107c-bade-46d5-b673-003a175772d8', '99b40631-7b07-4b6d-b200-1000c75c76e0']}' {{(pid=110371) _task_receiver /usr/local/lib/python3.8/dist-packages/taskflow/listeners/logging.py:178}}
Apr 29 13:37:37.316869 dv-cinder-839416-3-iscsi devstack@c-api.service[110371]: DEBUG cinder.volume.api [None req-8925b8dd-2cfa-49fb-b35b-8f3c6328f938 tempest-GroupsV314Test-2071487857 tempest-GroupsV314Test-2071487857-project] Task 'cinder.volume.flows.api.create_volume.EntryCreateTask;volume:create' (7b4975c6-d15b-4541-a2e2-6dd131858833) transitioned into state 'RUNNING' from state 'PENDING' {{(pid=110371) _task_receiver /usr/local/lib/python3.8/dist-packages/taskflow/listeners/logging.py:190}}
Apr 29 13:37:37.444438 dv-cinder-839416-3-iscsi devstack@c-api.service[110371]: DEBUG cinder.volume.api [None req-8925b8dd-2cfa-49fb-b35b-8f3c6328f938 tempest-GroupsV314Test-2071487857 tempest-GroupsV314Test-2071487857-project] Task 'cinder.volume.flows.api.create_volume.EntryCreateTask;volume:create' (7b4975c6-d15b-4541-a2e2-6dd131858833) transitioned into state 'SUCCESS' from state 'RUNNING' with result '{'volume_id': '3d3ec880-4600-4b3f-8ce2-6f7c767ce640', 'volume_properties': VolumeProperties(attach_status='detached',availability_zone='nova',cgsnapshot_id=None,consistencygroup_id=None,display_description=None,display_name=None,encryption_key_id=None,group_id=48b79c21-cf9c-4f2c-b77b-c6e8469026f1,group_type_id=,metadata={},multiattach=False,project_id='a3dd56203bc8464889a54e153388bfcb',qos_specs=None,replication_status=,reservations=['b599e279-7334-4ed0-a336-e007661a9dc7','c4e47f26-1e89-47d8-80dd-23452e0df9b2','ff54107c-bade-46d5-b673-003a175772d8','99b40631-7b07-4b6d-b200-1000c75c76e0'],size=1,snapshot_id=None,source_replicaid=,source_volid=7bcc2c76-849d-4c58-84bc-cc3d6105c580,status='creating',user_id='b3aed228e72c4766abb5f73f12130a3d',volume_type_id=c8604dba-fb7d-4d03-a4ec-0ee4602c7e0d), 'volume': Volume(_name_id=None,admin_metadata=,attach_status='detached',availability_zone='nova',bootable=False,cluster=,cluster_name=None,consistencygroup=,consistencygroup_id=None,created_at=2022-04-29T13:37:37Z,deleted=False,deleted_at=None,display_description=None,display_name=None,ec2_id=None,encryption_key_id=None,glance_metadata=,group=,group_id=48b79c21-cf9c-4f2c-b77b-c6e8469026f1,host=None,id=3d3ec880-4600-4b3f-8ce2-6f7c767ce640,launched_at=None,metadata={},migration_status=None,multiattach=False,previous_status=None,project_id='a3dd56203bc8464889a54e153388bfcb',provider_auth=None,provider_geometry=None,provider_id=None,provider_location=None,replication_driver_data=None,replication_extended_status=None,replication_status=None,scheduled_at=None,service_uuid=None,shared_targets=True,size=1,snapshot_id=None,snapshots=,source_volid=7bcc2c76-849d-4c58-84bc-cc3d6105c580,status='creating',terminated_at=None,updated_at=None,use_quota=True,user_id='b3aed228e72c4766abb5f73f12130a3d',volume_attachment=VolumeAttachmentList,volume_type=VolumeType(c8604dba-fb7d-4d03-a4ec-0ee4602c7e0d),volume_type_id=c8604dba-fb7d-4d03-a4ec-0ee4602c7e0d)}' {{(pid=110371) _task_receiver /usr/local/lib/python3.8/dist-packages/taskflow/listeners/logging.py:178}}
Apr 29 13:37:37.467366 dv-cinder-839416-3-iscsi devstack@c-api.service[110371]: DEBUG cinder.volume.api [None req-8925b8dd-2cfa-49fb-b35b-8f3c6328f938 tempest-GroupsV314Test-2071487857 tempest-GroupsV314Test-2071487857-project] Task 'cinder.volume.flows.api.create_volume.QuotaCommitTask;volume:create' (abd514e4-a0aa-4e55-a8e0-ebdbdcd19bfb) transitioned into state 'RUNNING' from state 'PENDING' {{(pid=110371) _task_receiver /usr/local/lib/python3.8/dist-packages/taskflow/listeners/logging.py:190}}
Apr 29 13:37:37.517999 dv-cinder-839416-3-iscsi devstack@c-api.service[110371]: DEBUG cinder.volume.api [None req-8925b8dd-2cfa-49fb-b35b-8f3c6328f938 tempest-GroupsV314Test-2071487857 tempest-GroupsV314Test-2071487857-project] Task 'cinder.volume.flows.api.create_volume.QuotaCommitTask;volume:create' (abd514e4-a0aa-4e55-a8e0-ebdbdcd19bfb) transitioned into state 'SUCCESS' from state 'RUNNING' with result '{'volume_properties': VolumeProperties(attach_status='detached',availability_zone='nova',cgsnapshot_id=None,consistencygroup_id=None,display_description=None,display_name=None,encryption_key_id=None,group_id=48b79c21-cf9c-4f2c-b77b-c6e8469026f1,group_type_id=,metadata={},multiattach=False,project_id='a3dd56203bc8464889a54e153388bfcb',qos_specs=None,replication_status=,reservations=['b599e279-7334-4ed0-a336-e007661a9dc7','c4e47f26-1e89-47d8-80dd-23452e0df9b2','ff54107c-bade-46d5-b673-003a175772d8','99b40631-7b07-4b6d-b200-1000c75c76e0'],size=1,snapshot_id=None,source_replicaid=,source_volid=7bcc2c76-849d-4c58-84bc-cc3d6105c580,status='creating',user_id='b3aed228e72c4766abb5f73f12130a3d',volume_type_id=c8604dba-fb7d-4d03-a4ec-0ee4602c7e0d)}' {{(pid=110371) _task_receiver /usr/local/lib/python3.8/dist-packages/taskflow/listeners/logging.py:178}}
Apr 29 13:37:37.520460 dv-cinder-839416-3-iscsi devstack@c-api.service[110371]: DEBUG cinder.volume.api [None req-8925b8dd-2cfa-49fb-b35b-8f3c6328f938 tempest-GroupsV314Test-2071487857 tempest-GroupsV314Test-2071487857-project] Flow 'volume_create_api' (e00d3c0c-1e3c-4f9f-862b-5d6953535879) transitioned into state 'SUCCESS' from state 'RUNNING' {{(pid=110371) _flow_receiver /usr/local/lib/python3.8/dist-packages/taskflow/listeners/logging.py:141}}
Apr 29 13:37:37.521243 dv-cinder-839416-3-iscsi devstack@c-api.service[110371]: INFO cinder.volume.api [None req-8925b8dd-2cfa-49fb-b35b-8f3c6328f938 tempest-GroupsV314Test-2071487857 tempest-GroupsV314Test-2071487857-project] Create volume request issued successfully.
Apr 29 13:37:37.530031 dv-cinder-839416-3-iscsi devstack@c-api.service[110372]: INFO cinder.api.openstack.wsgi [None req-60161435-7e0e-4cdb-9aec-5926e1b15c89 tempest-QosSpecsTestJSON-1258600822 tempest-QosSpecsTestJSON-1258600822-project-admin] POST http://10.222.0.52/volume/v3/602f9473fce04b0b900aeb3dca42b6be/qos-specs
Apr 29 13:37:37.531626 dv-cinder-839416-3-iscsi devstack@c-api.service[110372]: DEBUG cinder.api.openstack.wsgi [None req-60161435-7e0e-4cdb-9aec-5926e1b15c89 tempest-QosSpecsTestJSON-1258600822 tempest-QosSpecsTestJSON-1258600822-project-admin] Action: 'create', calling method: create, body: {"qos_specs": {"name": "tempest-QosSpecsTestJSON-QoS-1370312260", "consumer": "front-end", "read_iops_sec": "2000"}} {{(pid=110372) _process_stack /opt/stack/cinder/cinder/api/openstack/wsgi.py:866}}
Apr 29 13:37:37.534634 dv-cinder-839416-3-iscsi devstack@c-api.service[110372]: DEBUG cinder.volume.qos_specs [None req-60161435-7e0e-4cdb-9aec-5926e1b15c89 tempest-QosSpecsTestJSON-1258600822 tempest-QosSpecsTestJSON-1258600822-project-admin] Dict for qos_specs: {'name': 'tempest-QosSpecsTestJSON-QoS-1370312260', 'consumer': 'front-end', 'specs': {'read_iops_sec': '2000'}} {{(pid=110372) create /opt/stack/cinder/cinder/volume/qos_specs.py:64}}
Apr 29 13:37:37.560492 dv-cinder-839416-3-iscsi devstack@c-api.service[110371]: INFO cinder.api.openstack.wsgi [None req-8925b8dd-2cfa-49fb-b35b-8f3c6328f938 tempest-GroupsV314Test-2071487857 tempest-GroupsV314Test-2071487857-project] http://10.222.0.52/volume/v3/a3dd56203bc8464889a54e153388bfcb/groups/action returned with HTTP 202
Apr 29 13:37:37.561763 dv-cinder-839416-3-iscsi devstack@c-api.service[110371]: [pid: 110371|app: 0|req: 73/143] 10.222.0.52 () {62 vars in 1294 bytes} [Fri Apr 29 13:37:36 2022] POST /volume/v3/a3dd56203bc8464889a54e153388bfcb/groups/action => generated 101 bytes in 935 msecs (HTTP/1.1 202) 7 headers in 292 bytes (1 switches on core 0)
Apr 29 13:37:37.563386 dv-cinder-839416-3-iscsi devstack@c-api.service[110371]: DEBUG cinder.api.middleware.request_id [None req-4a4a8403-d96b-4d82-b9d8-aa17d504ed63 None None] RequestId filter calling following filter/app {{(pid=110371) _context_setter /opt/stack/cinder/cinder/api/middleware/request_id.py:62}}
Apr 29 13:37:37.568169 dv-cinder-839416-3-iscsi devstack@c-api.service[110372]: DEBUG cinder.db.sqlalchemy.api [None req-60161435-7e0e-4cdb-9aec-5926e1b15c89 tempest-QosSpecsTestJSON-1258600822 tempest-QosSpecsTestJSON-1258600822-project-admin] DB qos_specs_create(): root {'id': '09dfb0a9-05e7-49b5-9fe4-e4e21b5fc4cc', 'key': 'QoS_Specs_Name', 'value': 'tempest-QosSpecsTestJSON-QoS-1370312260'} {{(pid=110372) qos_specs_create /opt/stack/cinder/cinder/db/sqlalchemy/api.py:4940}}
Apr 29 13:37:37.574689 dv-cinder-839416-3-iscsi devstack@c-api.service[110371]: INFO cinder.api.openstack.wsgi [None req-4a4a8403-d96b-4d82-b9d8-aa17d504ed63 tempest-UserMessagesTest-448851361 tempest-UserMessagesTest-448851361-project] GET http://10.222.0.52/volume/v3/be039554980e40ec9e0bdfdaab7e62bc/volumes/31b86e14-ebb8-4196-b830-ddaeb669dcfb
Apr 29 13:37:37.577722 dv-cinder-839416-3-iscsi devstack@c-api.service[110371]: DEBUG cinder.api.openstack.wsgi [None req-4a4a8403-d96b-4d82-b9d8-aa17d504ed63 tempest-UserMessagesTest-448851361 tempest-UserMessagesTest-448851361-project] Empty body provided in request {{(pid=110371) get_body /opt/stack/cinder/cinder/api/openstack/wsgi.py:715}}
Apr 29 13:37:37.578242 dv-cinder-839416-3-iscsi devstack@c-api.service[110371]: DEBUG cinder.api.openstack.wsgi [None req-4a4a8403-d96b-4d82-b9d8-aa17d504ed63 tempest-UserMessagesTest-448851361 tempest-UserMessagesTest-448851361-project] Calling method 'show' {{(pid=110371) _process_stack /opt/stack/cinder/cinder/api/openstack/wsgi.py:868}}
Apr 29 13:37:37.592167 dv-cinder-839416-3-iscsi devstack@c-api.service[110372]: INFO cinder.api.openstack.wsgi [None req-60161435-7e0e-4cdb-9aec-5926e1b15c89 tempest-QosSpecsTestJSON-1258600822 tempest-QosSpecsTestJSON-1258600822-project-admin] http://10.222.0.52/volume/v3/602f9473fce04b0b900aeb3dca42b6be/qos-specs returned with HTTP 200
Apr 29 13:37:37.593100 dv-cinder-839416-3-iscsi devstack@c-api.service[110372]: [pid: 110372|app: 0|req: 71/144] 10.222.0.52 () {60 vars in 1241 bytes} [Fri Apr 29 13:37:37 2022] POST /volume/v3/602f9473fce04b0b900aeb3dca42b6be/qos-specs => generated 459 bytes in 330 msecs (HTTP/1.1 200) 7 headers in 285 bytes (1 switches on core 0)
Apr 29 13:37:37.594452 dv-cinder-839416-3-iscsi devstack@c-api.service[110372]: DEBUG cinder.api.middleware.request_id [None req-a8af63db-2a58-4859-818f-e99178fd7efa None None] RequestId filter calling following filter/app {{(pid=110372) _context_setter /opt/stack/cinder/cinder/api/middleware/request_id.py:62}}
Apr 29 13:37:37.601400 dv-cinder-839416-3-iscsi devstack@c-api.service[110372]: INFO cinder.api.openstack.wsgi [None req-a8af63db-2a58-4859-818f-e99178fd7efa tempest-GroupsV314Test-2071487857 tempest-GroupsV314Test-2071487857-project] GET http://10.222.0.52/volume/v3/a3dd56203bc8464889a54e153388bfcb/volumes/detail
Apr 29 13:37:37.601915 dv-cinder-839416-3-iscsi devstack@c-api.service[110372]: DEBUG cinder.api.openstack.wsgi [None req-a8af63db-2a58-4859-818f-e99178fd7efa tempest-GroupsV314Test-2071487857 tempest-GroupsV314Test-2071487857-project] Empty body provided in request {{(pid=110372) get_body /opt/stack/cinder/cinder/api/openstack/wsgi.py:715}}
Apr 29 13:37:37.602383 dv-cinder-839416-3-iscsi devstack@c-api.service[110372]: DEBUG cinder.api.openstack.wsgi [None req-a8af63db-2a58-4859-818f-e99178fd7efa tempest-GroupsV314Test-2071487857 tempest-GroupsV314Test-2071487857-project] Calling method 'detail' {{(pid=110372) _process_stack /opt/stack/cinder/cinder/api/openstack/wsgi.py:868}}
Apr 29 13:37:37.603913 dv-cinder-839416-3-iscsi devstack@c-api.service[110371]: INFO cinder.api.openstack.wsgi [None req-4a4a8403-d96b-4d82-b9d8-aa17d504ed63 tempest-UserMessagesTest-448851361 tempest-UserMessagesTest-448851361-project] http://10.222.0.52/volume/v3/be039554980e40ec9e0bdfdaab7e62bc/volumes/31b86e14-ebb8-4196-b830-ddaeb669dcfb returned with HTTP 404
Apr 29 13:37:37.606330 dv-cinder-839416-3-iscsi devstack@c-api.service[110372]: DEBUG cinder.api.api_utils [None req-a8af63db-2a58-4859-818f-e99178fd7efa tempest-GroupsV314Test-2071487857 tempest-GroupsV314Test-2071487857-project] Removing options '' from query. {{(pid=110372) remove_invalid_filter_options /opt/stack/cinder/cinder/api/api_utils.py:73}}
Apr 29 13:37:37.607653 dv-cinder-839416-3-iscsi devstack@c-api.service[110371]: [pid: 110371|app: 0|req: 74/145] 10.222.0.52 () {60 vars in 1364 bytes} [Fri Apr 29 13:37:37 2022] GET /volume/v3/be039554980e40ec9e0bdfdaab7e62bc/volumes/31b86e14-ebb8-4196-b830-ddaeb669dcfb => generated 109 bytes in 45 msecs (HTTP/1.1 404) 7 headers in 292 bytes (1 switches on core 0)
Apr 29 13:37:37.608876 dv-cinder-839416-3-iscsi devstack@c-api.service[110371]: DEBUG cinder.api.middleware.request_id [None req-16d5400a-a6a9-461c-87cd-490302048fa0 None None] RequestId filter calling following filter/app {{(pid=110371) _context_setter /opt/stack/cinder/cinder/api/middleware/request_id.py:62}}
Apr 29 13:37:37.609869 dv-cinder-839416-3-iscsi devstack@c-api.service[110372]: /usr/local/lib/python3.8/dist-packages/oslo_context/context.py:100: DeprecationWarning: Policy enforcement is depending on the value of is_admin. This key is deprecated. Please update your policy file to use the standard policy values.
Apr 29 13:37:37.609869 dv-cinder-839416-3-iscsi devstack@c-api.service[110372]: warnings.warn('Policy enforcement is depending on the value of '
Apr 29 13:37:37.610954 dv-cinder-839416-3-iscsi devstack@c-api.service[110372]: DEBUG cinder.volume.api [None req-a8af63db-2a58-4859-818f-e99178fd7efa tempest-GroupsV314Test-2071487857 tempest-GroupsV314Test-2071487857-project] Searching by: MultiDict([('no_migration_targets', True)]). {{(pid=110372) get_all /opt/stack/cinder/cinder/volume/api.py:662}}
Apr 29 13:37:37.616893 dv-cinder-839416-3-iscsi devstack@c-api.service[110371]: INFO cinder.api.openstack.wsgi [None req-16d5400a-a6a9-461c-87cd-490302048fa0 tempest-QosSpecsTestJSON-1258600822 tempest-QosSpecsTestJSON-1258600822-project-admin] POST http://10.222.0.52/volume/v3/602f9473fce04b0b900aeb3dca42b6be/types
Apr 29 13:37:37.617629 dv-cinder-839416-3-iscsi devstack@c-api.service[110371]: DEBUG cinder.api.openstack.wsgi [None req-16d5400a-a6a9-461c-87cd-490302048fa0 tempest-QosSpecsTestJSON-1258600822 tempest-QosSpecsTestJSON-1258600822-project-admin] Action: 'create', calling method: _create, body: {"volume_type": {"name": "tempest-QosSpecsTestJSON-volume-type-1452799295"}} {{(pid=110371) _process_stack /opt/stack/cinder/cinder/api/openstack/wsgi.py:866}}
Apr 29 13:37:37.618771 dv-cinder-839416-3-iscsi devstack@c-api.service[110371]: /usr/local/lib/python3.8/dist-packages/oslo_context/context.py:100: DeprecationWarning: Policy enforcement is depending on the value of is_admin. This key is deprecated. Please update your policy file to use the standard policy values.
Apr 29 13:37:37.618771 dv-cinder-839416-3-iscsi devstack@c-api.service[110371]: warnings.warn('Policy enforcement is depending on the value of '
Apr 29 13:37:37.696775 dv-cinder-839416-3-iscsi devstack@c-api.service[110371]: INFO cinder.api.openstack.wsgi [None req-16d5400a-a6a9-461c-87cd-490302048fa0 tempest-QosSpecsTestJSON-1258600822 tempest-QosSpecsTestJSON-1258600822-project-admin] http://10.222.0.52/volume/v3/602f9473fce04b0b900aeb3dca42b6be/types returned with HTTP 200
Apr 29 13:37:37.696775 dv-cinder-839416-3-iscsi devstack@c-api.service[110371]: [pid: 110371|app: 0|req: 75/146] 10.222.0.52 () {60 vars in 1228 bytes} [Fri Apr 29 13:37:37 2022] POST /volume/v3/602f9473fce04b0b900aeb3dca42b6be/types => generated 222 bytes in 88 msecs (HTTP/1.1 200) 7 headers in 285 bytes (1 switches on core 0)
Apr 29 13:37:37.697525 dv-cinder-839416-3-iscsi devstack@c-api.service[110371]: DEBUG cinder.api.middleware.request_id [None req-18700fb3-98c0-48b5-a55c-3a32b7d6653c None None] RequestId filter calling following filter/app {{(pid=110371) _context_setter /opt/stack/cinder/cinder/api/middleware/request_id.py:62}}
Apr 29 13:37:37.711154 dv-cinder-839416-3-iscsi devstack@c-api.service[110371]: INFO cinder.api.openstack.wsgi [None req-18700fb3-98c0-48b5-a55c-3a32b7d6653c tempest-UserMessagesTest-1172974397 tempest-UserMessagesTest-1172974397-project-admin] DELETE http://10.222.0.52/volume/v3/180e6a4e9b3f482b825940ec50828510/types/e21a4b25-3832-44ec-8e21-b0d3f804fb95
